2a02:c7c:f065:de00:2c05:896b:8635:fc2b - - [24/Feb/2026:18:53:16 +0300] "GET /wp-login.php HTTP/1.1" 404 36 "-" "Mozilla/4.0 (compatible; MSIE 6.0; Windows NT 5.0)"
216.73.216.143 - - [24/Feb/2026:18:53:21 +0300] "GET /app/controllers/admin/?C=M&O=D HTTP/1.1" 200 712 "-" "Mozilla/5.0 AppleWebKit/537.36 (KHTML, like Gecko; compatible; ClaudeBot/1.0; +claudebot@anthropic.com)"
2001:4860:7:215::fc - - [24/Feb/2026:18:53:23 +0300] "GET /download HTTP/1.1" 404 36 "https://www.google.com/" "Mozilla/5.0 (Windows NT 10.0; Win64; x64) AppleWebKit/537.36 (KHTML, like Gecko) Chrome/145.0.0.0 Safari/537.36"
216.73.216.143 - - [24/Feb/2026:18:53:26 +0300] "GET /htmlpurifier/library/HTMLPurifier/?C=M&O=D HTTP/1.1" 200 1353 "-" "Mozilla/5.0 AppleWebKit/537.36 (KHTML, like Gecko; compatible; ClaudeBot/1.0; +claudebot@anthropic.com)"
216.73.216.143 - - [24/Feb/2026:18:53:31 +0300] "GET /vendor/symfony/console/Symfony/Component/Console HTTP/1.1" 301 315 "-" "Mozilla/5.0 AppleWebKit/537.36 (KHTML, like Gecko; compatible; ClaudeBot/1.0; +claudebot@anthropic.com)"
216.73.216.143 - - [24/Feb/2026:18:53:31 +0300] "GET /vendor/symfony/console/Symfony/Component/Console/ HTTP/1.1" 200 603 "https://zkteco.jo/vendor/symfony/console/Symfony/Component/Console" "Mozilla/5.0 AppleWebKit/537.36 (KHTML, like Gecko; compatible; ClaudeBot/1.0; +claudebot@anthropic.com)"
216.73.216.143 - - [24/Feb/2026:18:53:36 +0300] "GET /app/views/admin/newsletter/add.blade.php HTTP/1.1" 500 354 "-" "Mozilla/5.0 AppleWebKit/537.36 (KHTML, like Gecko; compatible; ClaudeBot/1.0; +claudebot@anthropic.com)"
216.73.216.143 - - [24/Feb/2026:18:53:41 +0300] "GET /app/views/frontend/%7B%7B%7Basset('job/details/'.$job-%3Ecareer_slug)%7D%7D%7D HTTP/1.1" 404 36 "-" "Mozilla/5.0 AppleWebKit/537.36 (KHTML, like Gecko; compatible; ClaudeBot/1.0; +claudebot@anthropic.com)"
216.73.216.143 - - [24/Feb/2026:18:53:41 +0300] "GET /htmlpurifier/library/HTMLPurifier/ConfigSchema/?C=D&O=D HTTP/1.1" 200 444 "-" "Mozilla/5.0 AppleWebKit/537.36 (KHTML, like Gecko; compatible; ClaudeBot/1.0; +claudebot@anthropic.com)"
216.73.216.143 - - [24/Feb/2026:18:53:46 +0300] "GET /vendor/laravel/framework/src/Illuminate/Cookie/?C=N&O=A HTTP/1.1" 200 412 "-" "Mozilla/5.0 AppleWebKit/537.36 (KHTML, like Gecko; compatible; ClaudeBot/1.0; +claudebot@anthropic.com)"
216.73.216.143 - - [24/Feb/2026:18:53:46 +0300] "GET /vendor/stack/builder/tests/unit/Stack/?C=S&O=D HTTP/1.1" 200 349 "-" "Mozilla/5.0 AppleWebKit/537.36 (KHTML, like Gecko; compatible; ClaudeBot/1.0; +claudebot@anthropic.com)"
85.208.96.194 - - [24/Feb/2026:18:53:47 +0300] "GET /product-details/POS%20Accesories/zkp8008 HTTP/1.1" 404 36 "-" "Mozilla/5.0 (compatible; SemrushBot/7~bl; +http://www.semrush.com/bot.html)"
216.73.216.143 - - [24/Feb/2026:18:53:51 +0300] "GET /vendor/laravel/framework/src/Illuminate/Cookie/?C=S&O=D HTTP/1.1" 200 409 "-" "Mozilla/5.0 AppleWebKit/537.36 (KHTML, like Gecko; compatible; ClaudeBot/1.0; +claudebot@anthropic.com)"
216.73.216.143 - - [24/Feb/2026:18:53:56 +0300] "GET /vendor/laravel/framework/src/Illuminate/Cookie/?C=D&O=D HTTP/1.1" 200 409 "-" "Mozilla/5.0 AppleWebKit/537.36 (KHTML, like Gecko; compatible; ClaudeBot/1.0; +claudebot@anthropic.com)"
216.73.216.143 - - [24/Feb/2026:18:54:01 +0300] "GET /vendor/laravel/framework/src/Illuminate/Cookie/?C=M&O=D HTTP/1.1" 200 410 "-" "Mozilla/5.0 AppleWebKit/537.36 (KHTML, like Gecko; compatible; ClaudeBot/1.0; +claudebot@anthropic.com)"
216.73.216.143 - - [24/Feb/2026:18:54:06 +0300] "GET /vendor/laravel/framework/src/Illuminate/Mail/Transport/?C=S&O=A HTTP/1.1" 200 371 "-" "Mozilla/5.0 AppleWebKit/537.36 (KHTML, like Gecko; compatible; ClaudeBot/1.0; +claudebot@anthropic.com)"
74.7.242.0 - - [24/Feb/2026:18:54:06 +0300] "GET /vendor/intervention/image/tests/images/test.jpg HTTP/1.1" 200 9183 "https://mail.zkteco.jo/vendor/intervention/image/tests/images/" "Mozilla/5.0 AppleWebKit/537.36 (KHTML, like Gecko; compatible; GPTBot/1.3; +https://openai.com/gptbot)"
216.73.216.143 - - [24/Feb/2026:18:54:11 +0300] "GET /vendor/laravel/framework/src/Illuminate/Mail/Transport/?C=D&O=A HTTP/1.1" 200 368 "-" "Mozilla/5.0 AppleWebKit/537.36 (KHTML, like Gecko; compatible; ClaudeBot/1.0; +claudebot@anthropic.com)"
216.73.216.143 - - [24/Feb/2026:18:54:16 +0300] "GET /vendor/laravel/framework/src/Illuminate/Mail/Transport/?C=N&O=D HTTP/1.1" 200 368 "-" "Mozilla/5.0 AppleWebKit/537.36 (KHTML, like Gecko; compatible; ClaudeBot/1.0; +claudebot@anthropic.com)"
216.73.216.143 - - [24/Feb/2026:18:54:21 +0300] "GET /vendor/laravel/framework/src/Illuminate/Mail/Transport/?C=M&O=A HTTP/1.1" 200 371 "-" "Mozilla/5.0 AppleWebKit/537.36 (KHTML, like Gecko; compatible; ClaudeBot/1.0; +claudebot@anthropic.com)"
216.73.216.143 - - [24/Feb/2026:18:54:26 +0300] "GET /vendor/laravel/framework/src/Illuminate/Pagination/?C=S&O=A HTTP/1.1" 200 456 "-" "Mozilla/5.0 AppleWebKit/537.36 (KHTML, like Gecko; compatible; ClaudeBot/1.0; +claudebot@anthropic.com)"
216.73.216.143 - - [24/Feb/2026:18:54:31 +0300] "GET /app/storage/views/test/2daaedc95ec38b00765eca9be618abfb HTTP/1.1" 200 1653 "-" "Mozilla/5.0 AppleWebKit/537.36 (KHTML, like Gecko; compatible; ClaudeBot/1.0; +claudebot@anthropic.com)"
216.73.216.143 - - [24/Feb/2026:18:54:36 +0300] "GET /app/storage/views/74ca459bbe9063a8df615d5fd2ca9deb HTTP/1.1" 200 1026 "-" "Mozilla/5.0 AppleWebKit/537.36 (KHTML, like Gecko; compatible; ClaudeBot/1.0; +claudebot@anthropic.com)"
216.73.216.143 - - [24/Feb/2026:18:54:41 +0300] "GET /app/views-feb%2024/admin/dashboard HTTP/1.1" 301 301 "-" "Mozilla/5.0 AppleWebKit/537.36 (KHTML, like Gecko; compatible; ClaudeBot/1.0; +claudebot@anthropic.com)"
216.73.216.143 - - [24/Feb/2026:18:54:41 +0300] "GET /app/views-feb%2024/admin/dashboard/ HTTP/1.1" 200 318 "https://zkteco.jo/app/views-feb%2024/admin/dashboard" "Mozilla/5.0 AppleWebKit/537.36 (KHTML, like Gecko; compatible; ClaudeBot/1.0; +claudebot@anthropic.com)"
216.73.216.143 - - [24/Feb/2026:18:54:46 +0300] "GET /app/storage/views/test/d74c8bf620165cc29955d729ccb712b4 HTTP/1.1" 200 1934 "-" "Mozilla/5.0 AppleWebKit/537.36 (KHTML, like Gecko; compatible; ClaudeBot/1.0; +claudebot@anthropic.com)"
216.73.216.143 - - [24/Feb/2026:18:54:51 +0300] "GET /app/storage/views/test/db63be2e2f3d07b4e3f20253dc14fd08 HTTP/1.1" 200 334 "-" "Mozilla/5.0 AppleWebKit/537.36 (KHTML, like Gecko; compatible; ClaudeBot/1.0; +claudebot@anthropic.com)"
216.73.216.143 - - [24/Feb/2026:18:54:51 +0300] "GET /app/storage/views/test/74ca459bbe9063a8df615d5fd2ca9deb HTTP/1.1" 200 1223 "-" "Mozilla/5.0 AppleWebKit/537.36 (KHTML, like Gecko; compatible; ClaudeBot/1.0; +claudebot@anthropic.com)"
74.7.242.0 - - [24/Feb/2026:18:54:55 +0300] "GET /vendor/bacon/bacon-qr-code/tests/bootstrap.php HTTP/1.1" 200 20 "https://mail.zkteco.jo/vendor/bacon/bacon-qr-code/tests/" "Mozilla/5.0 AppleWebKit/537.36 (KHTML, like Gecko; compatible; GPTBot/1.3; +https://openai.com/gptbot)"
216.73.216.143 - - [24/Feb/2026:18:54:56 +0300] "GET /app/storage/views/6c533edda5d7ec3796557bc86c313412 HTTP/1.1" 200 1510 "-" "Mozilla/5.0 AppleWebKit/537.36 (KHTML, like Gecko; compatible; ClaudeBot/1.0; +claudebot@anthropic.com)"
216.73.216.143 - - [24/Feb/2026:18:54:56 +0300] "GET /htmlpurifier/library/HTMLPurifier/Injector/?C=N&O=A HTTP/1.1" 200 442 "-" "Mozilla/5.0 AppleWebKit/537.36 (KHTML, like Gecko; compatible; ClaudeBot/1.0; +claudebot@anthropic.com)"
52.167.144.166 - - [24/Feb/2026:18:54:57 +0300] "GET /assets/uploads/products/recomended/967eaf3091a63b5f6a09197d8d3610df.png HTTP/1.1" 200 59548 "-" "Mozilla/5.0 AppleWebKit/537.36 (KHTML, like Gecko; compatible; bingbot/2.0; +http://www.bing.com/bingbot.htm) Chrome/116.0.1938.76 Safari/537.36"
216.73.216.143 - - [24/Feb/2026:18:55:01 +0300] "GET /app/storage/views/61e21c4e092ff373cbc2b95129c44e9e HTTP/1.1" 200 720 "-" "Mozilla/5.0 AppleWebKit/537.36 (KHTML, like Gecko; compatible; ClaudeBot/1.0; +claudebot@anthropic.com)"
216.73.216.143 - - [24/Feb/2026:18:55:06 +0300] "GET /app/storage/views/test/ffb2f98968c78fb737beb01e504ea596 HTTP/1.1" 200 1451 "-" "Mozilla/5.0 AppleWebKit/537.36 (KHTML, like Gecko; compatible; ClaudeBot/1.0; +claudebot@anthropic.com)"
216.73.216.143 - - [24/Feb/2026:18:55:11 +0300] "GET /app/storage/views/test/33dc89edb165d83eb4ec74a135690140 HTTP/1.1" 200 1452 "-" "Mozilla/5.0 AppleWebKit/537.36 (KHTML, like Gecko; compatible; ClaudeBot/1.0; +claudebot@anthropic.com)"
216.73.216.143 - - [24/Feb/2026:18:55:13 +0300] "GET /htmlpurifier/library/HTMLPurifier/ConfigSchema/Interchange/?C=N&O=A HTTP/1.1" 200 342 "-" "Mozilla/5.0 AppleWebKit/537.36 (KHTML, like Gecko; compatible; ClaudeBot/1.0; +claudebot@anthropic.com)"
216.73.216.143 - - [24/Feb/2026:18:55:16 +0300] "GET /app/storage/views/test/f17a05b69196584e42f6fe4a7697212e HTTP/1.1" 200 3372 "-" "Mozilla/5.0 AppleWebKit/537.36 (KHTML, like Gecko; compatible; ClaudeBot/1.0; +claudebot@anthropic.com)"
216.73.216.143 - - [24/Feb/2026:18:55:18 +0300] "GET /vendor/symfony/css-selector/Symfony HTTP/1.1" 301 302 "-" "Mozilla/5.0 AppleWebKit/537.36 (KHTML, like Gecko; compatible; ClaudeBot/1.0; +claudebot@anthropic.com)"
216.73.216.143 - - [24/Feb/2026:18:55:18 +0300] "GET /vendor/symfony/css-selector/Symfony/ HTTP/1.1" 200 315 "https://zkteco.jo/vendor/symfony/css-selector/Symfony" "Mozilla/5.0 AppleWebKit/537.36 (KHTML, like Gecko; compatible; ClaudeBot/1.0; +claudebot@anthropic.com)"
216.73.216.143 - - [24/Feb/2026:18:55:23 +0300] "GET /htmlpurifier/library/HTMLPurifier/ConfigSchema/schema/Attr.IDBlacklistRegexp.txt HTTP/1.1" 200 233 "-" "Mozilla/5.0 AppleWebKit/537.36 (KHTML, like Gecko; compatible; ClaudeBot/1.0; +claudebot@anthropic.com)"
216.73.216.143 - - [24/Feb/2026:18:55:28 +0300] "GET /vendor/ircmaxell/password-compat/composer.json HTTP/1.1" 200 279 "-" "Mozilla/5.0 AppleWebKit/537.36 (KHTML, like Gecko; compatible; ClaudeBot/1.0; +claudebot@anthropic.com)"
216.73.216.143 - - [24/Feb/2026:18:55:33 +0300] "GET /htmlpurifier/library/HTMLPurifier/ConfigSchema/schema/?C=D&O=A HTTP/1.1" 200 2262 "-" "Mozilla/5.0 AppleWebKit/537.36 (KHTML, like Gecko; compatible; ClaudeBot/1.0; +claudebot@anthropic.com)"
216.73.216.143 - - [24/Feb/2026:18:55:38 +0300] "GET /htmlpurifier/library/HTMLPurifier/Printer/?C=S&O=D HTTP/1.1" 200 379 "-" "Mozilla/5.0 AppleWebKit/537.36 (KHTML, like Gecko; compatible; ClaudeBot/1.0; +claudebot@anthropic.com)"
74.7.242.0 - - [24/Feb/2026:18:55:41 +0300] "GET /app/views/admin/pdfDownload/edit.blade.php HTTP/1.1" 500 347 "https://mail.zkteco.jo/app/views/admin/pdfDownload/" "Mozilla/5.0 AppleWebKit/537.36 (KHTML, like Gecko; compatible; GPTBot/1.3; +https://openai.com/gptbot)"
216.73.216.143 - - [24/Feb/2026:18:55:43 +0300] "GET /htmlpurifier/library/HTMLPurifier/Token/?C=S&O=D HTTP/1.1" 200 384 "-" "Mozilla/5.0 AppleWebKit/537.36 (KHTML, like Gecko; compatible; ClaudeBot/1.0; +claudebot@anthropic.com)"
216.73.216.143 - - [24/Feb/2026:18:55:48 +0300] "GET /app/views-feb%2024/admin/team/edit.blade.php HTTP/1.1" 500 397 "-" "Mozilla/5.0 AppleWebKit/537.36 (KHTML, like Gecko; compatible; ClaudeBot/1.0; +claudebot@anthropic.com)"
216.73.216.143 - - [24/Feb/2026:18:55:53 +0300] "GET /htmlpurifier/library/HTMLPurifier/Strategy/?C=N&O=A HTTP/1.1" 200 424 "-" "Mozilla/5.0 AppleWebKit/537.36 (KHTML, like Gecko; compatible; ClaudeBot/1.0; +claudebot@anthropic.com)"
194.187.171.145 - - [24/Feb/2026:18:55:56 +0300] "GET /software-2 HTTP/1.1" 404 36 "-" "Mozilla/5.0 (compatible; Qwantbot/1.0_907908; +https://help.qwant.com/bot/)"
216.73.216.143 - - [24/Feb/2026:18:55:58 +0300] "GET /htmlpurifier/library/HTMLPurifier/ChildDef/?C=N&O=A HTTP/1.1" 200 430 "-" "Mozilla/5.0 AppleWebKit/537.36 (KHTML, like Gecko; compatible; ClaudeBot/1.0; +claudebot@anthropic.com)"
216.73.216.143 - - [24/Feb/2026:18:56:03 +0300] "GET /vendor/filp/whoops/src/Whoops HTTP/1.1" 301 296 "-" "Mozilla/5.0 AppleWebKit/537.36 (KHTML, like Gecko; compatible; ClaudeBot/1.0; +claudebot@anthropic.com)"
216.73.216.143 - - [24/Feb/2026:18:56:03 +0300] "GET /vendor/filp/whoops/src/Whoops/ HTTP/1.1" 200 390 "https://zkteco.jo/vendor/filp/whoops/src/Whoops" "Mozilla/5.0 AppleWebKit/537.36 (KHTML, like Gecko; compatible; ClaudeBot/1.0; +claudebot@anthropic.com)"
40.77.167.254 - - [24/Feb/2026:18:56:03 +0300] "GET /assets/uploads/products/small/99394210ec048de27e72ecfaa900aee6.jpg HTTP/1.1" 200 3020 "-" "Mozilla/5.0 AppleWebKit/537.36 (KHTML, like Gecko; compatible; bingbot/2.0; +http://www.bing.com/bingbot.htm) Chrome/116.0.1938.76 Safari/537.36"
216.73.216.143 - - [24/Feb/2026:18:56:08 +0300] "GET /htmlpurifier/library/HTMLPurifier/ConfigSchema/schema/?C=M&O=A HTTP/1.1" 200 2276 "-" "Mozilla/5.0 AppleWebKit/537.36 (KHTML, like Gecko; compatible; ClaudeBot/1.0; +claudebot@anthropic.com)"
216.73.216.143 - - [24/Feb/2026:18:56:13 +0300] "GET /vendor/nikic/php-parser/test/code/?C=S&O=A HTTP/1.1" 200 329 "-" "Mozilla/5.0 AppleWebKit/537.36 (KHTML, like Gecko; compatible; ClaudeBot/1.0; +claudebot@anthropic.com)"
216.73.216.143 - - [24/Feb/2026:18:56:19 +0300] "GET /htmlpurifier/library/HTMLPurifier/URIFilter/?C=M&O=A HTTP/1.1" 200 438 "-" "Mozilla/5.0 AppleWebKit/537.36 (KHTML, like Gecko; compatible; ClaudeBot/1.0; +claudebot@anthropic.com)"
74.7.242.0 - - [24/Feb/2026:18:56:22 +0300] "GET /vendor/nikic/php-parser/CHANGELOG.md HTTP/1.1" 200 2929 "https://mail.zkteco.jo/vendor/nikic/php-parser/" "Mozilla/5.0 AppleWebKit/537.36 (KHTML, like Gecko; compatible; GPTBot/1.3; +https://openai.com/gptbot)"
216.73.216.143 - - [24/Feb/2026:18:56:24 +0300] "GET /htmlpurifier/library/HTMLPurifier/URIFilter/?C=N&O=D HTTP/1.1" 200 433 "-" "Mozilla/5.0 AppleWebKit/537.36 (KHTML, like Gecko; compatible; ClaudeBot/1.0; +claudebot@anthropic.com)"
157.55.39.61 - - [24/Feb/2026:18:56:24 +0300] "GET /product-details/Products/g4l-1 HTTP/1.1" 404 36 "-" "Mozilla/5.0 AppleWebKit/537.36 (KHTML, like Gecko; compatible; bingbot/2.0; +http://www.bing.com/bingbot.htm) Chrome/116.0.1938.76 Safari/537.36"
216.73.216.143 - - [24/Feb/2026:18:56:29 +0300] "GET /app/storage/views/c32d008fa7fe5311c9e39562510d9ee2 HTTP/1.1" 200 869 "-" "Mozilla/5.0 AppleWebKit/537.36 (KHTML, like Gecko; compatible; ClaudeBot/1.0; +claudebot@anthropic.com)"
216.73.216.143 - - [24/Feb/2026:18:56:34 +0300] "GET /app/storage/views/test/bc03a2efa10bf3dd6ca23a177d015ee7 HTTP/1.1" 200 856 "-" "Mozilla/5.0 AppleWebKit/537.36 (KHTML, like Gecko; compatible; ClaudeBot/1.0; +claudebot@anthropic.com)"
216.73.216.143 - - [24/Feb/2026:18:56:39 +0300] "GET /app/storage/views/test/4e906237cd9676a44d692fbfc7e47f64 HTTP/1.1" 200 1188 "-" "Mozilla/5.0 AppleWebKit/537.36 (KHTML, like Gecko; compatible; ClaudeBot/1.0; +claudebot@anthropic.com)"
85.208.96.205 - - [24/Feb/2026:18:56:44 +0300] "GET /robots.txt HTTP/1.1" 404 36 "-" "Mozilla/5.0 (compatible; SemrushBot/7~bl; +http://www.semrush.com/bot.html)"
216.73.216.143 - - [24/Feb/2026:18:56:44 +0300] "GET /app/views/admin/setting/?C=D&O=D HTTP/1.1" 200 307 "-" "Mozilla/5.0 AppleWebKit/537.36 (KHTML, like Gecko; compatible; ClaudeBot/1.0; +claudebot@anthropic.com)"
85.208.96.206 - - [24/Feb/2026:18:56:44 +0300] "GET /product-details/ID%20Reader/kr100em-1 HTTP/1.1" 404 36 "-" "Mozilla/5.0 (compatible; SemrushBot/7~bl; +http://www.semrush.com/bot.html)"
216.73.216.143 - - [24/Feb/2026:18:56:49 +0300] "GET /app/storage/views/test/56f82bb5eebb0743b2a06fd996bf7f95 HTTP/1.1" 200 530 "-" "Mozilla/5.0 AppleWebKit/537.36 (KHTML, like Gecko; compatible; ClaudeBot/1.0; +claudebot@anthropic.com)"
216.73.216.143 - - [24/Feb/2026:18:56:54 +0300] "GET /app/storage/views/test/424c3fb3a254ffaf54e2d5a9fb8b4e5a HTTP/1.1" 200 1045 "-" "Mozilla/5.0 AppleWebKit/537.36 (KHTML, like Gecko; compatible; ClaudeBot/1.0; +claudebot@anthropic.com)"
216.73.216.143 - - [24/Feb/2026:18:56:59 +0300] "GET /app/storage/views/test/assets/js/jquery-1.11.0.js HTTP/1.1" 404 36 "-" "Mozilla/5.0 AppleWebKit/537.36 (KHTML, like Gecko; compatible; ClaudeBot/1.0; +claudebot@anthropic.com)"
216.73.216.143 - - [24/Feb/2026:18:57:04 +0300] "GET /app/storage/views/test/d320ee18fcc9ff838f6103db174cbb5d HTTP/1.1" 200 337 "-" "Mozilla/5.0 AppleWebKit/537.36 (KHTML, like Gecko; compatible; ClaudeBot/1.0; +claudebot@anthropic.com)"
216.73.216.143 - - [24/Feb/2026:18:57:09 +0300] "GET /app/storage/views/test/61e21c4e092ff373cbc2b95129c44e9e HTTP/1.1" 200 720 "-" "Mozilla/5.0 AppleWebKit/537.36 (KHTML, like Gecko; compatible; ClaudeBot/1.0; +claudebot@anthropic.com)"
216.73.216.143 - - [24/Feb/2026:18:57:14 +0300] "GET /app/views-feb%2024/admin/pdfcategory HTTP/1.1" 301 303 "-" "Mozilla/5.0 AppleWebKit/537.36 (KHTML, like Gecko; compatible; ClaudeBot/1.0; +claudebot@anthropic.com)"
216.73.216.143 - - [24/Feb/2026:18:57:14 +0300] "GET /app/views-feb%2024/admin/pdfcategory/ HTTP/1.1" 200 348 "https://zkteco.jo/app/views-feb%2024/admin/pdfcategory" "Mozilla/5.0 AppleWebKit/537.36 (KHTML, like Gecko; compatible; ClaudeBot/1.0; +claudebot@anthropic.com)"
216.73.216.143 - - [24/Feb/2026:18:57:19 +0300] "GET /app/storage/views/test/911d26d4cd4231f6dc3c4c2fa1fec499 HTTP/1.1" 200 771 "-" "Mozilla/5.0 AppleWebKit/537.36 (KHTML, like Gecko; compatible; ClaudeBot/1.0; +claudebot@anthropic.com)"
40.77.167.254 - - [24/Feb/2026:18:57:23 +0300] "GET /search?_token=ZYlO4dl2LeVWdiOuOUvit98uYmQC3ytAG4KWS7On&searchterm= HTTP/1.1" 404 36 "-" "Mozilla/5.0 AppleWebKit/537.36 (KHTML, like Gecko; compatible; bingbot/2.0; +http://www.bing.com/bingbot.htm) Chrome/116.0.1938.76 Safari/537.36"
74.7.242.0 - - [24/Feb/2026:18:57:23 +0300] "GET /app/views/frontend/ajax_design_layout/product_layout.blade.php HTTP/1.1" 200 130 "https://mail.zkteco.jo/app/views/frontend/ajax_design_layout/" "Mozilla/5.0 AppleWebKit/537.36 (KHTML, like Gecko; compatible; GPTBot/1.3; +https://openai.com/gptbot)"
216.73.216.143 - - [24/Feb/2026:18:57:24 +0300] "GET /app/config/testing/?C=M&O=A HTTP/1.1" 200 319 "-" "Mozilla/5.0 AppleWebKit/537.36 (KHTML, like Gecko; compatible; ClaudeBot/1.0; +claudebot@anthropic.com)"
205.210.31.43 - - [24/Feb/2026:18:57:28 +0300] "GET / HTTP/1.1" 200 12172 "-" "Hello from Palo Alto Networks, find out more about our scans in https://docs-cortex.paloaltonetworks.com/r/1/Cortex-Xpanse/Scanning-activity"
216.73.216.143 - - [24/Feb/2026:18:57:29 +0300] "GET /app/storage/views/test/037a47f7344ddec7a2db9d2e0fe6e475 HTTP/1.1" 200 3282 "-" "Mozilla/5.0 AppleWebKit/537.36 (KHTML, like Gecko; compatible; ClaudeBot/1.0; +claudebot@anthropic.com)"
216.73.216.143 - - [24/Feb/2026:18:57:34 +0300] "GET /app/storage/views/4534d74079f5e310bc002db63b7de5fe HTTP/1.1" 200 1783 "-" "Mozilla/5.0 AppleWebKit/537.36 (KHTML, like Gecko; compatible; ClaudeBot/1.0; +claudebot@anthropic.com)"
216.73.216.143 - - [24/Feb/2026:18:57:37 +0300] "GET /app/controllers/?C=S&O=D HTTP/1.1" 200 443 "-" "Mozilla/5.0 AppleWebKit/537.36 (KHTML, like Gecko; compatible; ClaudeBot/1.0; +claudebot@anthropic.com)"
216.73.216.143 - - [24/Feb/2026:18:57:39 +0300] "GET /app/storage/views/test/08e5d64d62db96722bf5592134832117 HTTP/1.1" 200 1009 "-" "Mozilla/5.0 AppleWebKit/537.36 (KHTML, like Gecko; compatible; ClaudeBot/1.0; +claudebot@anthropic.com)"
216.73.216.143 - - [24/Feb/2026:18:57:42 +0300] "GET /app/storage/views/test/ef3e334e34ec264fb9cb8ea91f7592e1 HTTP/1.1" 200 1041 "-" "Mozilla/5.0 AppleWebKit/537.36 (KHTML, like Gecko; compatible; ClaudeBot/1.0; +claudebot@anthropic.com)"
216.73.216.143 - - [24/Feb/2026:18:57:44 +0300] "GET /app/storage/views/test/1e003c82b1fbf2babbd632f3a907ed3f HTTP/1.1" 200 668 "-" "Mozilla/5.0 AppleWebKit/537.36 (KHTML, like Gecko; compatible; ClaudeBot/1.0; +claudebot@anthropic.com)"
216.73.216.143 - - [24/Feb/2026:18:57:47 +0300] "GET /app/storage/views/test/bdfd664753fba7e29d688e62394dd1be HTTP/1.1" 200 1158 "-" "Mozilla/5.0 AppleWebKit/537.36 (KHTML, like Gecko; compatible; ClaudeBot/1.0; +claudebot@anthropic.com)"
216.73.216.143 - - [24/Feb/2026:18:57:52 +0300] "GET /app/storage/cache/?C=M&O=D HTTP/1.1" 200 259 "-" "Mozilla/5.0 AppleWebKit/537.36 (KHTML, like Gecko; compatible; ClaudeBot/1.0; +claudebot@anthropic.com)"
216.73.216.143 - - [24/Feb/2026:18:57:57 +0300] "GET /app/storage/views/test/7baaef3437db9c5dd63caebd3d6df613 HTTP/1.1" 200 1046 "-" "Mozilla/5.0 AppleWebKit/537.36 (KHTML, like Gecko; compatible; ClaudeBot/1.0; +claudebot@anthropic.com)"
216.73.216.143 - - [24/Feb/2026:18:58:02 +0300] "GET /app/storage/views/test/44bf082eeef7b32cfcf95b199cfc5822 HTTP/1.1" 200 1012 "-" "Mozilla/5.0 AppleWebKit/537.36 (KHTML, like Gecko; compatible; ClaudeBot/1.0; +claudebot@anthropic.com)"
216.73.216.143 - - [24/Feb/2026:18:58:07 +0300] "GET /app/storage/views/test/bd1edb6573df08c848c0f266b7e73207 HTTP/1.1" 200 198 "-" "Mozilla/5.0 AppleWebKit/537.36 (KHTML, like Gecko; compatible; ClaudeBot/1.0; +claudebot@anthropic.com)"
172.213.21.150 - - [24/Feb/2026:18:58:11 +0300] "GET /software-2 HTTP/1.1" 404 36 "-" "Mozilla/5.0 AppleWebKit/537.36 (KHTML, like Gecko); compatible; ChatGPT-User/1.0; +https://openai.com/bot"
216.73.216.143 - - [24/Feb/2026:18:58:12 +0300] "GET /app/storage/views/test/4d3544ff176846fe0faa2507db99fc58 HTTP/1.1" 200 1263 "-" "Mozilla/5.0 AppleWebKit/537.36 (KHTML, like Gecko; compatible; ClaudeBot/1.0; +claudebot@anthropic.com)"
216.73.216.143 - - [24/Feb/2026:18:58:17 +0300] "GET /app/storage/views/test/031cbb7d9487e87b7be74e18e3485878 HTTP/1.1" 200 1528 "-" "Mozilla/5.0 AppleWebKit/537.36 (KHTML, like Gecko; compatible; ClaudeBot/1.0; +claudebot@anthropic.com)"
74.7.242.0 - - [24/Feb/2026:18:58:20 +0300] "GET /app/views/admin/products/add.blade%20-%20Copy.php HTTP/1.1" 200 1308 "https://mail.zkteco.jo/app/views/admin/products/" "Mozilla/5.0 AppleWebKit/537.36 (KHTML, like Gecko; compatible; GPTBot/1.3; +https://openai.com/gptbot)"
216.73.216.143 - - [24/Feb/2026:18:58:22 +0300] "GET /vendor/classpreloader/?C=S&O=A HTTP/1.1" 200 300 "-" "Mozilla/5.0 AppleWebKit/537.36 (KHTML, like Gecko; compatible; ClaudeBot/1.0; +claudebot@anthropic.com)"
216.73.216.143 - - [24/Feb/2026:18:58:27 +0300] "GET /vendor/symfony/event-dispatcher HTTP/1.1" 301 298 "-" "Mozilla/5.0 AppleWebKit/537.36 (KHTML, like Gecko; compatible; ClaudeBot/1.0; +claudebot@anthropic.com)"
216.73.216.143 - - [24/Feb/2026:18:58:27 +0300] "GET /vendor/symfony/event-dispatcher/ HTTP/1.1" 200 309 "https://zkteco.jo/vendor/symfony/event-dispatcher" "Mozilla/5.0 AppleWebKit/537.36 (KHTML, like Gecko; compatible; ClaudeBot/1.0; +claudebot@anthropic.com)"
216.73.216.143 - - [24/Feb/2026:18:58:32 +0300] "GET /app/storage/views/test/8bbf7e721b3eef6999f07545ee2d3c99 HTTP/1.1" 200 764 "-" "Mozilla/5.0 AppleWebKit/537.36 (KHTML, like Gecko; compatible; ClaudeBot/1.0; +claudebot@anthropic.com)"
216.73.216.143 - - [24/Feb/2026:18:58:37 +0300] "GET /app/storage/views/test/211b731e2fd6904d4b95c2fe049aa9b5 HTTP/1.1" 200 497 "-" "Mozilla/5.0 AppleWebKit/537.36 (KHTML, like Gecko; compatible; ClaudeBot/1.0; +claudebot@anthropic.com)"
216.73.216.143 - - [24/Feb/2026:18:58:42 +0300] "GET /app/storage/views/test/af7cdab6d80bbc299d5693696764877c HTTP/1.1" 200 1462 "-" "Mozilla/5.0 AppleWebKit/537.36 (KHTML, like Gecko; compatible; ClaudeBot/1.0; +claudebot@anthropic.com)"
216.73.216.143 - - [24/Feb/2026:18:58:47 +0300] "GET /app/storage/views/test/5afaacdddcfcfc0662c526533880ccb3 HTTP/1.1" 200 860 "-" "Mozilla/5.0 AppleWebKit/537.36 (KHTML, like Gecko; compatible; ClaudeBot/1.0; +claudebot@anthropic.com)"
2603:8001:ff40:e58e:85c0:acc3:ea71:891f - - [24/Feb/2026:18:58:46 +0300] "GET /assets/uploads/products/pdf/3832cfd9025a2b14194931ee6382983d.pdf HTTP/1.1" 200 883441 "https://www.bing.com/" "Mozilla/5.0 (Windows NT 10.0; Win64; x64) AppleWebKit/537.36 (KHTML, like Gecko) Chrome/145.0.0.0 Safari/537.36 Edg/145.0.0.0"
2603:8001:ff40:e58e:85c0:acc3:ea71:891f - - [24/Feb/2026:18:58:47 +0300] "GET /favicon.ico HTTP/1.1" 404 36 "https://zkteco.jo/assets/uploads/products/pdf/3832cfd9025a2b14194931ee6382983d.pdf" "Mozilla/5.0 (Windows NT 10.0; Win64; x64) AppleWebKit/537.36 (KHTML, like Gecko) Chrome/145.0.0.0 Safari/537.36 Edg/145.0.0.0"
216.73.216.143 - - [24/Feb/2026:18:58:52 +0300] "GET /app/storage/views/test/bb090d57c17db9ff4ecf059f79f02dba HTTP/1.1" 200 1844 "-" "Mozilla/5.0 AppleWebKit/537.36 (KHTML, like Gecko; compatible; ClaudeBot/1.0; +claudebot@anthropic.com)"
216.73.216.143 - - [24/Feb/2026:18:58:57 +0300] "GET /vendor/simplesoftwareio/?C=N&O=A HTTP/1.1" 200 302 "-" "Mozilla/5.0 AppleWebKit/537.36 (KHTML, like Gecko; compatible; ClaudeBot/1.0; +claudebot@anthropic.com)"
216.73.216.143 - - [24/Feb/2026:18:59:02 +0300] "GET /app/storage/views/test/929f2ed643bd28eb55c122e6209f7d6f HTTP/1.1" 200 412 "-" "Mozilla/5.0 AppleWebKit/537.36 (KHTML, like Gecko; compatible; ClaudeBot/1.0; +claudebot@anthropic.com)"
216.73.216.143 - - [24/Feb/2026:18:59:07 +0300] "GET /app/storage/views/test/b3f13b808f5aa407a897cc2f3771cfc1 HTTP/1.1" 200 485 "-" "Mozilla/5.0 AppleWebKit/537.36 (KHTML, like Gecko; compatible; ClaudeBot/1.0; +claudebot@anthropic.com)"
216.73.216.143 - - [24/Feb/2026:18:59:12 +0300] "GET /app/storage/views/test/bfdb3262a30e8ec65d4cb5860e3ba39a HTTP/1.1" 200 1001 "-" "Mozilla/5.0 AppleWebKit/537.36 (KHTML, like Gecko; compatible; ClaudeBot/1.0; +claudebot@anthropic.com)"
74.7.242.0 - - [24/Feb/2026:18:59:12 +0300] "GET /app/config/app.php HTTP/1.1" 500 20 "https://mail.zkteco.jo/app/config/" "Mozilla/5.0 AppleWebKit/537.36 (KHTML, like Gecko; compatible; GPTBot/1.3; +https://openai.com/gptbot)"
216.73.216.143 - - [24/Feb/2026:18:59:17 +0300] "GET /app/storage/views/test/1f0dfc4b0f0cb2cf29e76990e735f1c8 HTTP/1.1" 200 1094 "-" "Mozilla/5.0 AppleWebKit/537.36 (KHTML, like Gecko; compatible; ClaudeBot/1.0; +claudebot@anthropic.com)"
216.73.216.143 - - [24/Feb/2026:18:59:22 +0300] "GET /app/storage/views/test/ca843598ff3607b5f2db977d63e60589 HTTP/1.1" 200 1003 "-" "Mozilla/5.0 AppleWebKit/537.36 (KHTML, like Gecko; compatible; ClaudeBot/1.0; +claudebot@anthropic.com)"
216.73.216.143 - - [24/Feb/2026:18:59:27 +0300] "GET /app/storage/views/test/1ba1ca65fb03af7992a0c58310cede63 HTTP/1.1" 200 1367 "-" "Mozilla/5.0 AppleWebKit/537.36 (KHTML, like Gecko; compatible; ClaudeBot/1.0; +claudebot@anthropic.com)"
216.73.216.143 - - [24/Feb/2026:18:59:32 +0300] "GET /app/storage/views/test/a5a277a3218e082575ef0c2b9e101e62 HTTP/1.1" 200 485 "-" "Mozilla/5.0 AppleWebKit/537.36 (KHTML, like Gecko; compatible; ClaudeBot/1.0; +claudebot@anthropic.com)"
216.73.216.143 - - [24/Feb/2026:18:59:33 +0300] "GET /app/views/admin/innercontent/?C=D&O=D HTTP/1.1" 200 341 "-" "Mozilla/5.0 AppleWebKit/537.36 (KHTML, like Gecko; compatible; ClaudeBot/1.0; +claudebot@anthropic.com)"
216.73.216.143 - - [24/Feb/2026:18:59:38 +0300] "GET /app/storage/views/test/b4a2007cca734896d35f2e3d0eb3c6b1 HTTP/1.1" 200 3223 "-" "Mozilla/5.0 AppleWebKit/537.36 (KHTML, like Gecko; compatible; ClaudeBot/1.0; +claudebot@anthropic.com)"
216.73.216.143 - - [24/Feb/2026:18:59:43 +0300] "GET /app/views/admin/common/?C=D&O=A HTTP/1.1" 200 347 "-" "Mozilla/5.0 AppleWebKit/537.36 (KHTML, like Gecko; compatible; ClaudeBot/1.0; +claudebot@anthropic.com)"
216.73.216.143 - - [24/Feb/2026:18:59:48 +0300] "GET /app/start/?C=S&O=D HTTP/1.1" 200 328 "-" "Mozilla/5.0 AppleWebKit/537.36 (KHTML, like Gecko; compatible; ClaudeBot/1.0; +claudebot@anthropic.com)"
185.191.171.3 - - [24/Feb/2026:18:59:52 +0300] "GET /product-details/Vehicle%20Inspection/bg1000 HTTP/1.1" 404 36 "-" "Mozilla/5.0 (compatible; SemrushBot/7~bl; +http://www.semrush.com/bot.html)"
216.73.216.143 - - [24/Feb/2026:18:59:53 +0300] "GET /app/storage/views/test/3764710dcbfb98309838ff8754a2f151 HTTP/1.1" 200 989 "-" "Mozilla/5.0 AppleWebKit/537.36 (KHTML, like Gecko; compatible; ClaudeBot/1.0; +claudebot@anthropic.com)"
216.73.216.143 - - [24/Feb/2026:18:59:55 +0300] "GET /app/storage/views/test/da01ea9aad4a19b04e7c40dc4ddc1385 HTTP/1.1" 200 523 "-" "Mozilla/5.0 AppleWebKit/537.36 (KHTML, like Gecko; compatible; ClaudeBot/1.0; +claudebot@anthropic.com)"
216.73.216.143 - - [24/Feb/2026:18:59:58 +0300] "GET /vendor/nikic/php-parser/lib/PHPParser/?C=N&O=D HTTP/1.1" 200 709 "-" "Mozilla/5.0 AppleWebKit/537.36 (KHTML, like Gecko; compatible; ClaudeBot/1.0; +claudebot@anthropic.com)"
74.7.242.0 - - [24/Feb/2026:19:00:00 +0300] "GET /app/?C=S;O=A HTTP/1.1" 200 445 "https://mail.zkteco.jo/app/" "Mozilla/5.0 AppleWebKit/537.36 (KHTML, like Gecko; compatible; GPTBot/1.3; +https://openai.com/gptbot)"
216.73.216.143 - - [24/Feb/2026:19:00:00 +0300] "GET /app/storage/views/test/677af73d6e30ff9f61b15fdcff01eaca HTTP/1.1" 200 1082 "-" "Mozilla/5.0 AppleWebKit/537.36 (KHTML, like Gecko; compatible; ClaudeBot/1.0; +claudebot@anthropic.com)"
216.73.216.143 - - [24/Feb/2026:19:00:05 +0300] "GET /app/database/migrations/?C=S&O=A HTTP/1.1" 200 259 "-" "Mozilla/5.0 AppleWebKit/537.36 (KHTML, like Gecko; compatible; ClaudeBot/1.0; +claudebot@anthropic.com)"
216.73.216.143 - - [24/Feb/2026:19:00:10 +0300] "GET /app/storage/views/test/347bdcebb59268f4d0c0a8cdc04c5878 HTTP/1.1" 200 651 "-" "Mozilla/5.0 AppleWebKit/537.36 (KHTML, like Gecko; compatible; ClaudeBot/1.0; +claudebot@anthropic.com)"
216.73.216.143 - - [24/Feb/2026:19:00:15 +0300] "GET /app/storage/views/test/ec8d7f6cdb01eb70c5e96253ad16f9c8 HTTP/1.1" 200 951 "-" "Mozilla/5.0 AppleWebKit/537.36 (KHTML, like Gecko; compatible; ClaudeBot/1.0; +claudebot@anthropic.com)"
216.73.216.143 - - [24/Feb/2026:19:00:20 +0300] "GET /app/views/admin/training/document/?C=S&O=A HTTP/1.1" 200 341 "-" "Mozilla/5.0 AppleWebKit/537.36 (KHTML, like Gecko; compatible; ClaudeBot/1.0; +claudebot@anthropic.com)"
216.73.216.143 - - [24/Feb/2026:19:00:25 +0300] "GET /app/lang/en/reminders.php HTTP/1.1" 200 20 "-" "Mozilla/5.0 AppleWebKit/537.36 (KHTML, like Gecko; compatible; ClaudeBot/1.0; +claudebot@anthropic.com)"
216.73.216.143 - - [24/Feb/2026:19:00:30 +0300] "GET /vendor/nikic/php-parser/test/code/prettyPrinter/parentheses.test HTTP/1.1" 200 345 "-" "Mozilla/5.0 AppleWebKit/537.36 (KHTML, like Gecko; compatible; ClaudeBot/1.0; +claudebot@anthropic.com)"
216.73.216.143 - - [24/Feb/2026:19:00:35 +0300] "GET /vendor/nesbot/carbon/tests/CreateFromDateTest.php HTTP/1.1" 500 20 "-" "Mozilla/5.0 AppleWebKit/537.36 (KHTML, like Gecko; compatible; ClaudeBot/1.0; +claudebot@anthropic.com)"
216.73.216.143 - - [24/Feb/2026:19:00:40 +0300] "GET /vendor/nikic/php-parser/lib/PHPParser/Serializer HTTP/1.1" 301 315 "-" "Mozilla/5.0 AppleWebKit/537.36 (KHTML, like Gecko; compatible; ClaudeBot/1.0; +claudebot@anthropic.com)"
216.73.216.143 - - [24/Feb/2026:19:00:40 +0300] "GET /vendor/nikic/php-parser/lib/PHPParser/Serializer/ HTTP/1.1" 200 326 "https://zkteco.jo/vendor/nikic/php-parser/lib/PHPParser/Serializer" "Mozilla/5.0 AppleWebKit/537.36 (KHTML, like Gecko; compatible; ClaudeBot/1.0; +claudebot@anthropic.com)"
104.152.52.236 - - [24/Feb/2026:19:00:42 +0300] "GET / HTTP/1.1" 401 52 "-" "curl/7.61.1"
104.152.52.236 - - [24/Feb/2026:19:00:42 +0300] "GET /favicon.ico HTTP/1.1" 401 52 "-" "curl/7.61.1"
114.119.131.200 - - [24/Feb/2026:19:00:45 +0300] "GET /product-details/Control%20Panel/c2-260 HTTP/1.1" 404 36 "https://zkteco.jo/control-panel-1" "Mozilla/5.0 (Linux; Android 7.0;) AppleWebKit/537.36 (KHTML, like Gecko) Mobile Safari/537.36 (compatible; PetalBot;+https://webmaster.petalsearch.com/site/petalbot)"
216.73.216.143 - - [24/Feb/2026:19:00:45 +0300] "GET /htmlpurifier/library/HTMLPurifier/ConfigSchema/schema/Output.SortAttr.txt HTTP/1.1" 200 337 "-" "Mozilla/5.0 AppleWebKit/537.36 (KHTML, like Gecko; compatible; ClaudeBot/1.0; +claudebot@anthropic.com)"
216.73.216.143 - - [24/Feb/2026:19:00:50 +0300] "GET /vendor/nikic/php-parser/lib/PHPParser/Node/Stmt.php HTTP/1.1" 500 20 "-" "Mozilla/5.0 AppleWebKit/537.36 (KHTML, like Gecko; compatible; ClaudeBot/1.0; +claudebot@anthropic.com)"
216.73.216.143 - - [24/Feb/2026:19:00:55 +0300] "GET /vendor/nikic/php-parser/lib/PHPParser/Node/Scalar/String.php HTTP/1.1" 500 20 "-" "Mozilla/5.0 AppleWebKit/537.36 (KHTML, like Gecko; compatible; ClaudeBot/1.0; +claudebot@anthropic.com)"
216.73.216.143 - - [24/Feb/2026:19:01:00 +0300] "GET /vendor/nikic/php-parser/lib/PHPParser/Lexer.php HTTP/1.1" 200 20 "-" "Mozilla/5.0 AppleWebKit/537.36 (KHTML, like Gecko; compatible; ClaudeBot/1.0; +claudebot@anthropic.com)"
74.7.242.0 - - [24/Feb/2026:19:01:03 +0300] "GET /app/?C=N;O=D HTTP/1.1" 200 443 "https://mail.zkteco.jo/app/" "Mozilla/5.0 AppleWebKit/537.36 (KHTML, like Gecko; compatible; GPTBot/1.3; +https://openai.com/gptbot)"
216.73.216.143 - - [24/Feb/2026:19:01:05 +0300] "GET /vendor/nesbot/carbon/tests/CopyTest.php HTTP/1.1" 500 20 "-" "Mozilla/5.0 AppleWebKit/537.36 (KHTML, like Gecko; compatible; ClaudeBot/1.0; +claudebot@anthropic.com)"
40.77.167.38 - - [24/Feb/2026:19:01:07 +0300] "GET /product-details/Bluetooth%20Lock/ml200 HTTP/1.1" 404 36 "-" "Mozilla/5.0 AppleWebKit/537.36 (KHTML, like Gecko; compatible; bingbot/2.0; +http://www.bing.com/bingbot.htm) Chrome/116.0.1938.76 Safari/537.36"
216.73.216.143 - - [24/Feb/2026:19:01:10 +0300] "GET /vendor/nesbot/carbon/tests/InstanceTest.php HTTP/1.1" 500 20 "-" "Mozilla/5.0 AppleWebKit/537.36 (KHTML, like Gecko; compatible; ClaudeBot/1.0; +claudebot@anthropic.com)"
216.73.216.143 - - [24/Feb/2026:19:01:15 +0300] "GET /htmlpurifier/library/HTMLPurifier/ConfigSchema/schema/URI.Base.txt HTTP/1.1" 200 381 "-" "Mozilla/5.0 AppleWebKit/537.36 (KHTML, like Gecko; compatible; ClaudeBot/1.0; +claudebot@anthropic.com)"
216.73.216.143 - - [24/Feb/2026:19:01:20 +0300] "GET /vendor/nikic/php-parser/lib/PHPParser/Node/Name.php HTTP/1.1" 500 20 "-" "Mozilla/5.0 AppleWebKit/537.36 (KHTML, like Gecko; compatible; ClaudeBot/1.0; +claudebot@anthropic.com)"
216.73.216.143 - - [24/Feb/2026:19:01:25 +0300] "GET /htmlpurifier/library/HTMLPurifier/AttrTransform/Nofollow.php HTTP/1.1" 500 20 "-" "Mozilla/5.0 AppleWebKit/537.36 (KHTML, like Gecko; compatible; ClaudeBot/1.0; +claudebot@anthropic.com)"
216.73.216.143 - - [24/Feb/2026:19:01:30 +0300] "GET /htmlpurifier/library/HTMLPurifier/ConfigSchema/schema/Filter.ExtractStyleBlocks.TidyImpl.txt HTTP/1.1" 200 368 "-" "Mozilla/5.0 AppleWebKit/537.36 (KHTML, like Gecko; compatible; ClaudeBot/1.0; +claudebot@anthropic.com)"
216.73.216.143 - - [24/Feb/2026:19:01:35 +0300] "GET /htmlpurifier/library/HTMLPurifier/ConfigSchema/schema/Core.EscapeNonASCIICharacters.txt HTTP/1.1" 200 358 "-" "Mozilla/5.0 AppleWebKit/537.36 (KHTML, like Gecko; compatible; ClaudeBot/1.0; +claudebot@anthropic.com)"
216.73.216.143 - - [24/Feb/2026:19:01:41 +0300] "GET /app/views-feb%2024/email_template/email_message_contact.php HTTP/1.1" 500 303 "-" "Mozilla/5.0 AppleWebKit/537.36 (KHTML, like Gecko; compatible; ClaudeBot/1.0; +claudebot@anthropic.com)"
216.73.216.143 - - [24/Feb/2026:19:01:46 +0300] "GET /app/storage/views/test/6fbdf5638dacd56fee40f6a64f7dbf7f HTTP/1.1" 200 834 "-" "Mozilla/5.0 AppleWebKit/537.36 (KHTML, like Gecko; compatible; ClaudeBot/1.0; +claudebot@anthropic.com)"
216.73.216.143 - - [24/Feb/2026:19:01:50 +0300] "GET /app/storage/views/test/e566f5bd99f5ff2bfe5eb9ec7d924a30 HTTP/1.1" 200 1528 "-" "Mozilla/5.0 AppleWebKit/537.36 (KHTML, like Gecko; compatible; ClaudeBot/1.0; +claudebot@anthropic.com)"
216.73.216.143 - - [24/Feb/2026:19:01:55 +0300] "GET /app/config/testing/?C=D&O=D HTTP/1.1" 200 313 "-" "Mozilla/5.0 AppleWebKit/537.36 (KHTML, like Gecko; compatible; ClaudeBot/1.0; +claudebot@anthropic.com)"
74.7.242.0 - - [24/Feb/2026:19:01:58 +0300] "GET /app/?C=D;O=A HTTP/1.1" 200 445 "https://mail.zkteco.jo/app/" "Mozilla/5.0 AppleWebKit/537.36 (KHTML, like Gecko; compatible; GPTBot/1.3; +https://openai.com/gptbot)"
216.73.216.143 - - [24/Feb/2026:19:02:00 +0300] "GET /app/storage/views/test/b3a93adafb0189beb7a6f262df4cd8ce HTTP/1.1" 200 1452 "-" "Mozilla/5.0 AppleWebKit/537.36 (KHTML, like Gecko; compatible; ClaudeBot/1.0; +claudebot@anthropic.com)"
216.73.216.143 - - [24/Feb/2026:19:02:05 +0300] "GET /htmlpurifier/library/HTMLPurifier/URIScheme/?C=S&O=D HTTP/1.1" 200 409 "-" "Mozilla/5.0 AppleWebKit/537.36 (KHTML, like Gecko; compatible; ClaudeBot/1.0; +claudebot@anthropic.com)"
114.119.156.134 - - [24/Feb/2026:19:02:10 +0300] "GET /news/intersec-2016-a-great-way-to-start-the-year-for-zkteco-dubai-2016-02-10 HTTP/1.1" 404 36 "https://zkteco.jo/news" "Mozilla/5.0 (Linux; Android 7.0;) AppleWebKit/537.36 (KHTML, like Gecko) Mobile Safari/537.36 (compatible; PetalBot;+https://webmaster.petalsearch.com/site/petalbot)"
216.73.216.143 - - [24/Feb/2026:19:02:10 +0300] "GET /app/storage/views/test/f3a65ae59f33a34b5926696159b83b97 HTTP/1.1" 200 1101 "-" "Mozilla/5.0 AppleWebKit/537.36 (KHTML, like Gecko; compatible; ClaudeBot/1.0; +claudebot@anthropic.com)"
216.73.216.143 - - [24/Feb/2026:19:02:15 +0300] "GET /app/storage/views/test/75f8dc4573ee5f748062cec0ff3cee9b HTTP/1.1" 200 1360 "-" "Mozilla/5.0 AppleWebKit/537.36 (KHTML, like Gecko; compatible; ClaudeBot/1.0; +claudebot@anthropic.com)"
216.73.216.143 - - [24/Feb/2026:19:02:20 +0300] "GET /app/storage/views/test/98461f330a513f581e5d3b8d4e74680e HTTP/1.1" 200 631 "-" "Mozilla/5.0 AppleWebKit/537.36 (KHTML, like Gecko; compatible; ClaudeBot/1.0; +claudebot@anthropic.com)"
40.77.167.254 - - [24/Feb/2026:19:02:24 +0300] "GET /search?_token=IoCO5zmq0OCIl8wNt7S97ASXcitjwuiMAPqRv8hz&searchterm= HTTP/1.1" 404 36 "-" "Mozilla/5.0 AppleWebKit/537.36 (KHTML, like Gecko; compatible; bingbot/2.0; +http://www.bing.com/bingbot.htm) Chrome/116.0.1938.76 Safari/537.36"
40.77.167.254 - - [24/Feb/2026:19:02:24 +0300] "GET /rfid HTTP/1.1" 404 36 "-" "Mozilla/5.0 AppleWebKit/537.36 (KHTML, like Gecko; compatible; bingbot/2.0; +http://www.bing.com/bingbot.htm) Chrome/116.0.1938.76 Safari/537.36"
216.73.216.143 - - [24/Feb/2026:19:02:25 +0300] "GET /vendor/nikic/php-parser/lib/PHPParser/Node/?C=N&O=D HTTP/1.1" 200 448 "-" "Mozilla/5.0 AppleWebKit/537.36 (KHTML, like Gecko; compatible; ClaudeBot/1.0; +claudebot@anthropic.com)"
216.73.216.143 - - [24/Feb/2026:19:02:30 +0300] "GET /app/tests/?C=D&O=D HTTP/1.1" 200 313 "-" "Mozilla/5.0 AppleWebKit/537.36 (KHTML, like Gecko; compatible; ClaudeBot/1.0; +claudebot@anthropic.com)"
216.73.216.143 - - [24/Feb/2026:19:02:35 +0300] "GET /app/views-feb%2024/admin/pages-old/add.blade.php HTTP/1.1" 500 350 "-" "Mozilla/5.0 AppleWebKit/537.36 (KHTML, like Gecko; compatible; ClaudeBot/1.0; +claudebot@anthropic.com)"
216.73.216.143 - - [24/Feb/2026:19:02:41 +0300] "GET /app/views-feb%2024/admin/pages-old/list.blade.php HTTP/1.1" 500 334 "-" "Mozilla/5.0 AppleWebKit/537.36 (KHTML, like Gecko; compatible; ClaudeBot/1.0; +claudebot@anthropic.com)"
216.73.216.143 - - [24/Feb/2026:19:02:46 +0300] "GET /app/views-feb%2024/frontend/design_layout/articles.blade.php HTTP/1.1" 500 264 "-" "Mozilla/5.0 AppleWebKit/537.36 (KHTML, like Gecko; compatible; ClaudeBot/1.0; +claudebot@anthropic.com)"
74.7.242.0 - - [24/Feb/2026:19:02:47 +0300] "GET /app/?C=M;O=A HTTP/1.1" 200 442 "https://mail.zkteco.jo/app/" "Mozilla/5.0 AppleWebKit/537.36 (KHTML, like Gecko; compatible; GPTBot/1.3; +https://openai.com/gptbot)"
216.73.216.143 - - [24/Feb/2026:19:02:51 +0300] "GET /app/views-feb%2024/admin/pages-old/edit.blade.php HTTP/1.1" 500 374 "-" "Mozilla/5.0 AppleWebKit/537.36 (KHTML, like Gecko; compatible; ClaudeBot/1.0; +claudebot@anthropic.com)"
216.73.216.143 - - [24/Feb/2026:19:02:56 +0300] "GET /app/views-feb%2024/frontend/design_layout/default.blade.php HTTP/1.1" 500 328 "-" "Mozilla/5.0 AppleWebKit/537.36 (KHTML, like Gecko; compatible; ClaudeBot/1.0; +claudebot@anthropic.com)"
216.73.216.143 - - [24/Feb/2026:19:03:01 +0300] "GET /app/storage/views/test/assets/css/font-awesome.min.css HTTP/1.1" 404 36 "-" "Mozilla/5.0 AppleWebKit/537.36 (KHTML, like Gecko; compatible; ClaudeBot/1.0; +claudebot@anthropic.com)"
216.73.216.143 - - [24/Feb/2026:19:03:06 +0300] "GET /app/storage/views/test/assets/css/style.css HTTP/1.1" 404 36 "-" "Mozilla/5.0 AppleWebKit/537.36 (KHTML, like Gecko; compatible; ClaudeBot/1.0; +claudebot@anthropic.com)"
216.73.216.143 - - [24/Feb/2026:19:03:11 +0300] "GET /app/storage/views/test/assets/css/prettyPhoto.css HTTP/1.1" 404 36 "-" "Mozilla/5.0 AppleWebKit/537.36 (KHTML, like Gecko; compatible; ClaudeBot/1.0; +claudebot@anthropic.com)"
216.73.216.143 - - [24/Feb/2026:19:03:16 +0300] "GET /app/storage/views/test/assets/css/bootstrap.min.css HTTP/1.1" 404 36 "-" "Mozilla/5.0 AppleWebKit/537.36 (KHTML, like Gecko; compatible; ClaudeBot/1.0; +claudebot@anthropic.com)"
40.77.167.17 - - [24/Feb/2026:19:03:18 +0300] "GET /assets/uploads/products/recomended/e373da68d2d1ce245f5b9a20bcb19a65.png HTTP/1.1" 200 58971 "-" "Mozilla/5.0 AppleWebKit/537.36 (KHTML, like Gecko; compatible; bingbot/2.0; +http://www.bing.com/bingbot.htm) Chrome/116.0.1938.76 Safari/537.36"
216.73.216.143 - - [24/Feb/2026:19:03:21 +0300] "GET /vendor/nikic/php-parser/lib/PHPParser/PrettyPrinter/Zend.php HTTP/1.1" 500 20 "-" "Mozilla/5.0 AppleWebKit/537.36 (KHTML, like Gecko; compatible; ClaudeBot/1.0; +claudebot@anthropic.com)"
216.73.216.143 - - [24/Feb/2026:19:03:26 +0300] "GET /htmlpurifier/library/HTMLPurifier/ConfigSchema/schema/CSS.AllowedProperties.txt HTTP/1.1" 200 372 "-" "Mozilla/5.0 AppleWebKit/537.36 (KHTML, like Gecko; compatible; ClaudeBot/1.0; +claudebot@anthropic.com)"
216.73.216.143 - - [24/Feb/2026:19:03:30 +0300] "GET /htmlpurifier/library/HTMLPurifier/ConfigSchema/schema/HTML.Nofollow.txt HTTP/1.1" 200 153 "-" "Mozilla/5.0 AppleWebKit/537.36 (KHTML, like Gecko; compatible; ClaudeBot/1.0; +claudebot@anthropic.com)"
114.119.136.138 - - [24/Feb/2026:19:03:31 +0300] "GET /product-details/Network%20Video%20Recorders/z8508neq-s HTTP/1.1" 404 36 "https://zkteco.jo/network-video-recorders" "Mozilla/5.0 (Linux; Android 7.0;) AppleWebKit/537.36 (KHTML, like Gecko) Mobile Safari/537.36 (compatible; PetalBot;+https://webmaster.petalsearch.com/site/petalbot)"
74.7.242.0 - - [24/Feb/2026:19:03:31 +0300] "GET /app/config/packages/intervention/ HTTP/1.1" 200 303 "https://mail.zkteco.jo/app/config/packages/" "Mozilla/5.0 AppleWebKit/537.36 (KHTML, like Gecko; compatible; GPTBot/1.3; +https://openai.com/gptbot)"
216.73.216.143 - - [24/Feb/2026:19:03:35 +0300] "GET /htmlpurifier/library/HTMLPurifier/ConfigSchema/schema/Filter.YouTube.txt HTTP/1.1" 200 325 "-" "Mozilla/5.0 AppleWebKit/537.36 (KHTML, like Gecko; compatible; ClaudeBot/1.0; +claudebot@anthropic.com)"
216.73.216.143 - - [24/Feb/2026:19:03:40 +0300] "GET /vendor/nesbot/carbon/tests/IssetTest.php HTTP/1.1" 500 20 "-" "Mozilla/5.0 AppleWebKit/537.36 (KHTML, like Gecko; compatible; ClaudeBot/1.0; +claudebot@anthropic.com)"
40.77.167.17 - - [24/Feb/2026:19:03:44 +0300] "GET /assets/uploads/products/pdf/image/small/36e4bee59013c30812ad4a9ef1ebcdb3.png HTTP/1.1" 200 7882 "-" "Mozilla/5.0 AppleWebKit/537.36 (KHTML, like Gecko; compatible; bingbot/2.0; +http://www.bing.com/bingbot.htm) Chrome/116.0.1938.76 Safari/537.36"
216.73.216.143 - - [24/Feb/2026:19:03:46 +0300] "GET /htmlpurifier/library/HTMLPurifier/ConfigSchema/schema/Core.RemoveInvalidImg.txt HTTP/1.1" 200 245 "-" "Mozilla/5.0 AppleWebKit/537.36 (KHTML, like Gecko; compatible; ClaudeBot/1.0; +claudebot@anthropic.com)"
216.73.216.143 - - [24/Feb/2026:19:03:50 +0300] "GET /vendor/nikic/php-parser/lib/PHPParser/Node/Scalar/MethodConst.php HTTP/1.1" 500 20 "-" "Mozilla/5.0 AppleWebKit/537.36 (KHTML, like Gecko; compatible; ClaudeBot/1.0; +claudebot@anthropic.com)"
216.73.216.143 - - [24/Feb/2026:19:03:56 +0300] "GET /htmlpurifier/library/HTMLPurifier/ConfigSchema/schema/URI.MakeAbsolute.txt HTTP/1.1" 200 269 "-" "Mozilla/5.0 AppleWebKit/537.36 (KHTML, like Gecko; compatible; ClaudeBot/1.0; +claudebot@anthropic.com)"
216.73.216.143 - - [24/Feb/2026:19:04:00 +0300] "GET /htmlpurifier/library/HTMLPurifier/ConfigSchema/schema/Core.EnableIDNA.txt HTTP/1.1" 200 229 "-" "Mozilla/5.0 AppleWebKit/537.36 (KHTML, like Gecko; compatible; ClaudeBot/1.0; +claudebot@anthropic.com)"
216.73.216.143 - - [24/Feb/2026:19:04:05 +0300] "GET /htmlpurifier/library/HTMLPurifier/ConfigSchema/schema/HTML.AllowedCommentsRegexp.txt HTTP/1.1" 200 432 "-" "Mozilla/5.0 AppleWebKit/537.36 (KHTML, like Gecko; compatible; ClaudeBot/1.0; +claudebot@anthropic.com)"
216.73.216.143 - - [24/Feb/2026:19:04:11 +0300] "GET /app/storage/views/test/a333a032da9c7b0d14a5117f2f95c7d9 HTTP/1.1" 200 325 "-" "Mozilla/5.0 AppleWebKit/537.36 (KHTML, like Gecko; compatible; ClaudeBot/1.0; +claudebot@anthropic.com)"
74.7.242.0 - - [24/Feb/2026:19:04:14 +0300] "GET /vendor/laravel/framework/composer.json HTTP/1.1" 200 856 "https://mail.zkteco.jo/vendor/laravel/framework/" "Mozilla/5.0 AppleWebKit/537.36 (KHTML, like Gecko; compatible; GPTBot/1.3; +https://openai.com/gptbot)"
216.73.216.143 - - [24/Feb/2026:19:04:15 +0300] "GET /app/storage/views/test/d2241637d449962cbda277345de68caa HTTP/1.1" 200 834 "-" "Mozilla/5.0 AppleWebKit/537.36 (KHTML, like Gecko; compatible; ClaudeBot/1.0; +claudebot@anthropic.com)"
216.73.216.143 - - [24/Feb/2026:19:04:20 +0300] "GET /app/storage/views/test/1a9c5610cf19b71ed484f89005fd15fa HTTP/1.1" 200 735 "-" "Mozilla/5.0 AppleWebKit/537.36 (KHTML, like Gecko; compatible; ClaudeBot/1.0; +claudebot@anthropic.com)"
216.73.216.143 - - [24/Feb/2026:19:04:25 +0300] "GET /app/storage/views/test/99b1af2bade9bf5bcfff764aac7c297f HTTP/1.1" 200 1048 "-" "Mozilla/5.0 AppleWebKit/537.36 (KHTML, like Gecko; compatible; ClaudeBot/1.0; +claudebot@anthropic.com)"
216.73.216.143 - - [24/Feb/2026:19:04:30 +0300] "GET /app/storage/views/test/8e8f1906373f3ffe03791b4e4193ba3f HTTP/1.1" 200 325 "-" "Mozilla/5.0 AppleWebKit/537.36 (KHTML, like Gecko; compatible; ClaudeBot/1.0; +claudebot@anthropic.com)"
216.73.216.143 - - [24/Feb/2026:19:04:35 +0300] "GET /app/storage/views/test/981cae02e33675f205a53e5aa0ddc69d HTTP/1.1" 200 1511 "-" "Mozilla/5.0 AppleWebKit/537.36 (KHTML, like Gecko; compatible; ClaudeBot/1.0; +claudebot@anthropic.com)"
216.73.216.143 - - [24/Feb/2026:19:04:41 +0300] "GET /htmlpurifier/library/HTMLPurifier/ConfigSchema/schema/Core.LexerImpl.txt HTTP/1.1" 200 549 "-" "Mozilla/5.0 AppleWebKit/537.36 (KHTML, like Gecko; compatible; ClaudeBot/1.0; +claudebot@anthropic.com)"
216.73.216.143 - - [24/Feb/2026:19:04:45 +0300] "GET /htmlpurifier/library/HTMLPurifier/ConfigSchema/schema/Core.CollectErrors.txt HTTP/1.1" 200 283 "-" "Mozilla/5.0 AppleWebKit/537.36 (KHTML, like Gecko; compatible; ClaudeBot/1.0; +claudebot@anthropic.com)"
216.73.216.143 - - [24/Feb/2026:19:04:50 +0300] "GET /htmlpurifier/library/HTMLPurifier/ConfigSchema/schema/HTML.Attr.Name.UseCDATA.txt HTTP/1.1" 200 300 "-" "Mozilla/5.0 AppleWebKit/537.36 (KHTML, like Gecko; compatible; ClaudeBot/1.0; +claudebot@anthropic.com)"
74.7.242.0 - - [24/Feb/2026:19:04:51 +0300] "GET /app/views/frontend/common/home_page_banner.blade.php-- HTTP/1.1" 200 574 "https://mail.zkteco.jo/app/views/frontend/common/" "Mozilla/5.0 AppleWebKit/537.36 (KHTML, like Gecko; compatible; GPTBot/1.3; +https://openai.com/gptbot)"
114.119.138.210 - - [24/Feb/2026:19:04:53 +0300] "GET /download-file/714 HTTP/1.1" 404 36 "https://zkteco.jo/data-sheet" "Mozilla/5.0 (Linux; Android 7.0;) AppleWebKit/537.36 (KHTML, like Gecko) Mobile Safari/537.36 (compatible; PetalBot;+https://webmaster.petalsearch.com/site/petalbot)"
216.73.216.143 - - [24/Feb/2026:19:04:55 +0300] "GET /app/views/admin/banners/jsonupload.blade.php HTTP/1.1" 200 1526 "-" "Mozilla/5.0 AppleWebKit/537.36 (KHTML, like Gecko; compatible; ClaudeBot/1.0; +claudebot@anthropic.com)"
216.73.216.143 - - [24/Feb/2026:19:05:01 +0300] "GET /app/views-feb%2024/frontend/contact_us.blade.php HTTP/1.1" 500 205 "-" "Mozilla/5.0 AppleWebKit/537.36 (KHTML, like Gecko; compatible; ClaudeBot/1.0; +claudebot@anthropic.com)"
216.73.216.143 - - [24/Feb/2026:19:05:06 +0300] "GET /app/storage/views/test/ea632cca835243f86fdbe6ac6cc29a32 HTTP/1.1" 200 147 "-" "Mozilla/5.0 AppleWebKit/537.36 (KHTML, like Gecko; compatible; ClaudeBot/1.0; +claudebot@anthropic.com)"
216.73.216.143 - - [24/Feb/2026:19:05:11 +0300] "GET /app/storage/views/test/d60205ae326d6cce9181c6fcbff36fbf HTTP/1.1" 200 760 "-" "Mozilla/5.0 AppleWebKit/537.36 (KHTML, like Gecko; compatible; ClaudeBot/1.0; +claudebot@anthropic.com)"
85.208.96.200 - - [24/Feb/2026:19:05:13 +0300] "GET /product-details/Elevator%20Control%20Panel/ec10-and-ex16 HTTP/1.1" 404 36 "-" "Mozilla/5.0 (compatible; SemrushBot/7~bl; +http://www.semrush.com/bot.html)"
216.73.216.143 - - [24/Feb/2026:19:05:16 +0300] "GET /app/storage/views/test/16cb09e5d7c1f1dc314d5e6cd7398646 HTTP/1.1" 200 1118 "-" "Mozilla/5.0 AppleWebKit/537.36 (KHTML, like Gecko; compatible; ClaudeBot/1.0; +claudebot@anthropic.com)"
216.73.216.143 - - [24/Feb/2026:19:05:21 +0300] "GET /app/storage/views/test/eaa24caa76a6c59ed541a2ab849f1634 HTTP/1.1" 200 1213 "-" "Mozilla/5.0 AppleWebKit/537.36 (KHTML, like Gecko; compatible; ClaudeBot/1.0; +claudebot@anthropic.com)"
74.7.242.0 - - [24/Feb/2026:19:05:25 +0300] "GET /vendor/jenssegers/agent/composer.json HTTP/1.1" 200 360 "https://mail.zkteco.jo/vendor/jenssegers/agent/" "Mozilla/5.0 AppleWebKit/537.36 (KHTML, like Gecko; compatible; GPTBot/1.3; +https://openai.com/gptbot)"
216.73.216.143 - - [24/Feb/2026:19:05:26 +0300] "GET /app/storage/views/test/db8a3031ad265350d05233cd1e23c69e HTTP/1.1" 200 928 "-" "Mozilla/5.0 AppleWebKit/537.36 (KHTML, like Gecko; compatible; ClaudeBot/1.0; +claudebot@anthropic.com)"
216.73.216.143 - - [24/Feb/2026:19:05:31 +0300] "GET /app/storage/views/test/be34ff8797d175bdc43970a4f08e0631 HTTP/1.1" 200 553 "-" "Mozilla/5.0 AppleWebKit/537.36 (KHTML, like Gecko; compatible; ClaudeBot/1.0; +claudebot@anthropic.com)"
216.73.216.143 - - [24/Feb/2026:19:05:36 +0300] "GET /app/storage/views/test/fca25a229215781027b6532cde6b2a1d HTTP/1.1" 200 146 "-" "Mozilla/5.0 AppleWebKit/537.36 (KHTML, like Gecko; compatible; ClaudeBot/1.0; +claudebot@anthropic.com)"
216.73.216.143 - - [24/Feb/2026:19:05:41 +0300] "GET /app/storage/views/test/37598ada9b0969cfde32c5fd6a24df48 HTTP/1.1" 200 431 "-" "Mozilla/5.0 AppleWebKit/537.36 (KHTML, like Gecko; compatible; ClaudeBot/1.0; +claudebot@anthropic.com)"
