216.73.216.143 - - [24/Feb/2026:16:54:56 +0300] "GET /htmlpurifier/library/HTMLPurifier/DefinitionCache/?C=D&O=A HTTP/1.1" 200 384 "-" "Mozilla/5.0 AppleWebKit/537.36 (KHTML, like Gecko; compatible; ClaudeBot/1.0; +claudebot@anthropic.com)"
216.73.216.143 - - [24/Feb/2026:16:55:01 +0300] "GET /app/views/frontend/design_layout/online_support.blade.php HTTP/1.1" 500 337 "-" "Mozilla/5.0 AppleWebKit/537.36 (KHTML, like Gecko; compatible; ClaudeBot/1.0; +claudebot@anthropic.com)"
216.73.216.143 - - [24/Feb/2026:16:55:07 +0300] "GET /vendor/laravel/framework/src/Illuminate/Validation/ValidationServiceProvider.php HTTP/1.1" 500 20 "-" "Mozilla/5.0 AppleWebKit/537.36 (KHTML, like Gecko; compatible; ClaudeBot/1.0; +claudebot@anthropic.com)"
216.73.216.143 - - [24/Feb/2026:16:55:12 +0300] "GET /htmlpurifier/library/HTMLPurifier/DefinitionCache/?C=M&O=A HTTP/1.1" 200 390 "-" "Mozilla/5.0 AppleWebKit/537.36 (KHTML, like Gecko; compatible; ClaudeBot/1.0; +claudebot@anthropic.com)"
216.73.216.143 - - [24/Feb/2026:16:55:17 +0300] "GET /htmlpurifier/library/HTMLPurifier/VarParser/?C=N&O=D HTTP/1.1" 200 332 "-" "Mozilla/5.0 AppleWebKit/537.36 (KHTML, like Gecko; compatible; ClaudeBot/1.0; +claudebot@anthropic.com)"
114.119.136.138 - - [24/Feb/2026:16:55:20 +0300] "GET /product-details/Card%20Lock/al30b HTTP/1.1" 404 36 "https://zkteco.jo/card-lock-1" "Mozilla/5.0 (Linux; Android 7.0;) AppleWebKit/537.36 (KHTML, like Gecko) Mobile Safari/537.36 (compatible; PetalBot;+https://webmaster.petalsearch.com/site/petalbot)"
216.73.216.143 - - [24/Feb/2026:16:55:22 +0300] "GET /vendor/laravel/framework/src/Illuminate/Html/HtmlServiceProvider.php HTTP/1.1" 500 20 "-" "Mozilla/5.0 AppleWebKit/537.36 (KHTML, like Gecko; compatible; ClaudeBot/1.0; +claudebot@anthropic.com)"
216.73.216.143 - - [24/Feb/2026:16:55:27 +0300] "GET /app/views/frontend/design_layout/contact.blade.php HTTP/1.1" 500 325 "-" "Mozilla/5.0 AppleWebKit/537.36 (KHTML, like Gecko; compatible; ClaudeBot/1.0; +claudebot@anthropic.com)"
216.73.216.143 - - [24/Feb/2026:16:55:32 +0300] "GET /vendor/laravel/framework/src/Illuminate/Routing/Controller.php HTTP/1.1" 200 20 "-" "Mozilla/5.0 AppleWebKit/537.36 (KHTML, like Gecko; compatible; ClaudeBot/1.0; +claudebot@anthropic.com)"
216.73.216.143 - - [24/Feb/2026:16:55:37 +0300] "GET /htmlpurifier/library/HTMLPurifier/DefinitionCache/?C=N&O=D HTTP/1.1" 200 385 "-" "Mozilla/5.0 AppleWebKit/537.36 (KHTML, like Gecko; compatible; ClaudeBot/1.0; +claudebot@anthropic.com)"
74.7.242.0 - - [24/Feb/2026:16:55:37 +0300] "GET /htmlpurifier/library/HTMLPurifier/AttrTransform/Textarea.php HTTP/1.1" 500 20 "https://mail.zkteco.jo/htmlpurifier/library/HTMLPurifier/AttrTransform/" "Mozilla/5.0 AppleWebKit/537.36 (KHTML, like Gecko; compatible; GPTBot/1.3; +https://openai.com/gptbot)"
216.73.216.143 - - [24/Feb/2026:16:55:42 +0300] "GET /vendor/laravel/framework/src/Illuminate/Auth/AuthManager.php HTTP/1.1" 500 20 "-" "Mozilla/5.0 AppleWebKit/537.36 (KHTML, like Gecko; compatible; ClaudeBot/1.0; +claudebot@anthropic.com)"
216.73.216.143 - - [24/Feb/2026:16:55:47 +0300] "GET /vendor/laravel/framework/src/Illuminate/View/View.php HTTP/1.1" 500 20 "-" "Mozilla/5.0 AppleWebKit/537.36 (KHTML, like Gecko; compatible; ClaudeBot/1.0; +claudebot@anthropic.com)"
216.73.216.143 - - [24/Feb/2026:16:55:52 +0300] "GET /vendor/laravel/framework/src/Illuminate/Remote/GatewayInterface.php HTTP/1.1" 200 20 "-" "Mozilla/5.0 AppleWebKit/537.36 (KHTML, like Gecko; compatible; ClaudeBot/1.0; +claudebot@anthropic.com)"
216.73.216.143 - - [24/Feb/2026:16:55:57 +0300] "GET /app/views/admin/pages-old/list.blade.php-old HTTP/1.1" 200 1077 "-" "Mozilla/5.0 AppleWebKit/537.36 (KHTML, like Gecko; compatible; ClaudeBot/1.0; +claudebot@anthropic.com)"
216.73.216.143 - - [24/Feb/2026:16:56:02 +0300] "GET /vendor/laravel/framework/src/Illuminate/Session/Store.php HTTP/1.1" 500 20 "-" "Mozilla/5.0 AppleWebKit/537.36 (KHTML, like Gecko; compatible; ClaudeBot/1.0; +claudebot@anthropic.com)"
216.73.216.143 - - [24/Feb/2026:16:56:07 +0300] "GET /vendor/laravel/framework/src/Illuminate/Foundation/ProviderRepository.php HTTP/1.1" 200 20 "-" "Mozilla/5.0 AppleWebKit/537.36 (KHTML, like Gecko; compatible; ClaudeBot/1.0; +claudebot@anthropic.com)"
216.73.216.143 - - [24/Feb/2026:16:56:12 +0300] "GET /vendor/laravel/framework/src/Illuminate/Encryption/composer.json HTTP/1.1" 200 264 "-" "Mozilla/5.0 AppleWebKit/537.36 (KHTML, like Gecko; compatible; ClaudeBot/1.0; +claudebot@anthropic.com)"
216.73.216.143 - - [24/Feb/2026:16:56:17 +0300] "GET /app/config/packages/mews/captcha HTTP/1.1" 301 299 "-" "Mozilla/5.0 AppleWebKit/537.36 (KHTML, like Gecko; compatible; ClaudeBot/1.0; +claudebot@anthropic.com)"
216.73.216.143 - - [24/Feb/2026:16:56:17 +0300] "GET /app/config/packages/mews/captcha/ HTTP/1.1" 200 307 "https://zkteco.jo/app/config/packages/mews/captcha" "Mozilla/5.0 AppleWebKit/537.36 (KHTML, like Gecko; compatible; ClaudeBot/1.0; +claudebot@anthropic.com)"
216.73.216.143 - - [24/Feb/2026:16:56:22 +0300] "GET /vendor/laravel/framework/src/Illuminate/Hashing/BcryptHasher.php HTTP/1.1" 500 20 "-" "Mozilla/5.0 AppleWebKit/537.36 (KHTML, like Gecko; compatible; ClaudeBot/1.0; +claudebot@anthropic.com)"
216.73.216.143 - - [24/Feb/2026:16:56:27 +0300] "GET /vendor/laravel/framework/src/Illuminate/Foundation/ViewPublisher.php HTTP/1.1" 200 20 "-" "Mozilla/5.0 AppleWebKit/537.36 (KHTML, like Gecko; compatible; ClaudeBot/1.0; +claudebot@anthropic.com)"
114.119.142.7 - - [24/Feb/2026:16:56:31 +0300] "GET /download-file/2213 HTTP/1.1" 404 36 "https://zkteco.jo/data-sheet" "Mozilla/5.0 (Linux; Android 7.0;) AppleWebKit/537.36 (KHTML, like Gecko) Mobile Safari/537.36 (compatible; PetalBot;+https://webmaster.petalsearch.com/site/petalbot)"
216.73.216.143 - - [24/Feb/2026:16:56:32 +0300] "GET /vendor/laravel/framework/src/Illuminate/Foundation/EnvironmentDetector.php HTTP/1.1" 200 20 "-" "Mozilla/5.0 AppleWebKit/537.36 (KHTML, like Gecko; compatible; ClaudeBot/1.0; +claudebot@anthropic.com)"
216.73.216.143 - - [24/Feb/2026:16:56:37 +0300] "GET /vendor/laravel/framework/src/Illuminate/Console/ConfirmableTrait.php HTTP/1.1" 200 20 "-" "Mozilla/5.0 AppleWebKit/537.36 (KHTML, like Gecko; compatible; ClaudeBot/1.0; +claudebot@anthropic.com)"
74.7.242.0 - - [24/Feb/2026:16:56:41 +0300] "GET /htmlpurifier/library/HTMLPurifier/AttrTransform/SafeParam.php HTTP/1.1" 500 20 "https://mail.zkteco.jo/htmlpurifier/library/HTMLPurifier/AttrTransform/" "Mozilla/5.0 AppleWebKit/537.36 (KHTML, like Gecko; compatible; GPTBot/1.3; +https://openai.com/gptbot)"
216.73.216.143 - - [24/Feb/2026:16:56:42 +0300] "GET /vendor/laravel/framework/src/Illuminate/Html/FormBuilder.php HTTP/1.1" 500 20 "-" "Mozilla/5.0 AppleWebKit/537.36 (KHTML, like Gecko; compatible; ClaudeBot/1.0; +claudebot@anthropic.com)"
74.7.243.17 - - [24/Feb/2026:16:56:44 +0300] "GET /assets/uploads/products/pdf/5686513968901094c0b64b14d8ab9360.pdf HTTP/1.1" 200 7689917 "-" "Mozilla/5.0 (Macintosh; Intel Mac OS X 10_15_7) AppleWebKit/537.36 (KHTML, like Gecko) Chrome/131.0.0.0 Safari/537.36; compatible; OAI-SearchBot/1.3; +https://openai.com/searchbot"
216.73.216.143 - - [24/Feb/2026:16:56:47 +0300] "GET /vendor/laravel/framework/src/Illuminate/Translation/Translator.php HTTP/1.1" 500 20 "-" "Mozilla/5.0 AppleWebKit/537.36 (KHTML, like Gecko; compatible; ClaudeBot/1.0; +claudebot@anthropic.com)"
216.73.216.143 - - [24/Feb/2026:16:56:52 +0300] "GET /vendor/laravel/framework/src/Illuminate/Database/Console HTTP/1.1" 301 323 "-" "Mozilla/5.0 AppleWebKit/537.36 (KHTML, like Gecko; compatible; ClaudeBot/1.0; +claudebot@anthropic.com)"
216.73.216.143 - - [24/Feb/2026:16:56:52 +0300] "GET /vendor/laravel/framework/src/Illuminate/Database/Console/ HTTP/1.1" 200 368 "https://zkteco.jo/vendor/laravel/framework/src/Illuminate/Database/Console" "Mozilla/5.0 AppleWebKit/537.36 (KHTML, like Gecko; compatible; ClaudeBot/1.0; +claudebot@anthropic.com)"
216.73.216.143 - - [24/Feb/2026:16:56:57 +0300] "GET /vendor/laravel/framework/src/Illuminate/Cookie/Queue.php HTTP/1.1" 500 20 "-" "Mozilla/5.0 AppleWebKit/537.36 (KHTML, like Gecko; compatible; ClaudeBot/1.0; +claudebot@anthropic.com)"
216.73.216.143 - - [24/Feb/2026:16:57:02 +0300] "GET /vendor/laravel/framework/src/Illuminate/Foundation/ConfigPublisher.php HTTP/1.1" 200 20 "-" "Mozilla/5.0 AppleWebKit/537.36 (KHTML, like Gecko; compatible; ClaudeBot/1.0; +claudebot@anthropic.com)"
216.73.216.143 - - [24/Feb/2026:16:57:07 +0300] "GET /vendor/laravel/framework/src/Illuminate/Validation/PresenceVerifierInterface.php HTTP/1.1" 200 20 "-" "Mozilla/5.0 AppleWebKit/537.36 (KHTML, like Gecko; compatible; ClaudeBot/1.0; +claudebot@anthropic.com)"
216.73.216.143 - - [24/Feb/2026:16:57:12 +0300] "GET /vendor/laravel/framework/src/Illuminate/Validation/DatabasePresenceVerifier.php HTTP/1.1" 500 20 "-" "Mozilla/5.0 AppleWebKit/537.36 (KHTML, like Gecko; compatible; ClaudeBot/1.0; +claudebot@anthropic.com)"
216.73.216.143 - - [24/Feb/2026:16:57:17 +0300] "GET /vendor/laravel/framework/src/Illuminate/View/composer.json HTTP/1.1" 200 259 "-" "Mozilla/5.0 AppleWebKit/537.36 (KHTML, like Gecko; compatible; ClaudeBot/1.0; +claudebot@anthropic.com)"
216.73.216.143 - - [24/Feb/2026:16:57:22 +0300] "GET /vendor/intervention/image/tests/tmp/crc.png HTTP/1.1" 200 170 "-" "Mozilla/5.0 AppleWebKit/537.36 (KHTML, like Gecko; compatible; ClaudeBot/1.0; +claudebot@anthropic.com)"
216.73.216.143 - - [24/Feb/2026:16:57:27 +0300] "GET /app/views/frontend/design_layout/news_events.blade.php HTTP/1.1" 500 269 "-" "Mozilla/5.0 AppleWebKit/537.36 (KHTML, like Gecko; compatible; ClaudeBot/1.0; +claudebot@anthropic.com)"
216.73.216.143 - - [24/Feb/2026:16:57:32 +0300] "GET /vendor/laravel/framework/src/Illuminate/Workbench/Console HTTP/1.1" 301 324 "-" "Mozilla/5.0 AppleWebKit/537.36 (KHTML, like Gecko; compatible; ClaudeBot/1.0; +claudebot@anthropic.com)"
216.73.216.143 - - [24/Feb/2026:16:57:32 +0300] "GET /vendor/laravel/framework/src/Illuminate/Workbench/Console/ HTTP/1.1" 200 349 "https://zkteco.jo/vendor/laravel/framework/src/Illuminate/Workbench/Console" "Mozilla/5.0 AppleWebKit/537.36 (KHTML, like Gecko; compatible; ClaudeBot/1.0; +claudebot@anthropic.com)"
216.73.216.143 - - [24/Feb/2026:16:57:37 +0300] "GET /vendor/laravel/framework/src/Illuminate/Cookie/Guard.php HTTP/1.1" 500 20 "-" "Mozilla/5.0 AppleWebKit/537.36 (KHTML, like Gecko; compatible; ClaudeBot/1.0; +claudebot@anthropic.com)"
216.73.216.143 - - [24/Feb/2026:16:57:42 +0300] "GET /app/views/frontend/%7B%7Basset('faq')%7D%7D HTTP/1.1" 404 36 "-" "Mozilla/5.0 AppleWebKit/537.36 (KHTML, like Gecko; compatible; ClaudeBot/1.0; +claudebot@anthropic.com)"
74.7.242.0 - - [24/Feb/2026:16:57:44 +0300] "GET /htmlpurifier/library/HTMLPurifier/AttrTransform/SafeEmbed.php HTTP/1.1" 500 20 "https://mail.zkteco.jo/htmlpurifier/library/HTMLPurifier/AttrTransform/" "Mozilla/5.0 AppleWebKit/537.36 (KHTML, like Gecko; compatible; GPTBot/1.3; +https://openai.com/gptbot)"
216.73.216.143 - - [24/Feb/2026:16:57:47 +0300] "GET /htmlpurifier/library/HTMLPurifier/Language/messages/?C=S&O=D HTTP/1.1" 200 341 "-" "Mozilla/5.0 AppleWebKit/537.36 (KHTML, like Gecko; compatible; ClaudeBot/1.0; +claudebot@anthropic.com)"
216.73.216.143 - - [24/Feb/2026:16:57:52 +0300] "GET /htmlpurifier/library/HTMLPurifier/Language/messages/?C=D&O=D HTTP/1.1" 200 341 "-" "Mozilla/5.0 AppleWebKit/537.36 (KHTML, like Gecko; compatible; ClaudeBot/1.0; +claudebot@anthropic.com)"
157.55.39.7 - - [24/Feb/2026:16:57:53 +0300] "GET /search?_token=nUWnb0rl2F4fIWON6xsGzM3bMzghf7jPj3PJyjwi&searchterm=2026 HTTP/1.1" 404 36 "-" "Mozilla/5.0 AppleWebKit/537.36 (KHTML, like Gecko; compatible; bingbot/2.0; +http://www.bing.com/bingbot.htm) Chrome/116.0.1938.76 Safari/537.36"
114.119.142.7 - - [24/Feb/2026:16:57:56 +0300] "GET /download-file/2120 HTTP/1.1" 404 36 "https://zkteco.jo/product-details/Intelligent%20Commerce/zkb201s" "Mozilla/5.0 (Linux; Android 7.0;) AppleWebKit/537.36 (KHTML, like Gecko) Mobile Safari/537.36 (compatible; PetalBot;+https://webmaster.petalsearch.com/site/petalbot)"
216.73.216.143 - - [24/Feb/2026:16:57:57 +0300] "GET /app/views/frontend/ajax_design_layout/training-video.blade.php HTTP/1.1" 200 164 "-" "Mozilla/5.0 AppleWebKit/537.36 (KHTML, like Gecko; compatible; ClaudeBot/1.0; +claudebot@anthropic.com)"
216.73.216.143 - - [24/Feb/2026:16:58:02 +0300] "GET /htmlpurifier/library/HTMLPurifier/Language/messages/?C=M&O=D HTTP/1.1" 200 341 "-" "Mozilla/5.0 AppleWebKit/537.36 (KHTML, like Gecko; compatible; ClaudeBot/1.0; +claudebot@anthropic.com)"
216.73.216.143 - - [24/Feb/2026:16:58:07 +0300] "GET /vendor/laravel/framework/src/Illuminate/Support HTTP/1.1" 301 314 "-" "Mozilla/5.0 AppleWebKit/537.36 (KHTML, like Gecko; compatible; ClaudeBot/1.0; +claudebot@anthropic.com)"
216.73.216.143 - - [24/Feb/2026:16:58:07 +0300] "GET /vendor/laravel/framework/src/Illuminate/Support/ HTTP/1.1" 200 628 "https://zkteco.jo/vendor/laravel/framework/src/Illuminate/Support" "Mozilla/5.0 AppleWebKit/537.36 (KHTML, like Gecko; compatible; ClaudeBot/1.0; +claudebot@anthropic.com)"
216.73.216.143 - - [24/Feb/2026:16:58:12 +0300] "GET /app/views/frontend/%7B%7Basset('solutions')%7D%7D HTTP/1.1" 404 36 "-" "Mozilla/5.0 AppleWebKit/537.36 (KHTML, like Gecko; compatible; ClaudeBot/1.0; +claudebot@anthropic.com)"
216.73.216.143 - - [24/Feb/2026:16:58:17 +0300] "GET /app/views/frontend/%7B%7Basset('training')%7D%7D HTTP/1.1" 404 36 "-" "Mozilla/5.0 AppleWebKit/537.36 (KHTML, like Gecko; compatible; ClaudeBot/1.0; +claudebot@anthropic.com)"
216.73.216.143 - - [24/Feb/2026:16:58:22 +0300] "GET /vendor/laravel/framework/src/Illuminate/Database/Query/Grammars HTTP/1.1" 301 330 "-" "Mozilla/5.0 AppleWebKit/537.36 (KHTML, like Gecko; compatible; ClaudeBot/1.0; +claudebot@anthropic.com)"
216.73.216.143 - - [24/Feb/2026:16:58:22 +0300] "GET /vendor/laravel/framework/src/Illuminate/Database/Query/Grammars/ HTTP/1.1" 200 416 "https://zkteco.jo/vendor/laravel/framework/src/Illuminate/Database/Query/Grammars" "Mozilla/5.0 AppleWebKit/537.36 (KHTML, like Gecko; compatible; ClaudeBot/1.0; +claudebot@anthropic.com)"
216.73.216.143 - - [24/Feb/2026:16:58:27 +0300] "GET /library/SimpleImage-master/src/abeautifulsite/?C=N&O=D HTTP/1.1" 200 306 "-" "Mozilla/5.0 AppleWebKit/537.36 (KHTML, like Gecko; compatible; ClaudeBot/1.0; +claudebot@anthropic.com)"
216.73.216.143 - - [24/Feb/2026:16:58:32 +0300] "GET /app/storage/sessions/daf830e95abeb0c1e881113fb6622b68b4cb2ccd HTTP/1.1" 200 150 "-" "Mozilla/5.0 AppleWebKit/537.36 (KHTML, like Gecko; compatible; ClaudeBot/1.0; +claudebot@anthropic.com)"
216.73.216.143 - - [24/Feb/2026:16:58:37 +0300] "GET /app/storage/sessions/3a8a51f26fbe84ba9aa9ac8a08db05df0ce8fe5f HTTP/1.1" 200 150 "-" "Mozilla/5.0 AppleWebKit/537.36 (KHTML, like Gecko; compatible; ClaudeBot/1.0; +claudebot@anthropic.com)"
216.73.216.143 - - [24/Feb/2026:16:58:42 +0300] "GET /app/storage/sessions/ef2bf1be6f022df6e5722acfda4e10e1ab98003c HTTP/1.1" 200 150 "-" "Mozilla/5.0 AppleWebKit/537.36 (KHTML, like Gecko; compatible; ClaudeBot/1.0; +claudebot@anthropic.com)"
74.7.242.0 - - [24/Feb/2026:16:58:46 +0300] "GET /htmlpurifier/library/HTMLPurifier/AttrTransform/ImgSpace.php HTTP/1.1" 500 20 "https://mail.zkteco.jo/htmlpurifier/library/HTMLPurifier/AttrTransform/" "Mozilla/5.0 AppleWebKit/537.36 (KHTML, like Gecko; compatible; GPTBot/1.3; +https://openai.com/gptbot)"
216.73.216.143 - - [24/Feb/2026:16:58:47 +0300] "GET /app/storage/sessions/7a5b929f3c362a2cd5aeb043fe0ece4cd2c55aae HTTP/1.1" 200 149 "-" "Mozilla/5.0 AppleWebKit/537.36 (KHTML, like Gecko; compatible; ClaudeBot/1.0; +claudebot@anthropic.com)"
216.73.216.143 - - [24/Feb/2026:16:58:52 +0300] "GET /vendor/simplesoftwareio/simple-qrcode/tests/?C=M&O=D HTTP/1.1" 200 377 "-" "Mozilla/5.0 AppleWebKit/537.36 (KHTML, like Gecko; compatible; ClaudeBot/1.0; +claudebot@anthropic.com)"
216.73.216.143 - - [24/Feb/2026:16:58:57 +0300] "GET /app/views/frontend/%7B%7Basset('download')%7D%7D HTTP/1.1" 404 36 "-" "Mozilla/5.0 AppleWebKit/537.36 (KHTML, like Gecko; compatible; ClaudeBot/1.0; +claudebot@anthropic.com)"
216.73.216.143 - - [24/Feb/2026:16:59:02 +0300] "GET /app/storage/sessions/b273687c8ff3e4cd3054e20eddfa0f597563adf8 HTTP/1.1" 200 152 "-" "Mozilla/5.0 AppleWebKit/537.36 (KHTML, like Gecko; compatible; ClaudeBot/1.0; +claudebot@anthropic.com)"
216.73.216.143 - - [24/Feb/2026:16:59:07 +0300] "GET /app/storage/sessions/de79287b0b41fb77cb07e0a2d7cb53ca19e4708a HTTP/1.1" 200 152 "-" "Mozilla/5.0 AppleWebKit/537.36 (KHTML, like Gecko; compatible; ClaudeBot/1.0; +claudebot@anthropic.com)"
216.73.216.143 - - [24/Feb/2026:16:59:12 +0300] "GET /app/storage/sessions/73f5c16894b5c1928923c3ccaf3271a66edbdd2d HTTP/1.1" 200 151 "-" "Mozilla/5.0 AppleWebKit/537.36 (KHTML, like Gecko; compatible; ClaudeBot/1.0; +claudebot@anthropic.com)"
216.73.216.143 - - [24/Feb/2026:16:59:17 +0300] "GET /app/views/admin/homesection/?C=M&O=D HTTP/1.1" 200 354 "-" "Mozilla/5.0 AppleWebKit/537.36 (KHTML, like Gecko; compatible; ClaudeBot/1.0; +claudebot@anthropic.com)"
114.119.131.200 - - [24/Feb/2026:16:59:20 +0300] "GET /download-file/1825 HTTP/1.1" 404 36 "https://zkteco.jo/data-sheet" "Mozilla/5.0 (Linux; Android 7.0;) AppleWebKit/537.36 (KHTML, like Gecko) Mobile Safari/537.36 (compatible; PetalBot;+https://webmaster.petalsearch.com/site/petalbot)"
216.73.216.143 - - [24/Feb/2026:16:59:22 +0300] "GET /app/storage/sessions/ff1a74623a30b5e9a4a8f4e90f504a2ef3dc5ade HTTP/1.1" 200 149 "-" "Mozilla/5.0 AppleWebKit/537.36 (KHTML, like Gecko; compatible; ClaudeBot/1.0; +claudebot@anthropic.com)"
216.73.216.143 - - [24/Feb/2026:16:59:27 +0300] "GET /vendor/laravel/framework/src/Illuminate/Database/Eloquent HTTP/1.1" 301 324 "-" "Mozilla/5.0 AppleWebKit/537.36 (KHTML, like Gecko; compatible; ClaudeBot/1.0; +claudebot@anthropic.com)"
216.73.216.143 - - [24/Feb/2026:16:59:27 +0300] "GET /vendor/laravel/framework/src/Illuminate/Database/Eloquent/ HTTP/1.1" 200 513 "https://zkteco.jo/vendor/laravel/framework/src/Illuminate/Database/Eloquent" "Mozilla/5.0 AppleWebKit/537.36 (KHTML, like Gecko; compatible; ClaudeBot/1.0; +claudebot@anthropic.com)"
216.73.216.143 - - [24/Feb/2026:16:59:32 +0300] "GET /vendor/symfony/http-kernel/?C=S&O=A HTTP/1.1" 200 305 "-" "Mozilla/5.0 AppleWebKit/537.36 (KHTML, like Gecko; compatible; ClaudeBot/1.0; +claudebot@anthropic.com)"
216.73.216.143 - - [24/Feb/2026:16:59:37 +0300] "GET /app/storage/sessions/94e41df36d1b7cb2d39331ab4e185146183c7348 HTTP/1.1" 200 151 "-" "Mozilla/5.0 AppleWebKit/537.36 (KHTML, like Gecko; compatible; ClaudeBot/1.0; +claudebot@anthropic.com)"
216.73.216.143 - - [24/Feb/2026:16:59:42 +0300] "GET /library/SimpleImage-master/src/abeautifulsite/?C=S&O=D HTTP/1.1" 200 306 "-" "Mozilla/5.0 AppleWebKit/537.36 (KHTML, like Gecko; compatible; ClaudeBot/1.0; +claudebot@anthropic.com)"
216.73.216.143 - - [24/Feb/2026:16:59:47 +0300] "GET /app/storage/sessions/8d2f663cd287ffc27a1ff64bdf274aea7bb22277 HTTP/1.1" 200 150 "-" "Mozilla/5.0 AppleWebKit/537.36 (KHTML, like Gecko; compatible; ClaudeBot/1.0; +claudebot@anthropic.com)"
74.7.242.0 - - [24/Feb/2026:16:59:48 +0300] "GET /htmlpurifier/library/HTMLPurifier/AttrTransform/NameSync.php HTTP/1.1" 500 20 "https://mail.zkteco.jo/htmlpurifier/library/HTMLPurifier/AttrTransform/" "Mozilla/5.0 AppleWebKit/537.36 (KHTML, like Gecko; compatible; GPTBot/1.3; +https://openai.com/gptbot)"
216.73.216.143 - - [24/Feb/2026:16:59:52 +0300] "GET /vendor/laravel/framework/src/Illuminate/Mail/Transport HTTP/1.1" 301 321 "-" "Mozilla/5.0 AppleWebKit/537.36 (KHTML, like Gecko; compatible; ClaudeBot/1.0; +claudebot@anthropic.com)"
216.73.216.143 - - [24/Feb/2026:16:59:52 +0300] "GET /vendor/laravel/framework/src/Illuminate/Mail/Transport/ HTTP/1.1" 200 368 "https://zkteco.jo/vendor/laravel/framework/src/Illuminate/Mail/Transport" "Mozilla/5.0 AppleWebKit/537.36 (KHTML, like Gecko; compatible; ClaudeBot/1.0; +claudebot@anthropic.com)"
216.73.216.143 - - [24/Feb/2026:16:59:57 +0300] "GET /app/storage/sessions/90def5d5540d63e4e5128e84713d101c64c8fdf2 HTTP/1.1" 200 149 "-" "Mozilla/5.0 AppleWebKit/537.36 (KHTML, like Gecko; compatible; ClaudeBot/1.0; +claudebot@anthropic.com)"
216.73.216.143 - - [24/Feb/2026:17:00:02 +0300] "GET /vendor/symfony/http-kernel/?C=M&O=A HTTP/1.1" 200 304 "-" "Mozilla/5.0 AppleWebKit/537.36 (KHTML, like Gecko; compatible; ClaudeBot/1.0; +claudebot@anthropic.com)"
216.73.216.143 - - [24/Feb/2026:17:00:07 +0300] "GET /vendor/laravel/framework/src/Illuminate/Workbench/stubs HTTP/1.1" 301 322 "-" "Mozilla/5.0 AppleWebKit/537.36 (KHTML, like Gecko; compatible; ClaudeBot/1.0; +claudebot@anthropic.com)"
216.73.216.143 - - [24/Feb/2026:17:00:07 +0300] "GET /vendor/laravel/framework/src/Illuminate/Workbench/stubs/ HTTP/1.1" 200 430 "https://zkteco.jo/vendor/laravel/framework/src/Illuminate/Workbench/stubs" "Mozilla/5.0 AppleWebKit/537.36 (KHTML, like Gecko; compatible; ClaudeBot/1.0; +claudebot@anthropic.com)"
216.73.216.143 - - [24/Feb/2026:17:00:12 +0300] "GET /app/storage/sessions/797fb452779c63bfb68676013d6338ea2bfa8d75 HTTP/1.1" 200 151 "-" "Mozilla/5.0 AppleWebKit/537.36 (KHTML, like Gecko; compatible; ClaudeBot/1.0; +claudebot@anthropic.com)"
216.73.216.143 - - [24/Feb/2026:17:00:17 +0300] "GET /library/SimpleImage-master/src/abeautifulsite/?C=M&O=D HTTP/1.1" 200 306 "-" "Mozilla/5.0 AppleWebKit/537.36 (KHTML, like Gecko; compatible; ClaudeBot/1.0; +claudebot@anthropic.com)"
216.73.216.143 - - [24/Feb/2026:17:00:22 +0300] "GET /vendor/symfony/http-kernel/?C=N&O=D HTTP/1.1" 200 302 "-" "Mozilla/5.0 AppleWebKit/537.36 (KHTML, like Gecko; compatible; ClaudeBot/1.0; +claudebot@anthropic.com)"
207.46.13.155 - - [24/Feb/2026:17:00:23 +0300] "GET /assets/uploads/products/pdf/image/small/e09e960516d1eb006b5c99db6185a168.png HTTP/1.1" 200 7882 "-" "Mozilla/5.0 AppleWebKit/537.36 (KHTML, like Gecko; compatible; bingbot/2.0; +http://www.bing.com/bingbot.htm) Chrome/116.0.1938.76 Safari/537.36"
216.73.216.143 - - [24/Feb/2026:17:00:27 +0300] "GET /app/config/packages/intervention/image/New%20Text%20Document.txt HTTP/1.1" 200 1 "-" "Mozilla/5.0 AppleWebKit/537.36 (KHTML, like Gecko; compatible; ClaudeBot/1.0; +claudebot@anthropic.com)"
74.7.228.205 - - [24/Feb/2026:17:00:32 +0300] "GET /assets/uploads/products/pdf/d8736969ccc9a592fbdf53e2161a50b0.pdf HTTP/1.1" 200 604391 "-" "Mozilla/5.0 (Macintosh; Intel Mac OS X 10_15_7) AppleWebKit/537.36 (KHTML, like Gecko) Chrome/131.0.0.0 Safari/537.36; compatible; OAI-SearchBot/1.3; +https://openai.com/searchbot"
216.73.216.143 - - [24/Feb/2026:17:00:32 +0300] "GET /app/views/frontend/common/%7B%7B%20asset('assets/defaults/default-left.png')%20%7D%7D HTTP/1.1" 404 36 "-" "Mozilla/5.0 AppleWebKit/537.36 (KHTML, like Gecko; compatible; ClaudeBot/1.0; +claudebot@anthropic.com)"
216.73.216.143 - - [24/Feb/2026:17:00:37 +0300] "GET /app/storage/sessions/a39e5de8010769eb72ebb41d7dbbbddd6c66bbb6 HTTP/1.1" 200 149 "-" "Mozilla/5.0 AppleWebKit/537.36 (KHTML, like Gecko; compatible; ClaudeBot/1.0; +claudebot@anthropic.com)"
216.73.216.143 - - [24/Feb/2026:17:00:42 +0300] "GET /app/storage/sessions/22ad5d83175bd9ac2398fc4dae4daccf4d64ce99 HTTP/1.1" 200 151 "-" "Mozilla/5.0 AppleWebKit/537.36 (KHTML, like Gecko; compatible; ClaudeBot/1.0; +claudebot@anthropic.com)"
114.119.157.108 - - [24/Feb/2026:17:00:46 +0300] "GET /download-file/143 HTTP/1.1" 404 36 "https://zkteco.jo/data-sheet" "Mozilla/5.0 (Linux; Android 7.0;) AppleWebKit/537.36 (KHTML, like Gecko) Mobile Safari/537.36 (compatible; PetalBot;+https://webmaster.petalsearch.com/site/petalbot)"
216.73.216.143 - - [24/Feb/2026:17:00:47 +0300] "GET /vendor/laravel/framework/src/Illuminate/Database/Migrations/stubs HTTP/1.1" 301 332 "-" "Mozilla/5.0 AppleWebKit/537.36 (KHTML, like Gecko; compatible; ClaudeBot/1.0; +claudebot@anthropic.com)"
216.73.216.143 - - [24/Feb/2026:17:00:47 +0300] "GET /vendor/laravel/framework/src/Illuminate/Database/Migrations/stubs/ HTTP/1.1" 200 370 "https://zkteco.jo/vendor/laravel/framework/src/Illuminate/Database/Migrations/stubs" "Mozilla/5.0 AppleWebKit/537.36 (KHTML, like Gecko; compatible; ClaudeBot/1.0; +claudebot@anthropic.com)"
216.73.216.143 - - [24/Feb/2026:17:00:52 +0300] "GET /vendor/laravel/framework/src/Illuminate/Auth/Console/stubs HTTP/1.1" 301 325 "-" "Mozilla/5.0 AppleWebKit/537.36 (KHTML, like Gecko; compatible; ClaudeBot/1.0; +claudebot@anthropic.com)"
216.73.216.143 - - [24/Feb/2026:17:00:52 +0300] "GET /vendor/laravel/framework/src/Illuminate/Auth/Console/stubs/ HTTP/1.1" 200 366 "https://zkteco.jo/vendor/laravel/framework/src/Illuminate/Auth/Console/stubs" "Mozilla/5.0 AppleWebKit/537.36 (KHTML, like Gecko; compatible; ClaudeBot/1.0; +claudebot@anthropic.com)"
74.7.242.0 - - [24/Feb/2026:17:00:54 +0300] "GET /htmlpurifier/library/HTMLPurifier/ConfigSchema/InterchangeBuilder.php HTTP/1.1" 200 20 "https://mail.zkteco.jo/htmlpurifier/library/HTMLPurifier/ConfigSchema/" "Mozilla/5.0 AppleWebKit/537.36 (KHTML, like Gecko; compatible; GPTBot/1.3; +https://openai.com/gptbot)"
52.167.144.229 - - [24/Feb/2026:17:00:55 +0300] "GET /product-details/Time%20Attendance/iface900-1 HTTP/1.1" 404 36 "-" "Mozilla/5.0 AppleWebKit/537.36 (KHTML, like Gecko; compatible; bingbot/2.0; +http://www.bing.com/bingbot.htm) Chrome/116.0.1938.76 Safari/537.36"
216.73.216.143 - - [24/Feb/2026:17:00:57 +0300] "GET /vendor/laravel/framework/src/Illuminate/Pagination HTTP/1.1" 301 317 "-" "Mozilla/5.0 AppleWebKit/537.36 (KHTML, like Gecko; compatible; ClaudeBot/1.0; +claudebot@anthropic.com)"
216.73.216.143 - - [24/Feb/2026:17:00:57 +0300] "GET /vendor/laravel/framework/src/Illuminate/Pagination/ HTTP/1.1" 200 460 "https://zkteco.jo/vendor/laravel/framework/src/Illuminate/Pagination" "Mozilla/5.0 AppleWebKit/537.36 (KHTML, like Gecko; compatible; ClaudeBot/1.0; +claudebot@anthropic.com)"
216.73.216.143 - - [24/Feb/2026:17:01:03 +0300] "GET /vendor/laravel/framework/src/Illuminate/Exception/?C=M&O=A HTTP/1.1" 200 489 "-" "Mozilla/5.0 AppleWebKit/537.36 (KHTML, like Gecko; compatible; ClaudeBot/1.0; +claudebot@anthropic.com)"
216.73.216.143 - - [24/Feb/2026:17:01:07 +0300] "GET /vendor/laravel/framework/src/Illuminate/Workbench/?C=M&O=A HTTP/1.1" 200 454 "-" "Mozilla/5.0 AppleWebKit/537.36 (KHTML, like Gecko; compatible; ClaudeBot/1.0; +claudebot@anthropic.com)"
216.73.216.143 - - [24/Feb/2026:17:01:12 +0300] "GET /vendor/laravel/framework/src/Illuminate/Hashing/?C=S&O=D HTTP/1.1" 200 398 "-" "Mozilla/5.0 AppleWebKit/537.36 (KHTML, like Gecko; compatible; ClaudeBot/1.0; +claudebot@anthropic.com)"
216.73.216.143 - - [24/Feb/2026:17:01:17 +0300] "GET /vendor/laravel/framework/src/Illuminate/Routing/?C=N&O=D HTTP/1.1" 200 574 "-" "Mozilla/5.0 AppleWebKit/537.36 (KHTML, like Gecko; compatible; ClaudeBot/1.0; +claudebot@anthropic.com)"
216.73.216.143 - - [24/Feb/2026:17:01:22 +0300] "GET /vendor/laravel/framework/src/Illuminate/Container/?C=D&O=D HTTP/1.1" 200 385 "-" "Mozilla/5.0 AppleWebKit/537.36 (KHTML, like Gecko; compatible; ClaudeBot/1.0; +claudebot@anthropic.com)"
216.73.216.143 - - [24/Feb/2026:17:01:27 +0300] "GET /vendor/laravel/framework/src/Illuminate/Log/?C=M&O=D HTTP/1.1" 200 372 "-" "Mozilla/5.0 AppleWebKit/537.36 (KHTML, like Gecko; compatible; ClaudeBot/1.0; +claudebot@anthropic.com)"
216.73.216.143 - - [24/Feb/2026:17:01:32 +0300] "GET /vendor/laravel/framework/src/Illuminate/Exception/?C=N&O=D HTTP/1.1" 200 483 "-" "Mozilla/5.0 AppleWebKit/537.36 (KHTML, like Gecko; compatible; ClaudeBot/1.0; +claudebot@anthropic.com)"
216.73.216.143 - - [24/Feb/2026:17:01:37 +0300] "GET /vendor/laravel/framework/src/Illuminate/Workbench/?C=N&O=D HTTP/1.1" 200 450 "-" "Mozilla/5.0 AppleWebKit/537.36 (KHTML, like Gecko; compatible; ClaudeBot/1.0; +claudebot@anthropic.com)"
216.73.216.143 - - [24/Feb/2026:17:01:42 +0300] "GET /vendor/laravel/framework/src/Illuminate/Html/?C=S&O=D HTTP/1.1" 200 388 "-" "Mozilla/5.0 AppleWebKit/537.36 (KHTML, like Gecko; compatible; ClaudeBot/1.0; +claudebot@anthropic.com)"
216.73.216.143 - - [24/Feb/2026:17:01:47 +0300] "GET /vendor/laravel/framework/src/Illuminate/Console/?C=S&O=D HTTP/1.1" 200 401 "-" "Mozilla/5.0 AppleWebKit/537.36 (KHTML, like Gecko; compatible; ClaudeBot/1.0; +claudebot@anthropic.com)"
216.73.216.143 - - [24/Feb/2026:17:01:52 +0300] "GET /vendor/laravel/framework/src/Illuminate/Hashing/?C=D&O=D HTTP/1.1" 200 398 "-" "Mozilla/5.0 AppleWebKit/537.36 (KHTML, like Gecko; compatible; ClaudeBot/1.0; +claudebot@anthropic.com)"
74.7.242.0 - - [24/Feb/2026:17:01:57 +0300] "GET /htmlpurifier/library/HTMLPurifier/ConfigSchema/Exception.php HTTP/1.1" 500 20 "https://mail.zkteco.jo/htmlpurifier/library/HTMLPurifier/ConfigSchema/" "Mozilla/5.0 AppleWebKit/537.36 (KHTML, like Gecko; compatible; GPTBot/1.3; +https://openai.com/gptbot)"
216.73.216.143 - - [24/Feb/2026:17:01:57 +0300] "GET /vendor/laravel/framework/src/Illuminate/Container/?C=M&O=D HTTP/1.1" 200 386 "-" "Mozilla/5.0 AppleWebKit/537.36 (KHTML, like Gecko; compatible; ClaudeBot/1.0; +claudebot@anthropic.com)"
216.73.216.143 - - [24/Feb/2026:17:02:02 +0300] "GET /vendor/laravel/framework/src/Illuminate/Validation/?C=S&O=D HTTP/1.1" 200 442 "-" "Mozilla/5.0 AppleWebKit/537.36 (KHTML, like Gecko; compatible; ClaudeBot/1.0; +claudebot@anthropic.com)"
216.73.216.143 - - [24/Feb/2026:17:02:07 +0300] "GET /vendor/laravel/framework/src/Illuminate/Auth/?C=S&O=D HTTP/1.1" 200 546 "-" "Mozilla/5.0 AppleWebKit/537.36 (KHTML, like Gecko; compatible; ClaudeBot/1.0; +claudebot@anthropic.com)"
114.119.153.169 - - [24/Feb/2026:17:02:09 +0300] "GET /card-lock-1 HTTP/1.1" 404 36 "https://zkteco.jo/product-details/Premium%20Product%20Line/speedface-h5l-1" "Mozilla/5.0 (Linux; Android 7.0;) AppleWebKit/537.36 (KHTML, like Gecko) Mobile Safari/537.36 (compatible; PetalBot;+https://webmaster.petalsearch.com/site/petalbot)"
216.73.216.143 - - [24/Feb/2026:17:02:12 +0300] "GET /vendor/laravel/framework/src/Illuminate/Html/?C=D&O=D HTTP/1.1" 200 387 "-" "Mozilla/5.0 AppleWebKit/537.36 (KHTML, like Gecko; compatible; ClaudeBot/1.0; +claudebot@anthropic.com)"
216.73.216.143 - - [24/Feb/2026:17:02:17 +0300] "GET /vendor/laravel/framework/src/Illuminate/Console/?C=D&O=D HTTP/1.1" 200 398 "-" "Mozilla/5.0 AppleWebKit/537.36 (KHTML, like Gecko; compatible; ClaudeBot/1.0; +claudebot@anthropic.com)"
216.73.216.143 - - [24/Feb/2026:17:02:22 +0300] "GET /vendor/laravel/framework/src/Illuminate/View/?C=S&O=A HTTP/1.1" 200 469 "-" "Mozilla/5.0 AppleWebKit/537.36 (KHTML, like Gecko; compatible; ClaudeBot/1.0; +claudebot@anthropic.com)"
216.73.216.143 - - [24/Feb/2026:17:02:27 +0300] "GET /vendor/laravel/framework/src/Illuminate/Hashing/?C=M&O=D HTTP/1.1" 200 400 "-" "Mozilla/5.0 AppleWebKit/537.36 (KHTML, like Gecko; compatible; ClaudeBot/1.0; +claudebot@anthropic.com)"
216.73.216.143 - - [24/Feb/2026:17:02:32 +0300] "GET /vendor/laravel/framework/src/Illuminate/Config/?C=S&O=A HTTP/1.1" 200 449 "-" "Mozilla/5.0 AppleWebKit/537.36 (KHTML, like Gecko; compatible; ClaudeBot/1.0; +claudebot@anthropic.com)"
216.73.216.143 - - [24/Feb/2026:17:02:37 +0300] "GET /vendor/laravel/framework/src/Illuminate/View/?C=D&O=A HTTP/1.1" 200 470 "-" "Mozilla/5.0 AppleWebKit/537.36 (KHTML, like Gecko; compatible; ClaudeBot/1.0; +claudebot@anthropic.com)"
216.73.216.143 - - [24/Feb/2026:17:02:42 +0300] "GET /vendor/laravel/framework/src/Illuminate/Auth/Console/?C=S&O=A HTTP/1.1" 200 406 "-" "Mozilla/5.0 AppleWebKit/537.36 (KHTML, like Gecko; compatible; ClaudeBot/1.0; +claudebot@anthropic.com)"
216.73.216.143 - - [24/Feb/2026:17:02:47 +0300] "GET /vendor/laravel/framework/src/Illuminate/Config/?C=D&O=A HTTP/1.1" 200 445 "-" "Mozilla/5.0 AppleWebKit/537.36 (KHTML, like Gecko; compatible; ClaudeBot/1.0; +claudebot@anthropic.com)"
216.73.216.143 - - [24/Feb/2026:17:02:52 +0300] "GET /vendor/laravel/framework/src/Illuminate/Routing/Console/?C=S&O=A HTTP/1.1" 200 352 "-" "Mozilla/5.0 AppleWebKit/537.36 (KHTML, like Gecko; compatible; ClaudeBot/1.0; +claudebot@anthropic.com)"
74.7.242.0 - - [24/Feb/2026:17:02:54 +0300] "GET /htmlpurifier/library/HTMLPurifier/Printer/HTMLDefinition.php HTTP/1.1" 500 20 "https://mail.zkteco.jo/htmlpurifier/library/HTMLPurifier/Printer/" "Mozilla/5.0 AppleWebKit/537.36 (KHTML, like Gecko; compatible; GPTBot/1.3; +https://openai.com/gptbot)"
216.73.216.143 - - [24/Feb/2026:17:02:57 +0300] "GET /vendor/laravel/framework/src/Illuminate/Auth/Console/?C=D&O=A HTTP/1.1" 200 412 "-" "Mozilla/5.0 AppleWebKit/537.36 (KHTML, like Gecko; compatible; ClaudeBot/1.0; +claudebot@anthropic.com)"
216.73.216.143 - - [24/Feb/2026:17:03:02 +0300] "GET /vendor/laravel/framework/src/Illuminate/View/?C=M&O=A HTTP/1.1" 200 473 "-" "Mozilla/5.0 AppleWebKit/537.36 (KHTML, like Gecko; compatible; ClaudeBot/1.0; +claudebot@anthropic.com)"
216.73.216.143 - - [24/Feb/2026:17:03:07 +0300] "GET /vendor/laravel/framework/src/Illuminate/Session/?C=S&O=A HTTP/1.1" 200 596 "-" "Mozilla/5.0 AppleWebKit/537.36 (KHTML, like Gecko; compatible; ClaudeBot/1.0; +claudebot@anthropic.com)"
216.73.216.143 - - [24/Feb/2026:17:03:12 +0300] "GET /app/views/frontend/%7B%7Basset('assets/images/faq.png')%7D%7D HTTP/1.1" 404 36 "-" "Mozilla/5.0 AppleWebKit/537.36 (KHTML, like Gecko; compatible; ClaudeBot/1.0; +claudebot@anthropic.com)"
216.73.216.143 - - [24/Feb/2026:17:03:17 +0300] "GET /vendor/laravel/framework/src/Illuminate/Routing/Console/?C=D&O=A HTTP/1.1" 200 352 "-" "Mozilla/5.0 AppleWebKit/537.36 (KHTML, like Gecko; compatible; ClaudeBot/1.0; +claudebot@anthropic.com)"
216.73.216.143 - - [24/Feb/2026:17:03:22 +0300] "GET /vendor/laravel/framework/src/Illuminate/Config/?C=M&O=A HTTP/1.1" 200 450 "-" "Mozilla/5.0 AppleWebKit/537.36 (KHTML, like Gecko; compatible; ClaudeBot/1.0; +claudebot@anthropic.com)"
216.73.216.143 - - [24/Feb/2026:17:03:27 +0300] "GET /vendor/laravel/framework/src/Illuminate/Auth/Console/?C=M&O=A HTTP/1.1" 200 412 "-" "Mozilla/5.0 AppleWebKit/537.36 (KHTML, like Gecko; compatible; ClaudeBot/1.0; +claudebot@anthropic.com)"
114.119.142.7 - - [24/Feb/2026:17:03:33 +0300] "GET /product-details/Network%20Camera/es-852e11c-s3-c-mi-se HTTP/1.1" 404 36 "https://zkteco.jo/product-details/Network%20Camera/es-852e11c-s3-c-mi-se" "Mozilla/5.0 (Linux; Android 7.0;) AppleWebKit/537.36 (KHTML, like Gecko) Mobile Safari/537.36 (compatible; PetalBot;+https://webmaster.petalsearch.com/site/petalbot)"
216.73.216.143 - - [24/Feb/2026:17:03:33 +0300] "GET /vendor/laravel/framework/src/Illuminate/Cookie/?C=S&O=A HTTP/1.1" 200 414 "-" "Mozilla/5.0 AppleWebKit/537.36 (KHTML, like Gecko; compatible; ClaudeBot/1.0; +claudebot@anthropic.com)"
216.73.216.143 - - [24/Feb/2026:17:03:38 +0300] "GET /vendor/laravel/framework/src/Illuminate/Cookie/?C=D&O=A HTTP/1.1" 200 412 "-" "Mozilla/5.0 AppleWebKit/537.36 (KHTML, like Gecko; compatible; ClaudeBot/1.0; +claudebot@anthropic.com)"
216.73.216.143 - - [24/Feb/2026:17:03:43 +0300] "GET /vendor/laravel/framework/src/Illuminate/Cookie/?C=N&O=D HTTP/1.1" 200 409 "-" "Mozilla/5.0 AppleWebKit/537.36 (KHTML, like Gecko; compatible; ClaudeBot/1.0; +claudebot@anthropic.com)"
216.73.216.143 - - [24/Feb/2026:17:03:48 +0300] "GET /vendor/laravel/framework/src/Illuminate/Cookie/?C=M&O=A HTTP/1.1" 200 414 "-" "Mozilla/5.0 AppleWebKit/537.36 (KHTML, like Gecko; compatible; ClaudeBot/1.0; +claudebot@anthropic.com)"
216.73.216.143 - - [24/Feb/2026:17:03:53 +0300] "GET /app/views/frontend/%7B%7Basset('assets/images/download.png')%7D%7D HTTP/1.1" 404 36 "-" "Mozilla/5.0 AppleWebKit/537.36 (KHTML, like Gecko; compatible; ClaudeBot/1.0; +claudebot@anthropic.com)"
74.7.242.0 - - [24/Feb/2026:17:03:57 +0300] "GET /htmlpurifier/library/HTMLPurifier/ConfigSchema/Validator.php HTTP/1.1" 200 20 "https://mail.zkteco.jo/htmlpurifier/library/HTMLPurifier/ConfigSchema/" "Mozilla/5.0 AppleWebKit/537.36 (KHTML, like Gecko; compatible; GPTBot/1.3; +https://openai.com/gptbot)"
216.73.216.143 - - [24/Feb/2026:17:03:58 +0300] "GET /app/views/frontend/%7B%7Basset('assets/images/online-support-icon.png')%7D%7D HTTP/1.1" 404 36 "-" "Mozilla/5.0 AppleWebKit/537.36 (KHTML, like Gecko; compatible; ClaudeBot/1.0; +claudebot@anthropic.com)"
216.73.216.143 - - [24/Feb/2026:17:04:03 +0300] "GET /app/views/frontend/%7B%7Basset('assets/images/video-icon.png')%7D%7D HTTP/1.1" 404 36 "-" "Mozilla/5.0 AppleWebKit/537.36 (KHTML, like Gecko; compatible; ClaudeBot/1.0; +claudebot@anthropic.com)"
216.73.216.143 - - [24/Feb/2026:17:04:08 +0300] "GET /app/config/packages/mews/?C=N&O=A HTTP/1.1" 200 299 "-" "Mozilla/5.0 AppleWebKit/537.36 (KHTML, like Gecko; compatible; ClaudeBot/1.0; +claudebot@anthropic.com)"
216.73.216.143 - - [24/Feb/2026:17:04:13 +0300] "GET /htmlpurifier/library/HTMLPurifier/ConfigSchema/Builder/Xml.php HTTP/1.1" 200 20 "-" "Mozilla/5.0 AppleWebKit/537.36 (KHTML, like Gecko; compatible; ClaudeBot/1.0; +claudebot@anthropic.com)"
216.73.216.143 - - [24/Feb/2026:17:04:18 +0300] "GET /vendor/nikic/php-parser/lib/PHPParser/Error.php HTTP/1.1" 200 20 "-" "Mozilla/5.0 AppleWebKit/537.36 (KHTML, like Gecko; compatible; ClaudeBot/1.0; +claudebot@anthropic.com)"
216.73.216.143 - - [24/Feb/2026:17:04:23 +0300] "GET /htmlpurifier/library/HTMLPurifier/ConfigSchema/schema/HTML.SafeIframe.txt HTTP/1.1" 200 266 "-" "Mozilla/5.0 AppleWebKit/537.36 (KHTML, like Gecko; compatible; ClaudeBot/1.0; +claudebot@anthropic.com)"
216.73.216.143 - - [24/Feb/2026:17:04:28 +0300] "GET /app/controllers/admin/js/classie.js HTTP/1.1" 404 36 "-" "Mozilla/5.0 AppleWebKit/537.36 (KHTML, like Gecko; compatible; ClaudeBot/1.0; +claudebot@anthropic.com)"
216.73.216.143 - - [24/Feb/2026:17:04:33 +0300] "GET /htmlpurifier/library/HTMLPurifier/EntityLookup/entities.ser HTTP/1.1" 200 1469 "-" "Mozilla/5.0 AppleWebKit/537.36 (KHTML, like Gecko; compatible; ClaudeBot/1.0; +claudebot@anthropic.com)"
216.73.216.143 - - [24/Feb/2026:17:04:38 +0300] "GET /htmlpurifier/library/HTMLPurifier/ConfigSchema/schema/HTML.ForbiddenAttributes.txt HTTP/1.1" 200 444 "-" "Mozilla/5.0 AppleWebKit/537.36 (KHTML, like Gecko; compatible; ClaudeBot/1.0; +claudebot@anthropic.com)"
216.73.216.143 - - [24/Feb/2026:17:04:43 +0300] "GET /htmlpurifier/library/HTMLPurifier/ConfigSchema/schema/HTML.SafeEmbed.txt HTTP/1.1" 200 297 "-" "Mozilla/5.0 AppleWebKit/537.36 (KHTML, like Gecko; compatible; ClaudeBot/1.0; +claudebot@anthropic.com)"
216.73.216.143 - - [24/Feb/2026:17:04:48 +0300] "GET /vendor/nikic/php-parser/test/code/prettyPrinter/include.test HTTP/1.1" 200 62 "-" "Mozilla/5.0 AppleWebKit/537.36 (KHTML, like Gecko; compatible; ClaudeBot/1.0; +claudebot@anthropic.com)"
152.42.190.214 - - [24/Feb/2026:17:04:49 +0300] "GET /assets/uploads/products/recomended/c5dcdd57b1a7107bddb5c0773f3e86a7.png HTTP/1.1" 200 82859 "https://zkteco.jo/" "Mozilla/5.0 (Windows NT 10.0; Win64; x64) AppleWebKit/537.36 (KHTML, like Gecko) Chrome/133.0.0.0 Safari/537.36"
216.73.216.143 - - [24/Feb/2026:17:04:53 +0300] "GET /htmlpurifier/library/HTMLPurifier/ConfigSchema/schema/HTML.CoreModules.txt HTTP/1.1" 200 353 "-" "Mozilla/5.0 AppleWebKit/537.36 (KHTML, like Gecko; compatible; ClaudeBot/1.0; +claudebot@anthropic.com)"
216.73.216.143 - - [24/Feb/2026:17:04:58 +0300] "GET /htmlpurifier/library/HTMLPurifier/AttrDef/Switch.php HTTP/1.1" 200 20 "-" "Mozilla/5.0 AppleWebKit/537.36 (KHTML, like Gecko; compatible; ClaudeBot/1.0; +claudebot@anthropic.com)"
74.7.242.0 - - [24/Feb/2026:17:05:00 +0300] "GET /htmlpurifier/library/HTMLPurifier/AttrTransform/EnumToCSS.php HTTP/1.1" 500 20 "https://mail.zkteco.jo/htmlpurifier/library/HTMLPurifier/AttrTransform/" "Mozilla/5.0 AppleWebKit/537.36 (KHTML, like Gecko; compatible; GPTBot/1.3; +https://openai.com/gptbot)"
216.73.216.143 - - [24/Feb/2026:17:05:03 +0300] "GET /app/controllers/admin/careers.php HTTP/1.1" 404 36 "-" "Mozilla/5.0 AppleWebKit/537.36 (KHTML, like Gecko; compatible; ClaudeBot/1.0; +claudebot@anthropic.com)"
216.73.216.143 - - [24/Feb/2026:17:05:08 +0300] "GET /htmlpurifier/library/HTMLPurifier/ConfigSchema/Interchange/Directive.php HTTP/1.1" 200 20 "-" "Mozilla/5.0 AppleWebKit/537.36 (KHTML, like Gecko; compatible; ClaudeBot/1.0; +claudebot@anthropic.com)"
216.73.216.143 - - [24/Feb/2026:17:05:13 +0300] "GET /htmlpurifier/library/HTMLPurifier/AttrTransform/EnumToCSS.php HTTP/1.1" 500 20 "-" "Mozilla/5.0 AppleWebKit/537.36 (KHTML, like Gecko; compatible; ClaudeBot/1.0; +claudebot@anthropic.com)"
216.73.216.143 - - [24/Feb/2026:17:05:19 +0300] "GET /htmlpurifier/library/HTMLPurifier/EntityLookup/?C=D&O=D HTTP/1.1" 200 317 "-" "Mozilla/5.0 AppleWebKit/537.36 (KHTML, like Gecko; compatible; ClaudeBot/1.0; +claudebot@anthropic.com)"
216.73.216.143 - - [24/Feb/2026:17:05:23 +0300] "GET /htmlpurifier/library/HTMLPurifier/ConfigSchema/Interchange/?C=D&O=A HTTP/1.1" 200 342 "-" "Mozilla/5.0 AppleWebKit/537.36 (KHTML, like Gecko; compatible; ClaudeBot/1.0; +claudebot@anthropic.com)"
216.73.216.143 - - [24/Feb/2026:17:05:28 +0300] "GET /vendor/d11wtq/boris/box.json HTTP/1.1" 200 161 "-" "Mozilla/5.0 AppleWebKit/537.36 (KHTML, like Gecko; compatible; ClaudeBot/1.0; +claudebot@anthropic.com)"
216.73.216.143 - - [24/Feb/2026:17:05:33 +0300] "GET /vendor/symfony/filesystem/Symfony/Component HTTP/1.1" 301 310 "-" "Mozilla/5.0 AppleWebKit/537.36 (KHTML, like Gecko; compatible; ClaudeBot/1.0; +claudebot@anthropic.com)"
216.73.216.143 - - [24/Feb/2026:17:05:33 +0300] "GET /vendor/symfony/filesystem/Symfony/Component/ HTTP/1.1" 200 314 "https://zkteco.jo/vendor/symfony/filesystem/Symfony/Component" "Mozilla/5.0 AppleWebKit/537.36 (KHTML, like Gecko; compatible; ClaudeBot/1.0; +claudebot@anthropic.com)"
216.73.216.143 - - [24/Feb/2026:17:05:38 +0300] "GET /htmlpurifier/library/HTMLPurifier/Injector/?C=M&O=A HTTP/1.1" 200 448 "-" "Mozilla/5.0 AppleWebKit/537.36 (KHTML, like Gecko; compatible; ClaudeBot/1.0; +claudebot@anthropic.com)"
216.73.216.143 - - [24/Feb/2026:17:05:43 +0300] "GET /htmlpurifier/library/HTMLPurifier/ConfigSchema/schema/?C=N&O=A HTTP/1.1" 200 2262 "-" "Mozilla/5.0 AppleWebKit/537.36 (KHTML, like Gecko; compatible; ClaudeBot/1.0; +claudebot@anthropic.com)"
216.73.216.143 - - [24/Feb/2026:17:05:48 +0300] "GET /vendor/mews/captcha/composer.json HTTP/1.1" 200 306 "-" "Mozilla/5.0 AppleWebKit/537.36 (KHTML, like Gecko; compatible; ClaudeBot/1.0; +claudebot@anthropic.com)"
216.73.216.143 - - [24/Feb/2026:17:05:53 +0300] "GET /htmlpurifier/library/HTMLPurifier/EntityLookup/?C=M&O=D HTTP/1.1" 200 317 "-" "Mozilla/5.0 AppleWebKit/537.36 (KHTML, like Gecko; compatible; ClaudeBot/1.0; +claudebot@anthropic.com)"
74.7.242.0 - - [24/Feb/2026:17:05:56 +0300] "GET /htmlpurifier/library/HTMLPurifier/AttrTransform/BoolToCSS.php HTTP/1.1" 500 20 "https://mail.zkteco.jo/htmlpurifier/library/HTMLPurifier/AttrTransform/" "Mozilla/5.0 AppleWebKit/537.36 (KHTML, like Gecko; compatible; GPTBot/1.3; +https://openai.com/gptbot)"
216.73.216.143 - - [24/Feb/2026:17:05:58 +0300] "GET /htmlpurifier/library/HTMLPurifier/ConfigSchema/Interchange/?C=M&O=A HTTP/1.1" 200 341 "-" "Mozilla/5.0 AppleWebKit/537.36 (KHTML, like Gecko; compatible; ClaudeBot/1.0; +claudebot@anthropic.com)"
216.73.216.143 - - [24/Feb/2026:17:06:03 +0300] "GET /vendor/symfony/http-foundation/Symfony HTTP/1.1" 301 305 "-" "Mozilla/5.0 AppleWebKit/537.36 (KHTML, like Gecko; compatible; ClaudeBot/1.0; +claudebot@anthropic.com)"
216.73.216.143 - - [24/Feb/2026:17:06:03 +0300] "GET /vendor/symfony/http-foundation/Symfony/ HTTP/1.1" 200 315 "https://zkteco.jo/vendor/symfony/http-foundation/Symfony" "Mozilla/5.0 AppleWebKit/537.36 (KHTML, like Gecko; compatible; ClaudeBot/1.0; +claudebot@anthropic.com)"
216.73.216.143 - - [24/Feb/2026:17:06:08 +0300] "GET /vendor/d11wtq/boris/bin HTTP/1.1" 301 290 "-" "Mozilla/5.0 AppleWebKit/537.36 (KHTML, like Gecko; compatible; ClaudeBot/1.0; +claudebot@anthropic.com)"
216.73.216.143 - - [24/Feb/2026:17:06:08 +0300] "GET /vendor/d11wtq/boris/bin/ HTTP/1.1" 200 307 "https://zkteco.jo/vendor/d11wtq/boris/bin" "Mozilla/5.0 AppleWebKit/537.36 (KHTML, like Gecko; compatible; ClaudeBot/1.0; +claudebot@anthropic.com)"
216.73.216.143 - - [24/Feb/2026:17:06:13 +0300] "GET /htmlpurifier/library/HTMLPurifier/Injector/?C=N&O=D HTTP/1.1" 200 441 "-" "Mozilla/5.0 AppleWebKit/537.36 (KHTML, like Gecko; compatible; ClaudeBot/1.0; +claudebot@anthropic.com)"
216.73.216.143 - - [24/Feb/2026:17:06:18 +0300] "GET /vendor/symfony/security-core/Symfony/Component/Security HTTP/1.1" 301 322 "-" "Mozilla/5.0 AppleWebKit/537.36 (KHTML, like Gecko; compatible; ClaudeBot/1.0; +claudebot@anthropic.com)"
216.73.216.143 - - [24/Feb/2026:17:06:18 +0300] "GET /vendor/symfony/security-core/Symfony/Component/Security/ HTTP/1.1" 200 317 "https://zkteco.jo/vendor/symfony/security-core/Symfony/Component/Security" "Mozilla/5.0 AppleWebKit/537.36 (KHTML, like Gecko; compatible; ClaudeBot/1.0; +claudebot@anthropic.com)"
216.73.216.143 - - [24/Feb/2026:17:06:23 +0300] "GET /htmlpurifier/library/HTMLPurifier/ConfigSchema/Interchange/?C=N&O=D HTTP/1.1" 200 340 "-" "Mozilla/5.0 AppleWebKit/537.36 (KHTML, like Gecko; compatible; ClaudeBot/1.0; +claudebot@anthropic.com)"
216.73.216.143 - - [24/Feb/2026:17:06:28 +0300] "GET /vendor/nikic/php-parser/test/code/?C=N&O=A HTTP/1.1" 200 329 "-" "Mozilla/5.0 AppleWebKit/537.36 (KHTML, like Gecko; compatible; ClaudeBot/1.0; +claudebot@anthropic.com)"
216.73.216.143 - - [24/Feb/2026:17:06:33 +0300] "GET /htmlpurifier/library/HTMLPurifier/ConfigSchema/schema/?C=S&O=A HTTP/1.1" 200 2356 "-" "Mozilla/5.0 AppleWebKit/537.36 (KHTML, like Gecko; compatible; ClaudeBot/1.0; +claudebot@anthropic.com)"
40.77.167.17 - - [24/Feb/2026:17:06:34 +0300] "GET /product-details/Electronic%20Article%20Surveillance%20System/zkam10a HTTP/1.1" 404 36 "-" "Mozilla/5.0 AppleWebKit/537.36 (KHTML, like Gecko; compatible; bingbot/2.0; +http://www.bing.com/bingbot.htm) Chrome/116.0.1938.76 Safari/537.36"
216.73.216.143 - - [24/Feb/2026:17:06:39 +0300] "GET /vendor/bacon/bacon-qr-code/tests/phpunit.xml HTTP/1.1" 200 167 "-" "Mozilla/5.0 AppleWebKit/537.36 (KHTML, like Gecko; compatible; ClaudeBot/1.0; +claudebot@anthropic.com)"
216.73.216.143 - - [24/Feb/2026:17:06:43 +0300] "GET /vendor/nikic/php-parser/lib/PHPParser/NodeVisitor HTTP/1.1" 301 316 "-" "Mozilla/5.0 AppleWebKit/537.36 (KHTML, like Gecko; compatible; ClaudeBot/1.0; +claudebot@anthropic.com)"
216.73.216.143 - - [24/Feb/2026:17:06:44 +0300] "GET /vendor/nikic/php-parser/lib/PHPParser/NodeVisitor/ HTTP/1.1" 200 329 "https://zkteco.jo/vendor/nikic/php-parser/lib/PHPParser/NodeVisitor" "Mozilla/5.0 AppleWebKit/537.36 (KHTML, like Gecko; compatible; ClaudeBot/1.0; +claudebot@anthropic.com)"
216.73.216.143 - - [24/Feb/2026:17:06:48 +0300] "GET /htmlpurifier/library/HTMLPurifier/ConfigSchema/schema/URI.SafeIframeRegexp.txt HTTP/1.1" 200 479 "-" "Mozilla/5.0 AppleWebKit/537.36 (KHTML, like Gecko; compatible; ClaudeBot/1.0; +claudebot@anthropic.com)"
216.73.216.143 - - [24/Feb/2026:17:06:53 +0300] "GET /app/storage/views/test/%3C HTTP/1.1" 404 36 "-" "Mozilla/5.0 AppleWebKit/537.36 (KHTML, like Gecko; compatible; ClaudeBot/1.0; +claudebot@anthropic.com)"
216.73.216.143 - - [24/Feb/2026:17:06:58 +0300] "GET /htmlpurifier/library/HTMLPurifier/ConfigSchema/schema/URI.DisableResources.txt HTTP/1.1" 200 279 "-" "Mozilla/5.0 AppleWebKit/537.36 (KHTML, like Gecko; compatible; ClaudeBot/1.0; +claudebot@anthropic.com)"
74.7.242.0 - - [24/Feb/2026:17:07:00 +0300] "GET /htmlpurifier/library/HTMLPurifier/AttrDef/ HTTP/1.1" 200 458 "https://mail.zkteco.jo/htmlpurifier/library/HTMLPurifier/" "Mozilla/5.0 AppleWebKit/537.36 (KHTML, like Gecko; compatible; GPTBot/1.3; +https://openai.com/gptbot)"
157.55.39.49 - - [24/Feb/2026:17:07:03 +0300] "GET /assets/uploads/products/small/38bf0bc7bb3af6af64512677ddad6fba.png HTTP/1.1" 200 25059 "-" "Mozilla/5.0 AppleWebKit/537.36 (KHTML, like Gecko; compatible; bingbot/2.0; +http://www.bing.com/bingbot.htm) Chrome/116.0.1938.76 Safari/537.36"
216.73.216.143 - - [24/Feb/2026:17:07:03 +0300] "GET /htmlpurifier/library/HTMLPurifier/ConfigSchema/schema/URI.DefinitionRev.txt HTTP/1.1" 200 161 "-" "Mozilla/5.0 AppleWebKit/537.36 (KHTML, like Gecko; compatible; ClaudeBot/1.0; +claudebot@anthropic.com)"
216.73.216.143 - - [24/Feb/2026:17:07:08 +0300] "GET /vendor/nikic/php-parser/lib/PHPParser/Node/Scalar/LineConst.php HTTP/1.1" 500 20 "-" "Mozilla/5.0 AppleWebKit/537.36 (KHTML, like Gecko; compatible; ClaudeBot/1.0; +claudebot@anthropic.com)"
216.73.216.143 - - [24/Feb/2026:17:07:14 +0300] "GET /app/views/admin/banners/list.blade.php HTTP/1.1" 200 527 "-" "Mozilla/5.0 AppleWebKit/537.36 (KHTML, like Gecko; compatible; ClaudeBot/1.0; +claudebot@anthropic.com)"
216.73.216.143 - - [24/Feb/2026:17:07:19 +0300] "GET /app/controllers/admin/js/owl.carousel.min.js HTTP/1.1" 404 36 "-" "Mozilla/5.0 AppleWebKit/537.36 (KHTML, like Gecko; compatible; ClaudeBot/1.0; +claudebot@anthropic.com)"
216.73.216.143 - - [24/Feb/2026:17:07:24 +0300] "GET /vendor/nikic/php-parser/lib/PHPParser/PrettyPrinter HTTP/1.1" 301 318 "-" "Mozilla/5.0 AppleWebKit/537.36 (KHTML, like Gecko; compatible; ClaudeBot/1.0; +claudebot@anthropic.com)"
216.73.216.143 - - [24/Feb/2026:17:07:24 +0300] "GET /vendor/nikic/php-parser/lib/PHPParser/PrettyPrinter/ HTTP/1.1" 200 341 "https://zkteco.jo/vendor/nikic/php-parser/lib/PHPParser/PrettyPrinter" "Mozilla/5.0 AppleWebKit/537.36 (KHTML, like Gecko; compatible; ClaudeBot/1.0; +claudebot@anthropic.com)"
216.73.216.143 - - [24/Feb/2026:17:07:28 +0300] "GET /app/views/admin/menus/add.blade.php HTTP/1.1" 500 983 "-" "Mozilla/5.0 AppleWebKit/537.36 (KHTML, like Gecko; compatible; ClaudeBot/1.0; +claudebot@anthropic.com)"
216.73.216.143 - - [24/Feb/2026:17:07:34 +0300] "GET /vendor/nikic/php-parser/test/code/prettyPrinter/onlyPHP.file-test HTTP/1.1" 200 73 "-" "Mozilla/5.0 AppleWebKit/537.36 (KHTML, like Gecko; compatible; ClaudeBot/1.0; +claudebot@anthropic.com)"
216.73.216.143 - - [24/Feb/2026:17:07:38 +0300] "GET /app/views/admin/training/video/edit.blade.php HTTP/1.1" 500 371 "-" "Mozilla/5.0 AppleWebKit/537.36 (KHTML, like Gecko; compatible; ClaudeBot/1.0; +claudebot@anthropic.com)"
