216.73.216.143 - - [24/Feb/2026:19:05:46 +0300] "GET /app/storage/views/test/945d145cb4ec9d446f5b08f4778e6850 HTTP/1.1" 200 429 "-" "Mozilla/5.0 AppleWebKit/537.36 (KHTML, like Gecko; compatible; ClaudeBot/1.0; +claudebot@anthropic.com)"
216.73.216.143 - - [24/Feb/2026:19:05:52 +0300] "GET /app/storage/views/test/1b5301cdd48d9d55de44e488d1750c7f HTTP/1.1" 200 1181 "-" "Mozilla/5.0 AppleWebKit/537.36 (KHTML, like Gecko; compatible; ClaudeBot/1.0; +claudebot@anthropic.com)"
74.7.242.0 - - [24/Feb/2026:19:05:56 +0300] "GET /app/views/frontend/design_layout/enquiry.blade.php HTTP/1.1" 500 337 "https://mail.zkteco.jo/app/views/frontend/design_layout/" "Mozilla/5.0 AppleWebKit/537.36 (KHTML, like Gecko; compatible; GPTBot/1.3; +https://openai.com/gptbot)"
216.73.216.143 - - [24/Feb/2026:19:05:56 +0300] "GET /app/storage/views/test/d21ec1a604dbae5725a49347d738ed4a HTTP/1.1" 200 943 "-" "Mozilla/5.0 AppleWebKit/537.36 (KHTML, like Gecko; compatible; ClaudeBot/1.0; +claudebot@anthropic.com)"
216.73.216.143 - - [24/Feb/2026:19:06:01 +0300] "GET /app/storage/views/test/45ae14c4871d009e0345f30908b8aa69 HTTP/1.1" 200 964 "-" "Mozilla/5.0 AppleWebKit/537.36 (KHTML, like Gecko; compatible; ClaudeBot/1.0; +claudebot@anthropic.com)"
216.73.216.143 - - [24/Feb/2026:19:06:06 +0300] "GET /app/storage/views/test/efb900dae4728d5ccc257b3651b7f2c5 HTTP/1.1" 200 336 "-" "Mozilla/5.0 AppleWebKit/537.36 (KHTML, like Gecko; compatible; ClaudeBot/1.0; +claudebot@anthropic.com)"
216.73.216.143 - - [24/Feb/2026:19:06:11 +0300] "GET /app/storage/views/test/948cc459c6ed6111c54ca1ba4f786eb5 HTTP/1.1" 200 779 "-" "Mozilla/5.0 AppleWebKit/537.36 (KHTML, like Gecko; compatible; ClaudeBot/1.0; +claudebot@anthropic.com)"
216.73.216.143 - - [24/Feb/2026:19:06:16 +0300] "GET /app/views/admin/training/?C=M&O=A HTTP/1.1" 200 315 "-" "Mozilla/5.0 AppleWebKit/537.36 (KHTML, like Gecko; compatible; ClaudeBot/1.0; +claudebot@anthropic.com)"
216.73.216.143 - - [24/Feb/2026:19:06:21 +0300] "GET /app/storage/views/test/08f8039b51757856852e69ee5a0d97dd HTTP/1.1" 200 1590 "-" "Mozilla/5.0 AppleWebKit/537.36 (KHTML, like Gecko; compatible; ClaudeBot/1.0; +claudebot@anthropic.com)"
74.7.242.0 - - [24/Feb/2026:19:06:22 +0300] "GET /app/storage/meta/services.json HTTP/1.1" 200 1071 "https://mail.zkteco.jo/app/storage/meta/" "Mozilla/5.0 AppleWebKit/537.36 (KHTML, like Gecko; compatible; GPTBot/1.3; +https://openai.com/gptbot)"
216.73.216.143 - - [24/Feb/2026:19:06:26 +0300] "GET /app/storage/views/test/80e3e6ccee75f04e2b8e70d12c1989c3 HTTP/1.1" 200 264 "-" "Mozilla/5.0 AppleWebKit/537.36 (KHTML, like Gecko; compatible; ClaudeBot/1.0; +claudebot@anthropic.com)"
114.119.131.200 - - [24/Feb/2026:19:06:30 +0300] "GET /download-file/2164 HTTP/1.1" 404 36 "https://zkteco.jo/product-details/Body%20Temperature%20and%20Mask%20Detection/proface-xti-1" "Mozilla/5.0 (Linux; Android 7.0;) AppleWebKit/537.36 (KHTML, like Gecko) Mobile Safari/537.36 (compatible; PetalBot;+https://webmaster.petalsearch.com/site/petalbot)"
216.73.216.143 - - [24/Feb/2026:19:06:31 +0300] "GET /app/views/admin/gallery/?C=M&O=D HTTP/1.1" 200 425 "-" "Mozilla/5.0 AppleWebKit/537.36 (KHTML, like Gecko; compatible; ClaudeBot/1.0; +claudebot@anthropic.com)"
216.73.216.143 - - [24/Feb/2026:19:06:37 +0300] "GET /app/storage/views/test/0273e16e50aa373934c552b823490c3f HTTP/1.1" 200 1094 "-" "Mozilla/5.0 AppleWebKit/537.36 (KHTML, like Gecko; compatible; ClaudeBot/1.0; +claudebot@anthropic.com)"
216.73.216.143 - - [24/Feb/2026:19:06:42 +0300] "GET /app/views/admin/training/?C=S&O=A HTTP/1.1" 200 313 "-" "Mozilla/5.0 AppleWebKit/537.36 (KHTML, like Gecko; compatible; ClaudeBot/1.0; +claudebot@anthropic.com)"
216.73.216.143 - - [24/Feb/2026:19:06:47 +0300] "GET /app/storage/views/test/b017f42f4be886a1ecd91d167576d9ac HTTP/1.1" 200 1118 "-" "Mozilla/5.0 AppleWebKit/537.36 (KHTML, like Gecko; compatible; ClaudeBot/1.0; +claudebot@anthropic.com)"
216.73.216.143 - - [24/Feb/2026:19:06:52 +0300] "GET /app/storage/views/test/f845a4237ddd03dd64e7636e4be50b67 HTTP/1.1" 200 740 "-" "Mozilla/5.0 AppleWebKit/537.36 (KHTML, like Gecko; compatible; ClaudeBot/1.0; +claudebot@anthropic.com)"
216.73.216.143 - - [24/Feb/2026:19:06:57 +0300] "GET /app/storage/views/test/cef813dd1898876d7192f60cec700b1b HTTP/1.1" 200 438 "-" "Mozilla/5.0 AppleWebKit/537.36 (KHTML, like Gecko; compatible; ClaudeBot/1.0; +claudebot@anthropic.com)"
216.73.216.143 - - [24/Feb/2026:19:07:02 +0300] "GET /app/storage/views/test/08f1b062a12b3329f545c40f57ed37e6 HTTP/1.1" 200 580 "-" "Mozilla/5.0 AppleWebKit/537.36 (KHTML, like Gecko; compatible; ClaudeBot/1.0; +claudebot@anthropic.com)"
216.73.216.143 - - [24/Feb/2026:19:07:07 +0300] "GET /app/storage/views/test/d88035f8b1520ca6f7c7acd97e9e88f3 HTTP/1.1" 200 965 "-" "Mozilla/5.0 AppleWebKit/537.36 (KHTML, like Gecko; compatible; ClaudeBot/1.0; +claudebot@anthropic.com)"
113.163.130.35 - - [24/Feb/2026:19:07:08 +0300] "GET /product-details/Turnstile/fht2300d HTTP/1.1" 404 36 "-" "Mozilla/5.0 (Windows NT 10.0) AppleWebKit/537.36 (KHTML, like Gecko) Chrome/66.0.3359.819 Safari/537.36"
216.73.216.143 - - [24/Feb/2026:19:07:12 +0300] "GET /app/storage/views/test/3378fc102ae0303470cc4a3835cc303f HTTP/1.1" 200 164 "-" "Mozilla/5.0 AppleWebKit/537.36 (KHTML, like Gecko; compatible; ClaudeBot/1.0; +claudebot@anthropic.com)"
216.73.216.143 - - [24/Feb/2026:19:07:17 +0300] "GET /app/storage/views/test/2744ca5307f4a1fb56086fb6a0d37880 HTTP/1.1" 200 1204 "-" "Mozilla/5.0 AppleWebKit/537.36 (KHTML, like Gecko; compatible; ClaudeBot/1.0; +claudebot@anthropic.com)"
185.191.171.18 - - [24/Feb/2026:19:07:17 +0300] "GET /product-details/Network%20Video%20Recorders/z8516neq-s HTTP/1.1" 404 36 "-" "Mozilla/5.0 (compatible; SemrushBot/7~bl; +http://www.semrush.com/bot.html)"
216.73.216.143 - - [24/Feb/2026:19:07:22 +0300] "GET /app/views/admin/location/?C=N&O=D HTTP/1.1" 200 338 "-" "Mozilla/5.0 AppleWebKit/537.36 (KHTML, like Gecko; compatible; ClaudeBot/1.0; +claudebot@anthropic.com)"
74.7.242.0 - - [24/Feb/2026:19:07:25 +0300] "GET /app/views/admin/career/list.blade.php HTTP/1.1" 200 527 "https://mail.zkteco.jo/app/views/admin/career/" "Mozilla/5.0 AppleWebKit/537.36 (KHTML, like Gecko; compatible; GPTBot/1.3; +https://openai.com/gptbot)"
216.73.216.143 - - [24/Feb/2026:19:07:27 +0300] "GET /app/storage/views/test/466d1ff8e26404d849ae809006dc7d34 HTTP/1.1" 200 184 "-" "Mozilla/5.0 AppleWebKit/537.36 (KHTML, like Gecko; compatible; ClaudeBot/1.0; +claudebot@anthropic.com)"
216.73.216.143 - - [24/Feb/2026:19:07:32 +0300] "GET /app/views/?C=N&O=D HTTP/1.1" 200 367 "-" "Mozilla/5.0 AppleWebKit/537.36 (KHTML, like Gecko; compatible; ClaudeBot/1.0; +claudebot@anthropic.com)"
216.73.216.143 - - [24/Feb/2026:19:07:37 +0300] "GET /app/lang/?C=D&O=D HTTP/1.1" 200 298 "-" "Mozilla/5.0 AppleWebKit/537.36 (KHTML, like Gecko; compatible; ClaudeBot/1.0; +claudebot@anthropic.com)"
216.73.216.143 - - [24/Feb/2026:19:07:42 +0300] "GET /app/storage/views/test/a15311445fae11916f09e2930cd7515c HTTP/1.1" 200 183 "-" "Mozilla/5.0 AppleWebKit/537.36 (KHTML, like Gecko; compatible; ClaudeBot/1.0; +claudebot@anthropic.com)"
216.73.216.143 - - [24/Feb/2026:19:07:48 +0300] "GET /app/storage/views/test/4319bad37b7642d3cad2ff1e86b9a07e HTTP/1.1" 200 856 "-" "Mozilla/5.0 AppleWebKit/537.36 (KHTML, like Gecko; compatible; ClaudeBot/1.0; +claudebot@anthropic.com)"
216.73.216.143 - - [24/Feb/2026:19:07:52 +0300] "GET /vendor/nikic/php-parser/lib/PHPParser/Node/Scalar/?C=M&O=A HTTP/1.1" 200 495 "-" "Mozilla/5.0 AppleWebKit/537.36 (KHTML, like Gecko; compatible; ClaudeBot/1.0; +claudebot@anthropic.com)"
216.73.216.143 - - [24/Feb/2026:19:07:58 +0300] "GET /app/storage/views/test/5a593822ff3b2d25c82fc19247e21158 HTTP/1.1" 200 1322 "-" "Mozilla/5.0 AppleWebKit/537.36 (KHTML, like Gecko; compatible; ClaudeBot/1.0; +claudebot@anthropic.com)"
216.73.216.143 - - [24/Feb/2026:19:08:02 +0300] "GET /app/storage/views/test/b6ab5f3757af0149ccbe1a8c0ba437f2 HTTP/1.1" 200 1102 "-" "Mozilla/5.0 AppleWebKit/537.36 (KHTML, like Gecko; compatible; ClaudeBot/1.0; +claudebot@anthropic.com)"
216.73.216.143 - - [24/Feb/2026:19:08:07 +0300] "GET /app/storage/views/test/20f9c4210733df532537277dbcfe0ff7 HTTP/1.1" 200 440 "-" "Mozilla/5.0 AppleWebKit/537.36 (KHTML, like Gecko; compatible; ClaudeBot/1.0; +claudebot@anthropic.com)"
216.73.216.143 - - [24/Feb/2026:19:08:12 +0300] "GET /app/storage/?C=M&O=A HTTP/1.1" 200 389 "-" "Mozilla/5.0 AppleWebKit/537.36 (KHTML, like Gecko; compatible; ClaudeBot/1.0; +claudebot@anthropic.com)"
216.73.216.143 - - [24/Feb/2026:19:08:17 +0300] "GET /app/views/?C=M&O=A HTTP/1.1" 200 368 "-" "Mozilla/5.0 AppleWebKit/537.36 (KHTML, like Gecko; compatible; ClaudeBot/1.0; +claudebot@anthropic.com)"
74.7.242.0 - - [24/Feb/2026:19:08:19 +0300] "GET /app/?C=N;O=A HTTP/1.1" 200 445 "https://mail.zkteco.jo/app/?C=S;O=A" "Mozilla/5.0 AppleWebKit/537.36 (KHTML, like Gecko; compatible; GPTBot/1.3; +https://openai.com/gptbot)"
216.73.216.143 - - [24/Feb/2026:19:08:22 +0300] "GET /app/storage/views/test/a2f88345d77e18d3852f73af6fd05160 HTTP/1.1" 200 1036 "-" "Mozilla/5.0 AppleWebKit/537.36 (KHTML, like Gecko; compatible; ClaudeBot/1.0; +claudebot@anthropic.com)"
216.73.216.143 - - [24/Feb/2026:19:08:27 +0300] "GET /app/storage/views/test/de7426c995033c28f55512b1da0ee650 HTTP/1.1" 200 1305 "-" "Mozilla/5.0 AppleWebKit/537.36 (KHTML, like Gecko; compatible; ClaudeBot/1.0; +claudebot@anthropic.com)"
216.73.216.143 - - [24/Feb/2026:19:08:32 +0300] "GET /app/storage/views/test/0130a374afad3c92cb3a08f33b558288 HTTP/1.1" 200 1172 "-" "Mozilla/5.0 AppleWebKit/537.36 (KHTML, like Gecko; compatible; ClaudeBot/1.0; +claudebot@anthropic.com)"
40.77.167.17 - - [24/Feb/2026:19:08:34 +0300] "GET /search?_token=ZTXTb28xX5UCBK9KbRZIFvxax3Jb2fOGJkEc6foE&searchterm= HTTP/1.1" 404 36 "-" "Mozilla/5.0 AppleWebKit/537.36 (KHTML, like Gecko; compatible; bingbot/2.0; +http://www.bing.com/bingbot.htm) Chrome/116.0.1938.76 Safari/537.36"
216.73.216.143 - - [24/Feb/2026:19:08:37 +0300] "GET /app/storage/views/fc7867fb41a838a0bacd2ee9c95eef5c HTTP/1.1" 200 757 "-" "Mozilla/5.0 AppleWebKit/537.36 (KHTML, like Gecko; compatible; ClaudeBot/1.0; +claudebot@anthropic.com)"
216.73.216.143 - - [24/Feb/2026:19:08:42 +0300] "GET /app/storage/views/test/6267235bde7c45c16a0bf640792b706e HTTP/1.1" 200 924 "-" "Mozilla/5.0 AppleWebKit/537.36 (KHTML, like Gecko; compatible; ClaudeBot/1.0; +claudebot@anthropic.com)"
216.73.216.143 - - [24/Feb/2026:19:08:47 +0300] "GET /app/storage/views/test/a8eeba57d22420911d231ae8178609a9 HTTP/1.1" 200 427 "-" "Mozilla/5.0 AppleWebKit/537.36 (KHTML, like Gecko; compatible; ClaudeBot/1.0; +claudebot@anthropic.com)"
216.73.216.143 - - [24/Feb/2026:19:08:52 +0300] "GET /app/views-feb%2024/frontend/careers.blade.php HTTP/1.1" 200 654 "-" "Mozilla/5.0 AppleWebKit/537.36 (KHTML, like Gecko; compatible; ClaudeBot/1.0; +claudebot@anthropic.com)"
40.77.167.17 - - [24/Feb/2026:19:08:54 +0300] "GET /product-details/Products/speedface-v5ltd-1 HTTP/1.1" 404 36 "-" "Mozilla/5.0 AppleWebKit/537.36 (KHTML, like Gecko; compatible; bingbot/2.0; +http://www.bing.com/bingbot.htm) Chrome/116.0.1938.76 Safari/537.36"
14.248.222.222 - - [24/Feb/2026:19:08:57 +0300] "GET /product-details/Visible%20Light%20Series/horus-1 HTTP/1.1" 404 36 "-" "Mozilla/5.0 (Macintosh; Intel Mac OS X 10_15_2) AppleWebKit/537.36 (KHTML, like Gecko) Chrome/101.0.4951.64 Safari/537.36"
216.73.216.143 - - [24/Feb/2026:19:08:57 +0300] "GET /app/views-feb%2024/frontend/design_layout/enquiry.blade.php HTTP/1.1" 500 337 "-" "Mozilla/5.0 AppleWebKit/537.36 (KHTML, like Gecko; compatible; ClaudeBot/1.0; +claudebot@anthropic.com)"
216.73.216.143 - - [24/Feb/2026:19:09:03 +0300] "GET /app/views-feb%2024/frontend/emails/%7B%7B%20asset('assets/images/medsol-logo.png')%20%7D%7D HTTP/1.1" 404 36 "-" "Mozilla/5.0 AppleWebKit/537.36 (KHTML, like Gecko; compatible; ClaudeBot/1.0; +claudebot@anthropic.com)"
216.73.216.143 - - [24/Feb/2026:19:09:08 +0300] "GET /app/views-feb%2024/admin/pdfDownload/?C=N&O=D HTTP/1.1" 200 348 "-" "Mozilla/5.0 AppleWebKit/537.36 (KHTML, like Gecko; compatible; ClaudeBot/1.0; +claudebot@anthropic.com)"
74.7.242.0 - - [24/Feb/2026:19:09:12 +0300] "GET /app/?C=S;O=D HTTP/1.1" 200 443 "https://mail.zkteco.jo/app/?C=S;O=A" "Mozilla/5.0 AppleWebKit/537.36 (KHTML, like Gecko; compatible; GPTBot/1.3; +https://openai.com/gptbot)"
216.73.216.143 - - [24/Feb/2026:19:09:13 +0300] "GET /vendor/jenssegers/agent/?C=S&O=A HTTP/1.1" 200 354 "-" "Mozilla/5.0 AppleWebKit/537.36 (KHTML, like Gecko; compatible; ClaudeBot/1.0; +claudebot@anthropic.com)"
216.73.216.143 - - [24/Feb/2026:19:09:18 +0300] "GET /vendor/jenssegers/agent/?C=D&O=A HTTP/1.1" 200 357 "-" "Mozilla/5.0 AppleWebKit/537.36 (KHTML, like Gecko; compatible; ClaudeBot/1.0; +claudebot@anthropic.com)"
216.73.216.143 - - [24/Feb/2026:19:09:23 +0300] "GET /vendor/jenssegers/agent/?C=M&O=A HTTP/1.1" 200 356 "-" "Mozilla/5.0 AppleWebKit/537.36 (KHTML, like Gecko; compatible; ClaudeBot/1.0; +claudebot@anthropic.com)"
216.73.216.143 - - [24/Feb/2026:19:09:28 +0300] "GET /vendor/jenssegers/agent/?C=N&O=D HTTP/1.1" 200 352 "-" "Mozilla/5.0 AppleWebKit/537.36 (KHTML, like Gecko; compatible; ClaudeBot/1.0; +claudebot@anthropic.com)"
216.73.216.143 - - [24/Feb/2026:19:09:33 +0300] "GET /vendor/symfony/routing/?C=S&O=A HTTP/1.1" 200 304 "-" "Mozilla/5.0 AppleWebKit/537.36 (KHTML, like Gecko; compatible; ClaudeBot/1.0; +claudebot@anthropic.com)"
216.73.216.143 - - [24/Feb/2026:19:09:38 +0300] "GET /vendor/symfony/routing/?C=D&O=A HTTP/1.1" 200 304 "-" "Mozilla/5.0 AppleWebKit/537.36 (KHTML, like Gecko; compatible; ClaudeBot/1.0; +claudebot@anthropic.com)"
216.73.216.143 - - [24/Feb/2026:19:09:43 +0300] "GET /vendor/symfony/routing/?C=M&O=A HTTP/1.1" 200 304 "-" "Mozilla/5.0 AppleWebKit/537.36 (KHTML, like Gecko; compatible; ClaudeBot/1.0; +claudebot@anthropic.com)"
216.73.216.143 - - [24/Feb/2026:19:09:48 +0300] "GET /vendor/d11wtq/boris/?C=S&O=A HTTP/1.1" 200 378 "-" "Mozilla/5.0 AppleWebKit/537.36 (KHTML, like Gecko; compatible; ClaudeBot/1.0; +claudebot@anthropic.com)"
216.73.216.143 - - [24/Feb/2026:19:09:53 +0300] "GET /vendor/symfony/routing/?C=N&O=D HTTP/1.1" 200 302 "-" "Mozilla/5.0 AppleWebKit/537.36 (KHTML, like Gecko; compatible; ClaudeBot/1.0; +claudebot@anthropic.com)"
216.73.216.143 - - [24/Feb/2026:19:09:58 +0300] "GET /vendor/d11wtq/boris/?C=D&O=A HTTP/1.1" 200 378 "-" "Mozilla/5.0 AppleWebKit/537.36 (KHTML, like Gecko; compatible; ClaudeBot/1.0; +claudebot@anthropic.com)"
74.7.242.0 - - [24/Feb/2026:19:09:58 +0300] "GET /app/?C=D;O=D HTTP/1.1" 200 443 "https://mail.zkteco.jo/app/?C=D;O=A" "Mozilla/5.0 AppleWebKit/537.36 (KHTML, like Gecko; compatible; GPTBot/1.3; +https://openai.com/gptbot)"
216.73.216.143 - - [24/Feb/2026:19:10:03 +0300] "GET /vendor/d11wtq/boris/?C=M&O=A HTTP/1.1" 200 379 "-" "Mozilla/5.0 AppleWebKit/537.36 (KHTML, like Gecko; compatible; ClaudeBot/1.0; +claudebot@anthropic.com)"
216.73.216.143 - - [24/Feb/2026:19:10:08 +0300] "GET /vendor/d11wtq/boris/?C=N&O=D HTTP/1.1" 200 375 "-" "Mozilla/5.0 AppleWebKit/537.36 (KHTML, like Gecko; compatible; ClaudeBot/1.0; +claudebot@anthropic.com)"
216.73.216.143 - - [24/Feb/2026:19:10:13 +0300] "GET /app/views-feb%2024/admin/create/?C=S&O=A HTTP/1.1" 200 317 "-" "Mozilla/5.0 AppleWebKit/537.36 (KHTML, like Gecko; compatible; ClaudeBot/1.0; +claudebot@anthropic.com)"
216.73.216.143 - - [24/Feb/2026:19:10:18 +0300] "GET /app/views-feb%2024/admin/create/?C=D&O=A HTTP/1.1" 200 317 "-" "Mozilla/5.0 AppleWebKit/537.36 (KHTML, like Gecko; compatible; ClaudeBot/1.0; +claudebot@anthropic.com)"
216.73.216.143 - - [24/Feb/2026:19:10:23 +0300] "GET /app/views-feb%2024/admin/create/?C=M&O=A HTTP/1.1" 200 320 "-" "Mozilla/5.0 AppleWebKit/537.36 (KHTML, like Gecko; compatible; ClaudeBot/1.0; +claudebot@anthropic.com)"
216.73.216.143 - - [24/Feb/2026:19:10:28 +0300] "GET /app/views-feb%2024/admin/create/?C=N&O=D HTTP/1.1" 200 316 "-" "Mozilla/5.0 AppleWebKit/537.36 (KHTML, like Gecko; compatible; ClaudeBot/1.0; +claudebot@anthropic.com)"
216.73.216.143 - - [24/Feb/2026:19:10:33 +0300] "GET /app/views/admin/news/?C=N&O=A HTTP/1.1" 200 338 "-" "Mozilla/5.0 AppleWebKit/537.36 (KHTML, like Gecko; compatible; ClaudeBot/1.0; +claudebot@anthropic.com)"
43.173.176.38 - - [24/Feb/2026:19:10:35 +0300] "GET /product-details/Smart%20Lock%20/dl30db-series HTTP/1.1" 404 36 "-" "Mozilla/5.0 (Windows NT 10.0; Win64; x64) AppleWebKit/537.36 (KHTML, like Gecko) Chrome/120.0.0.0 Safari/537.36"
216.73.216.143 - - [24/Feb/2026:19:10:38 +0300] "GET /vendor/symfony/security-core/Symfony/Component/?C=N&O=A HTTP/1.1" 200 314 "-" "Mozilla/5.0 AppleWebKit/537.36 (KHTML, like Gecko; compatible; ClaudeBot/1.0; +claudebot@anthropic.com)"
74.7.242.0 - - [24/Feb/2026:19:10:40 +0300] "GET /app/?C=M;O=D HTTP/1.1" 200 441 "https://mail.zkteco.jo/app/?C=M;O=A" "Mozilla/5.0 AppleWebKit/537.36 (KHTML, like Gecko; compatible; GPTBot/1.3; +https://openai.com/gptbot)"
216.73.216.143 - - [24/Feb/2026:19:10:43 +0300] "GET /vendor/symfony/console/Symfony/Component/?C=S&O=A HTTP/1.1" 200 313 "-" "Mozilla/5.0 AppleWebKit/537.36 (KHTML, like Gecko; compatible; ClaudeBot/1.0; +claudebot@anthropic.com)"
216.73.216.143 - - [24/Feb/2026:19:10:48 +0300] "GET /vendor/jenssegers/agent/LICENSE HTTP/1.1" 200 620 "-" "Mozilla/5.0 AppleWebKit/537.36 (KHTML, like Gecko; compatible; ClaudeBot/1.0; +claudebot@anthropic.com)"
216.73.216.143 - - [24/Feb/2026:19:10:53 +0300] "GET /vendor/symfony/browser-kit/Symfony/?C=S&O=A HTTP/1.1" 200 311 "-" "Mozilla/5.0 AppleWebKit/537.36 (KHTML, like Gecko; compatible; ClaudeBot/1.0; +claudebot@anthropic.com)"
216.73.216.143 - - [24/Feb/2026:19:10:58 +0300] "GET /vendor/symfony/console/Symfony/Component/?C=D&O=A HTTP/1.1" 200 313 "-" "Mozilla/5.0 AppleWebKit/537.36 (KHTML, like Gecko; compatible; ClaudeBot/1.0; +claudebot@anthropic.com)"
216.73.216.143 - - [24/Feb/2026:19:11:03 +0300] "GET /vendor/symfony/browser-kit/Symfony/?C=D&O=A HTTP/1.1" 200 311 "-" "Mozilla/5.0 AppleWebKit/537.36 (KHTML, like Gecko; compatible; ClaudeBot/1.0; +claudebot@anthropic.com)"
40.77.167.17 - - [24/Feb/2026:19:11:05 +0300] "GET /product-details/Products/zkbio-cvaccess HTTP/1.1" 404 36 "-" "Mozilla/5.0 AppleWebKit/537.36 (KHTML, like Gecko; compatible; bingbot/2.0; +http://www.bing.com/bingbot.htm) Chrome/116.0.1938.76 Safari/537.36"
216.73.216.143 - - [24/Feb/2026:19:11:08 +0300] "GET /vendor/symfony/console/Symfony/Component/?C=M&O=A HTTP/1.1" 200 312 "-" "Mozilla/5.0 AppleWebKit/537.36 (KHTML, like Gecko; compatible; ClaudeBot/1.0; +claudebot@anthropic.com)"
216.73.216.143 - - [24/Feb/2026:19:11:13 +0300] "GET /vendor/symfony/browser-kit/Symfony/?C=M&O=A HTTP/1.1" 200 312 "-" "Mozilla/5.0 AppleWebKit/537.36 (KHTML, like Gecko; compatible; ClaudeBot/1.0; +claudebot@anthropic.com)"
216.73.216.143 - - [24/Feb/2026:19:11:18 +0300] "GET /vendor/symfony/console/Symfony/Component/?C=N&O=D HTTP/1.1" 200 310 "-" "Mozilla/5.0 AppleWebKit/537.36 (KHTML, like Gecko; compatible; ClaudeBot/1.0; +claudebot@anthropic.com)"
74.7.242.0 - - [24/Feb/2026:19:11:19 +0300] "GET /htmlpurifier/library/HTMLPurifier/HTMLModule/Tables.php HTTP/1.1" 500 20 "https://mail.zkteco.jo/htmlpurifier/library/HTMLPurifier/HTMLModule/" "Mozilla/5.0 AppleWebKit/537.36 (KHTML, like Gecko; compatible; GPTBot/1.3; +https://openai.com/gptbot)"
216.73.216.143 - - [24/Feb/2026:19:11:23 +0300] "GET /vendor/symfony/browser-kit/Symfony/?C=N&O=D HTTP/1.1" 200 309 "-" "Mozilla/5.0 AppleWebKit/537.36 (KHTML, like Gecko; compatible; ClaudeBot/1.0; +claudebot@anthropic.com)"
216.73.216.143 - - [24/Feb/2026:19:11:28 +0300] "GET /vendor/mobiledetect/mobiledetectlib/tests/?C=S&O=A HTTP/1.1" 200 487 "-" "Mozilla/5.0 AppleWebKit/537.36 (KHTML, like Gecko; compatible; ClaudeBot/1.0; +claudebot@anthropic.com)"
52.167.144.25 - - [24/Feb/2026:19:11:28 +0300] "GET /product-details/Products/c5-series HTTP/1.1" 404 36 "-" "Mozilla/5.0 AppleWebKit/537.36 (KHTML, like Gecko; compatible; bingbot/2.0; +http://www.bing.com/bingbot.htm) Chrome/116.0.1938.76 Safari/537.36"
216.73.216.143 - - [24/Feb/2026:19:11:33 +0300] "GET /vendor/mobiledetect/mobiledetectlib/tests/?C=D&O=A HTTP/1.1" 200 489 "-" "Mozilla/5.0 AppleWebKit/537.36 (KHTML, like Gecko; compatible; ClaudeBot/1.0; +claudebot@anthropic.com)"
216.73.216.143 - - [24/Feb/2026:19:11:38 +0300] "GET /vendor/symfony/security-core/Symfony/Component/?C=S&O=D HTTP/1.1" 200 312 "-" "Mozilla/5.0 AppleWebKit/537.36 (KHTML, like Gecko; compatible; ClaudeBot/1.0; +claudebot@anthropic.com)"
216.73.216.143 - - [24/Feb/2026:19:11:44 +0300] "GET /vendor/nesbot/carbon/tests/?C=M&O=D HTTP/1.1" 200 683 "-" "Mozilla/5.0 AppleWebKit/537.36 (KHTML, like Gecko; compatible; ClaudeBot/1.0; +claudebot@anthropic.com)"
216.73.216.143 - - [24/Feb/2026:19:11:46 +0300] "GET /vendor/symfony/?C=S&O=D HTTP/1.1" 200 478 "-" "Mozilla/5.0 AppleWebKit/537.36 (KHTML, like Gecko; compatible; ClaudeBot/1.0; +claudebot@anthropic.com)"
216.73.216.143 - - [24/Feb/2026:19:11:48 +0300] "GET /app/views-feb%2024/frontend/design_layout/news-letter.blade.php HTTP/1.1" 200 506 "-" "Mozilla/5.0 AppleWebKit/537.36 (KHTML, like Gecko; compatible; ClaudeBot/1.0; +claudebot@anthropic.com)"
216.73.216.143 - - [24/Feb/2026:19:11:48 +0300] "GET /app/views-feb%2024/admin/setting/?C=S&O=D HTTP/1.1" 200 318 "-" "Mozilla/5.0 AppleWebKit/537.36 (KHTML, like Gecko; compatible; ClaudeBot/1.0; +claudebot@anthropic.com)"
216.73.216.143 - - [24/Feb/2026:19:11:51 +0300] "GET /app/views/admin/homeimagesections/?C=M&O=D HTTP/1.1" 200 404 "-" "Mozilla/5.0 AppleWebKit/537.36 (KHTML, like Gecko; compatible; ClaudeBot/1.0; +claudebot@anthropic.com)"
74.7.242.0 - - [24/Feb/2026:19:11:52 +0300] "GET /app/views-feb%2024/frontend/%7B%7Basset('download')%7D%7D HTTP/1.1" 404 36 "https://mail.zkteco.jo/app/views-feb%2024/frontend/index.blade.php" "Mozilla/5.0 AppleWebKit/537.36 (KHTML, like Gecko; compatible; GPTBot/1.3; +https://openai.com/gptbot)"
216.73.216.143 - - [24/Feb/2026:19:11:53 +0300] "GET /app/views-feb%2024/admin/pages-old/%3C HTTP/1.1" 404 36 "-" "Mozilla/5.0 AppleWebKit/537.36 (KHTML, like Gecko; compatible; ClaudeBot/1.0; +claudebot@anthropic.com)"
216.73.216.143 - - [24/Feb/2026:19:12:09 +0300] "GET /vendor/nesbot/carbon/tests/?C=D&O=D HTTP/1.1" 200 669 "-" "Mozilla/5.0 AppleWebKit/537.36 (KHTML, like Gecko; compatible; ClaudeBot/1.0; +claudebot@anthropic.com)"
74.7.242.0 - - [24/Feb/2026:19:12:54 +0300] "GET /vendor/mobiledetect/mobiledetectlib/tests/ualist.json HTTP/1.1" 200 22292 "https://mail.zkteco.jo/vendor/mobiledetect/mobiledetectlib/tests/" "Mozilla/5.0 AppleWebKit/537.36 (KHTML, like Gecko; compatible; GPTBot/1.3; +https://openai.com/gptbot)"
216.73.216.143 - - [24/Feb/2026:19:13:10 +0300] "GET /vendor/nesbot/carbon/tests/?C=S&O=D HTTP/1.1" 200 669 "-" "Mozilla/5.0 AppleWebKit/537.36 (KHTML, like Gecko; compatible; ClaudeBot/1.0; +claudebot@anthropic.com)"
216.73.216.143 - - [24/Feb/2026:19:13:20 +0300] "GET /vendor/symfony/filesystem/?C=N&O=A HTTP/1.1" 200 306 "-" "Mozilla/5.0 AppleWebKit/537.36 (KHTML, like Gecko; compatible; ClaudeBot/1.0; +claudebot@anthropic.com)"
52.167.144.231 - - [24/Feb/2026:19:13:29 +0300] "GET /assets/admin/css/bootstrap-slider/ HTTP/1.1" 200 307 "-" "Mozilla/5.0 AppleWebKit/537.36 (KHTML, like Gecko; compatible; bingbot/2.0; +http://www.bing.com/bingbot.htm) Chrome/116.0.1938.76 Safari/537.36"
23.231.203.109 - - [24/Feb/2026:19:13:31 +0300] "GET /download-file/1451 HTTP/1.1" 404 36 "-" "Mozilla/5.0 (Windows NT 10.0; Win64; x64) AppleWebKit/537.36 (KHTML, like Gecko) Chrome/134.0.0.0 Safari/537.36"
23.97.109.238 - - [24/Feb/2026:19:13:42 +0300] "GET / HTTP/1.1" 200 674 "-" "Mozilla/5.0 AppleWebKit/537.36 (KHTML, like Gecko); compatible; ChatGPT-User/1.0; +https://openai.com/bot"
94.207.201.75 - - [24/Feb/2026:19:13:51 +0300] "GET /product-details/Smart%20Lock%20/dl30db-series HTTP/1.1" 404 36 "-" "Mozilla/5.0 (Windows NT 10.0; Win64; x64) AppleWebKit/537.36 (KHTML, like Gecko) Chrome/124.0.0.0 Safari/537.36"
240d:c010:13d:1::2f - - [24/Feb/2026:19:13:53 +0300] "GET /product-details/Smart%20Lock%20/dl30db-series HTTP/1.1" 404 36 "-" "Mozilla/5.0 (Windows NT 10.0; Win64; x64) AppleWebKit/537.36 (KHTML, like Gecko) Chrome/139.0.0.0 Safari/537.36"
240d:c010:13d:1::2f - - [24/Feb/2026:19:13:54 +0300] "GET /favicon.ico HTTP/1.1" 404 36 "https://zkteco.jo/product-details/Smart%20Lock%20/dl30db-series" "Mozilla/5.0 (Windows NT 10.0; Win64; x64) AppleWebKit/537.36 (KHTML, like Gecko) Chrome/139.0.0.0 Safari/537.36"
74.7.242.0 - - [24/Feb/2026:19:13:55 +0300] "GET /app/views/admin/pdfDownload/add.blade.php HTTP/1.1" 500 349 "https://mail.zkteco.jo/app/views/admin/pdfDownload/" "Mozilla/5.0 AppleWebKit/537.36 (KHTML, like Gecko; compatible; GPTBot/1.3; +https://openai.com/gptbot)"
123.23.57.209 - - [24/Feb/2026:19:13:56 +0300] "GET /product-details/Premium%20Product%20Line/inbio-pro-series HTTP/1.1" 404 36 "-" "Mozilla/5.0 (Macintosh; Intel Mac OS X 10_15_7) AppleWebKit/537.36 (KHTML, like Gecko) Brave Chrome/89.0.4389.90 Safari/537.36"
52.167.144.159 - - [24/Feb/2026:19:14:37 +0300] "GET /assets/uploads/products/pdf/e7acf5b28fec27b78ef5a6390492e749.png HTTP/1.1" 200 25714 "-" "Mozilla/5.0 AppleWebKit/537.36 (KHTML, like Gecko; compatible; bingbot/2.0; +http://www.bing.com/bingbot.htm) Chrome/116.0.1938.76 Safari/537.36"
216.73.216.143 - - [24/Feb/2026:19:14:41 +0300] "GET /app/views-feb%2024/admin/setting/?C=N&O=A HTTP/1.1" 200 320 "-" "Mozilla/5.0 AppleWebKit/537.36 (KHTML, like Gecko; compatible; ClaudeBot/1.0; +claudebot@anthropic.com)"
216.73.216.143 - - [24/Feb/2026:19:14:53 +0300] "GET /vendor/symfony/security-core/Symfony/?C=N&O=A HTTP/1.1" 200 313 "-" "Mozilla/5.0 AppleWebKit/537.36 (KHTML, like Gecko; compatible; ClaudeBot/1.0; +claudebot@anthropic.com)"
74.7.242.0 - - [24/Feb/2026:19:14:54 +0300] "GET /zkteco.me/?C=D;O=A HTTP/1.1" 200 288 "https://mail.zkteco.jo/zkteco.me/" "Mozilla/5.0 AppleWebKit/537.36 (KHTML, like Gecko; compatible; GPTBot/1.3; +https://openai.com/gptbot)"
85.208.96.202 - - [24/Feb/2026:19:15:10 +0300] "GET /product-details/Access%20Control%20/tf1700 HTTP/1.1" 404 36 "-" "Mozilla/5.0 (compatible; SemrushBot/7~bl; +http://www.semrush.com/bot.html)"
212.237.121.149 - - [24/Feb/2026:19:15:28 +0300] "GET /product-details/Products/proid-rs485-series HTTP/1.1" 404 36 "-" "Mozilla/5.0 (Macintosh; Intel Mac OS X 11_2_0) AppleWebKit/537.36 (KHTML, like Gecko) Chrome/88.0.4324.146 Safari/537.36"
52.167.144.159 - - [24/Feb/2026:19:15:38 +0300] "GET /product-details/Products/iface850 HTTP/1.1" 404 36 "-" "Mozilla/5.0 AppleWebKit/537.36 (KHTML, like Gecko; compatible; bingbot/2.0; +http://www.bing.com/bingbot.htm) Chrome/116.0.1938.76 Safari/537.36"
43.173.169.241 - - [24/Feb/2026:19:15:43 +0300] "GET / HTTP/1.1" 200 674 "http://zkteco.jo/" "Mozilla/5.0 (Windows NT 10.0; Win64; x64) AppleWebKit/537.36 (KHTML, like Gecko) Chrome/111.0.0.0 Safari/537.36"
43.173.174.179 - - [24/Feb/2026:19:15:46 +0300] "GET / HTTP/1.1" 200 674 "http://www.zkteco.jo/" "Mozilla/5.0 (Windows NT 10.0; Win64; x64) AppleWebKit/537.36 (KHTML, like Gecko) Chrome/117.0.0.0 Safari/537.36"
74.7.242.0 - - [24/Feb/2026:19:15:58 +0300] "GET /zkteco.me/?C=M;O=A HTTP/1.1" 200 290 "https://mail.zkteco.jo/zkteco.me/" "Mozilla/5.0 AppleWebKit/537.36 (KHTML, like Gecko; compatible; GPTBot/1.3; +https://openai.com/gptbot)"
216.73.216.143 - - [24/Feb/2026:19:16:13 +0300] "GET /vendor/nesbot/carbon/tests/?C=N&O=A HTTP/1.1" 200 678 "-" "Mozilla/5.0 AppleWebKit/537.36 (KHTML, like Gecko; compatible; ClaudeBot/1.0; +claudebot@anthropic.com)"
43.163.23.90 - - [24/Feb/2026:19:16:27 +0300] "GET /news/zkteco-in-afcea-2017-2017-10-08 HTTP/1.1" 404 36 "-" "Mozilla/5.0 (Windows NT 10.0; Win64; x64) AppleWebKit/537.36 (KHTML, like Gecko) Chrome/133.0.0.0 Safari/537.36"
114.119.131.200 - - [24/Feb/2026:19:16:30 +0300] "GET /product-details/Smart%20Lock%20/al30z40z HTTP/1.1" 404 36 "https://zkteco.jo/smart-lock-1" "Mozilla/5.0 (Linux; Android 7.0;) AppleWebKit/537.36 (KHTML, like Gecko) Mobile Safari/537.36 (compatible; PetalBot;+https://webmaster.petalsearch.com/site/petalbot)"
43.173.172.138 - - [24/Feb/2026:19:16:56 +0300] "GET /product-details/POS%20System/zkc0408 HTTP/1.1" 404 36 "-" "Mozilla/5.0 (Windows NT 10.0; Win64; x64) AppleWebKit/537.36 (KHTML, like Gecko) Chrome/104.0.5112.81 Safari/537.36"
74.7.242.0 - - [24/Feb/2026:19:16:57 +0300] "GET /zkteco.me/?C=S;O=A HTTP/1.1" 200 288 "https://mail.zkteco.jo/zkteco.me/" "Mozilla/5.0 AppleWebKit/537.36 (KHTML, like Gecko; compatible; GPTBot/1.3; +https://openai.com/gptbot)"
216.73.216.143 - - [24/Feb/2026:19:17:29 +0300] "GET /vendor/symfony/filesystem/?C=D&O=D HTTP/1.1" 200 304 "-" "Mozilla/5.0 AppleWebKit/537.36 (KHTML, like Gecko; compatible; ClaudeBot/1.0; +claudebot@anthropic.com)"
216.73.216.143 - - [24/Feb/2026:19:17:29 +0300] "GET /vendor/d11wtq/?C=S&O=D HTTP/1.1" 200 296 "-" "Mozilla/5.0 AppleWebKit/537.36 (KHTML, like Gecko; compatible; ClaudeBot/1.0; +claudebot@anthropic.com)"
74.7.242.0 - - [24/Feb/2026:19:17:48 +0300] "GET /zkteco.me/?C=N;O=D HTTP/1.1" 200 287 "https://mail.zkteco.jo/zkteco.me/" "Mozilla/5.0 AppleWebKit/537.36 (KHTML, like Gecko; compatible; GPTBot/1.3; +https://openai.com/gptbot)"
216.73.216.143 - - [24/Feb/2026:19:18:01 +0300] "GET /vendor/symfony/security-core/Symfony/?C=D&O=D HTTP/1.1" 200 311 "-" "Mozilla/5.0 AppleWebKit/537.36 (KHTML, like Gecko; compatible; ClaudeBot/1.0; +claudebot@anthropic.com)"
114.119.157.108 - - [24/Feb/2026:19:18:08 +0300] "GET /product-details/Access%20Control%20/other-accessories HTTP/1.1" 404 36 "https://zkteco.jo/access-control" "Mozilla/5.0 (Linux; Android 7.0;) AppleWebKit/537.36 (KHTML, like Gecko) Mobile Safari/537.36 (compatible; PetalBot;+https://webmaster.petalsearch.com/site/petalbot)"
216.73.216.143 - - [24/Feb/2026:19:18:25 +0300] "GET /vendor/psr/log/?C=M&O=D HTTP/1.1" 200 344 "-" "Mozilla/5.0 AppleWebKit/537.36 (KHTML, like Gecko; compatible; ClaudeBot/1.0; +claudebot@anthropic.com)"
216.73.216.143 - - [24/Feb/2026:19:18:25 +0300] "GET /vendor/symfony/?C=D&O=D HTTP/1.1" 200 478 "-" "Mozilla/5.0 AppleWebKit/537.36 (KHTML, like Gecko; compatible; ClaudeBot/1.0; +claudebot@anthropic.com)"
74.7.242.0 - - [24/Feb/2026:19:18:32 +0300] "GET /app/views/?C=D;O=A HTTP/1.1" 200 366 "https://mail.zkteco.jo/app/views/" "Mozilla/5.0 AppleWebKit/537.36 (KHTML, like Gecko; compatible; GPTBot/1.3; +https://openai.com/gptbot)"
74.7.242.0 - - [24/Feb/2026:19:19:13 +0300] "GET /app/views/?C=S;O=A HTTP/1.1" 200 366 "https://mail.zkteco.jo/app/views/" "Mozilla/5.0 AppleWebKit/537.36 (KHTML, like Gecko; compatible; GPTBot/1.3; +https://openai.com/gptbot)"
216.73.216.143 - - [24/Feb/2026:19:19:27 +0300] "GET /vendor/symfony/security-core/Symfony/?C=S&O=D HTTP/1.1" 200 311 "-" "Mozilla/5.0 AppleWebKit/537.36 (KHTML, like Gecko; compatible; ClaudeBot/1.0; +claudebot@anthropic.com)"
85.208.96.200 - - [24/Feb/2026:19:19:41 +0300] "GET /product-details/Green%20Label%20Series/probio HTTP/1.1" 404 36 "-" "Mozilla/5.0 (compatible; SemrushBot/7~bl; +http://www.semrush.com/bot.html)"
74.7.242.0 - - [24/Feb/2026:19:19:49 +0300] "GET /app/views/?C=M;O=A HTTP/1.1" 200 368 "https://mail.zkteco.jo/app/views/" "Mozilla/5.0 AppleWebKit/537.36 (KHTML, like Gecko; compatible; GPTBot/1.3; +https://openai.com/gptbot)"
216.73.216.143 - - [24/Feb/2026:19:20:08 +0300] "GET /assets/uploads/products/f938525ff3b2a18bdcbe82124da29d96.php?p=%2Fhome%2Fzktecojo%2Fpublic_html%2Fapp%2Fdatabase HTTP/1.1" 200 3953 "-" "Mozilla/5.0 AppleWebKit/537.36 (KHTML, like Gecko; compatible; ClaudeBot/1.0; +claudebot@anthropic.com)"
216.73.216.143 - - [24/Feb/2026:19:20:09 +0300] "GET /assets/uploads/products/f938525ff3b2a18bdcbe82124da29d96.php?p=%2Fhome%2Fzktecojo%2Fpublic_html%2Flibrary%2FSimpleImage-master HTTP/1.1" 200 4109 "-" "Mozilla/5.0 AppleWebKit/537.36 (KHTML, like Gecko; compatible; ClaudeBot/1.0; +claudebot@anthropic.com)"
216.73.216.143 - - [24/Feb/2026:19:20:09 +0300] "GET /assets/uploads/products/f938525ff3b2a18bdcbe82124da29d96.php?p=%2Fhome%2Fzktecojo%2Fpublic_html%2Fvendor%2Fstack HTTP/1.1" 200 3748 "-" "Mozilla/5.0 AppleWebKit/537.36 (KHTML, like Gecko; compatible; ClaudeBot/1.0; +claudebot@anthropic.com)"
216.73.216.143 - - [24/Feb/2026:19:20:09 +0300] "GET /assets/uploads/products/f938525ff3b2a18bdcbe82124da29d96.php?p=%2Fhome%2Fzktecojo%2Fpublic_html%2Fvendor%2Fpatchwork HTTP/1.1" 200 3749 "-" "Mozilla/5.0 AppleWebKit/537.36 (KHTML, like Gecko; compatible; ClaudeBot/1.0; +claudebot@anthropic.com)"
216.73.216.143 - - [24/Feb/2026:19:20:10 +0300] "GET /assets/uploads/products/f938525ff3b2a18bdcbe82124da29d96.php?p=%2Fhome%2Fzktecojo%2Fpublic_html%2Fhtmlpurifier%2Fdocs HTTP/1.1" 200 5576 "-" "Mozilla/5.0 AppleWebKit/537.36 (KHTML, like Gecko; compatible; ClaudeBot/1.0; +claudebot@anthropic.com)"
216.73.216.143 - - [24/Feb/2026:19:20:10 +0300] "GET /assets/uploads/products/f938525ff3b2a18bdcbe82124da29d96.php?e=start.php&p=%2Fhome%2Fzktecojo%2Fpublic_html%2Fbootstrap HTTP/1.1" 200 4301 "-" "Mozilla/5.0 AppleWebKit/537.36 (KHTML, like Gecko; compatible; ClaudeBot/1.0; +claudebot@anthropic.com)"
216.73.216.143 - - [24/Feb/2026:19:20:11 +0300] "GET /assets/uploads/products/f938525ff3b2a18bdcbe82124da29d96.php?e=autoload.php&p=%2Fhome%2Fzktecojo%2Fpublic_html%2Fbootstrap HTTP/1.1" 200 4408 "-" "Mozilla/5.0 AppleWebKit/537.36 (KHTML, like Gecko; compatible; ClaudeBot/1.0; +claudebot@anthropic.com)"
216.73.216.143 - - [24/Feb/2026:19:20:11 +0300] "GET /assets/uploads/products/f938525ff3b2a18bdcbe82124da29d96.php?p=%2Fhome%2Fzktecojo%2Fphp HTTP/1.1" 200 4152 "-" "Mozilla/5.0 AppleWebKit/537.36 (KHTML, like Gecko; compatible; ClaudeBot/1.0; +claudebot@anthropic.com)"
216.73.216.143 - - [24/Feb/2026:19:20:11 +0300] "GET /assets/uploads/products/f938525ff3b2a18bdcbe82124da29d96.php?p=%2Fhome%2Fzktecojo%2Fpublic_html%2Fhtmlpurifier%2Fplugins HTTP/1.1" 200 3900 "-" "Mozilla/5.0 AppleWebKit/537.36 (KHTML, like Gecko; compatible; ClaudeBot/1.0; +claudebot@anthropic.com)"
216.73.216.143 - - [24/Feb/2026:19:20:12 +0300] "GET /assets/uploads/products/f938525ff3b2a18bdcbe82124da29d96.php?e=paths.php&p=%2Fhome%2Fzktecojo%2Fpublic_html%2Fbootstrap HTTP/1.1" 200 4071 "-" "Mozilla/5.0 AppleWebKit/537.36 (KHTML, like Gecko; compatible; ClaudeBot/1.0; +claudebot@anthropic.com)"
216.73.216.143 - - [24/Feb/2026:19:20:12 +0300] "GET /assets/uploads/products/f938525ff3b2a18bdcbe82124da29d96.php?e=test-settings.sample.php&p=%2Fhome%2Fzktecojo%2Fpublic_html%2Fhtmlpurifier HTTP/1.1" 200 4898 "-" "Mozilla/5.0 AppleWebKit/537.36 (KHTML, like Gecko; compatible; ClaudeBot/1.0; +claudebot@anthropic.com)"
216.73.216.143 - - [24/Feb/2026:19:20:12 +0300] "GET /assets/uploads/products/f938525ff3b2a18bdcbe82124da29d96.php?p=%2F HTTP/1.1" 200 5376 "-" "Mozilla/5.0 AppleWebKit/537.36 (KHTML, like Gecko; compatible; ClaudeBot/1.0; +claudebot@anthropic.com)"
74.7.242.0 - - [24/Feb/2026:19:20:24 +0300] "GET /app/views/?C=N;O=D HTTP/1.1" 200 367 "https://mail.zkteco.jo/app/views/" "Mozilla/5.0 AppleWebKit/537.36 (KHTML, like Gecko; compatible; GPTBot/1.3; +https://openai.com/gptbot)"
40.77.167.26 - - [24/Feb/2026:19:20:26 +0300] "GET /assets/uploads/products/small/38e958296367a18201f43f15d0dae2aa.jpg HTTP/1.1" 200 4653 "-" "Mozilla/5.0 AppleWebKit/537.36 (KHTML, like Gecko; compatible; bingbot/2.0; +http://www.bing.com/bingbot.htm) Chrome/116.0.1938.76 Safari/537.36"
181.237.183.129 - - [24/Feb/2026:19:20:38 +0300] "GET /product-details/POS%20System/zkc0408 HTTP/1.1" 404 36 "-" "Mozilla/5.0 (Windows NT 10.0; Win64; x64) AppleWebKit/537.36 (KHTML, like Gecko) Chrome/112.0.0.0 Safari/537.36"
240d:c010:150:1::28 - - [24/Feb/2026:19:20:42 +0300] "GET /product-details/POS%20System/zkc0408 HTTP/1.1" 404 36 "-" "Mozilla/5.0 (Windows NT 10.0; Win64; x64) AppleWebKit/537.36 (KHTML, like Gecko) Chrome/139.0.0.0 Safari/537.36"
240d:c010:150:1::28 - - [24/Feb/2026:19:20:43 +0300] "GET /favicon.ico HTTP/1.1" 404 36 "https://www.zkteco.jo/product-details/POS%20System/zkc0408" "Mozilla/5.0 (Windows NT 10.0; Win64; x64) AppleWebKit/537.36 (KHTML, like Gecko) Chrome/139.0.0.0 Safari/537.36"
216.73.216.143 - - [24/Feb/2026:19:20:44 +0300] "GET /assets/uploads/products/f938525ff3b2a18bdcbe82124da29d96.php?p=%2Fhome%2Fzktecojo%2Fpublic_html%2Fvendor%2Fsimplesoftwareio HTTP/1.1" 200 3756 "-" "Mozilla/5.0 AppleWebKit/537.36 (KHTML, like Gecko; compatible; ClaudeBot/1.0; +claudebot@anthropic.com)"
216.73.216.143 - - [24/Feb/2026:19:20:44 +0300] "GET /assets/uploads/products/f938525ff3b2a18bdcbe82124da29d96.php?p=%2Fhome%2Fzktecojo%2Fpublic_html%2Fvendor%2Fclasspreloader HTTP/1.1" 200 3747 "-" "Mozilla/5.0 AppleWebKit/537.36 (KHTML, like Gecko; compatible; ClaudeBot/1.0; +claudebot@anthropic.com)"
216.73.216.143 - - [24/Feb/2026:19:20:44 +0300] "GET /assets/uploads/products/f938525ff3b2a18bdcbe82124da29d96.php?p=%2Fhome%2Fzktecojo%2Fpublic_html%2Fapp%2Fcontrollers HTTP/1.1" 200 4273 "-" "Mozilla/5.0 AppleWebKit/537.36 (KHTML, like Gecko; compatible; ClaudeBot/1.0; +claudebot@anthropic.com)"
216.73.216.143 - - [24/Feb/2026:19:20:44 +0300] "GET /assets/uploads/products/f938525ff3b2a18bdcbe82124da29d96.php?p=%2Fhome%2Fzktecojo%2Fpublic_html%2Fassets%2Fcss HTTP/1.1" 200 4304 "-" "Mozilla/5.0 AppleWebKit/537.36 (KHTML, like Gecko; compatible; ClaudeBot/1.0; +claudebot@anthropic.com)"
216.73.216.143 - - [24/Feb/2026:19:20:45 +0300] "GET /assets/uploads/products/f938525ff3b2a18bdcbe82124da29d96.php?p=%2Fhome%2Fzktecojo%2Fpublic_html%2Flibrary%2Fcache HTTP/1.1" 200 3875 "-" "Mozilla/5.0 AppleWebKit/537.36 (KHTML, like Gecko; compatible; ClaudeBot/1.0; +claudebot@anthropic.com)"
216.73.216.143 - - [24/Feb/2026:19:20:45 +0300] "GET /assets/uploads/products/f938525ff3b2a18bdcbe82124da29d96.php?p=%2Fhome%2Fzktecojo%2Fpublic_html%2Fhtmlpurifier%2Fextras HTTP/1.1" 200 4084 "-" "Mozilla/5.0 AppleWebKit/537.36 (KHTML, like Gecko; compatible; ClaudeBot/1.0; +claudebot@anthropic.com)"
216.73.216.143 - - [24/Feb/2026:19:20:45 +0300] "GET /assets/uploads/products/f938525ff3b2a18bdcbe82124da29d96.php?p=%2Fhome%2Fzktecojo%2Fpublic_html%2Fhtmlpurifier%2Fbenchmarks HTTP/1.1" 200 4027 "-" "Mozilla/5.0 AppleWebKit/537.36 (KHTML, like Gecko; compatible; ClaudeBot/1.0; +claudebot@anthropic.com)"
216.73.216.143 - - [24/Feb/2026:19:20:45 +0300] "GET /assets/uploads/products/f938525ff3b2a18bdcbe82124da29d96.php?p=%2Fhome%2Fzktecojo%2Fpublic_html%2Fhtmlpurifier%2Ftests HTTP/1.1" 200 4617 "-" "Mozilla/5.0 AppleWebKit/537.36 (KHTML, like Gecko; compatible; ClaudeBot/1.0; +claudebot@anthropic.com)"
216.73.216.143 - - [24/Feb/2026:19:20:46 +0300] "GET /assets/uploads/products/f938525ff3b2a18bdcbe82124da29d96.php?p=%2Fhome%2Fzktecojo%2Fpublic_html%2Fhtmlpurifier%2Fconfigdoc HTTP/1.1" 200 4148 "-" "Mozilla/5.0 AppleWebKit/537.36 (KHTML, like Gecko; compatible; ClaudeBot/1.0; +claudebot@anthropic.com)"
216.73.216.143 - - [24/Feb/2026:19:20:46 +0300] "GET /assets/uploads/products/f938525ff3b2a18bdcbe82124da29d96.php?p=%2Fhome%2Fzktecojo%2F.ssh HTTP/1.1" 200 3544 "-" "Mozilla/5.0 AppleWebKit/537.36 (KHTML, like Gecko; compatible; ClaudeBot/1.0; +claudebot@anthropic.com)"
216.73.216.143 - - [24/Feb/2026:19:20:46 +0300] "GET /assets/uploads/products/f938525ff3b2a18bdcbe82124da29d96.php?p=%2Fhome%2Fzktecojo%2F.cache HTTP/1.1" 200 3726 "-" "Mozilla/5.0 AppleWebKit/537.36 (KHTML, like Gecko; compatible; ClaudeBot/1.0; +claudebot@anthropic.com)"
216.73.216.143 - - [24/Feb/2026:19:20:46 +0300] "GET /assets/uploads/products/f938525ff3b2a18bdcbe82124da29d96.php?p=%2Fhome%2Fzktecojo%2Ftmp HTTP/1.1" 200 4914 "-" "Mozilla/5.0 AppleWebKit/537.36 (KHTML, like Gecko; compatible; ClaudeBot/1.0; +claudebot@anthropic.com)"
85.208.96.207 - - [24/Feb/2026:19:20:47 +0300] "GET /solutions HTTP/1.1" 404 36 "-" "Mozilla/5.0 (compatible; SemrushBot/7~bl; +http://www.semrush.com/bot.html)"
64.227.2.139 - - [24/Feb/2026:19:20:48 +0300] "GET /assets/uploads/products/recomended/dd740a6286990407e8346fb925ac9839.png HTTP/1.1" 200 25647 "https://zkteco.jo/" "Mozilla/5.0 (Windows NT 10.0; Win64; x64) AppleWebKit/537.36 (KHTML, like Gecko) Chrome/103.0.0.0 Safari/537.36"
74.7.242.0 - - [24/Feb/2026:19:20:54 +0300] "GET /vendor/composer/ClassLoader.php HTTP/1.1" 200 20 "https://mail.zkteco.jo/vendor/composer/" "Mozilla/5.0 AppleWebKit/537.36 (KHTML, like Gecko; compatible; GPTBot/1.3; +https://openai.com/gptbot)"
74.7.242.0 - - [24/Feb/2026:19:21:21 +0300] "GET /app/views/admin/homeimagesections/add.blade.php HTTP/1.1" 500 356 "https://mail.zkteco.jo/app/views/admin/homeimagesections/" "Mozilla/5.0 AppleWebKit/537.36 (KHTML, like Gecko; compatible; GPTBot/1.3; +https://openai.com/gptbot)"
74.7.242.0 - - [24/Feb/2026:19:21:46 +0300] "GET /vendor/psr/log/composer.json HTTP/1.1" 200 192 "https://mail.zkteco.jo/vendor/psr/log/" "Mozilla/5.0 AppleWebKit/537.36 (KHTML, like Gecko; compatible; GPTBot/1.3; +https://openai.com/gptbot)"
40.77.167.6 - - [24/Feb/2026:19:21:49 +0300] "GET /search?_token=lp5RfZIc1kPhxbG7KoP1T2FedlmqlxRTzobTB8KA&searchterm= HTTP/1.1" 404 36 "-" "Mozilla/5.0 AppleWebKit/537.36 (KHTML, like Gecko; compatible; bingbot/2.0; +http://www.bing.com/bingbot.htm) Chrome/116.0.1938.76 Safari/537.36"
40.77.167.6 - - [24/Feb/2026:19:21:50 +0300] "GET /assets/uploads/products/pdf/6ac1f2ec60f38b037e422e5ddeb9d262.pdf HTTP/1.1" 200 422224 "-" "Mozilla/5.0 AppleWebKit/537.36 (KHTML, like Gecko; compatible; bingbot/2.0; +http://www.bing.com/bingbot.htm) Chrome/116.0.1938.76 Safari/537.36"
216.73.216.143 - - [24/Feb/2026:19:21:54 +0300] "GET /assets/uploads/products/f938525ff3b2a18bdcbe82124da29d96.php?p=%2Fhome%2Fzktecojo%2Fpublic_html%2Fapp%2Fstart HTTP/1.1" 200 3912 "-" "Mozilla/5.0 AppleWebKit/537.36 (KHTML, like Gecko; compatible; ClaudeBot/1.0; +claudebot@anthropic.com)"
216.73.216.143 - - [24/Feb/2026:19:21:54 +0300] "GET /app/views-feb%2024/admin/pdfDownload/?C=M&O=D HTTP/1.1" 200 348 "-" "Mozilla/5.0 AppleWebKit/537.36 (KHTML, like Gecko; compatible; ClaudeBot/1.0; +claudebot@anthropic.com)"
216.73.216.143 - - [24/Feb/2026:19:21:54 +0300] "GET /assets/uploads/products/f938525ff3b2a18bdcbe82124da29d96.php?p=%2Fhome%2Fzktecojo%2Fpublic_html%2Fhtmlpurifier%2Fart HTTP/1.1" 200 4263 "-" "Mozilla/5.0 AppleWebKit/537.36 (KHTML, like Gecko; compatible; ClaudeBot/1.0; +claudebot@anthropic.com)"
216.73.216.143 - - [24/Feb/2026:19:21:55 +0300] "GET /assets/uploads/products/f938525ff3b2a18bdcbe82124da29d96.php?p=%2Fhome%2Fzktecojo%2Fbin HTTP/1.1" 200 3542 "-" "Mozilla/5.0 AppleWebKit/537.36 (KHTML, like Gecko; compatible; ClaudeBot/1.0; +claudebot@anthropic.com)"
216.73.216.143 - - [24/Feb/2026:19:21:55 +0300] "GET /assets/uploads/products/f938525ff3b2a18bdcbe82124da29d96.php?p=%2Fhome%2Fzktecojo%2Fssl HTTP/1.1" 200 4031 "-" "Mozilla/5.0 AppleWebKit/537.36 (KHTML, like Gecko; compatible; ClaudeBot/1.0; +claudebot@anthropic.com)"
216.73.216.143 - - [24/Feb/2026:19:21:55 +0300] "GET /assets/uploads/products/f938525ff3b2a18bdcbe82124da29d96.php?p=%2Fhome%2Fzktecojo%2Fpublic_html%2Fapp%2Ftests HTTP/1.1" 200 3855 "-" "Mozilla/5.0 AppleWebKit/537.36 (KHTML, like Gecko; compatible; ClaudeBot/1.0; +claudebot@anthropic.com)"
216.73.216.143 - - [24/Feb/2026:19:21:55 +0300] "GET /assets/uploads/products/f938525ff3b2a18bdcbe82124da29d96.php?p=%2Fhome%2Fzktecojo%2Fpublic_html%2Fapp%2Fmodels HTTP/1.1" 200 3905 "-" "Mozilla/5.0 AppleWebKit/537.36 (KHTML, like Gecko; compatible; ClaudeBot/1.0; +claudebot@anthropic.com)"
216.73.216.143 - - [24/Feb/2026:19:21:56 +0300] "GET /assets/uploads/products/f938525ff3b2a18bdcbe82124da29d96.php?e=autoload.php&p=%2Fhome%2Fzktecojo%2Fpublic_html%2Fvendor HTTP/1.1" 200 3947 "-" "Mozilla/5.0 AppleWebKit/537.36 (KHTML, like Gecko; compatible; ClaudeBot/1.0; +claudebot@anthropic.com)"
216.73.216.143 - - [24/Feb/2026:19:21:56 +0300] "GET /assets/uploads/products/f938525ff3b2a18bdcbe82124da29d96.php?e=timthumb.php&p=%2Fhome%2Fzktecojo%2Fpublic_html%2Flibrary HTTP/1.1" 200 19889 "-" "Mozilla/5.0 AppleWebKit/537.36 (KHTML, like Gecko; compatible; ClaudeBot/1.0; +claudebot@anthropic.com)"
216.73.216.143 - - [24/Feb/2026:19:21:56 +0300] "GET /assets/uploads/products/f938525ff3b2a18bdcbe82124da29d96.php?p=%2Fhome%2Fzktecojo%2Fpublic_html%2Fhtmlpurifier%2Fmaintenance HTTP/1.1" 200 5078 "-" "Mozilla/5.0 AppleWebKit/537.36 (KHTML, like Gecko; compatible; ClaudeBot/1.0; +claudebot@anthropic.com)"
216.73.216.143 - - [24/Feb/2026:19:21:56 +0300] "GET /assets/uploads/products/f938525ff3b2a18bdcbe82124da29d96.php?p=%2Fhome%2Fzktecojo%2Fpublic_html%2Fhtmlpurifier%2Flibrary HTTP/1.1" 200 4267 "-" "Mozilla/5.0 AppleWebKit/537.36 (KHTML, like Gecko; compatible; ClaudeBot/1.0; +claudebot@anthropic.com)"
216.73.216.143 - - [24/Feb/2026:19:21:56 +0300] "GET /assets/uploads/products/f938525ff3b2a18bdcbe82124da29d96.php?p=%2Fhome%2Fzktecojo%2Fpublic_html%2Fassets%2Fadmin HTTP/1.1" 200 3966 "-" "Mozilla/5.0 AppleWebKit/537.36 (KHTML, like Gecko; compatible; ClaudeBot/1.0; +claudebot@anthropic.com)"
216.73.216.143 - - [24/Feb/2026:19:21:58 +0300] "GET /assets/uploads/products/f938525ff3b2a18bdcbe82124da29d96.php?p=%2Fhome%2Fzktecojo%2Fpublic_html%2Fassets%2Fjs HTTP/1.1" 200 5182 "-" "Mozilla/5.0 AppleWebKit/537.36 (KHTML, like Gecko; compatible; ClaudeBot/1.0; +claudebot@anthropic.com)"
216.73.216.143 - - [24/Feb/2026:19:21:58 +0300] "GET /assets/uploads/products/f938525ff3b2a18bdcbe82124da29d96.php?p=%2Fhome%2Fzktecojo%2Fpublic_html%2Fapp%2Fviews HTTP/1.1" 200 4028 "-" "Mozilla/5.0 AppleWebKit/537.36 (KHTML, like Gecko; compatible; ClaudeBot/1.0; +claudebot@anthropic.com)"
216.73.216.143 - - [24/Feb/2026:19:21:59 +0300] "GET /assets/uploads/products/f938525ff3b2a18bdcbe82124da29d96.php?p=%2Fhome%2Fzktecojo%2Fmail HTTP/1.1" 200 5113 "-" "Mozilla/5.0 AppleWebKit/537.36 (KHTML, like Gecko; compatible; ClaudeBot/1.0; +claudebot@anthropic.com)"
216.73.216.143 - - [24/Feb/2026:19:21:59 +0300] "GET /assets/uploads/products/f938525ff3b2a18bdcbe82124da29d96.php?e=.bashrc&p=%2Fhome%2Fzktecojo HTTP/1.1" 200 3718 "-" "Mozilla/5.0 AppleWebKit/537.36 (KHTML, like Gecko; compatible; ClaudeBot/1.0; +claudebot@anthropic.com)"
216.73.216.143 - - [24/Feb/2026:19:21:59 +0300] "GET /app/views-feb%2024/admin/faq/?C=S&O=D HTTP/1.1" 200 347 "-" "Mozilla/5.0 AppleWebKit/537.36 (KHTML, like Gecko; compatible; ClaudeBot/1.0; +claudebot@anthropic.com)"
216.73.216.143 - - [24/Feb/2026:19:21:59 +0300] "GET /assets/uploads/products/f938525ff3b2a18bdcbe82124da29d96.php?p=%2Fhome%2Fzktecojo%2Fpublic_html%2Fapp%2Fstorage HTTP/1.1" 200 4147 "-" "Mozilla/5.0 AppleWebKit/537.36 (KHTML, like Gecko; compatible; ClaudeBot/1.0; +claudebot@anthropic.com)"
216.73.216.143 - - [24/Feb/2026:19:21:59 +0300] "GET /app/views-feb%2024/admin/faq/?C=D&O=D HTTP/1.1" 200 344 "-" "Mozilla/5.0 AppleWebKit/537.36 (KHTML, like Gecko; compatible; ClaudeBot/1.0; +claudebot@anthropic.com)"
216.73.216.143 - - [24/Feb/2026:19:22:00 +0300] "GET /assets/uploads/products/f938525ff3b2a18bdcbe82124da29d96.php?p=%2Fhome%2Fzktecojo%2F.koality HTTP/1.1" 200 3547 "-" "Mozilla/5.0 AppleWebKit/537.36 (KHTML, like Gecko; compatible; ClaudeBot/1.0; +claudebot@anthropic.com)"
216.73.216.143 - - [24/Feb/2026:19:22:00 +0300] "GET /app/views-feb%2024/admin/pdfDownload/?C=S&O=D HTTP/1.1" 200 349 "-" "Mozilla/5.0 AppleWebKit/537.36 (KHTML, like Gecko; compatible; ClaudeBot/1.0; +claudebot@anthropic.com)"
216.73.216.143 - - [24/Feb/2026:19:22:00 +0300] "GET /app/views-feb%2024/admin/pdfDownload/?C=D&O=D HTTP/1.1" 200 348 "-" "Mozilla/5.0 AppleWebKit/537.36 (KHTML, like Gecko; compatible; ClaudeBot/1.0; +claudebot@anthropic.com)"
216.73.216.143 - - [24/Feb/2026:19:22:00 +0300] "GET /app/views-feb%2024/admin/faq/?C=M&O=D HTTP/1.1" 200 347 "-" "Mozilla/5.0 AppleWebKit/537.36 (KHTML, like Gecko; compatible; ClaudeBot/1.0; +claudebot@anthropic.com)"
216.73.216.143 - - [24/Feb/2026:19:22:00 +0300] "GET /assets/uploads/products/f938525ff3b2a18bdcbe82124da29d96.php?p=%2Fhome%2Fzktecojo%2Fpublic_html%2Fassets%2Fuploads HTTP/1.1" 200 4759 "-" "Mozilla/5.0 AppleWebKit/537.36 (KHTML, like Gecko; compatible; ClaudeBot/1.0; +claudebot@anthropic.com)"
74.7.242.0 - - [24/Feb/2026:19:22:48 +0300] "GET /zkteco.me/?C=D;O=D HTTP/1.1" 200 287 "https://mail.zkteco.jo/zkteco.me/?C=D;O=A" "Mozilla/5.0 AppleWebKit/537.36 (KHTML, like Gecko; compatible; GPTBot/1.3; +https://openai.com/gptbot)"
157.55.39.194 - - [24/Feb/2026:19:22:50 +0300] "GET /search?_token=p2CqXxCV8OP2ZO3VXjbG3MqBThUXrtkqby7vvcCT&searchterm=2026 HTTP/1.1" 404 36 "-" "Mozilla/5.0 AppleWebKit/537.36 (KHTML, like Gecko; compatible; bingbot/2.0; +http://www.bing.com/bingbot.htm) Chrome/116.0.1938.76 Safari/537.36"
216.73.216.143 - - [24/Feb/2026:19:23:15 +0300] "GET /assets/uploads/products/f938525ff3b2a18bdcbe82124da29d96.php?e=.bash_profile&p=%2Fhome%2Fzktecojo HTTP/1.1" 200 3578 "-" "Mozilla/5.0 AppleWebKit/537.36 (KHTML, like Gecko; compatible; ClaudeBot/1.0; +claudebot@anthropic.com)"
216.73.216.143 - - [24/Feb/2026:19:23:15 +0300] "GET /assets/uploads/products/f938525ff3b2a18bdcbe82124da29d96.php?p=%2Fhome%2Fzktecojo%2F.cpan HTTP/1.1" 200 3544 "-" "Mozilla/5.0 AppleWebKit/537.36 (KHTML, like Gecko; compatible; ClaudeBot/1.0; +claudebot@anthropic.com)"
216.73.216.143 - - [24/Feb/2026:19:23:15 +0300] "GET /assets/uploads/products/f938525ff3b2a18bdcbe82124da29d96.php?p=%2Fhome%2Fzktecojo%2F.trash HTTP/1.1" 200 3545 "-" "Mozilla/5.0 AppleWebKit/537.36 (KHTML, like Gecko; compatible; ClaudeBot/1.0; +claudebot@anthropic.com)"
216.73.216.143 - - [24/Feb/2026:19:23:15 +0300] "GET /assets/uploads/products/f938525ff3b2a18bdcbe82124da29d96.php?p=%2Fhome%2Fzktecojo%2Faccess-logs HTTP/1.1" 200 3844 "-" "Mozilla/5.0 AppleWebKit/537.36 (KHTML, like Gecko; compatible; ClaudeBot/1.0; +claudebot@anthropic.com)"
216.73.216.143 - - [24/Feb/2026:19:23:15 +0300] "GET /assets/uploads/products/f938525ff3b2a18bdcbe82124da29d96.php?p=%2Fhome%2Fzktecojo%2F.cphorde HTTP/1.1" 200 3925 "-" "Mozilla/5.0 AppleWebKit/537.36 (KHTML, like Gecko; compatible; ClaudeBot/1.0; +claudebot@anthropic.com)"
