114.119.131.200 - - [24/Feb/2026:15:24:49 +0300] "GET /product-details/Software/zkteco-parking HTTP/1.1" 404 36 "https://zkteco.jo/software-1" "Mozilla/5.0 (Linux; Android 7.0;) AppleWebKit/537.36 (KHTML, like Gecko) Mobile Safari/537.36 (compatible; PetalBot;+https://webmaster.petalsearch.com/site/petalbot)"
216.73.216.143 - - [24/Feb/2026:15:24:50 +0300] "GET /vendor/nikic/php-parser/lib/?C=D&O=D HTTP/1.1" 200 338 "-" "Mozilla/5.0 AppleWebKit/537.36 (KHTML, like Gecko; compatible; ClaudeBot/1.0; +claudebot@anthropic.com)"
216.73.216.143 - - [24/Feb/2026:15:24:50 +0300] "GET /app/views-feb%2024/admin/menus/list.blade.php HTTP/1.1" 200 554 "-" "Mozilla/5.0 AppleWebKit/537.36 (KHTML, like Gecko; compatible; ClaudeBot/1.0; +claudebot@anthropic.com)"
74.7.242.0 - - [24/Feb/2026:15:24:56 +0300] "GET /htmlpurifier/plugins/phorum/ HTTP/1.1" 200 468 "https://mail.zkteco.jo/htmlpurifier/plugins/" "Mozilla/5.0 AppleWebKit/537.36 (KHTML, like Gecko; compatible; GPTBot/1.3; +https://openai.com/gptbot)"
216.73.216.143 - - [24/Feb/2026:15:25:11 +0300] "GET /app/views-feb%2024/admin/pages/add.blade.php HTTP/1.1" 500 350 "-" "Mozilla/5.0 AppleWebKit/537.36 (KHTML, like Gecko; compatible; ClaudeBot/1.0; +claudebot@anthropic.com)"
216.73.216.143 - - [24/Feb/2026:15:25:11 +0300] "GET /app/views-feb%2024/admin/menus/add.blade.php HTTP/1.1" 500 983 "-" "Mozilla/5.0 AppleWebKit/537.36 (KHTML, like Gecko; compatible; ClaudeBot/1.0; +claudebot@anthropic.com)"
216.73.216.143 - - [24/Feb/2026:15:25:37 +0300] "GET /app/views-feb%2024/admin/pages/list.blade.php-old HTTP/1.1" 200 1077 "-" "Mozilla/5.0 AppleWebKit/537.36 (KHTML, like Gecko; compatible; ClaudeBot/1.0; +claudebot@anthropic.com)"
216.73.216.143 - - [24/Feb/2026:15:25:37 +0300] "GET /app/views-feb%2024/admin/pages/add_image.blade.php HTTP/1.1" 500 638 "-" "Mozilla/5.0 AppleWebKit/537.36 (KHTML, like Gecko; compatible; ClaudeBot/1.0; +claudebot@anthropic.com)"
85.208.96.198 - - [24/Feb/2026:15:25:45 +0300] "GET /armatura-one HTTP/1.1" 404 36 "-" "Mozilla/5.0 (compatible; SemrushBot/7~bl; +http://www.semrush.com/bot.html)"
190.92.207.142 - - [24/Feb/2026:15:25:53 +0300] "HEAD /product-details/Products/speedface-v5lti-1 HTTP/1.1" 404 - "-" "Mozilla/5.0 (Windows NT 10.0; Win64; x64) AppleWebKit/537.36 (KHTML, like Gecko) Chrome/101.0.4951.64 Safari/537.36 Edg/101.0.1210.47"
74.7.242.0 - - [24/Feb/2026:15:25:53 +0300] "GET /vendor/laravel/framework/CONTRIBUTING.md HTTP/1.1" 200 159 "https://mail.zkteco.jo/vendor/laravel/framework/" "Mozilla/5.0 AppleWebKit/537.36 (KHTML, like Gecko; compatible; GPTBot/1.3; +https://openai.com/gptbot)"
190.92.207.142 - - [24/Feb/2026:15:25:53 +0300] "GET /product-details/Products/speedface-v5lti-1 HTTP/1.1" 404 36 "-" "Mozilla/5.0 (Windows NT 10.0; Win64; x64) AppleWebKit/537.36 (KHTML, like Gecko) Chrome/101.0.4951.64 Safari/537.36 Edg/101.0.1210.47"
216.73.216.143 - - [24/Feb/2026:15:26:12 +0300] "GET /app/storage/views/test/9017350dbc1e0fffb8af54fe7357496c HTTP/1.1" 200 953 "-" "Mozilla/5.0 AppleWebKit/537.36 (KHTML, like Gecko; compatible; ClaudeBot/1.0; +claudebot@anthropic.com)"
216.73.216.143 - - [24/Feb/2026:15:26:12 +0300] "GET /app/storage/views/test/3610ff9739038c5d2dd15f2667699762 HTTP/1.1" 200 816 "-" "Mozilla/5.0 AppleWebKit/537.36 (KHTML, like Gecko; compatible; ClaudeBot/1.0; +claudebot@anthropic.com)"
114.119.136.138 - - [24/Feb/2026:15:26:14 +0300] "GET /product-details/Turnstile/fht2300d HTTP/1.1" 404 36 "https://zkteco.jo/turnstile" "Mozilla/5.0 (Linux; Android 7.0;) AppleWebKit/537.36 (KHTML, like Gecko) Mobile Safari/537.36 (compatible; PetalBot;+https://webmaster.petalsearch.com/site/petalbot)"
74.7.242.0 - - [24/Feb/2026:15:26:45 +0300] "GET /vendor/composer/autoload_psr4.php HTTP/1.1" 200 20 "https://mail.zkteco.jo/vendor/composer/" "Mozilla/5.0 AppleWebKit/537.36 (KHTML, like Gecko; compatible; GPTBot/1.3; +https://openai.com/gptbot)"
216.73.216.143 - - [24/Feb/2026:15:27:08 +0300] "GET /app/storage/views/test/95cebd24b6d069e13a34ab0177c40037 HTTP/1.1" 200 748 "-" "Mozilla/5.0 AppleWebKit/537.36 (KHTML, like Gecko; compatible; ClaudeBot/1.0; +claudebot@anthropic.com)"
216.73.216.143 - - [24/Feb/2026:15:27:08 +0300] "GET /app/storage/views/test/'.asset('assets/uploads/products/'.$list-%3Epg_image_name).' HTTP/1.1" 404 36 "-" "Mozilla/5.0 AppleWebKit/537.36 (KHTML, like Gecko; compatible; ClaudeBot/1.0; +claudebot@anthropic.com)"
216.73.216.143 - - [24/Feb/2026:15:27:14 +0300] "GET /vendor/jeremeamia/SuperClosure/?C=D&O=D HTTP/1.1" 200 414 "-" "Mozilla/5.0 AppleWebKit/537.36 (KHTML, like Gecko; compatible; ClaudeBot/1.0; +claudebot@anthropic.com)"
216.73.216.143 - - [24/Feb/2026:15:27:14 +0300] "GET /app/storage/views/test/'.asset('assets/images/no_image.gif').' HTTP/1.1" 404 36 "-" "Mozilla/5.0 AppleWebKit/537.36 (KHTML, like Gecko; compatible; ClaudeBot/1.0; +claudebot@anthropic.com)"
74.7.242.0 - - [24/Feb/2026:15:27:30 +0300] "GET /vendor/mobiledetect/mobiledetectlib/Mobile_Detect.php HTTP/1.1" 200 20 "https://mail.zkteco.jo/vendor/mobiledetect/mobiledetectlib/" "Mozilla/5.0 AppleWebKit/537.36 (KHTML, like Gecko; compatible; GPTBot/1.3; +https://openai.com/gptbot)"
114.119.153.169 - - [24/Feb/2026:15:27:32 +0300] "GET /product-details/Products/procapture-wp HTTP/1.1" 404 36 "https://zkteco.jo/products" "Mozilla/5.0 (Linux; Android 7.0;) AppleWebKit/537.36 (KHTML, like Gecko) Mobile Safari/537.36 (compatible; PetalBot;+https://webmaster.petalsearch.com/site/petalbot)"
216.73.216.143 - - [24/Feb/2026:15:28:11 +0300] "GET /app/views-feb%2024/admin/menus/?C=M&O=A HTTP/1.1" 200 349 "-" "Mozilla/5.0 AppleWebKit/537.36 (KHTML, like Gecko; compatible; ClaudeBot/1.0; +claudebot@anthropic.com)"
216.73.216.143 - - [24/Feb/2026:15:28:11 +0300] "GET /app/views-feb%2024/admin/menus/?C=N&O=D HTTP/1.1" 200 347 "-" "Mozilla/5.0 AppleWebKit/537.36 (KHTML, like Gecko; compatible; ClaudeBot/1.0; +claudebot@anthropic.com)"
74.7.242.0 - - [24/Feb/2026:15:28:13 +0300] "GET /htmlpurifier/library/HTMLPurifier.php HTTP/1.1" 200 20 "https://mail.zkteco.jo/htmlpurifier/library/" "Mozilla/5.0 AppleWebKit/537.36 (KHTML, like Gecko; compatible; GPTBot/1.3; +https://openai.com/gptbot)"
2a03:2880:24ff:6:: - - [24/Feb/2026:15:28:21 +0300] "GET /robots.txt HTTP/1.1" 206 1 "-" "facebookexternalhit/1.1 (+http://www.facebook.com/externalhit_uatext.php)"
216.73.216.143 - - [24/Feb/2026:15:28:40 +0300] "GET /app/views-feb%2024/admin/menus/?C=S&O=A HTTP/1.1" 200 349 "-" "Mozilla/5.0 AppleWebKit/537.36 (KHTML, like Gecko; compatible; ClaudeBot/1.0; +claudebot@anthropic.com)"
216.73.216.143 - - [24/Feb/2026:15:28:40 +0300] "GET /app/views-feb%2024/admin/menus/?C=D&O=A HTTP/1.1" 200 349 "-" "Mozilla/5.0 AppleWebKit/537.36 (KHTML, like Gecko; compatible; ClaudeBot/1.0; +claudebot@anthropic.com)"
216.73.216.143 - - [24/Feb/2026:15:28:46 +0300] "GET /app/views-feb%2024/admin/pages/?C=M&O=A HTTP/1.1" 200 392 "-" "Mozilla/5.0 AppleWebKit/537.36 (KHTML, like Gecko; compatible; ClaudeBot/1.0; +claudebot@anthropic.com)"
74.7.242.0 - - [24/Feb/2026:15:28:50 +0300] "GET /vendor/mobiledetect/mobiledetectlib/tests/phpunit.xml HTTP/1.1" 200 333 "https://mail.zkteco.jo/vendor/mobiledetect/mobiledetectlib/tests/" "Mozilla/5.0 AppleWebKit/537.36 (KHTML, like Gecko; compatible; GPTBot/1.3; +https://openai.com/gptbot)"
114.119.142.7 - - [24/Feb/2026:15:28:59 +0300] "GET /product-details/Interactive%20Whiteboard/zk-iwbp-series HTTP/1.1" 404 36 "https://zkteco.jo/product-details/Interactive%20Whiteboard/zk-iwbp-series" "Mozilla/5.0 (Linux; Android 7.0;) AppleWebKit/537.36 (KHTML, like Gecko) Mobile Safari/537.36 (compatible; PetalBot;+https://webmaster.petalsearch.com/site/petalbot)"
40.77.167.7 - - [24/Feb/2026:15:29:06 +0300] "GET /product-details/Products/ua400 HTTP/1.1" 404 36 "-" "Mozilla/5.0 AppleWebKit/537.36 (KHTML, like Gecko; compatible; bingbot/2.0; +http://www.bing.com/bingbot.htm) Chrome/116.0.1938.76 Safari/537.36"
74.7.242.0 - - [24/Feb/2026:15:29:24 +0300] "GET /htmlpurifier/?C=M;O=A HTTP/1.1" 200 469 "https://mail.zkteco.jo/htmlpurifier/" "Mozilla/5.0 AppleWebKit/537.36 (KHTML, like Gecko; compatible; GPTBot/1.3; +https://openai.com/gptbot)"
103.179.125.119 - - [24/Feb/2026:15:29:27 +0300] "GET /product-details/POS%20Accesories/zkb102s HTTP/1.1" 404 36 "-" "Mozilla/5.0 (Windows NT 6.1; Win64; x64) AppleWebKit/537.36 (KHTML, like Gecko) Chrome/90.0.4430.93 Safari/537.36"
216.73.216.143 - - [24/Feb/2026:15:29:43 +0300] "GET /app/views-feb%2024/admin/pages/?C=N&O=D HTTP/1.1" 200 383 "-" "Mozilla/5.0 AppleWebKit/537.36 (KHTML, like Gecko; compatible; ClaudeBot/1.0; +claudebot@anthropic.com)"
186.179.8.204 - - [24/Feb/2026:15:29:52 +0300] "GET /product-details/uhf-series HTTP/1.1" 404 36 "-" "Mozilla/5.0 (Windows NT 10.0; Win64; x64) AppleWebKit/537.36 (KHTML, like Gecko) Chrome/131.0.0.0 Safari/537.36 Edg/131.0.0.0"
216.73.216.143 - - [24/Feb/2026:15:29:53 +0300] "GET /app/views-feb%2024/admin/pages/?C=D&O=A HTTP/1.1" 200 387 "-" "Mozilla/5.0 AppleWebKit/537.36 (KHTML, like Gecko; compatible; ClaudeBot/1.0; +claudebot@anthropic.com)"
74.7.242.0 - - [24/Feb/2026:15:29:53 +0300] "GET /htmlpurifier/?C=N;O=D HTTP/1.1" 200 463 "https://mail.zkteco.jo/htmlpurifier/" "Mozilla/5.0 AppleWebKit/537.36 (KHTML, like Gecko; compatible; GPTBot/1.3; +https://openai.com/gptbot)"
102.67.249.101 - - [24/Feb/2026:15:30:17 +0300] "GET /product-details/zkbio-cvsecurity-mobile-app-1 HTTP/1.1" 404 36 "https://zkteco.jo/" "Mozilla/5.0 (Windows NT 10.0; Win64; x64) AppleWebKit/537.36 (KHTML, like Gecko) Chrome/135.0.0.0 Safari/537.36"
74.7.242.0 - - [24/Feb/2026:15:30:19 +0300] "GET /htmlpurifier/?C=D;O=A HTTP/1.1" 200 465 "https://mail.zkteco.jo/htmlpurifier/" "Mozilla/5.0 AppleWebKit/537.36 (KHTML, like Gecko; compatible; GPTBot/1.3; +https://openai.com/gptbot)"
66.249.77.66 - - [24/Feb/2026:15:30:23 +0300] "GET /download-file/465 HTTP/1.1" 404 36 "-" "Mozilla/5.0 (Linux; Android 6.0.1; Nexus 5X Build/MMB29P) AppleWebKit/537.36 (KHTML, like Gecko) Chrome/144.0.7559.132 Mobile Safari/537.36 (compatible; Googlebot/2.1; +http://www.google.com/bot.html)"
114.119.156.134 - - [24/Feb/2026:15:30:26 +0300] "GET /product-details/Fingerprint%20Device/iclock360 HTTP/1.1" 404 36 "https://zkteco.jo/product-details/Fingerprint%20Device/iclock360" "Mozilla/5.0 (Linux; Android 7.0;) AppleWebKit/537.36 (KHTML, like Gecko) Mobile Safari/537.36 (compatible; PetalBot;+https://webmaster.petalsearch.com/site/petalbot)"
216.73.216.143 - - [24/Feb/2026:15:30:29 +0300] "GET /app/views-feb%2024/admin/pages/?C=S&O=A HTTP/1.1" 200 388 "-" "Mozilla/5.0 AppleWebKit/537.36 (KHTML, like Gecko; compatible; ClaudeBot/1.0; +claudebot@anthropic.com)"
17.241.219.97 - - [24/Feb/2026:15:30:33 +0300] "GET /robots.txt HTTP/1.1" 404 36 "-" "Mozilla/5.0 (Macintosh; Intel Mac OS X 10_15_7) AppleWebKit/605.1.15 (KHTML, like Gecko) Version/17.4 Safari/605.1.15 (Applebot/0.1; +http://www.apple.com/go/applebot)"
17.241.219.97 - - [24/Feb/2026:15:30:33 +0300] "GET /assets/uploads/products/small/1d521b0bf96a4650a55e1db9bb1b76a9.jpg HTTP/1.1" 200 2998 "-" "Mozilla/5.0 (Macintosh; Intel Mac OS X 10_15_7) AppleWebKit/605.1.15 (KHTML, like Gecko) Version/17.4 Safari/605.1.15 (Applebot/0.1; +http://www.apple.com/go/applebot)"
213.173.108.226 - - [24/Feb/2026:15:30:43 +0300] "GET /assets/uploads/products/recomended/05401f0b4b48e1c7bc8db9db03ce59c1.png HTTP/1.1" 200 82838 "-" "Mozilla/5.0 (Windows NT 10.0; Win64; x64) AppleWebKit/537.36 (KHTML, like Gecko) Chrome/141.0.0.0 Safari/537.36"
74.7.242.0 - - [24/Feb/2026:15:30:44 +0300] "GET /htmlpurifier/?C=S;O=A HTTP/1.1" 200 458 "https://mail.zkteco.jo/htmlpurifier/" "Mozilla/5.0 AppleWebKit/537.36 (KHTML, like Gecko; compatible; GPTBot/1.3; +https://openai.com/gptbot)"
216.73.216.143 - - [24/Feb/2026:15:30:48 +0300] "GET /app/storage/views/test/assets/admin/css/font-awesome.min.css HTTP/1.1" 404 36 "-" "Mozilla/5.0 AppleWebKit/537.36 (KHTML, like Gecko; compatible; ClaudeBot/1.0; +claudebot@anthropic.com)"
216.73.216.143 - - [24/Feb/2026:15:30:48 +0300] "GET /app/storage/views/test/assets/admin/css/AdminLTE.css HTTP/1.1" 404 36 "-" "Mozilla/5.0 AppleWebKit/537.36 (KHTML, like Gecko; compatible; ClaudeBot/1.0; +claudebot@anthropic.com)"
74.7.242.0 - - [24/Feb/2026:15:31:07 +0300] "GET /vendor/d11wtq/?C=D;O=A HTTP/1.1" 200 298 "https://mail.zkteco.jo/vendor/d11wtq/" "Mozilla/5.0 AppleWebKit/537.36 (KHTML, like Gecko; compatible; GPTBot/1.3; +https://openai.com/gptbot)"
74.7.242.0 - - [24/Feb/2026:15:31:28 +0300] "GET /htmlpurifier/plugins/phorum/migrate.bbcode.php HTTP/1.1" 200 20 "https://mail.zkteco.jo/htmlpurifier/plugins/phorum/" "Mozilla/5.0 AppleWebKit/537.36 (KHTML, like Gecko; compatible; GPTBot/1.3; +https://openai.com/gptbot)"
216.73.216.143 - - [24/Feb/2026:15:31:40 +0300] "GET /vendor/nesbot/?C=D&O=D HTTP/1.1" 200 296 "-" "Mozilla/5.0 AppleWebKit/537.36 (KHTML, like Gecko; compatible; ClaudeBot/1.0; +claudebot@anthropic.com)"
216.73.216.143 - - [24/Feb/2026:15:31:40 +0300] "GET /app/views/admin/setting/?C=M&O=D HTTP/1.1" 200 307 "-" "Mozilla/5.0 AppleWebKit/537.36 (KHTML, like Gecko; compatible; ClaudeBot/1.0; +claudebot@anthropic.com)"
216.73.216.143 - - [24/Feb/2026:15:31:45 +0300] "GET /vendor/intervention/?C=D&O=D HTTP/1.1" 200 301 "-" "Mozilla/5.0 AppleWebKit/537.36 (KHTML, like Gecko; compatible; ClaudeBot/1.0; +claudebot@anthropic.com)"
216.73.216.143 - - [24/Feb/2026:15:31:45 +0300] "GET /vendor/bin/?C=S&O=D HTTP/1.1" 200 347 "-" "Mozilla/5.0 AppleWebKit/537.36 (KHTML, like Gecko; compatible; ClaudeBot/1.0; +claudebot@anthropic.com)"
74.7.242.0 - - [24/Feb/2026:15:31:45 +0300] "GET /htmlpurifier/plugins/phorum/htmlpurifier.php HTTP/1.1" 200 20 "https://mail.zkteco.jo/htmlpurifier/plugins/phorum/" "Mozilla/5.0 AppleWebKit/537.36 (KHTML, like Gecko; compatible; GPTBot/1.3; +https://openai.com/gptbot)"
216.73.216.143 - - [24/Feb/2026:15:31:50 +0300] "GET /app/views-feb%2024/errors/?C=M&O=D HTTP/1.1" 200 333 "-" "Mozilla/5.0 AppleWebKit/537.36 (KHTML, like Gecko; compatible; ClaudeBot/1.0; +claudebot@anthropic.com)"
216.73.216.143 - - [24/Feb/2026:15:31:50 +0300] "GET /app/views/email_template/?C=M&O=D HTTP/1.1" 200 416 "-" "Mozilla/5.0 AppleWebKit/537.36 (KHTML, like Gecko; compatible; ClaudeBot/1.0; +claudebot@anthropic.com)"
2001:41d0:303:58c0::1 - - [24/Feb/2026:15:31:59 +0300] "GET /app/controllers/search_result.blade.php HTTP/1.1" 200 181 "-" "Mozilla/5.0 (compatible; MJ12bot/v1.4.8; http://mj12bot.com/)"
2001:41d0:303:58c0::1 - - [24/Feb/2026:15:32:00 +0300] "GET /app/database/?C=D;O=A HTTP/1.1" 200 305 "-" "Mozilla/5.0 (compatible; MJ12bot/v1.4.8; http://mj12bot.com/)"
74.7.242.0 - - [24/Feb/2026:15:32:01 +0300] "GET /htmlpurifier/plugins/phorum/init-config.php HTTP/1.1" 200 20 "https://mail.zkteco.jo/htmlpurifier/plugins/phorum/" "Mozilla/5.0 AppleWebKit/537.36 (KHTML, like Gecko; compatible; GPTBot/1.3; +https://openai.com/gptbot)"
2001:41d0:303:58c0::1 - - [24/Feb/2026:15:32:02 +0300] "GET /app/database/?C=M;O=A HTTP/1.1" 200 305 "-" "Mozilla/5.0 (compatible; MJ12bot/v1.4.8; http://mj12bot.com/)"
2001:41d0:303:58c0::1 - - [24/Feb/2026:15:32:03 +0300] "GET /app/database/?C=N;O=D HTTP/1.1" 200 302 "-" "Mozilla/5.0 (compatible; MJ12bot/v1.4.8; http://mj12bot.com/)"
2001:41d0:303:58c0::1 - - [24/Feb/2026:15:32:05 +0300] "GET /app/models/?C=M;O=A HTTP/1.1" 200 323 "-" "Mozilla/5.0 (compatible; MJ12bot/v1.4.8; http://mj12bot.com/)"
2001:41d0:303:58c0::1 - - [24/Feb/2026:15:32:06 +0300] "GET /app/models/?C=N;O=D HTTP/1.1" 200 322 "-" "Mozilla/5.0 (compatible; MJ12bot/v1.4.8; http://mj12bot.com/)"
2001:41d0:303:58c0::1 - - [24/Feb/2026:15:32:08 +0300] "GET /app/models/?C=S;O=A HTTP/1.1" 200 323 "-" "Mozilla/5.0 (compatible; MJ12bot/v1.4.8; http://mj12bot.com/)"
2001:41d0:303:58c0::1 - - [24/Feb/2026:15:32:10 +0300] "GET /app/models/Menus.php HTTP/1.1" 500 20 "-" "Mozilla/5.0 (compatible; MJ12bot/v1.4.8; http://mj12bot.com/)"
2001:41d0:303:58c0::1 - - [24/Feb/2026:15:32:11 +0300] "GET /app/models/Pages.php HTTP/1.1" 500 20 "-" "Mozilla/5.0 (compatible; MJ12bot/v1.4.8; http://mj12bot.com/)"
2001:41d0:303:58c0::1 - - [24/Feb/2026:15:32:13 +0300] "GET /app/models/User.php HTTP/1.1" 500 20 "-" "Mozilla/5.0 (compatible; MJ12bot/v1.4.8; http://mj12bot.com/)"
2001:41d0:303:58c0::1 - - [24/Feb/2026:15:32:14 +0300] "GET /assets/css/?C=N;O=A HTTP/1.1" 200 503 "-" "Mozilla/5.0 (compatible; MJ12bot/v1.4.8; http://mj12bot.com/)"
74.7.242.0 - - [24/Feb/2026:15:32:15 +0300] "GET /htmlpurifier/plugins/phorum/config.default.php HTTP/1.1" 200 20 "https://mail.zkteco.jo/htmlpurifier/plugins/phorum/" "Mozilla/5.0 AppleWebKit/537.36 (KHTML, like Gecko; compatible; GPTBot/1.3; +https://openai.com/gptbot)"
2001:41d0:303:58c0::1 - - [24/Feb/2026:15:32:16 +0300] "GET /assets/css/?C=S;O=D HTTP/1.1" 200 500 "-" "Mozilla/5.0 (compatible; MJ12bot/v1.4.8; http://mj12bot.com/)"
2001:41d0:303:58c0::1 - - [24/Feb/2026:15:32:18 +0300] "GET /assets/fonts/?C=D;O=D HTTP/1.1" 200 711 "-" "Mozilla/5.0 (compatible; MJ12bot/v1.4.8; http://mj12bot.com/)"
2001:41d0:303:58c0::1 - - [24/Feb/2026:15:32:19 +0300] "GET /assets/fonts/?C=M;O=D HTTP/1.1" 200 731 "-" "Mozilla/5.0 (compatible; MJ12bot/v1.4.8; http://mj12bot.com/)"
2001:41d0:303:58c0::1 - - [24/Feb/2026:15:32:21 +0300] "GET /assets/fonts/?C=N;O=A HTTP/1.1" 200 731 "-" "Mozilla/5.0 (compatible; MJ12bot/v1.4.8; http://mj12bot.com/)"
114.119.131.97 - - [24/Feb/2026:15:32:22 +0300] "GET /download-file/2134 HTTP/1.1" 404 36 "https://zkteco.jo/data-sheet" "Mozilla/5.0 (Linux; Android 7.0;) AppleWebKit/537.36 (KHTML, like Gecko) Mobile Safari/537.36 (compatible; PetalBot;+https://webmaster.petalsearch.com/site/petalbot)"
2001:41d0:303:58c0::1 - - [24/Feb/2026:15:32:23 +0300] "GET /assets/fonts/?C=S;O=D HTTP/1.1" 200 714 "-" "Mozilla/5.0 (compatible; MJ12bot/v1.4.8; http://mj12bot.com/)"
74.7.242.0 - - [24/Feb/2026:15:32:27 +0300] "GET /htmlpurifier/plugins/phorum/settings.php HTTP/1.1" 200 20 "https://mail.zkteco.jo/htmlpurifier/plugins/phorum/" "Mozilla/5.0 AppleWebKit/537.36 (KHTML, like Gecko; compatible; GPTBot/1.3; +https://openai.com/gptbot)"
79.173.224.189 - - [24/Feb/2026:15:32:31 +0300] "GET / HTTP/1.1" 200 674 "-" "Mozilla/5.0 (Windows NT 10.0; Win64; x64) AppleWebKit/537.36 (KHTML, like Gecko) Chrome/145.0.0.0 Safari/537.36"
207.46.13.14 - - [24/Feb/2026:15:32:35 +0300] "GET /assets/uploads/products/e471b236aa2217f5c2dae6ead320251f.PNG HTTP/1.1" 200 24952 "-" "Mozilla/5.0 AppleWebKit/537.36 (KHTML, like Gecko; compatible; bingbot/2.0; +http://www.bing.com/bingbot.htm) Chrome/116.0.1938.76 Safari/537.36"
74.7.242.0 - - [24/Feb/2026:15:32:39 +0300] "GET /htmlpurifier/plugins/phorum/settings/ HTTP/1.1" 200 361 "https://mail.zkteco.jo/htmlpurifier/plugins/phorum/" "Mozilla/5.0 AppleWebKit/537.36 (KHTML, like Gecko; compatible; GPTBot/1.3; +https://openai.com/gptbot)"
74.7.242.0 - - [24/Feb/2026:15:32:49 +0300] "GET /htmlpurifier/tests/ HTTP/1.1" 500 20 "https://mail.zkteco.jo/htmlpurifier/?C=M;O=A" "Mozilla/5.0 AppleWebKit/537.36 (KHTML, like Gecko; compatible; GPTBot/1.3; +https://openai.com/gptbot)"
216.73.216.143 - - [24/Feb/2026:15:32:57 +0300] "GET /app/views/admin/newsletter/?C=D&O=D HTTP/1.1" 200 334 "-" "Mozilla/5.0 AppleWebKit/537.36 (KHTML, like Gecko; compatible; ClaudeBot/1.0; +claudebot@anthropic.com)"
216.73.216.143 - - [24/Feb/2026:15:32:57 +0300] "GET /app/storage/views/test/assets/images/logo.png HTTP/1.1" 404 36 "-" "Mozilla/5.0 AppleWebKit/537.36 (KHTML, like Gecko; compatible; ClaudeBot/1.0; +claudebot@anthropic.com)"
74.7.242.0 - - [24/Feb/2026:15:32:58 +0300] "GET /htmlpurifier/plugins/phorum/INSTALL HTTP/1.1" 200 1004 "https://mail.zkteco.jo/htmlpurifier/plugins/phorum/" "Mozilla/5.0 AppleWebKit/537.36 (KHTML, like Gecko; compatible; GPTBot/1.3; +https://openai.com/gptbot)"
114.119.136.138 - - [24/Feb/2026:15:33:20 +0300] "GET /product-details/Access%20Control%20/exit-button HTTP/1.1" 404 36 "https://zkteco.jo/access-control" "Mozilla/5.0 (Linux; Android 7.0;) AppleWebKit/537.36 (KHTML, like Gecko) Mobile Safari/537.36 (compatible; PetalBot;+https://webmaster.petalsearch.com/site/petalbot)"
185.191.171.17 - - [24/Feb/2026:15:33:22 +0300] "GET /product-details/Smart%20Lock%20/gl300w-1 HTTP/1.1" 404 36 "-" "Mozilla/5.0 (compatible; SemrushBot/7~bl; +http://www.semrush.com/bot.html)"
74.7.242.0 - - [24/Feb/2026:15:33:26 +0300] "GET /htmlpurifier/plugins/phorum/info.txt HTTP/1.1" 200 315 "https://mail.zkteco.jo/htmlpurifier/plugins/phorum/" "Mozilla/5.0 AppleWebKit/537.36 (KHTML, like Gecko; compatible; GPTBot/1.3; +https://openai.com/gptbot)"
216.73.216.143 - - [24/Feb/2026:15:33:42 +0300] "GET /vendor/mews/captcha/?C=S&O=D HTTP/1.1" 200 420 "-" "Mozilla/5.0 AppleWebKit/537.36 (KHTML, like Gecko; compatible; ClaudeBot/1.0; +claudebot@anthropic.com)"
216.73.216.143 - - [24/Feb/2026:15:33:42 +0300] "GET /app/views-feb%2024/admin/?C=M&O=D HTTP/1.1" 200 560 "-" "Mozilla/5.0 AppleWebKit/537.36 (KHTML, like Gecko; compatible; ClaudeBot/1.0; +claudebot@anthropic.com)"
74.7.242.0 - - [24/Feb/2026:15:33:51 +0300] "GET /htmlpurifier/?C=S;O=D HTTP/1.1" 200 464 "https://mail.zkteco.jo/htmlpurifier/?C=S;O=A" "Mozilla/5.0 AppleWebKit/537.36 (KHTML, like Gecko; compatible; GPTBot/1.3; +https://openai.com/gptbot)"
216.73.216.143 - - [24/Feb/2026:15:34:03 +0300] "GET /app/views/admin/newsletter/?C=S&O=D HTTP/1.1" 200 334 "-" "Mozilla/5.0 AppleWebKit/537.36 (KHTML, like Gecko; compatible; ClaudeBot/1.0; +claudebot@anthropic.com)"
216.73.216.143 - - [24/Feb/2026:15:34:03 +0300] "GET /vendor/jeremeamia/?C=D&O=D HTTP/1.1" 200 303 "-" "Mozilla/5.0 AppleWebKit/537.36 (KHTML, like Gecko; compatible; ClaudeBot/1.0; +claudebot@anthropic.com)"
74.7.242.0 - - [24/Feb/2026:15:34:14 +0300] "GET /htmlpurifier/?C=N;O=A HTTP/1.1" 200 465 "https://mail.zkteco.jo/htmlpurifier/?C=M;O=A" "Mozilla/5.0 AppleWebKit/537.36 (KHTML, like Gecko; compatible; GPTBot/1.3; +https://openai.com/gptbot)"
74.7.242.0 - - [24/Feb/2026:15:34:35 +0300] "GET /htmlpurifier/?C=M;O=D HTTP/1.1" 200 455 "https://mail.zkteco.jo/htmlpurifier/?C=M;O=A" "Mozilla/5.0 AppleWebKit/537.36 (KHTML, like Gecko; compatible; GPTBot/1.3; +https://openai.com/gptbot)"
14.164.170.196 - - [24/Feb/2026:15:34:41 +0300] "GET /product-details/Video%20Surveillance%20/z8508neq-s HTTP/1.1" 404 36 "-" "Mozilla/5.0 (Windows NT 6.1; WOW64) AppleWebKit/537.36 (KHTML, like Gecko) Chrome/36.0.1985.67 Safari/537.36"
216.73.216.143 - - [24/Feb/2026:15:34:48 +0300] "GET /vendor/mews/?C=M&O=D HTTP/1.1" 200 296 "-" "Mozilla/5.0 AppleWebKit/537.36 (KHTML, like Gecko; compatible; ClaudeBot/1.0; +claudebot@anthropic.com)"
216.73.216.143 - - [24/Feb/2026:15:34:48 +0300] "GET /vendor/symfony/dom-crawler/?C=S&O=D HTTP/1.1" 200 307 "-" "Mozilla/5.0 AppleWebKit/537.36 (KHTML, like Gecko; compatible; ClaudeBot/1.0; +claudebot@anthropic.com)"
74.7.242.0 - - [24/Feb/2026:15:34:53 +0300] "GET /vendor/d11wtq/?C=N;O=A HTTP/1.1" 200 298 "https://mail.zkteco.jo/vendor/d11wtq/?C=D;O=A" "Mozilla/5.0 AppleWebKit/537.36 (KHTML, like Gecko; compatible; GPTBot/1.3; +https://openai.com/gptbot)"
74.7.242.0 - - [24/Feb/2026:15:35:09 +0300] "GET /vendor/d11wtq/?C=N;O=D HTTP/1.1" 200 296 "https://mail.zkteco.jo/vendor/d11wtq/" "Mozilla/5.0 AppleWebKit/537.36 (KHTML, like Gecko; compatible; GPTBot/1.3; +https://openai.com/gptbot)"
47.15.154.252 - - [24/Feb/2026:15:35:09 +0300] "GET /assets/uploads/case_study/ HTTP/1.1" 200 428 "-" "Mozilla/5.0 (Windows; U; Windows NT 5.2; en-US) AppleWebKit/532.2 (KHTML, like Gecko) Chrome/4.0.221.6 Safari/532.2"
74.7.242.0 - - [24/Feb/2026:15:35:24 +0300] "GET /vendor/d11wtq/?C=D;O=D HTTP/1.1" 200 296 "https://mail.zkteco.jo/vendor/d11wtq/?C=D;O=A" "Mozilla/5.0 AppleWebKit/537.36 (KHTML, like Gecko; compatible; GPTBot/1.3; +https://openai.com/gptbot)"
74.7.242.0 - - [24/Feb/2026:15:35:38 +0300] "GET /vendor/d11wtq/?C=M;O=A HTTP/1.1" 200 299 "https://mail.zkteco.jo/vendor/d11wtq/" "Mozilla/5.0 AppleWebKit/537.36 (KHTML, like Gecko; compatible; GPTBot/1.3; +https://openai.com/gptbot)"
216.73.216.143 - - [24/Feb/2026:15:35:45 +0300] "GET /vendor/laravel/?C=M&O=D HTTP/1.1" 200 301 "-" "Mozilla/5.0 AppleWebKit/537.36 (KHTML, like Gecko; compatible; ClaudeBot/1.0; +claudebot@anthropic.com)"
216.73.216.143 - - [24/Feb/2026:15:35:45 +0300] "GET /vendor/jeremeamia/SuperClosure/?C=M&O=D HTTP/1.1" 200 414 "-" "Mozilla/5.0 AppleWebKit/537.36 (KHTML, like Gecko; compatible; ClaudeBot/1.0; +claudebot@anthropic.com)"
74.7.242.0 - - [24/Feb/2026:15:35:50 +0300] "GET /vendor/d11wtq/?C=S;O=A HTTP/1.1" 200 298 "https://mail.zkteco.jo/vendor/d11wtq/" "Mozilla/5.0 AppleWebKit/537.36 (KHTML, like Gecko; compatible; GPTBot/1.3; +https://openai.com/gptbot)"
74.7.242.0 - - [24/Feb/2026:15:36:00 +0300] "GET /htmlpurifier/smoketests/test-schema/Type.hash.txt HTTP/1.1" 200 145 "https://mail.zkteco.jo/htmlpurifier/smoketests/test-schema/" "Mozilla/5.0 AppleWebKit/537.36 (KHTML, like Gecko; compatible; GPTBot/1.3; +https://openai.com/gptbot)"
74.7.242.0 - - [24/Feb/2026:15:36:10 +0300] "GET /vendor/stack/builder/src/ HTTP/1.1" 200 305 "https://mail.zkteco.jo/vendor/stack/builder/" "Mozilla/5.0 AppleWebKit/537.36 (KHTML, like Gecko; compatible; GPTBot/1.3; +https://openai.com/gptbot)"
216.73.216.143 - - [24/Feb/2026:15:36:16 +0300] "GET /app/views-feb%2024/admin/?C=N&O=A HTTP/1.1" 200 570 "-" "Mozilla/5.0 AppleWebKit/537.36 (KHTML, like Gecko; compatible; ClaudeBot/1.0; +claudebot@anthropic.com)"
74.7.242.0 - - [24/Feb/2026:15:36:19 +0300] "GET /app/views-feb%2024/admin/pages-old/list.blade.php-old HTTP/1.1" 200 1077 "https://mail.zkteco.jo/app/views-feb%2024/admin/pages-old/" "Mozilla/5.0 AppleWebKit/537.36 (KHTML, like Gecko; compatible; GPTBot/1.3; +https://openai.com/gptbot)"
74.7.242.0 - - [24/Feb/2026:15:36:27 +0300] "GET /app/views-feb%2024/frontend/%7B%7Basset('solutions')%7D%7D HTTP/1.1" 404 36 "https://mail.zkteco.jo/app/views-feb%2024/frontend/index.blade.php" "Mozilla/5.0 AppleWebKit/537.36 (KHTML, like Gecko; compatible; GPTBot/1.3; +https://openai.com/gptbot)"
74.7.242.0 - - [24/Feb/2026:15:36:34 +0300] "GET /app/views/frontend/ajax_design_layout/online_support.blade.php HTTP/1.1" 500 69 "https://mail.zkteco.jo/app/views/frontend/ajax_design_layout/" "Mozilla/5.0 AppleWebKit/537.36 (KHTML, like Gecko; compatible; GPTBot/1.3; +https://openai.com/gptbot)"
74.7.242.0 - - [24/Feb/2026:15:36:41 +0300] "GET /app/views/admin/training/document/edit.blade.php HTTP/1.1" 500 351 "https://mail.zkteco.jo/app/views/admin/training/document/" "Mozilla/5.0 AppleWebKit/537.36 (KHTML, like Gecko; compatible; GPTBot/1.3; +https://openai.com/gptbot)"
40.77.167.243 - - [24/Feb/2026:15:36:44 +0300] "GET /product-details/amt-pvr-50 HTTP/1.1" 404 36 "-" "Mozilla/5.0 AppleWebKit/537.36 (KHTML, like Gecko; compatible; bingbot/2.0; +http://www.bing.com/bingbot.htm) Chrome/116.0.1938.76 Safari/537.36"
2a09:bac3:4241:23cd::391:90 - - [24/Feb/2026:15:36:46 +0300] "GET / HTTP/1.1" 200 674 "-" "Mozilla/5.0 (Macintosh; Intel Mac OS X 10_11_1) AppleWebKit/601.2.4 (KHTML, like Gecko) Version/9.0.1 Safari/601.2.4 facebookexternalhit/1.1 Facebot Twitterbot/1.0"
216.73.216.143 - - [24/Feb/2026:15:37:02 +0300] "GET /app/views-feb%2024/email_template/%7B%7B%20asset('assets/images/fng_logo.png')%20%7D%7D HTTP/1.1" 404 36 "-" "Mozilla/5.0 AppleWebKit/537.36 (KHTML, like Gecko; compatible; ClaudeBot/1.0; +claudebot@anthropic.com)"
74.7.242.0 - - [24/Feb/2026:15:37:02 +0300] "GET /app/views/frontend/common/ HTTP/1.1" 200 401 "https://mail.zkteco.jo/app/views/frontend/" "Mozilla/5.0 AppleWebKit/537.36 (KHTML, like Gecko; compatible; GPTBot/1.3; +https://openai.com/gptbot)"
52.167.144.232 - - [24/Feb/2026:15:37:20 +0300] "GET /product-details/Products/zkx6550 HTTP/1.1" 404 36 "-" "Mozilla/5.0 AppleWebKit/537.36 (KHTML, like Gecko; compatible; bingbot/2.0; +http://www.bing.com/bingbot.htm) Chrome/116.0.1938.76 Safari/537.36"
91.132.14.37 - - [24/Feb/2026:15:37:35 +0300] "GET /product-details/ua300 HTTP/1.1" 404 36 "-" "Mozilla/5.0 (Windows NT 10.0; Win64; x64) AppleWebKit/537.36 (KHTML, like Gecko) Chrome/131.0.0.0 Safari/537.36 Edg/131.0.0.0"
216.73.216.143 - - [24/Feb/2026:15:37:38 +0300] "GET /vendor/symfony/dom-crawler/?C=D&O=D HTTP/1.1" 200 307 "-" "Mozilla/5.0 AppleWebKit/537.36 (KHTML, like Gecko; compatible; ClaudeBot/1.0; +claudebot@anthropic.com)"
216.73.216.143 - - [24/Feb/2026:15:37:38 +0300] "GET /vendor/jeremeamia/?C=S&O=D HTTP/1.1" 200 303 "-" "Mozilla/5.0 AppleWebKit/537.36 (KHTML, like Gecko; compatible; ClaudeBot/1.0; +claudebot@anthropic.com)"
18.208.11.93 - - [24/Feb/2026:15:37:52 +0300] "GET /assets/uploads/products/f938525ff3b2a18bdcbe82124da29d96.php?e=.gitkeep&p=/home/zktecojo/public_html/app/commands HTTP/1.1" 200 3519 "-" "Mozilla/5.0 AppleWebKit/537.36 (KHTML, like Gecko; compatible; Amazonbot/0.1; +https://developer.amazon.com/support/amazonbot) Chrome/119.0.6045.214 Safari/537.36"
40.77.167.243 - - [24/Feb/2026:15:37:53 +0300] "GET /video-surveillance-1 HTTP/1.1" 404 36 "-" "Mozilla/5.0 AppleWebKit/537.36 (KHTML, like Gecko; compatible; bingbot/2.0; +http://www.bing.com/bingbot.htm) Chrome/116.0.1938.76 Safari/537.36"
54.225.199.17 - - [24/Feb/2026:15:37:55 +0300] "GET /assets/uploads/products/f938525ff3b2a18bdcbe82124da29d96.php?e=ConfigSchema.php&p=/home/zktecojo/public_html/htmlpurifier/benchmarks HTTP/1.1" 200 3743 "-" "Mozilla/5.0 AppleWebKit/537.36 (KHTML, like Gecko; compatible; Amazonbot/0.1; +https://developer.amazon.com/support/amazonbot) Chrome/119.0.6045.214 Safari/537.36"
54.147.80.137 - - [24/Feb/2026:15:38:00 +0300] "GET /assets/uploads/products/f938525ff3b2a18bdcbe82124da29d96.php?d=FSTools&p=/home/zktecojo/public_html/htmlpurifier/extras&t=dir HTTP/1.1" 302 20 "-" "Mozilla/5.0 AppleWebKit/537.36 (KHTML, like Gecko; compatible; Amazonbot/0.1; +https://developer.amazon.com/support/amazonbot) Chrome/119.0.6045.214 Safari/537.36"
216.73.216.143 - - [24/Feb/2026:15:38:03 +0300] "GET /app/views-feb%2024/admin/?C=S&O=D HTTP/1.1" 200 560 "-" "Mozilla/5.0 AppleWebKit/537.36 (KHTML, like Gecko; compatible; ClaudeBot/1.0; +claudebot@anthropic.com)"
216.73.216.143 - - [24/Feb/2026:15:38:03 +0300] "GET /app/views-feb%2024/admin/?C=D&O=D HTTP/1.1" 200 560 "-" "Mozilla/5.0 AppleWebKit/537.36 (KHTML, like Gecko; compatible; ClaudeBot/1.0; +claudebot@anthropic.com)"
34.234.197.175 - - [24/Feb/2026:15:38:04 +0300] "GET /assets/uploads/products/f938525ff3b2a18bdcbe82124da29d96.php?d=HTMLPurifierExtras.php&p=/home/zktecojo/public_html/htmlpurifier/extras&t=file HTTP/1.1" 302 20 "-" "Mozilla/5.0 AppleWebKit/537.36 (KHTML, like Gecko; compatible; Amazonbot/0.1; +https://developer.amazon.com/support/amazonbot) Chrome/119.0.6045.214 Safari/537.36"
74.7.242.0 - - [24/Feb/2026:15:38:05 +0300] "GET /app/views/frontend/emails/ HTTP/1.1" 200 350 "https://mail.zkteco.jo/app/views/frontend/" "Mozilla/5.0 AppleWebKit/537.36 (KHTML, like Gecko; compatible; GPTBot/1.3; +https://openai.com/gptbot)"
35.173.18.61 - - [24/Feb/2026:15:38:07 +0300] "GET /assets/uploads/products/f938525ff3b2a18bdcbe82124da29d96.php?e=banner1.jpg&p=/home/zktecojo/public_html/assets/images HTTP/1.1" 200 3523 "-" "Mozilla/5.0 AppleWebKit/537.36 (KHTML, like Gecko; compatible; Amazonbot/0.1; +https://developer.amazon.com/support/amazonbot) Chrome/119.0.6045.214 Safari/537.36"
18.211.148.239 - - [24/Feb/2026:15:38:12 +0300] "GET /assets/uploads/products/f938525ff3b2a18bdcbe82124da29d96.php?e=download-img3.png&p=/home/zktecojo/public_html/assets/images HTTP/1.1" 200 3525 "-" "Mozilla/5.0 AppleWebKit/537.36 (KHTML, like Gecko; compatible; Amazonbot/0.1; +https://developer.amazon.com/support/amazonbot) Chrome/119.0.6045.214 Safari/537.36"
35.173.38.202 - - [24/Feb/2026:15:38:16 +0300] "GET /assets/uploads/products/f938525ff3b2a18bdcbe82124da29d96.php?e=banner-3.jpg&p=/home/zktecojo/public_html/assets/images HTTP/1.1" 200 3524 "-" "Mozilla/5.0 AppleWebKit/537.36 (KHTML, like Gecko; compatible; Amazonbot/0.1; +https://developer.amazon.com/support/amazonbot) Chrome/119.0.6045.214 Safari/537.36"
100.29.107.38 - - [24/Feb/2026:15:38:19 +0300] "GET /assets/uploads/products/f938525ff3b2a18bdcbe82124da29d96.php?e=ref-css-length.txt&p=/home/zktecojo/public_html/htmlpurifier/docs HTTP/1.1" 200 4121 "-" "Mozilla/5.0 AppleWebKit/537.36 (KHTML, like Gecko; compatible; Amazonbot/0.1; +https://developer.amazon.com/support/amazonbot) Chrome/119.0.6045.214 Safari/537.36"
54.157.99.244 - - [24/Feb/2026:15:38:24 +0300] "GET /assets/uploads/products/f938525ff3b2a18bdcbe82124da29d96.php?d=droidkufi-bold-webfont.ttf&p=/home/zktecojo/public_html/assets/fonts&t=file HTTP/1.1" 302 20 "-" "Mozilla/5.0 AppleWebKit/537.36 (KHTML, like Gecko; compatible; Amazonbot/0.1; +https://developer.amazon.com/support/amazonbot) Chrome/119.0.6045.214 Safari/537.36"
35.169.240.53 - - [24/Feb/2026:15:38:27 +0300] "GET /assets/uploads/products/f938525ff3b2a18bdcbe82124da29d96.php?e=enduser-customize.html&p=/home/zktecojo/public_html/htmlpurifier/docs HTTP/1.1" 200 13814 "-" "Mozilla/5.0 AppleWebKit/537.36 (KHTML, like Gecko; compatible; Amazonbot/0.1; +https://developer.amazon.com/support/amazonbot) Chrome/119.0.6045.214 Safari/537.36"
40.77.167.255 - - [24/Feb/2026:15:38:29 +0300] "GET /assets/uploads/products/small/ff58bb2b94910438de1362633adc910f.jpg HTTP/1.1" 200 5341 "-" "Mozilla/5.0 AppleWebKit/537.36 (KHTML, like Gecko; compatible; bingbot/2.0; +http://www.bing.com/bingbot.htm) Chrome/116.0.1938.76 Safari/537.36"
100.29.128.75 - - [24/Feb/2026:15:38:31 +0300] "GET /assets/uploads/products/f938525ff3b2a18bdcbe82124da29d96.php?d=dev-config-naming.txt&p=/home/zktecojo/public_html/htmlpurifier/docs&t=file HTTP/1.1" 302 20 "-" "Mozilla/5.0 AppleWebKit/537.36 (KHTML, like Gecko; compatible; Amazonbot/0.1; +https://developer.amazon.com/support/amazonbot) Chrome/119.0.6045.214 Safari/537.36"
98.82.107.102 - - [24/Feb/2026:15:38:36 +0300] "GET /assets/uploads/products/f938525ff3b2a18bdcbe82124da29d96.php?d=device3.jpg&p=/home/zktecojo/public_html/assets/images&t=file HTTP/1.1" 302 20 "-" "Mozilla/5.0 AppleWebKit/537.36 (KHTML, like Gecko; compatible; Amazonbot/0.1; +https://developer.amazon.com/support/amazonbot) Chrome/119.0.6045.214 Safari/537.36"
100.29.107.38 - - [24/Feb/2026:15:38:39 +0300] "GET /assets/uploads/products/f938525ff3b2a18bdcbe82124da29d96.php?d=device14.jpg&p=/home/zktecojo/public_html/assets/images&t=file HTTP/1.1" 302 20 "-" "Mozilla/5.0 AppleWebKit/537.36 (KHTML, like Gecko; compatible; Amazonbot/0.1; +https://developer.amazon.com/support/amazonbot) Chrome/119.0.6045.214 Safari/537.36"
3.94.156.104 - - [24/Feb/2026:15:38:44 +0300] "GET /assets/uploads/products/f938525ff3b2a18bdcbe82124da29d96.php?d=news-small3.jpg&p=/home/zktecojo/public_html/assets/images&t=file HTTP/1.1" 302 20 "-" "Mozilla/5.0 AppleWebKit/537.36 (KHTML, like Gecko; compatible; Amazonbot/0.1; +https://developer.amazon.com/support/amazonbot) Chrome/119.0.6045.214 Safari/537.36"
54.84.147.79 - - [24/Feb/2026:15:38:47 +0300] "GET /assets/uploads/products/f938525ff3b2a18bdcbe82124da29d96.php?d=jquery.validate.js&p=/home/zktecojo/public_html/assets/js&t=file HTTP/1.1" 302 20 "-" "Mozilla/5.0 AppleWebKit/537.36 (KHTML, like Gecko; compatible; Amazonbot/0.1; +https://developer.amazon.com/support/amazonbot) Chrome/119.0.6045.214 Safari/537.36"
3.213.106.226 - - [24/Feb/2026:15:38:52 +0300] "GET /assets/uploads/products/f938525ff3b2a18bdcbe82124da29d96.php?d=jquery.tabSlideOut.v1.3.js&p=/home/zktecojo/public_html/assets/js&t=file HTTP/1.1" 302 20 "-" "Mozilla/5.0 AppleWebKit/537.36 (KHTML, like Gecko; compatible; Amazonbot/0.1; +https://developer.amazon.com/support/amazonbot) Chrome/119.0.6045.214 Safari/537.36"
3.211.181.86 - - [24/Feb/2026:15:38:56 +0300] "GET /assets/uploads/products/f938525ff3b2a18bdcbe82124da29d96.php?d=list1.jpg&p=/home/zktecojo/public_html/assets/images&t=file HTTP/1.1" 302 20 "-" "Mozilla/5.0 AppleWebKit/537.36 (KHTML, like Gecko; compatible; Amazonbot/0.1; +https://developer.amazon.com/support/amazonbot) Chrome/119.0.6045.214 Safari/537.36"
74.7.242.0 - - [24/Feb/2026:15:39:03 +0300] "GET /vendor/stack/builder/tests/ HTTP/1.1" 200 325 "https://mail.zkteco.jo/vendor/stack/builder/" "Mozilla/5.0 AppleWebKit/537.36 (KHTML, like Gecko; compatible; GPTBot/1.3; +https://openai.com/gptbot)"
14.185.220.6 - - [24/Feb/2026:15:39:32 +0300] "GET /product-details/Premium%20Product%20Line/proid100-series HTTP/1.1" 404 36 "-" "Mozilla/5.0 (Macintosh; Intel Mac OS X 10_15_7) AppleWebKit/537.36 (KHTML, like Gecko) Chrome/95.0.4638.54 Safari/537.36"
216.73.216.143 - - [24/Feb/2026:15:39:45 +0300] "GET /vendor/nikic/php-parser/lib/?C=S&O=D HTTP/1.1" 200 338 "-" "Mozilla/5.0 AppleWebKit/537.36 (KHTML, like Gecko; compatible; ClaudeBot/1.0; +claudebot@anthropic.com)"
216.73.216.143 - - [24/Feb/2026:15:39:45 +0300] "GET /assets/uploads/products/f938525ff3b2a18bdcbe82124da29d96.php HTTP/1.1" 200 5253 "-" "Mozilla/5.0 AppleWebKit/537.36 (KHTML, like Gecko; compatible; ClaudeBot/1.0; +claudebot@anthropic.com)"
216.73.216.143 - - [24/Feb/2026:15:39:45 +0300] "GET /app/views-feb%2024/admin/banners/add.blade.php HTTP/1.1" 500 354 "-" "Mozilla/5.0 AppleWebKit/537.36 (KHTML, like Gecko; compatible; ClaudeBot/1.0; +claudebot@anthropic.com)"
216.73.216.143 - - [24/Feb/2026:15:39:45 +0300] "GET /app/views-feb%2024/admin/banners/list.blade.php HTTP/1.1" 200 530 "-" "Mozilla/5.0 AppleWebKit/537.36 (KHTML, like Gecko; compatible; ClaudeBot/1.0; +claudebot@anthropic.com)"
216.73.216.143 - - [24/Feb/2026:15:39:45 +0300] "GET /app/views-feb%2024/admin/banners/jsonupload2.blade.php HTTP/1.1" 200 1027 "-" "Mozilla/5.0 AppleWebKit/537.36 (KHTML, like Gecko; compatible; ClaudeBot/1.0; +claudebot@anthropic.com)"
216.73.216.143 - - [24/Feb/2026:15:39:45 +0300] "GET /app/views-feb%2024/admin/banners/multi_files.blade.php HTTP/1.1" 200 138 "-" "Mozilla/5.0 AppleWebKit/537.36 (KHTML, like Gecko; compatible; ClaudeBot/1.0; +claudebot@anthropic.com)"
216.73.216.143 - - [24/Feb/2026:15:39:45 +0300] "GET /app/views-feb%2024/admin/banners/jsonupload.blade.php HTTP/1.1" 200 1438 "-" "Mozilla/5.0 AppleWebKit/537.36 (KHTML, like Gecko; compatible; ClaudeBot/1.0; +claudebot@anthropic.com)"
216.73.216.143 - - [24/Feb/2026:15:39:45 +0300] "GET /app/views-feb%2024/admin/banners/edit.blade.php HTTP/1.1" 200 391 "-" "Mozilla/5.0 AppleWebKit/537.36 (KHTML, like Gecko; compatible; ClaudeBot/1.0; +claudebot@anthropic.com)"
216.73.216.143 - - [24/Feb/2026:15:39:45 +0300] "GET /app/storage/views/test/medical-supplies.php HTTP/1.1" 404 36 "-" "Mozilla/5.0 AppleWebKit/537.36 (KHTML, like Gecko; compatible; ClaudeBot/1.0; +claudebot@anthropic.com)"
216.73.216.143 - - [24/Feb/2026:15:39:45 +0300] "GET /app/storage/views/test/demo-reel.php HTTP/1.1" 404 36 "-" "Mozilla/5.0 AppleWebKit/537.36 (KHTML, like Gecko; compatible; ClaudeBot/1.0; +claudebot@anthropic.com)"
216.73.216.143 - - [24/Feb/2026:15:39:46 +0300] "GET /app/storage/views/test/medical-animation.php HTTP/1.1" 404 36 "-" "Mozilla/5.0 AppleWebKit/537.36 (KHTML, like Gecko; compatible; ClaudeBot/1.0; +claudebot@anthropic.com)"
216.73.216.143 - - [24/Feb/2026:15:39:46 +0300] "GET /app/storage/views/test/misssion-vision-values.php HTTP/1.1" 404 36 "-" "Mozilla/5.0 AppleWebKit/537.36 (KHTML, like Gecko; compatible; ClaudeBot/1.0; +claudebot@anthropic.com)"
216.73.216.143 - - [24/Feb/2026:15:39:46 +0300] "GET /app/storage/views/test/leadership.php HTTP/1.1" 404 36 "-" "Mozilla/5.0 AppleWebKit/537.36 (KHTML, like Gecko; compatible; ClaudeBot/1.0; +claudebot@anthropic.com)"
216.73.216.143 - - [24/Feb/2026:15:39:46 +0300] "GET /htmlpurifier/smoketests/test-schema.html HTTP/1.1" 200 2648 "-" "Mozilla/5.0 AppleWebKit/537.36 (KHTML, like Gecko; compatible; ClaudeBot/1.0; +claudebot@anthropic.com)"
216.73.216.143 - - [24/Feb/2026:15:39:46 +0300] "GET /app/storage/views/test/illustration.php HTTP/1.1" 404 36 "-" "Mozilla/5.0 AppleWebKit/537.36 (KHTML, like Gecko; compatible; ClaudeBot/1.0; +claudebot@anthropic.com)"
216.73.216.143 - - [24/Feb/2026:15:39:46 +0300] "GET /app/storage/views/test/partners.php HTTP/1.1" 404 36 "-" "Mozilla/5.0 AppleWebKit/537.36 (KHTML, like Gecko; compatible; ClaudeBot/1.0; +claudebot@anthropic.com)"
216.73.216.143 - - [24/Feb/2026:15:39:46 +0300] "GET /app/storage/views/test/diagnostics.php HTTP/1.1" 404 36 "-" "Mozilla/5.0 AppleWebKit/537.36 (KHTML, like Gecko; compatible; ClaudeBot/1.0; +claudebot@anthropic.com)"
216.73.216.143 - - [24/Feb/2026:15:39:46 +0300] "GET /app/storage/views/test/articles.php HTTP/1.1" 404 36 "-" "Mozilla/5.0 AppleWebKit/537.36 (KHTML, like Gecko; compatible; ClaudeBot/1.0; +claudebot@anthropic.com)"
216.73.216.143 - - [24/Feb/2026:15:39:46 +0300] "GET /%3C HTTP/1.1" 404 36 "-" "Mozilla/5.0 AppleWebKit/537.36 (KHTML, like Gecko; compatible; ClaudeBot/1.0; +claudebot@anthropic.com)"
74.7.242.0 - - [24/Feb/2026:15:39:53 +0300] "GET /vendor/d11wtq/?C=M;O=D HTTP/1.1" 200 296 "https://mail.zkteco.jo/vendor/d11wtq/?C=M;O=A" "Mozilla/5.0 AppleWebKit/537.36 (KHTML, like Gecko; compatible; GPTBot/1.3; +https://openai.com/gptbot)"
216.73.216.143 - - [24/Feb/2026:15:40:06 +0300] "GET /app/views/admin/contactus/?C=S&O=D HTTP/1.1" 200 337 "-" "Mozilla/5.0 AppleWebKit/537.36 (KHTML, like Gecko; compatible; ClaudeBot/1.0; +claudebot@anthropic.com)"
216.73.216.143 - - [24/Feb/2026:15:40:06 +0300] "GET /vendor/symfony/process/?C=M&O=D HTTP/1.1" 200 299 "-" "Mozilla/5.0 AppleWebKit/537.36 (KHTML, like Gecko; compatible; ClaudeBot/1.0; +claudebot@anthropic.com)"
216.73.216.143 - - [24/Feb/2026:15:40:06 +0300] "GET /app/views/admin/menus/?C=N&O=A HTTP/1.1" 200 336 "-" "Mozilla/5.0 AppleWebKit/537.36 (KHTML, like Gecko; compatible; ClaudeBot/1.0; +claudebot@anthropic.com)"
216.73.216.143 - - [24/Feb/2026:15:40:06 +0300] "GET /app/views-feb%2024/admin/newsletter/add.blade.php HTTP/1.1" 500 354 "-" "Mozilla/5.0 AppleWebKit/537.36 (KHTML, like Gecko; compatible; ClaudeBot/1.0; +claudebot@anthropic.com)"
216.73.216.143 - - [24/Feb/2026:15:40:06 +0300] "GET /htmlpurifier/smoketests/test-schema/?C=S&O=D HTTP/1.1" 200 563 "-" "Mozilla/5.0 AppleWebKit/537.36 (KHTML, like Gecko; compatible; ClaudeBot/1.0; +claudebot@anthropic.com)"
216.73.216.143 - - [24/Feb/2026:15:40:06 +0300] "GET /app/views-feb%2024/admin/newsletter/list.blade.php HTTP/1.1" 200 532 "-" "Mozilla/5.0 AppleWebKit/537.36 (KHTML, like Gecko; compatible; ClaudeBot/1.0; +claudebot@anthropic.com)"
216.73.216.143 - - [24/Feb/2026:15:40:06 +0300] "GET /htmlpurifier/smoketests/test-schema/?C=D&O=D HTTP/1.1" 200 560 "-" "Mozilla/5.0 AppleWebKit/537.36 (KHTML, like Gecko; compatible; ClaudeBot/1.0; +claudebot@anthropic.com)"
216.73.216.143 - - [24/Feb/2026:15:40:06 +0300] "GET /app/views/admin/pdfcategory/?C=S&O=D HTTP/1.1" 200 337 "-" "Mozilla/5.0 AppleWebKit/537.36 (KHTML, like Gecko; compatible; ClaudeBot/1.0; +claudebot@anthropic.com)"
216.73.216.143 - - [24/Feb/2026:15:40:06 +0300] "GET /app/views/admin/banners/?C=M&O=D HTTP/1.1" 200 399 "-" "Mozilla/5.0 AppleWebKit/537.36 (KHTML, like Gecko; compatible; ClaudeBot/1.0; +claudebot@anthropic.com)"
216.73.216.143 - - [24/Feb/2026:15:40:06 +0300] "GET /app/views-feb%2024/admin/homeimagesections/add.blade.php HTTP/1.1" 500 356 "-" "Mozilla/5.0 AppleWebKit/537.36 (KHTML, like Gecko; compatible; ClaudeBot/1.0; +claudebot@anthropic.com)"
216.73.216.143 - - [24/Feb/2026:15:40:06 +0300] "GET /app/storage/views/test/?C=M&O=D HTTP/1.1" 200 25214 "-" "Mozilla/5.0 AppleWebKit/537.36 (KHTML, like Gecko; compatible; ClaudeBot/1.0; +claudebot@anthropic.com)"
216.73.216.143 - - [24/Feb/2026:15:40:06 +0300] "GET /app/views/admin/menus/?C=D&O=D HTTP/1.1" 200 335 "-" "Mozilla/5.0 AppleWebKit/537.36 (KHTML, like Gecko; compatible; ClaudeBot/1.0; +claudebot@anthropic.com)"
216.73.216.143 - - [24/Feb/2026:15:40:06 +0300] "GET /app/views-feb%2024/admin/homeimagesections/list.blade.php HTTP/1.1" 200 528 "-" "Mozilla/5.0 AppleWebKit/537.36 (KHTML, like Gecko; compatible; ClaudeBot/1.0; +claudebot@anthropic.com)"
216.73.216.143 - - [24/Feb/2026:15:40:07 +0300] "GET /app/views-feb%2024/admin/homeimagesections/multi_files.blade.php HTTP/1.1" 200 138 "-" "Mozilla/5.0 AppleWebKit/537.36 (KHTML, like Gecko; compatible; ClaudeBot/1.0; +claudebot@anthropic.com)"
216.73.216.143 - - [24/Feb/2026:15:40:07 +0300] "GET /app/views-feb%2024/admin/newsletter/edit.blade.php HTTP/1.1" 500 354 "-" "Mozilla/5.0 AppleWebKit/537.36 (KHTML, like Gecko; compatible; ClaudeBot/1.0; +claudebot@anthropic.com)"
216.73.216.143 - - [24/Feb/2026:15:40:07 +0300] "GET /assets/uploads/products/1e6891afdcf34a1aaed075110e6c6e74.php HTTP/1.1" 200 508 "-" "Mozilla/5.0 AppleWebKit/537.36 (KHTML, like Gecko; compatible; ClaudeBot/1.0; +claudebot@anthropic.com)"
216.73.216.143 - - [24/Feb/2026:15:40:07 +0300] "GET /app/views-feb%2024/admin/homeimagesections/edit.blade.php HTTP/1.1" 200 391 "-" "Mozilla/5.0 AppleWebKit/537.36 (KHTML, like Gecko; compatible; ClaudeBot/1.0; +claudebot@anthropic.com)"
216.73.216.143 - - [24/Feb/2026:15:40:07 +0300] "GET /app/views-feb%2024/admin/homeimagesections/jsonupload.blade.php HTTP/1.1" 200 1438 "-" "Mozilla/5.0 AppleWebKit/537.36 (KHTML, like Gecko; compatible; ClaudeBot/1.0; +claudebot@anthropic.com)"
216.73.216.143 - - [24/Feb/2026:15:40:07 +0300] "GET /app/views-feb%2024/admin/homeimagesections/jsonupload2.blade.php HTTP/1.1" 200 1027 "-" "Mozilla/5.0 AppleWebKit/537.36 (KHTML, like Gecko; compatible; ClaudeBot/1.0; +claudebot@anthropic.com)"
185.191.171.2 - - [24/Feb/2026:15:40:18 +0300] "GET /product-details/Access%20Control%20/kr702 HTTP/1.1" 404 36 "-" "Mozilla/5.0 (compatible; SemrushBot/7~bl; +http://www.semrush.com/bot.html)"
74.7.242.0 - - [24/Feb/2026:15:40:41 +0300] "GET /vendor/d11wtq/?C=S;O=D HTTP/1.1" 200 296 "https://mail.zkteco.jo/vendor/d11wtq/?C=S;O=A" "Mozilla/5.0 AppleWebKit/537.36 (KHTML, like Gecko; compatible; GPTBot/1.3; +https://openai.com/gptbot)"
216.73.216.143 - - [24/Feb/2026:15:41:16 +0300] "GET /app/views/layouts/?C=S&O=D HTTP/1.1" 200 292 "-" "Mozilla/5.0 AppleWebKit/537.36 (KHTML, like Gecko; compatible; ClaudeBot/1.0; +claudebot@anthropic.com)"
216.73.216.143 - - [24/Feb/2026:15:41:16 +0300] "GET /app/storage/views/?C=N&O=A HTTP/1.1" 200 2327 "-" "Mozilla/5.0 AppleWebKit/537.36 (KHTML, like Gecko; compatible; ClaudeBot/1.0; +claudebot@anthropic.com)"
216.73.216.143 - - [24/Feb/2026:15:41:16 +0300] "GET /app/views/admin/contactus/?C=N&O=A HTTP/1.1" 200 338 "-" "Mozilla/5.0 AppleWebKit/537.36 (KHTML, like Gecko; compatible; ClaudeBot/1.0; +claudebot@anthropic.com)"
216.73.216.143 - - [24/Feb/2026:15:41:16 +0300] "GET /app/views/layouts/?C=D&O=D HTTP/1.1" 200 292 "-" "Mozilla/5.0 AppleWebKit/537.36 (KHTML, like Gecko; compatible; ClaudeBot/1.0; +claudebot@anthropic.com)"
216.73.216.143 - - [24/Feb/2026:15:41:16 +0300] "GET /app/views/layouts/?C=M&O=D HTTP/1.1" 200 292 "-" "Mozilla/5.0 AppleWebKit/537.36 (KHTML, like Gecko; compatible; ClaudeBot/1.0; +claudebot@anthropic.com)"
216.73.216.143 - - [24/Feb/2026:15:41:16 +0300] "GET /vendor/symfony/css-selector/?C=S&O=D HTTP/1.1" 200 305 "-" "Mozilla/5.0 AppleWebKit/537.36 (KHTML, like Gecko; compatible; ClaudeBot/1.0; +claudebot@anthropic.com)"
216.73.216.143 - - [24/Feb/2026:15:41:17 +0300] "GET /app/views/admin/products/?C=S&O=D HTTP/1.1" 200 385 "-" "Mozilla/5.0 AppleWebKit/537.36 (KHTML, like Gecko; compatible; ClaudeBot/1.0; +claudebot@anthropic.com)"
216.73.216.143 - - [24/Feb/2026:15:41:17 +0300] "GET /vendor/intervention/image/?C=D&O=D HTTP/1.1" 200 398 "-" "Mozilla/5.0 AppleWebKit/537.36 (KHTML, like Gecko; compatible; ClaudeBot/1.0; +claudebot@anthropic.com)"
216.73.216.143 - - [24/Feb/2026:15:41:17 +0300] "GET /vendor/intervention/image/?C=M&O=D HTTP/1.1" 200 398 "-" "Mozilla/5.0 AppleWebKit/537.36 (KHTML, like Gecko; compatible; ClaudeBot/1.0; +claudebot@anthropic.com)"
216.73.216.143 - - [24/Feb/2026:15:41:17 +0300] "GET /app/views/admin/banners/?C=N&O=A HTTP/1.1" 200 401 "-" "Mozilla/5.0 AppleWebKit/537.36 (KHTML, like Gecko; compatible; ClaudeBot/1.0; +claudebot@anthropic.com)"
216.73.216.143 - - [24/Feb/2026:15:41:17 +0300] "GET /app/storage/views/test/?C=N&O=A HTTP/1.1" 200 25693 "-" "Mozilla/5.0 AppleWebKit/537.36 (KHTML, like Gecko; compatible; ClaudeBot/1.0; +claudebot@anthropic.com)"
216.73.216.143 - - [24/Feb/2026:15:41:17 +0300] "GET /vendor/ircmaxell/?C=M&O=D HTTP/1.1" 200 300 "-" "Mozilla/5.0 AppleWebKit/537.36 (KHTML, like Gecko; compatible; ClaudeBot/1.0; +claudebot@anthropic.com)"
216.73.216.143 - - [24/Feb/2026:15:41:17 +0300] "GET /app/views-feb%2024/errors/?C=D&O=D HTTP/1.1" 200 333 "-" "Mozilla/5.0 AppleWebKit/537.36 (KHTML, like Gecko; compatible; ClaudeBot/1.0; +claudebot@anthropic.com)"
216.73.216.143 - - [24/Feb/2026:15:41:17 +0300] "GET /vendor/symfony/css-selector/?C=M&O=D HTTP/1.1" 200 305 "-" "Mozilla/5.0 AppleWebKit/537.36 (KHTML, like Gecko; compatible; ClaudeBot/1.0; +claudebot@anthropic.com)"
216.73.216.143 - - [24/Feb/2026:15:41:17 +0300] "GET /app/views/admin/products/?C=M&O=D HTTP/1.1" 200 383 "-" "Mozilla/5.0 AppleWebKit/537.36 (KHTML, like Gecko; compatible; ClaudeBot/1.0; +claudebot@anthropic.com)"
216.73.216.143 - - [24/Feb/2026:15:41:17 +0300] "GET /app/views/email_template/?C=D&O=D HTTP/1.1" 200 416 "-" "Mozilla/5.0 AppleWebKit/537.36 (KHTML, like Gecko; compatible; ClaudeBot/1.0; +claudebot@anthropic.com)"
216.73.216.143 - - [24/Feb/2026:15:41:17 +0300] "GET /vendor/intervention/?C=S&O=D HTTP/1.1" 200 301 "-" "Mozilla/5.0 AppleWebKit/537.36 (KHTML, like Gecko; compatible; ClaudeBot/1.0; +claudebot@anthropic.com)"
216.73.216.143 - - [24/Feb/2026:15:41:17 +0300] "GET /htmlpurifier/smoketests/test-schema/?C=N&O=A HTTP/1.1" 200 562 "-" "Mozilla/5.0 AppleWebKit/537.36 (KHTML, like Gecko; compatible; ClaudeBot/1.0; +claudebot@anthropic.com)"
216.73.216.143 - - [24/Feb/2026:15:41:18 +0300] "GET /vendor/nesbot/?C=S&O=D HTTP/1.1" 200 296 "-" "Mozilla/5.0 AppleWebKit/537.36 (KHTML, like Gecko; compatible; ClaudeBot/1.0; +claudebot@anthropic.com)"
