2001:41d0:303:5aa0::1 - - [24/Feb/2026:16:42:13 +0300] "GET /vendor/monolog/monolog/ HTTP/1.1" 200 421 "-" "Mozilla/5.0 (compatible; MJ12bot/v1.4.8; http://mj12bot.com/)"
2001:41d0:303:5aa0::1 - - [24/Feb/2026:16:42:13 +0300] "GET /vendor/nikic/php-parser/ HTTP/1.1" 200 467 "-" "Mozilla/5.0 (compatible; MJ12bot/v1.4.8; http://mj12bot.com/)"
2001:41d0:303:5aa0::1 - - [24/Feb/2026:16:42:14 +0300] "GET /vendor/nesbot/carbon/ HTTP/1.1" 200 426 "-" "Mozilla/5.0 (compatible; MJ12bot/v1.4.8; http://mj12bot.com/)"
2001:41d0:303:5aa0::1 - - [24/Feb/2026:16:42:15 +0300] "GET /vendor/patchwork/utf8/ HTTP/1.1" 200 392 "-" "Mozilla/5.0 (compatible; MJ12bot/v1.4.8; http://mj12bot.com/)"
2001:41d0:303:5aa0::1 - - [24/Feb/2026:16:42:16 +0300] "GET /vendor/nikic/php-parser/ HTTP/1.1" 200 467 "-" "Mozilla/5.0 (compatible; MJ12bot/v1.4.8; http://mj12bot.com/)"
2001:41d0:303:5aa0::1 - - [24/Feb/2026:16:42:16 +0300] "GET /vendor/phpseclib/phpseclib/ HTTP/1.1" 200 471 "-" "Mozilla/5.0 (compatible; MJ12bot/v1.4.8; http://mj12bot.com/)"
2001:41d0:303:5aa0::1 - - [24/Feb/2026:16:42:18 +0300] "GET /vendor/patchwork/utf8/ HTTP/1.1" 200 392 "-" "Mozilla/5.0 (compatible; MJ12bot/v1.4.8; http://mj12bot.com/)"
2001:41d0:303:5aa0::1 - - [24/Feb/2026:16:42:18 +0300] "GET /vendor/predis/predis/ HTTP/1.1" 200 562 "-" "Mozilla/5.0 (compatible; MJ12bot/v1.4.8; http://mj12bot.com/)"
2001:41d0:303:5aa0::1 - - [24/Feb/2026:16:42:19 +0300] "GET /vendor/phpseclib/phpseclib/ HTTP/1.1" 200 471 "-" "Mozilla/5.0 (compatible; MJ12bot/v1.4.8; http://mj12bot.com/)"
2001:41d0:303:5aa0::1 - - [24/Feb/2026:16:42:19 +0300] "GET /vendor/psr/log/ HTTP/1.1" 200 347 "-" "Mozilla/5.0 (compatible; MJ12bot/v1.4.8; http://mj12bot.com/)"
2001:41d0:303:5aa0::1 - - [24/Feb/2026:16:42:21 +0300] "GET /vendor/predis/predis/ HTTP/1.1" 200 562 "-" "Mozilla/5.0 (compatible; MJ12bot/v1.4.8; http://mj12bot.com/)"
2001:41d0:303:5aa0::1 - - [24/Feb/2026:16:42:21 +0300] "GET /vendor/simplesoftwareio/simple-qrcode/ HTTP/1.1" 200 431 "-" "Mozilla/5.0 (compatible; MJ12bot/v1.4.8; http://mj12bot.com/)"
2001:41d0:303:5aa0::1 - - [24/Feb/2026:16:42:23 +0300] "GET /vendor/psr/log/ HTTP/1.1" 200 347 "-" "Mozilla/5.0 (compatible; MJ12bot/v1.4.8; http://mj12bot.com/)"
2001:41d0:303:5aa0::1 - - [24/Feb/2026:16:42:23 +0300] "GET /vendor/stack/builder/ HTTP/1.1" 200 429 "-" "Mozilla/5.0 (compatible; MJ12bot/v1.4.8; http://mj12bot.com/)"
20.169.78.136 - - [24/Feb/2026:16:42:24 +0300] "GET / HTTP/1.1" 200 674 "-" "Mozilla/5.0 AppleWebKit/537.36 (KHTML, like Gecko); compatible; ChatGPT-User/1.0; +https://openai.com/bot"
2001:41d0:303:5aa0::1 - - [24/Feb/2026:16:42:24 +0300] "GET /vendor/simplesoftwareio/simple-qrcode/ HTTP/1.1" 200 431 "-" "Mozilla/5.0 (compatible; MJ12bot/v1.4.8; http://mj12bot.com/)"
2001:41d0:303:5aa0::1 - - [24/Feb/2026:16:42:24 +0300] "GET /vendor/swiftmailer/swiftmailer/ HTTP/1.1" 200 441 "-" "Mozilla/5.0 (compatible; MJ12bot/v1.4.8; http://mj12bot.com/)"
2001:41d0:303:5aa0::1 - - [24/Feb/2026:16:42:26 +0300] "GET /vendor/stack/builder/ HTTP/1.1" 200 429 "-" "Mozilla/5.0 (compatible; MJ12bot/v1.4.8; http://mj12bot.com/)"
2001:41d0:303:5aa0::1 - - [24/Feb/2026:16:42:26 +0300] "GET /vendor/symfony/browser-kit/ HTTP/1.1" 200 304 "-" "Mozilla/5.0 (compatible; MJ12bot/v1.4.8; http://mj12bot.com/)"
2001:41d0:303:5aa0::1 - - [24/Feb/2026:16:42:28 +0300] "GET /vendor/symfony/console/ HTTP/1.1" 200 301 "-" "Mozilla/5.0 (compatible; MJ12bot/v1.4.8; http://mj12bot.com/)"
2001:41d0:303:5aa0::1 - - [24/Feb/2026:16:42:28 +0300] "GET /vendor/swiftmailer/swiftmailer/ HTTP/1.1" 200 441 "-" "Mozilla/5.0 (compatible; MJ12bot/v1.4.8; http://mj12bot.com/)"
2001:41d0:303:5aa0::1 - - [24/Feb/2026:16:42:29 +0300] "GET /vendor/symfony/css-selector/ HTTP/1.1" 200 306 "-" "Mozilla/5.0 (compatible; MJ12bot/v1.4.8; http://mj12bot.com/)"
2001:41d0:303:5aa0::1 - - [24/Feb/2026:16:42:29 +0300] "GET /vendor/symfony/browser-kit/ HTTP/1.1" 200 304 "-" "Mozilla/5.0 (compatible; MJ12bot/v1.4.8; http://mj12bot.com/)"
2001:41d0:303:5aa0::1 - - [24/Feb/2026:16:42:31 +0300] "GET /vendor/symfony/debug/ HTTP/1.1" 200 301 "-" "Mozilla/5.0 (compatible; MJ12bot/v1.4.8; http://mj12bot.com/)"
2001:41d0:303:5aa0::1 - - [24/Feb/2026:16:42:31 +0300] "GET /vendor/symfony/console/ HTTP/1.1" 200 301 "-" "Mozilla/5.0 (compatible; MJ12bot/v1.4.8; http://mj12bot.com/)"
2001:41d0:303:5aa0::1 - - [24/Feb/2026:16:42:33 +0300] "GET /vendor/symfony/css-selector/ HTTP/1.1" 200 306 "-" "Mozilla/5.0 (compatible; MJ12bot/v1.4.8; http://mj12bot.com/)"
2001:41d0:303:5aa0::1 - - [24/Feb/2026:16:42:33 +0300] "GET /vendor/symfony/dom-crawler/ HTTP/1.1" 200 309 "-" "Mozilla/5.0 (compatible; MJ12bot/v1.4.8; http://mj12bot.com/)"
2001:41d0:303:5aa0::1 - - [24/Feb/2026:16:42:34 +0300] "GET /vendor/symfony/debug/ HTTP/1.1" 200 301 "-" "Mozilla/5.0 (compatible; MJ12bot/v1.4.8; http://mj12bot.com/)"
2001:41d0:303:5aa0::1 - - [24/Feb/2026:16:42:34 +0300] "GET /vendor/symfony/event-dispatcher/ HTTP/1.1" 200 309 "-" "Mozilla/5.0 (compatible; MJ12bot/v1.4.8; http://mj12bot.com/)"
2001:41d0:303:5aa0::1 - - [24/Feb/2026:16:42:36 +0300] "GET /vendor/symfony/dom-crawler/ HTTP/1.1" 200 309 "-" "Mozilla/5.0 (compatible; MJ12bot/v1.4.8; http://mj12bot.com/)"
2001:41d0:303:5aa0::1 - - [24/Feb/2026:16:42:36 +0300] "GET /vendor/symfony/filesystem/ HTTP/1.1" 200 306 "-" "Mozilla/5.0 (compatible; MJ12bot/v1.4.8; http://mj12bot.com/)"
2001:41d0:303:5aa0::1 - - [24/Feb/2026:16:42:38 +0300] "GET /vendor/symfony/event-dispatcher/ HTTP/1.1" 200 309 "-" "Mozilla/5.0 (compatible; MJ12bot/v1.4.8; http://mj12bot.com/)"
2001:41d0:303:5aa0::1 - - [24/Feb/2026:16:42:38 +0300] "GET /vendor/symfony/finder/ HTTP/1.1" 200 304 "-" "Mozilla/5.0 (compatible; MJ12bot/v1.4.8; http://mj12bot.com/)"
2001:41d0:303:5aa0::1 - - [24/Feb/2026:16:42:39 +0300] "GET /vendor/symfony/filesystem/ HTTP/1.1" 200 306 "-" "Mozilla/5.0 (compatible; MJ12bot/v1.4.8; http://mj12bot.com/)"
2001:41d0:303:5aa0::1 - - [24/Feb/2026:16:42:39 +0300] "GET /vendor/symfony/http-foundation/ HTTP/1.1" 200 303 "-" "Mozilla/5.0 (compatible; MJ12bot/v1.4.8; http://mj12bot.com/)"
2001:41d0:303:5aa0::1 - - [24/Feb/2026:16:42:41 +0300] "GET /vendor/symfony/finder/ HTTP/1.1" 200 304 "-" "Mozilla/5.0 (compatible; MJ12bot/v1.4.8; http://mj12bot.com/)"
2001:41d0:303:5aa0::1 - - [24/Feb/2026:16:42:41 +0300] "GET /vendor/symfony/http-kernel/ HTTP/1.1" 200 305 "-" "Mozilla/5.0 (compatible; MJ12bot/v1.4.8; http://mj12bot.com/)"
2001:41d0:303:5aa0::1 - - [24/Feb/2026:16:42:42 +0300] "GET /vendor/symfony/http-foundation/ HTTP/1.1" 200 303 "-" "Mozilla/5.0 (compatible; MJ12bot/v1.4.8; http://mj12bot.com/)"
2001:41d0:303:5aa0::1 - - [24/Feb/2026:16:42:43 +0300] "GET /vendor/symfony/process/ HTTP/1.1" 200 301 "-" "Mozilla/5.0 (compatible; MJ12bot/v1.4.8; http://mj12bot.com/)"
74.7.242.0 - - [24/Feb/2026:16:42:44 +0300] "GET /htmlpurifier/library/HTMLPurifier/ErrorStruct.php HTTP/1.1" 200 20 "https://mail.zkteco.jo/htmlpurifier/library/HTMLPurifier/" "Mozilla/5.0 AppleWebKit/537.36 (KHTML, like Gecko; compatible; GPTBot/1.3; +https://openai.com/gptbot)"
2001:41d0:303:5aa0::1 - - [24/Feb/2026:16:42:44 +0300] "GET /vendor/symfony/http-kernel/ HTTP/1.1" 200 305 "-" "Mozilla/5.0 (compatible; MJ12bot/v1.4.8; http://mj12bot.com/)"
2001:41d0:303:5aa0::1 - - [24/Feb/2026:16:42:45 +0300] "GET /vendor/symfony/routing/ HTTP/1.1" 200 304 "-" "Mozilla/5.0 (compatible; MJ12bot/v1.4.8; http://mj12bot.com/)"
2001:41d0:303:5aa0::1 - - [24/Feb/2026:16:42:46 +0300] "GET /vendor/symfony/process/ HTTP/1.1" 200 301 "-" "Mozilla/5.0 (compatible; MJ12bot/v1.4.8; http://mj12bot.com/)"
2001:41d0:303:5aa0::1 - - [24/Feb/2026:16:42:46 +0300] "GET /vendor/symfony/security-core/ HTTP/1.1" 200 305 "-" "Mozilla/5.0 (compatible; MJ12bot/v1.4.8; http://mj12bot.com/)"
2001:41d0:303:5aa0::1 - - [24/Feb/2026:16:42:48 +0300] "GET /vendor/symfony/routing/ HTTP/1.1" 200 304 "-" "Mozilla/5.0 (compatible; MJ12bot/v1.4.8; http://mj12bot.com/)"
2001:41d0:303:5aa0::1 - - [24/Feb/2026:16:42:48 +0300] "GET /vendor/symfony/translation/ HTTP/1.1" 200 304 "-" "Mozilla/5.0 (compatible; MJ12bot/v1.4.8; http://mj12bot.com/)"
2001:41d0:303:5aa0::1 - - [24/Feb/2026:16:42:49 +0300] "GET /vendor/symfony/security-core/ HTTP/1.1" 200 305 "-" "Mozilla/5.0 (compatible; MJ12bot/v1.4.8; http://mj12bot.com/)"
2001:41d0:303:5aa0::1 - - [24/Feb/2026:16:42:49 +0300] "GET /zkteco.me/cgi-bin/?C=S;O=A HTTP/1.1" 200 259 "-" "Mozilla/5.0 (compatible; MJ12bot/v1.4.8; http://mj12bot.com/)"
2001:41d0:303:5aa0::1 - - [24/Feb/2026:16:42:51 +0300] "GET /vendor/symfony/translation/ HTTP/1.1" 200 304 "-" "Mozilla/5.0 (compatible; MJ12bot/v1.4.8; http://mj12bot.com/)"
2001:41d0:303:5aa0::1 - - [24/Feb/2026:16:42:52 +0300] "GET /zkteco.me/cgi-bin/?C=S;O=A HTTP/1.1" 200 259 "-" "Mozilla/5.0 (compatible; MJ12bot/v1.4.8; http://mj12bot.com/)"
20.191.45.212 - - [24/Feb/2026:16:43:06 +0300] "GET / HTTP/1.1" 200 674 "http://zkteco.jo" "DuckDuckBot/1.1; (+http://duckduckgo.com/duckduckbot.html)"
20.191.45.212 - - [24/Feb/2026:16:43:06 +0300] "GET /favicon.ico HTTP/1.1" 404 36 "-" "DuckDuckBot/1.1; (+http://duckduckgo.com/duckduckbot.html)"
2001:41d0:303:5aa0::1 - - [24/Feb/2026:16:43:09 +0300] "GET /app/config/view.php HTTP/1.1" 200 20 "-" "Mozilla/5.0 (compatible; MJ12bot/v1.4.8; http://mj12bot.com/)"
2001:41d0:303:5aa0::1 - - [24/Feb/2026:16:43:10 +0300] "GET /app/config/workbench.php HTTP/1.1" 200 20 "-" "Mozilla/5.0 (compatible; MJ12bot/v1.4.8; http://mj12bot.com/)"
2001:41d0:303:5aa0::1 - - [24/Feb/2026:16:43:12 +0300] "GET /app/controllers/?C=D;O=A HTTP/1.1" 200 473 "-" "Mozilla/5.0 (compatible; MJ12bot/v1.4.8; http://mj12bot.com/)"
2001:41d0:303:5aa0::1 - - [24/Feb/2026:16:43:14 +0300] "GET /app/controllers/?C=M;O=A HTTP/1.1" 200 476 "-" "Mozilla/5.0 (compatible; MJ12bot/v1.4.8; http://mj12bot.com/)"
2001:41d0:303:5aa0::1 - - [24/Feb/2026:16:43:15 +0300] "GET /app/controllers/?C=N;O=D HTTP/1.1" 200 472 "-" "Mozilla/5.0 (compatible; MJ12bot/v1.4.8; http://mj12bot.com/)"
2001:41d0:303:5aa0::1 - - [24/Feb/2026:16:43:17 +0300] "GET /app/controllers/?C=S;O=A HTTP/1.1" 200 478 "-" "Mozilla/5.0 (compatible; MJ12bot/v1.4.8; http://mj12bot.com/)"
2001:41d0:303:5aa0::1 - - [24/Feb/2026:16:43:19 +0300] "GET /app/controllers/BaseController.php HTTP/1.1" 500 20 "-" "Mozilla/5.0 (compatible; MJ12bot/v1.4.8; http://mj12bot.com/)"
2001:41d0:303:5aa0::1 - - [24/Feb/2026:16:43:20 +0300] "GET /app/controllers/ContentController.php HTTP/1.1" 500 20 "-" "Mozilla/5.0 (compatible; MJ12bot/v1.4.8; http://mj12bot.com/)"
2001:41d0:303:5aa0::1 - - [24/Feb/2026:16:43:22 +0300] "GET /app/controllers/ContentController.php-old-3-8-2015 HTTP/1.1" 200 3918 "-" "Mozilla/5.0 (compatible; MJ12bot/v1.4.8; http://mj12bot.com/)"
2001:41d0:303:5aa0::1 - - [24/Feb/2026:16:43:23 +0300] "GET /app/controllers/HomeController%20may%2029%202016.php HTTP/1.1" 500 20 "-" "Mozilla/5.0 (compatible; MJ12bot/v1.4.8; http://mj12bot.com/)"
2001:41d0:303:5aa0::1 - - [24/Feb/2026:16:43:25 +0300] "GET /app/controllers/HomeController.php HTTP/1.1" 500 20 "-" "Mozilla/5.0 (compatible; MJ12bot/v1.4.8; http://mj12bot.com/)"
2001:41d0:303:5aa0::1 - - [24/Feb/2026:16:43:26 +0300] "GET /app/controllers/admin/ HTTP/1.1" 200 705 "-" "Mozilla/5.0 (compatible; MJ12bot/v1.4.8; http://mj12bot.com/)"
2001:41d0:303:5aa0::1 - - [24/Feb/2026:16:43:28 +0300] "GET /app/database/?C=N;O=A HTTP/1.1" 200 305 "-" "Mozilla/5.0 (compatible; MJ12bot/v1.4.8; http://mj12bot.com/)"
2001:41d0:303:5aa0::1 - - [24/Feb/2026:16:43:30 +0300] "GET /app/database/?C=S;O=D HTTP/1.1" 200 302 "-" "Mozilla/5.0 (compatible; MJ12bot/v1.4.8; http://mj12bot.com/)"
2001:41d0:303:5aa0::1 - - [24/Feb/2026:16:43:31 +0300] "GET /app/database/migrations/ HTTP/1.1" 200 259 "-" "Mozilla/5.0 (compatible; MJ12bot/v1.4.8; http://mj12bot.com/)"
2001:41d0:303:5aa0::1 - - [24/Feb/2026:16:43:33 +0300] "GET /app/database/seeds/ HTTP/1.1" 200 302 "-" "Mozilla/5.0 (compatible; MJ12bot/v1.4.8; http://mj12bot.com/)"
2001:41d0:303:5aa0::1 - - [24/Feb/2026:16:43:34 +0300] "GET /app/lang/?C=D;O=D HTTP/1.1" 200 298 "-" "Mozilla/5.0 (compatible; MJ12bot/v1.4.8; http://mj12bot.com/)"
2001:41d0:303:5aa0::1 - - [24/Feb/2026:16:43:36 +0300] "GET /app/lang/?C=M;O=D HTTP/1.1" 200 298 "-" "Mozilla/5.0 (compatible; MJ12bot/v1.4.8; http://mj12bot.com/)"
74.7.242.0 - - [24/Feb/2026:16:43:36 +0300] "GET /htmlpurifier/library/HTMLPurifier/HTMLModule.php HTTP/1.1" 200 20 "https://mail.zkteco.jo/htmlpurifier/library/HTMLPurifier/" "Mozilla/5.0 AppleWebKit/537.36 (KHTML, like Gecko; compatible; GPTBot/1.3; +https://openai.com/gptbot)"
2001:41d0:303:5aa0::1 - - [24/Feb/2026:16:43:37 +0300] "GET /app/lang/?C=N;O=A HTTP/1.1" 200 300 "-" "Mozilla/5.0 (compatible; MJ12bot/v1.4.8; http://mj12bot.com/)"
2001:41d0:303:5aa0::1 - - [24/Feb/2026:16:43:39 +0300] "GET /app/lang/?C=S;O=D HTTP/1.1" 200 298 "-" "Mozilla/5.0 (compatible; MJ12bot/v1.4.8; http://mj12bot.com/)"
2001:41d0:303:5aa0::1 - - [24/Feb/2026:16:43:40 +0300] "GET /app/lang/ar/ HTTP/1.1" 200 295 "-" "Mozilla/5.0 (compatible; MJ12bot/v1.4.8; http://mj12bot.com/)"
2001:41d0:303:5aa0::1 - - [24/Feb/2026:16:43:42 +0300] "GET /app/lang/en/ HTTP/1.1" 200 361 "-" "Mozilla/5.0 (compatible; MJ12bot/v1.4.8; http://mj12bot.com/)"
2001:41d0:303:5aa0::1 - - [24/Feb/2026:16:43:44 +0300] "GET /app/models/?C=D;O=D HTTP/1.1" 200 322 "-" "Mozilla/5.0 (compatible; MJ12bot/v1.4.8; http://mj12bot.com/)"
2001:41d0:303:5aa0::1 - - [24/Feb/2026:16:43:45 +0300] "GET /app/models/?C=N;O=A HTTP/1.1" 200 323 "-" "Mozilla/5.0 (compatible; MJ12bot/v1.4.8; http://mj12bot.com/)"
2001:41d0:303:5aa0::1 - - [24/Feb/2026:16:43:47 +0300] "GET /app/start/?C=D;O=D HTTP/1.1" 200 327 "-" "Mozilla/5.0 (compatible; MJ12bot/v1.4.8; http://mj12bot.com/)"
2001:41d0:303:5aa0::1 - - [24/Feb/2026:16:43:48 +0300] "GET /app/start/?C=M;O=D HTTP/1.1" 200 325 "-" "Mozilla/5.0 (compatible; MJ12bot/v1.4.8; http://mj12bot.com/)"
2001:41d0:303:5aa0::1 - - [24/Feb/2026:16:43:50 +0300] "GET /app/start/?C=N;O=A HTTP/1.1" 200 328 "-" "Mozilla/5.0 (compatible; MJ12bot/v1.4.8; http://mj12bot.com/)"
2001:41d0:303:5aa0::1 - - [24/Feb/2026:16:43:51 +0300] "GET /app/storage/cache/ HTTP/1.1" 200 261 "-" "Mozilla/5.0 (compatible; MJ12bot/v1.4.8; http://mj12bot.com/)"
2001:41d0:303:5aa0::1 - - [24/Feb/2026:16:43:53 +0300] "GET /app/storage/logs/ HTTP/1.1" 200 306 "-" "Mozilla/5.0 (compatible; MJ12bot/v1.4.8; http://mj12bot.com/)"
2001:41d0:303:5aa0::1 - - [24/Feb/2026:16:43:54 +0300] "GET /app/storage/meta/ HTTP/1.1" 200 300 "-" "Mozilla/5.0 (compatible; MJ12bot/v1.4.8; http://mj12bot.com/)"
2001:41d0:303:5aa0::1 - - [24/Feb/2026:16:43:56 +0300] "GET /app/storage/sessions/ HTTP/1.1" 200 12504 "-" "Mozilla/5.0 (compatible; MJ12bot/v1.4.8; http://mj12bot.com/)"
2001:41d0:303:5aa0::1 - - [24/Feb/2026:16:43:58 +0300] "GET /app/storage/views/ HTTP/1.1" 200 2327 "-" "Mozilla/5.0 (compatible; MJ12bot/v1.4.8; http://mj12bot.com/)"
2001:41d0:303:5aa0::1 - - [24/Feb/2026:16:43:59 +0300] "GET /app/views-feb%2024/admin/ HTTP/1.1" 200 570 "-" "Mozilla/5.0 (compatible; MJ12bot/v1.4.8; http://mj12bot.com/)"
2001:41d0:303:5aa0::1 - - [24/Feb/2026:16:44:01 +0300] "GET /app/views-feb%2024/email_template/ HTTP/1.1" 200 419 "-" "Mozilla/5.0 (compatible; MJ12bot/v1.4.8; http://mj12bot.com/)"
2001:41d0:303:5aa0::1 - - [24/Feb/2026:16:44:02 +0300] "GET /app/views-feb%2024/errors/ HTTP/1.1" 200 336 "-" "Mozilla/5.0 (compatible; MJ12bot/v1.4.8; http://mj12bot.com/)"
2001:41d0:303:5aa0::1 - - [24/Feb/2026:16:44:04 +0300] "GET /app/views-feb%2024/frontend/ HTTP/1.1" 200 695 "-" "Mozilla/5.0 (compatible; MJ12bot/v1.4.8; http://mj12bot.com/)"
2001:41d0:303:5aa0::1 - - [24/Feb/2026:16:44:05 +0300] "GET /app/views-feb%2024/layouts/ HTTP/1.1" 200 307 "-" "Mozilla/5.0 (compatible; MJ12bot/v1.4.8; http://mj12bot.com/)"
2001:41d0:303:5aa0::1 - - [24/Feb/2026:16:44:07 +0300] "GET /app/views/admin/ HTTP/1.1" 200 612 "-" "Mozilla/5.0 (compatible; MJ12bot/v1.4.8; http://mj12bot.com/)"
2001:41d0:303:5aa0::1 - - [24/Feb/2026:16:44:08 +0300] "GET /app/views/email_template/ HTTP/1.1" 200 415 "-" "Mozilla/5.0 (compatible; MJ12bot/v1.4.8; http://mj12bot.com/)"
2001:41d0:303:5aa0::1 - - [24/Feb/2026:16:44:10 +0300] "GET /app/views/errors/ HTTP/1.1" 200 339 "-" "Mozilla/5.0 (compatible; MJ12bot/v1.4.8; http://mj12bot.com/)"
2001:41d0:303:5aa0::1 - - [24/Feb/2026:16:44:11 +0300] "GET /app/views/frontend/ HTTP/1.1" 200 731 "-" "Mozilla/5.0 (compatible; MJ12bot/v1.4.8; http://mj12bot.com/)"
2001:41d0:303:5aa0::1 - - [24/Feb/2026:16:44:13 +0300] "GET /app/views/layouts/ HTTP/1.1" 200 293 "-" "Mozilla/5.0 (compatible; MJ12bot/v1.4.8; http://mj12bot.com/)"
2001:41d0:303:5aa0::1 - - [24/Feb/2026:16:44:14 +0300] "GET /assets/admin/?C=M;O=D HTTP/1.1" 200 329 "-" "Mozilla/5.0 (compatible; MJ12bot/v1.4.8; http://mj12bot.com/)"
2001:41d0:303:5aa0::1 - - [24/Feb/2026:16:44:16 +0300] "GET /assets/admin/?C=N;O=A HTTP/1.1" 200 325 "-" "Mozilla/5.0 (compatible; MJ12bot/v1.4.8; http://mj12bot.com/)"
2001:41d0:303:5aa0::1 - - [24/Feb/2026:16:44:18 +0300] "GET /assets/admin/?C=S;O=D HTTP/1.1" 200 329 "-" "Mozilla/5.0 (compatible; MJ12bot/v1.4.8; http://mj12bot.com/)"
2001:41d0:303:5aa0::1 - - [24/Feb/2026:16:44:20 +0300] "GET /assets/admin/css/ HTTP/1.1" 200 630 "-" "Mozilla/5.0 (compatible; MJ12bot/v1.4.8; http://mj12bot.com/)"
2001:41d0:303:5aa0::1 - - [24/Feb/2026:16:44:21 +0300] "GET /assets/admin/fonts/ HTTP/1.1" 200 479 "-" "Mozilla/5.0 (compatible; MJ12bot/v1.4.8; http://mj12bot.com/)"
2001:41d0:303:5aa0::1 - - [24/Feb/2026:16:44:23 +0300] "GET /assets/admin/images/ HTTP/1.1" 200 417 "-" "Mozilla/5.0 (compatible; MJ12bot/v1.4.8; http://mj12bot.com/)"
74.7.242.0 - - [24/Feb/2026:16:44:24 +0300] "GET /htmlpurifier/library/HTMLPurifier/ContentSets.php HTTP/1.1" 200 20 "https://mail.zkteco.jo/htmlpurifier/library/HTMLPurifier/" "Mozilla/5.0 AppleWebKit/537.36 (KHTML, like Gecko; compatible; GPTBot/1.3; +https://openai.com/gptbot)"
2001:41d0:303:5aa0::1 - - [24/Feb/2026:16:44:25 +0300] "GET /assets/admin/img/ HTTP/1.1" 200 560 "-" "Mozilla/5.0 (compatible; MJ12bot/v1.4.8; http://mj12bot.com/)"
2001:41d0:303:5aa0::1 - - [24/Feb/2026:16:44:26 +0300] "GET /assets/admin/js/ HTTP/1.1" 200 512 "-" "Mozilla/5.0 (compatible; MJ12bot/v1.4.8; http://mj12bot.com/)"
2001:41d0:303:5aa0::1 - - [24/Feb/2026:16:44:28 +0300] "GET /assets/css/?C=D;O=D HTTP/1.1" 200 491 "-" "Mozilla/5.0 (compatible; MJ12bot/v1.4.8; http://mj12bot.com/)"
2001:41d0:303:5aa0::1 - - [24/Feb/2026:16:44:31 +0300] "GET /assets/css/?C=M;O=D HTTP/1.1" 200 496 "-" "Mozilla/5.0 (compatible; MJ12bot/v1.4.8; http://mj12bot.com/)"
2001:41d0:303:5aa0::1 - - [24/Feb/2026:16:44:33 +0300] "GET /assets/images/?C=D;O=D HTTP/1.1" 200 1155 "-" "Mozilla/5.0 (compatible; MJ12bot/v1.4.8; http://mj12bot.com/)"
2001:41d0:303:5aa0::1 - - [24/Feb/2026:16:44:34 +0300] "GET /assets/images/?C=M;O=D HTTP/1.1" 200 1170 "-" "Mozilla/5.0 (compatible; MJ12bot/v1.4.8; http://mj12bot.com/)"
2001:41d0:303:5aa0::1 - - [24/Feb/2026:16:44:36 +0300] "GET /assets/images/?C=N;O=A HTTP/1.1" 200 1157 "-" "Mozilla/5.0 (compatible; MJ12bot/v1.4.8; http://mj12bot.com/)"
2001:41d0:303:5aa0::1 - - [24/Feb/2026:16:44:38 +0300] "GET /assets/images/?C=S;O=D HTTP/1.1" 200 1199 "-" "Mozilla/5.0 (compatible; MJ12bot/v1.4.8; http://mj12bot.com/)"
2001:41d0:303:5aa0::1 - - [24/Feb/2026:16:44:40 +0300] "GET /assets/images/fancybox/ HTTP/1.1" 200 379 "-" "Mozilla/5.0 (compatible; MJ12bot/v1.4.8; http://mj12bot.com/)"
2001:41d0:303:5aa0::1 - - [24/Feb/2026:16:44:41 +0300] "GET /assets/uploads/articles/ HTTP/1.1" 200 914 "-" "Mozilla/5.0 (compatible; MJ12bot/v1.4.8; http://mj12bot.com/)"
2001:41d0:303:5aa0::1 - - [24/Feb/2026:16:44:43 +0300] "GET /assets/uploads/banners/ HTTP/1.1" 200 3559 "-" "Mozilla/5.0 (compatible; MJ12bot/v1.4.8; http://mj12bot.com/)"
2001:41d0:303:5aa0::1 - - [24/Feb/2026:16:44:45 +0300] "GET /assets/uploads/case_study/ HTTP/1.1" 200 428 "-" "Mozilla/5.0 (compatible; MJ12bot/v1.4.8; http://mj12bot.com/)"
2001:41d0:303:5aa0::1 - - [24/Feb/2026:16:44:47 +0300] "GET /assets/uploads/clients/ HTTP/1.1" 200 259 "-" "Mozilla/5.0 (compatible; MJ12bot/v1.4.8; http://mj12bot.com/)"
2001:41d0:303:5aa0::1 - - [24/Feb/2026:16:44:49 +0300] "GET /assets/uploads/home_section/ HTTP/1.1" 200 295 "-" "Mozilla/5.0 (compatible; MJ12bot/v1.4.8; http://mj12bot.com/)"
2001:41d0:303:5aa0::1 - - [24/Feb/2026:16:44:51 +0300] "GET /assets/uploads/image_gallery/ HTTP/1.1" 200 314 "-" "Mozilla/5.0 (compatible; MJ12bot/v1.4.8; http://mj12bot.com/)"
2001:41d0:303:5aa0::1 - - [24/Feb/2026:16:44:53 +0300] "GET /assets/uploads/innercontent/ HTTP/1.1" 200 262 "-" "Mozilla/5.0 (compatible; MJ12bot/v1.4.8; http://mj12bot.com/)"
2001:41d0:303:5aa0::1 - - [24/Feb/2026:16:44:55 +0300] "GET /assets/uploads/locationmap/ HTTP/1.1" 200 474 "-" "Mozilla/5.0 (compatible; MJ12bot/v1.4.8; http://mj12bot.com/)"
2001:41d0:303:5aa0::1 - - [24/Feb/2026:16:44:57 +0300] "GET /assets/uploads/logo/ HTTP/1.1" 200 897 "-" "Mozilla/5.0 (compatible; MJ12bot/v1.4.8; http://mj12bot.com/)"
2001:41d0:303:5aa0::1 - - [24/Feb/2026:16:44:59 +0300] "GET /assets/uploads/news/ HTTP/1.1" 200 2523 "-" "Mozilla/5.0 (compatible; MJ12bot/v1.4.8; http://mj12bot.com/)"
2001:41d0:303:5aa0::1 - - [24/Feb/2026:16:45:01 +0300] "GET /assets/uploads/newsletter/ HTTP/1.1" 200 1533 "-" "Mozilla/5.0 (compatible; MJ12bot/v1.4.8; http://mj12bot.com/)"
2001:41d0:303:5aa0::1 - - [24/Feb/2026:16:45:03 +0300] "GET /assets/uploads/page/ HTTP/1.1" 200 1105 "-" "Mozilla/5.0 (compatible; MJ12bot/v1.4.8; http://mj12bot.com/)"
74.7.242.0 - - [24/Feb/2026:16:45:04 +0300] "GET /htmlpurifier/library/HTMLPurifier/Printer.php HTTP/1.1" 200 20 "https://mail.zkteco.jo/htmlpurifier/library/HTMLPurifier/" "Mozilla/5.0 AppleWebKit/537.36 (KHTML, like Gecko; compatible; GPTBot/1.3; +https://openai.com/gptbot)"
2001:41d0:303:5aa0::1 - - [24/Feb/2026:16:45:05 +0300] "GET /assets/uploads/page_image/ HTTP/1.1" 200 3404 "-" "Mozilla/5.0 (compatible; MJ12bot/v1.4.8; http://mj12bot.com/)"
2001:41d0:303:5aa0::1 - - [24/Feb/2026:16:45:07 +0300] "GET /assets/uploads/pdf/ HTTP/1.1" 200 295 "-" "Mozilla/5.0 (compatible; MJ12bot/v1.4.8; http://mj12bot.com/)"
2001:41d0:303:5aa0::1 - - [24/Feb/2026:16:45:09 +0300] "GET /assets/uploads/products/ HTTP/1.1" 200 96150 "-" "Mozilla/5.0 (compatible; MJ12bot/v1.4.8; http://mj12bot.com/)"
2001:41d0:303:5aa0::1 - - [24/Feb/2026:16:45:11 +0300] "GET /assets/uploads/team/ HTTP/1.1" 200 257 "-" "Mozilla/5.0 (compatible; MJ12bot/v1.4.8; http://mj12bot.com/)"
2001:41d0:303:5aa0::1 - - [24/Feb/2026:16:45:13 +0300] "GET /assets/uploads/training/ HTTP/1.1" 200 294 "-" "Mozilla/5.0 (compatible; MJ12bot/v1.4.8; http://mj12bot.com/)"
2001:41d0:303:5aa0::1 - - [24/Feb/2026:16:45:15 +0300] "GET /htmlpurifier/configdoc/styles/ HTTP/1.1" 200 325 "-" "Mozilla/5.0 (compatible; MJ12bot/v1.4.8; http://mj12bot.com/)"
2001:41d0:303:5aa0::1 - - [24/Feb/2026:16:45:18 +0300] "GET /htmlpurifier/extras/ConfigDoc/ HTTP/1.1" 200 316 "-" "Mozilla/5.0 (compatible; MJ12bot/v1.4.8; http://mj12bot.com/)"
2001:41d0:303:5aa0::1 - - [24/Feb/2026:16:45:19 +0300] "GET /htmlpurifier/extras/FSTools/ HTTP/1.1" 200 309 "-" "Mozilla/5.0 (compatible; MJ12bot/v1.4.8; http://mj12bot.com/)"
2001:41d0:303:5aa0::1 - - [24/Feb/2026:16:45:21 +0300] "GET /htmlpurifier/library/HTMLPurifier/ HTTP/1.1" 200 1348 "-" "Mozilla/5.0 (compatible; MJ12bot/v1.4.8; http://mj12bot.com/)"
2001:41d0:303:5aa0::1 - - [24/Feb/2026:16:45:23 +0300] "GET /htmlpurifier/plugins/phorum/ HTTP/1.1" 200 468 "-" "Mozilla/5.0 (compatible; MJ12bot/v1.4.8; http://mj12bot.com/)"
2001:41d0:303:5aa0::1 - - [24/Feb/2026:16:45:25 +0300] "GET /htmlpurifier/smoketests/basic/ HTTP/1.1" 200 360 "-" "Mozilla/5.0 (compatible; MJ12bot/v1.4.8; http://mj12bot.com/)"
2001:41d0:303:5aa0::1 - - [24/Feb/2026:16:45:27 +0300] "GET /htmlpurifier/smoketests/h%20tt%20p://6%206.000146.0x7.147/ HTTP/1.1" 404 36 "-" "Mozilla/5.0 (compatible; MJ12bot/v1.4.8; http://mj12bot.com/)"
2001:41d0:303:5aa0::1 - - [24/Feb/2026:16:45:29 +0300] "GET /htmlpurifier/smoketests/test-schema/ HTTP/1.1" 200 562 "-" "Mozilla/5.0 (compatible; MJ12bot/v1.4.8; http://mj12bot.com/)"
2001:41d0:303:5aa0::1 - - [24/Feb/2026:16:45:30 +0300] "GET /library/SimpleImage-master/example/ HTTP/1.1" 500 20 "-" "Mozilla/5.0 (compatible; MJ12bot/v1.4.8; http://mj12bot.com/)"
2001:41d0:303:5aa0::1 - - [24/Feb/2026:16:45:32 +0300] "GET /library/SimpleImage-master/src/ HTTP/1.1" 200 301 "-" "Mozilla/5.0 (compatible; MJ12bot/v1.4.8; http://mj12bot.com/)"
2001:41d0:303:5aa0::1 - - [24/Feb/2026:16:45:34 +0300] "GET /vendor/bacon/bacon-qr-code/ HTTP/1.1" 200 442 "-" "Mozilla/5.0 (compatible; MJ12bot/v1.4.8; http://mj12bot.com/)"
2001:41d0:303:5aa0::1 - - [24/Feb/2026:16:45:36 +0300] "GET /vendor/classpreloader/classpreloader/ HTTP/1.1" 200 372 "-" "Mozilla/5.0 (compatible; MJ12bot/v1.4.8; http://mj12bot.com/)"
2001:41d0:303:5aa0::1 - - [24/Feb/2026:16:45:38 +0300] "GET /vendor/d11wtq/boris/ HTTP/1.1" 200 378 "-" "Mozilla/5.0 (compatible; MJ12bot/v1.4.8; http://mj12bot.com/)"
2001:41d0:303:5aa0::1 - - [24/Feb/2026:16:45:40 +0300] "GET /vendor/filp/whoops/ HTTP/1.1" 200 358 "-" "Mozilla/5.0 (compatible; MJ12bot/v1.4.8; http://mj12bot.com/)"
2001:41d0:303:5aa0::1 - - [24/Feb/2026:16:45:41 +0300] "GET /vendor/intervention/image/ HTTP/1.1" 200 403 "-" "Mozilla/5.0 (compatible; MJ12bot/v1.4.8; http://mj12bot.com/)"
74.7.242.0 - - [24/Feb/2026:16:45:42 +0300] "GET /htmlpurifier/library/HTMLPurifier/AttrTransform/ HTTP/1.1" 200 615 "https://mail.zkteco.jo/htmlpurifier/library/HTMLPurifier/" "Mozilla/5.0 AppleWebKit/537.36 (KHTML, like Gecko; compatible; GPTBot/1.3; +https://openai.com/gptbot)"
2001:41d0:303:5aa0::1 - - [24/Feb/2026:16:45:43 +0300] "GET /vendor/ircmaxell/password-compat/ HTTP/1.1" 200 387 "-" "Mozilla/5.0 (compatible; MJ12bot/v1.4.8; http://mj12bot.com/)"
2001:41d0:303:5aa0::1 - - [24/Feb/2026:16:45:45 +0300] "GET /vendor/jenssegers/agent/ HTTP/1.1" 200 357 "-" "Mozilla/5.0 (compatible; MJ12bot/v1.4.8; http://mj12bot.com/)"
2001:41d0:303:5aa0::1 - - [24/Feb/2026:16:45:46 +0300] "GET /vendor/jeremeamia/SuperClosure/ HTTP/1.1" 200 418 "-" "Mozilla/5.0 (compatible; MJ12bot/v1.4.8; http://mj12bot.com/)"
2001:41d0:303:5aa0::1 - - [24/Feb/2026:16:45:48 +0300] "GET /vendor/laravel/framework/ HTTP/1.1" 200 429 "-" "Mozilla/5.0 (compatible; MJ12bot/v1.4.8; http://mj12bot.com/)"
2001:41d0:303:5aa0::1 - - [24/Feb/2026:16:45:49 +0300] "GET /vendor/mews/captcha/ HTTP/1.1" 200 420 "-" "Mozilla/5.0 (compatible; MJ12bot/v1.4.8; http://mj12bot.com/)"
2001:41d0:303:5aa0::1 - - [24/Feb/2026:16:45:51 +0300] "GET /vendor/mobiledetect/mobiledetectlib/ HTTP/1.1" 200 444 "-" "Mozilla/5.0 (compatible; MJ12bot/v1.4.8; http://mj12bot.com/)"
207.46.13.86 - - [24/Feb/2026:16:45:51 +0300] "GET /company-1 HTTP/1.1" 404 36 "-" "Mozilla/5.0 AppleWebKit/537.36 (KHTML, like Gecko; compatible; bingbot/2.0; +http://www.bing.com/bingbot.htm) Chrome/116.0.1938.76 Safari/537.36"
2001:41d0:303:5aa0::1 - - [24/Feb/2026:16:45:53 +0300] "GET /vendor/monolog/monolog/ HTTP/1.1" 200 421 "-" "Mozilla/5.0 (compatible; MJ12bot/v1.4.8; http://mj12bot.com/)"
2001:41d0:303:5aa0::1 - - [24/Feb/2026:16:45:54 +0300] "GET /vendor/nesbot/carbon/ HTTP/1.1" 200 426 "-" "Mozilla/5.0 (compatible; MJ12bot/v1.4.8; http://mj12bot.com/)"
2001:41d0:303:5aa0::1 - - [24/Feb/2026:16:45:56 +0300] "GET /vendor/nikic/php-parser/ HTTP/1.1" 200 467 "-" "Mozilla/5.0 (compatible; MJ12bot/v1.4.8; http://mj12bot.com/)"
2001:41d0:303:5aa0::1 - - [24/Feb/2026:16:45:57 +0300] "GET /vendor/patchwork/utf8/ HTTP/1.1" 200 392 "-" "Mozilla/5.0 (compatible; MJ12bot/v1.4.8; http://mj12bot.com/)"
2001:41d0:303:5aa0::1 - - [24/Feb/2026:16:45:59 +0300] "GET /vendor/phpseclib/phpseclib/ HTTP/1.1" 200 471 "-" "Mozilla/5.0 (compatible; MJ12bot/v1.4.8; http://mj12bot.com/)"
2001:41d0:303:5aa0::1 - - [24/Feb/2026:16:46:00 +0300] "GET /vendor/predis/predis/ HTTP/1.1" 200 562 "-" "Mozilla/5.0 (compatible; MJ12bot/v1.4.8; http://mj12bot.com/)"
2001:41d0:303:5aa0::1 - - [24/Feb/2026:16:46:02 +0300] "GET /vendor/psr/log/ HTTP/1.1" 200 347 "-" "Mozilla/5.0 (compatible; MJ12bot/v1.4.8; http://mj12bot.com/)"
2001:41d0:303:5aa0::1 - - [24/Feb/2026:16:46:03 +0300] "GET /vendor/simplesoftwareio/simple-qrcode/ HTTP/1.1" 200 431 "-" "Mozilla/5.0 (compatible; MJ12bot/v1.4.8; http://mj12bot.com/)"
2001:41d0:303:5aa0::1 - - [24/Feb/2026:16:46:05 +0300] "GET /vendor/stack/builder/ HTTP/1.1" 200 429 "-" "Mozilla/5.0 (compatible; MJ12bot/v1.4.8; http://mj12bot.com/)"
2001:41d0:303:5aa0::1 - - [24/Feb/2026:16:46:07 +0300] "GET /vendor/swiftmailer/swiftmailer/ HTTP/1.1" 200 441 "-" "Mozilla/5.0 (compatible; MJ12bot/v1.4.8; http://mj12bot.com/)"
2001:41d0:303:5aa0::1 - - [24/Feb/2026:16:46:08 +0300] "GET /vendor/symfony/browser-kit/ HTTP/1.1" 200 304 "-" "Mozilla/5.0 (compatible; MJ12bot/v1.4.8; http://mj12bot.com/)"
2001:41d0:303:5aa0::1 - - [24/Feb/2026:16:46:10 +0300] "GET /vendor/symfony/console/ HTTP/1.1" 200 301 "-" "Mozilla/5.0 (compatible; MJ12bot/v1.4.8; http://mj12bot.com/)"
2001:41d0:303:5aa0::1 - - [24/Feb/2026:16:46:12 +0300] "GET /vendor/symfony/css-selector/ HTTP/1.1" 200 306 "-" "Mozilla/5.0 (compatible; MJ12bot/v1.4.8; http://mj12bot.com/)"
2001:41d0:303:5aa0::1 - - [24/Feb/2026:16:46:13 +0300] "GET /vendor/symfony/debug/ HTTP/1.1" 200 301 "-" "Mozilla/5.0 (compatible; MJ12bot/v1.4.8; http://mj12bot.com/)"
74.7.242.0 - - [24/Feb/2026:16:46:15 +0300] "GET /htmlpurifier/library/HTMLPurifier/Injector/RemoveSpansWithoutAttributes.php HTTP/1.1" 500 20 "https://mail.zkteco.jo/htmlpurifier/library/HTMLPurifier/Injector/" "Mozilla/5.0 AppleWebKit/537.36 (KHTML, like Gecko; compatible; GPTBot/1.3; +https://openai.com/gptbot)"
2001:41d0:303:5aa0::1 - - [24/Feb/2026:16:46:15 +0300] "GET /vendor/symfony/dom-crawler/ HTTP/1.1" 200 309 "-" "Mozilla/5.0 (compatible; MJ12bot/v1.4.8; http://mj12bot.com/)"
2001:41d0:303:5aa0::1 - - [24/Feb/2026:16:46:17 +0300] "GET /vendor/symfony/event-dispatcher/ HTTP/1.1" 200 309 "-" "Mozilla/5.0 (compatible; MJ12bot/v1.4.8; http://mj12bot.com/)"
2001:41d0:303:5aa0::1 - - [24/Feb/2026:16:46:18 +0300] "GET /vendor/symfony/filesystem/ HTTP/1.1" 200 306 "-" "Mozilla/5.0 (compatible; MJ12bot/v1.4.8; http://mj12bot.com/)"
2001:41d0:303:5aa0::1 - - [24/Feb/2026:16:46:20 +0300] "GET /vendor/symfony/finder/ HTTP/1.1" 200 304 "-" "Mozilla/5.0 (compatible; MJ12bot/v1.4.8; http://mj12bot.com/)"
2001:41d0:303:5aa0::1 - - [24/Feb/2026:16:46:22 +0300] "GET /vendor/symfony/http-foundation/ HTTP/1.1" 200 303 "-" "Mozilla/5.0 (compatible; MJ12bot/v1.4.8; http://mj12bot.com/)"
2001:41d0:303:5aa0::1 - - [24/Feb/2026:16:46:23 +0300] "GET /vendor/symfony/http-kernel/ HTTP/1.1" 200 305 "-" "Mozilla/5.0 (compatible; MJ12bot/v1.4.8; http://mj12bot.com/)"
2001:41d0:303:5aa0::1 - - [24/Feb/2026:16:46:25 +0300] "GET /vendor/symfony/process/ HTTP/1.1" 200 301 "-" "Mozilla/5.0 (compatible; MJ12bot/v1.4.8; http://mj12bot.com/)"
2001:41d0:303:5aa0::1 - - [24/Feb/2026:16:46:26 +0300] "GET /vendor/symfony/routing/ HTTP/1.1" 200 304 "-" "Mozilla/5.0 (compatible; MJ12bot/v1.4.8; http://mj12bot.com/)"
2001:41d0:303:5aa0::1 - - [24/Feb/2026:16:46:28 +0300] "GET /vendor/symfony/security-core/ HTTP/1.1" 200 305 "-" "Mozilla/5.0 (compatible; MJ12bot/v1.4.8; http://mj12bot.com/)"
2001:41d0:303:5aa0::1 - - [24/Feb/2026:16:46:30 +0300] "GET /vendor/symfony/translation/ HTTP/1.1" 200 304 "-" "Mozilla/5.0 (compatible; MJ12bot/v1.4.8; http://mj12bot.com/)"
2001:41d0:303:5aa0::1 - - [24/Feb/2026:16:46:31 +0300] "GET /zkteco.me/cgi-bin/?C=S;O=A HTTP/1.1" 200 259 "-" "Mozilla/5.0 (compatible; MJ12bot/v1.4.8; http://mj12bot.com/)"
176.29.15.127 - - [24/Feb/2026:16:46:42 +0300] "GET / HTTP/1.1" 200 674 "http://m.facebook.com/" "Mozilla/5.0 (Linux; Android 15; CPH2481 Build/AP3A.240617.008; wv) AppleWebKit/537.36 (KHTML, like Gecko) Version/4.0 Chrome/145.0.7632.52 Mobile Safari/537.36 [FB_IAB/FB4A;FBAV/548.1.0.51.64;IABMV/1;]"
176.29.15.127 - - [24/Feb/2026:16:46:42 +0300] "GET /favicon.ico HTTP/1.1" 404 36 "https://zkteco.jo/" "Mozilla/5.0 (Linux; Android 15; CPH2481 Build/AP3A.240617.008; wv) AppleWebKit/537.36 (KHTML, like Gecko) Version/4.0 Chrome/145.0.7632.52 Mobile Safari/537.36 [FB_IAB/FB4A;FBAV/548.1.0.51.64;IABMV/1;]"
74.7.242.0 - - [24/Feb/2026:16:46:46 +0300] "GET /htmlpurifier/library/HTMLPurifier/URIFilter/DisableExternalResources.php HTTP/1.1" 500 20 "https://mail.zkteco.jo/htmlpurifier/library/HTMLPurifier/URIFilter/" "Mozilla/5.0 AppleWebKit/537.36 (KHTML, like Gecko; compatible; GPTBot/1.3; +https://openai.com/gptbot)"
20.27.94.134 - - [24/Feb/2026:16:46:51 +0300] "GET / HTTP/1.1" 200 674 "-" "Mozilla/5.0 AppleWebKit/537.36 (KHTML, like Gecko); compatible; ChatGPT-User/1.0; +https://openai.com/bot"
177.2.92.67 - - [24/Feb/2026:16:47:01 +0300] "GET /product-details/Products/zkbio810 HTTP/1.1" 404 36 "-" "Mozilla/5.0 (Windows NT 10.0; WOW64) AppleWebKit/537.36 (KHTML, like Gecko) Chrome/66.0.3359.158 Safari/537.36"
185.191.171.14 - - [24/Feb/2026:16:47:16 +0300] "GET /product-details/Products/iclock660 HTTP/1.1" 404 36 "-" "Mozilla/5.0 (compatible; SemrushBot/7~bl; +http://www.semrush.com/bot.html)"
74.7.242.0 - - [24/Feb/2026:16:47:52 +0300] "GET /htmlpurifier/library/HTMLPurifier/URI.php HTTP/1.1" 200 20 "https://mail.zkteco.jo/htmlpurifier/library/HTMLPurifier/" "Mozilla/5.0 AppleWebKit/537.36 (KHTML, like Gecko; compatible; GPTBot/1.3; +https://openai.com/gptbot)"
85.208.96.212 - - [24/Feb/2026:16:48:41 +0300] "GET /product-details/Portable%20Device/horus-h1 HTTP/1.1" 404 36 "-" "Mozilla/5.0 (compatible; SemrushBot/7~bl; +http://www.semrush.com/bot.html)"
185.191.171.14 - - [24/Feb/2026:16:48:49 +0300] "GET /product-details/Access%20Control%20/kr500-series HTTP/1.1" 404 36 "-" "Mozilla/5.0 (compatible; SemrushBot/7~bl; +http://www.semrush.com/bot.html)"
74.7.242.0 - - [24/Feb/2026:16:48:53 +0300] "GET /htmlpurifier/library/HTMLPurifier/TagTransform/ HTTP/1.1" 200 335 "https://mail.zkteco.jo/htmlpurifier/library/HTMLPurifier/" "Mozilla/5.0 AppleWebKit/537.36 (KHTML, like Gecko; compatible; GPTBot/1.3; +https://openai.com/gptbot)"
113.229.63.29 - - [24/Feb/2026:16:48:53 +0300] "GET /product-details/Intelligent%20Commerce/zkp5808-1 HTTP/1.1" 404 36 "-" "Mozilla/5.0 (Macintosh; Intel Mac OS X 10_15_7) AppleWebKit/537.36 (KHTML, like Gecko) Chrome/144.0.0.0 Safari/537.36"
113.229.63.29 - - [24/Feb/2026:16:48:54 +0300] "GET /favicon.ico HTTP/1.1" 404 36 "https://zkteco.jo/product-details/Intelligent%20Commerce/zkp5808-1" "Mozilla/5.0 (Macintosh; Intel Mac OS X 10_15_7) AppleWebKit/537.36 (KHTML, like Gecko) Chrome/144.0.0.0 Safari/537.36"
14.191.6.133 - - [24/Feb/2026:16:48:58 +0300] "GET /news/gujarat-seminar-2017-2017-03-29 HTTP/1.1" 404 36 "-" "Mozilla/5.0 (Windows NT 10.0; WOW64) AppleWebKit/537.36 (KHTML, like Gecko) Chrome/89.0.4389.72 Safari/537.36"
113.188.239.239 - - [24/Feb/2026:16:48:59 +0300] "GET /product-details/Products/zkteco-parking HTTP/1.1" 404 36 "-" "Mozilla/5.0 (Macintosh; Intel Mac OS X 10_15_5) AppleWebKit/537.36 (KHTML, like Gecko) Chrome/90.0.4430.93 Safari/537.36"
207.46.13.87 - - [24/Feb/2026:16:49:02 +0300] "GET /assets/admin/fonts/ionicons.ttf HTTP/1.1" 200 75116 "-" "Mozilla/5.0 AppleWebKit/537.36 (KHTML, like Gecko; compatible; bingbot/2.0; +http://www.bing.com/bingbot.htm) Chrome/116.0.1938.76 Safari/537.36"
74.7.242.0 - - [24/Feb/2026:16:49:50 +0300] "GET /htmlpurifier/library/HTMLPurifier/EntityLookup/ HTTP/1.1" 200 319 "https://mail.zkteco.jo/htmlpurifier/library/HTMLPurifier/" "Mozilla/5.0 AppleWebKit/537.36 (KHTML, like Gecko; compatible; GPTBot/1.3; +https://openai.com/gptbot)"
207.46.13.87 - - [24/Feb/2026:16:50:01 +0300] "GET /software-2 HTTP/1.1" 404 36 "-" "Mozilla/5.0 AppleWebKit/537.36 (KHTML, like Gecko; compatible; bingbot/2.0; +http://www.bing.com/bingbot.htm) Chrome/116.0.1938.76 Safari/537.36"
2001:4860:7:629::fe - - [24/Feb/2026:16:50:27 +0300] "GET /product-details/Reader/kr100em-1 HTTP/1.1" 404 36 "https://www.google.com/" "Mozilla/5.0 (Windows NT 10.0; Win64; x64) AppleWebKit/537.36 (KHTML, like Gecko) Chrome/145.0.0.0 Safari/537.36"
74.7.242.0 - - [24/Feb/2026:16:50:39 +0300] "GET /htmlpurifier/smoketests/h%20tt%20p%3A/6%206.000146.0x7.147/ HTTP/1.1" 404 36 "https://mail.zkteco.jo/htmlpurifier/smoketests/xssAttacks.php" "Mozilla/5.0 AppleWebKit/537.36 (KHTML, like Gecko; compatible; GPTBot/1.3; +https://openai.com/gptbot)"
40.77.167.16 - - [24/Feb/2026:16:50:51 +0300] "GET /product-details/Products/zkaio6000-1 HTTP/1.1" 404 36 "-" "Mozilla/5.0 AppleWebKit/537.36 (KHTML, like Gecko; compatible; bingbot/2.0; +http://www.bing.com/bingbot.htm) Chrome/116.0.1938.76 Safari/537.36"
52.167.144.19 - - [24/Feb/2026:16:50:56 +0300] "GET /search?_token=QtitpMjm6EnV8o8VPZmuDQHBoZ8v82pnaFHCLmrw&searchterm= HTTP/1.1" 404 36 "-" "Mozilla/5.0 AppleWebKit/537.36 (KHTML, like Gecko; compatible; bingbot/2.0; +http://www.bing.com/bingbot.htm) Chrome/116.0.1938.76 Safari/537.36"
74.7.242.0 - - [24/Feb/2026:16:51:24 +0300] "GET /htmlpurifier/library/HTMLPurifier/ConfigSchema/ HTTP/1.1" 200 449 "https://mail.zkteco.jo/htmlpurifier/library/HTMLPurifier/" "Mozilla/5.0 AppleWebKit/537.36 (KHTML, like Gecko; compatible; GPTBot/1.3; +https://openai.com/gptbot)"
113.190.82.38 - - [24/Feb/2026:16:51:32 +0300] "GET /product-details/Products/iface850 HTTP/1.1" 404 36 "-" "Mozilla/5.0 (Windows NT 6.1) AppleWebKit/537.36 (KHTML, like Gecko) Chrome/63.0.3235.0 Safari/537.36"
20.215.220.183 - - [24/Feb/2026:16:51:35 +0300] "GET / HTTP/1.1" 200 674 "-" "Mozilla/5.0 AppleWebKit/537.36 (KHTML, like Gecko); compatible; ChatGPT-User/1.0; +https://openai.com/bot"
41.249.3.154 - - [24/Feb/2026:16:51:53 +0300] "GET /software-2 HTTP/1.1" 404 36 "https://www.bing.com/" "Mozilla/5.0 (Macintosh; Intel Mac OS X 10_15_7) AppleWebKit/537.36 (KHTML, like Gecko) Chrome/133.0.0.0 Safari/537.36 Edg/133.0.0.0"
41.249.3.154 - - [24/Feb/2026:16:51:53 +0300] "GET /favicon.ico HTTP/1.1" 404 36 "https://zkteco.jo/software-2" "Mozilla/5.0 (Macintosh; Intel Mac OS X 10_15_7) AppleWebKit/537.36 (KHTML, like Gecko) Chrome/133.0.0.0 Safari/537.36 Edg/133.0.0.0"
20.169.78.183 - - [24/Feb/2026:16:51:59 +0300] "GET /product-details/Biometric%20T&A%20Device%20/iface950-1 HTTP/1.1" 404 36 "-" "Mozilla/5.0 AppleWebKit/537.36 (KHTML, like Gecko); compatible; ChatGPT-User/1.0; +https://openai.com/bot"
20.169.78.186 - - [24/Feb/2026:16:51:59 +0300] "GET /product-details/Products/iface990-1 HTTP/1.1" 404 36 "-" "Mozilla/5.0 AppleWebKit/537.36 (KHTML, like Gecko); compatible; ChatGPT-User/1.0; +https://openai.com/bot"
74.7.242.0 - - [24/Feb/2026:16:52:11 +0300] "GET /htmlpurifier/library/HTMLPurifier/Node/ HTTP/1.1" 200 338 "https://mail.zkteco.jo/htmlpurifier/library/HTMLPurifier/" "Mozilla/5.0 AppleWebKit/537.36 (KHTML, like Gecko; compatible; GPTBot/1.3; +https://openai.com/gptbot)"
114.119.131.97 - - [24/Feb/2026:16:52:26 +0300] "GET /product-details/Intelligent%20Commerce/zkrf20m HTTP/1.1" 404 36 "https://zkteco.jo/intelligent-commerce" "Mozilla/5.0 (Linux; Android 7.0;) AppleWebKit/537.36 (KHTML, like Gecko) Mobile Safari/537.36 (compatible; PetalBot;+https://webmaster.petalsearch.com/site/petalbot)"
74.7.242.0 - - [24/Feb/2026:16:52:51 +0300] "GET /htmlpurifier/library/HTMLPurifier/Printer/ HTTP/1.1" 200 380 "https://mail.zkteco.jo/htmlpurifier/library/HTMLPurifier/" "Mozilla/5.0 AppleWebKit/537.36 (KHTML, like Gecko; compatible; GPTBot/1.3; +https://openai.com/gptbot)"
123.18.229.245 - - [24/Feb/2026:16:52:54 +0300] "GET /news/23rd-moscow-international-protection-and-security-exhibition-mips-2017-2017-04-27 HTTP/1.1" 404 36 "-" "Mozilla/5.0 (Macintosh; Intel Mac OS X 10_15_7) AppleWebKit/537.36 (KHTML, like Gecko) Brave Chrome/89.0.4389.90 Safari/537.36"
216.73.216.143 - - [24/Feb/2026:16:53:24 +0300] "GET /app/views/frontend/design_layout/default.blade.php HTTP/1.1" 500 328 "-" "Mozilla/5.0 AppleWebKit/537.36 (KHTML, like Gecko; compatible; ClaudeBot/1.0; +claudebot@anthropic.com)"
216.73.216.143 - - [24/Feb/2026:16:53:25 +0300] "GET /vendor/laravel/framework/src/Illuminate/Database/ConnectionInterface.php HTTP/1.1" 200 20 "-" "Mozilla/5.0 AppleWebKit/537.36 (KHTML, like Gecko; compatible; ClaudeBot/1.0; +claudebot@anthropic.com)"
216.73.216.143 - - [24/Feb/2026:16:53:25 +0300] "GET /vendor/laravel/framework/src/Illuminate/Filesystem/FileNotFoundException.php HTTP/1.1" 200 20 "-" "Mozilla/5.0 AppleWebKit/537.36 (KHTML, like Gecko; compatible; ClaudeBot/1.0; +claudebot@anthropic.com)"
216.73.216.143 - - [24/Feb/2026:16:53:26 +0300] "GET /vendor/intervention/image/tests/ArgumentTest.php HTTP/1.1" 500 20 "-" "Mozilla/5.0 AppleWebKit/537.36 (KHTML, like Gecko; compatible; ClaudeBot/1.0; +claudebot@anthropic.com)"
216.73.216.143 - - [24/Feb/2026:16:53:26 +0300] "GET /vendor/laravel/framework/src/Illuminate/Session/DatabaseSessionHandler.php HTTP/1.1" 500 20 "-" "Mozilla/5.0 AppleWebKit/537.36 (KHTML, like Gecko; compatible; ClaudeBot/1.0; +claudebot@anthropic.com)"
216.73.216.143 - - [24/Feb/2026:16:53:27 +0300] "GET /app/views/admin/pages/list.blade.php HTTP/1.1" 500 334 "-" "Mozilla/5.0 AppleWebKit/537.36 (KHTML, like Gecko; compatible; ClaudeBot/1.0; +claudebot@anthropic.com)"
216.73.216.143 - - [24/Feb/2026:16:53:27 +0300] "GET /vendor/laravel/framework/src/Illuminate/Database/QueryException.php HTTP/1.1" 200 20 "-" "Mozilla/5.0 AppleWebKit/537.36 (KHTML, like Gecko; compatible; ClaudeBot/1.0; +claudebot@anthropic.com)"
216.73.216.143 - - [24/Feb/2026:16:53:28 +0300] "GET /vendor/intervention/image/tests/ConstraintTest.php HTTP/1.1" 500 20 "-" "Mozilla/5.0 AppleWebKit/537.36 (KHTML, like Gecko; compatible; ClaudeBot/1.0; +claudebot@anthropic.com)"
216.73.216.143 - - [24/Feb/2026:16:53:28 +0300] "GET /vendor/nikic/php-parser/doc/4_Code_generation.markdown HTTP/1.1" 200 1851 "-" "Mozilla/5.0 AppleWebKit/537.36 (KHTML, like Gecko; compatible; ClaudeBot/1.0; +claudebot@anthropic.com)"
216.73.216.143 - - [24/Feb/2026:16:53:29 +0300] "GET /app/views/admin/gallery/add.blade.php HTTP/1.1" 500 871 "-" "Mozilla/5.0 AppleWebKit/537.36 (KHTML, like Gecko; compatible; ClaudeBot/1.0; +claudebot@anthropic.com)"
74.7.242.0 - - [24/Feb/2026:16:53:29 +0300] "GET /htmlpurifier/library/HTMLPurifier/VarParser/ HTTP/1.1" 200 334 "https://mail.zkteco.jo/htmlpurifier/library/HTMLPurifier/" "Mozilla/5.0 AppleWebKit/537.36 (KHTML, like Gecko; compatible; GPTBot/1.3; +https://openai.com/gptbot)"
216.73.216.143 - - [24/Feb/2026:16:53:29 +0300] "GET /app/views/admin/homesection/add.blade.php HTTP/1.1" 500 350 "-" "Mozilla/5.0 AppleWebKit/537.36 (KHTML, like Gecko; compatible; ClaudeBot/1.0; +claudebot@anthropic.com)"
216.73.216.143 - - [24/Feb/2026:16:53:30 +0300] "GET /vendor/simplesoftwareio/simple-qrcode/tests/DataTypes/SMSTest.php HTTP/1.1" 500 20 "-" "Mozilla/5.0 AppleWebKit/537.36 (KHTML, like Gecko; compatible; ClaudeBot/1.0; +claudebot@anthropic.com)"
216.73.216.143 - - [24/Feb/2026:16:53:30 +0300] "GET /htmlpurifier/library/HTMLPurifier/Language/messages/en-x-test.php HTTP/1.1" 200 20 "-" "Mozilla/5.0 AppleWebKit/537.36 (KHTML, like Gecko; compatible; ClaudeBot/1.0; +claudebot@anthropic.com)"
216.73.216.143 - - [24/Feb/2026:16:53:31 +0300] "GET /vendor/intervention/image/tests/ImagickSystemTest.php HTTP/1.1" 500 20 "-" "Mozilla/5.0 AppleWebKit/537.36 (KHTML, like Gecko; compatible; ClaudeBot/1.0; +claudebot@anthropic.com)"
216.73.216.143 - - [24/Feb/2026:16:53:31 +0300] "GET /app/views/admin/gallery/list.blade.php HTTP/1.1" 500 615 "-" "Mozilla/5.0 AppleWebKit/537.36 (KHTML, like Gecko; compatible; ClaudeBot/1.0; +claudebot@anthropic.com)"
216.73.216.143 - - [24/Feb/2026:16:53:32 +0300] "GET /vendor/laravel/framework/src/Illuminate/Config/EnvironmentVariablesLoaderInterface.php HTTP/1.1" 200 20 "-" "Mozilla/5.0 AppleWebKit/537.36 (KHTML, like Gecko; compatible; ClaudeBot/1.0; +claudebot@anthropic.com)"
216.73.216.143 - - [24/Feb/2026:16:53:32 +0300] "GET /app/views/admin/homesection/list.blade.php HTTP/1.1" 200 530 "-" "Mozilla/5.0 AppleWebKit/537.36 (KHTML, like Gecko; compatible; ClaudeBot/1.0; +claudebot@anthropic.com)"
216.73.216.143 - - [24/Feb/2026:16:53:33 +0300] "GET /htmlpurifier/library/HTMLPurifier/Language/messages/en-x-testmini.php HTTP/1.1" 200 20 "-" "Mozilla/5.0 AppleWebKit/537.36 (KHTML, like Gecko; compatible; ClaudeBot/1.0; +claudebot@anthropic.com)"
216.73.216.143 - - [24/Feb/2026:16:53:33 +0300] "GET /vendor/laravel/framework/src/Illuminate/Session/FileSessionHandler.php HTTP/1.1" 200 20 "-" "Mozilla/5.0 AppleWebKit/537.36 (KHTML, like Gecko; compatible; ClaudeBot/1.0; +claudebot@anthropic.com)"
216.73.216.143 - - [24/Feb/2026:16:53:34 +0300] "GET /vendor/patchwork/utf8/class/Patchwork/Utf8/Bootup HTTP/1.1" 301 316 "-" "Mozilla/5.0 AppleWebKit/537.36 (KHTML, like Gecko; compatible; ClaudeBot/1.0; +claudebot@anthropic.com)"
216.73.216.143 - - [24/Feb/2026:16:53:34 +0300] "GET /vendor/patchwork/utf8/class/Patchwork/Utf8/Bootup/ HTTP/1.1" 200 376 "https://zkteco.jo/vendor/patchwork/utf8/class/Patchwork/Utf8/Bootup" "Mozilla/5.0 AppleWebKit/537.36 (KHTML, like Gecko; compatible; ClaudeBot/1.0; +claudebot@anthropic.com)"
216.73.216.143 - - [24/Feb/2026:16:53:34 +0300] "GET /vendor/laravel/framework/src/Illuminate/Encryption/EncryptionServiceProvider.php HTTP/1.1" 500 20 "-" "Mozilla/5.0 AppleWebKit/537.36 (KHTML, like Gecko; compatible; ClaudeBot/1.0; +claudebot@anthropic.com)"
216.73.216.143 - - [24/Feb/2026:16:53:35 +0300] "GET /vendor/laravel/framework/src/Illuminate/Database/PostgresConnection.php HTTP/1.1" 500 20 "-" "Mozilla/5.0 AppleWebKit/537.36 (KHTML, like Gecko; compatible; ClaudeBot/1.0; +claudebot@anthropic.com)"
216.73.216.143 - - [24/Feb/2026:16:53:40 +0300] "GET /vendor/laravel/framework/src/Illuminate/Config/FileEnvironmentVariablesLoader.php HTTP/1.1" 500 20 "-" "Mozilla/5.0 AppleWebKit/537.36 (KHTML, like Gecko; compatible; ClaudeBot/1.0; +claudebot@anthropic.com)"
216.73.216.143 - - [24/Feb/2026:16:53:45 +0300] "GET /vendor/patchwork/utf8/class/Patchwork/Utf8/data HTTP/1.1" 301 314 "-" "Mozilla/5.0 AppleWebKit/537.36 (KHTML, like Gecko; compatible; ClaudeBot/1.0; +claudebot@anthropic.com)"
216.73.216.143 - - [24/Feb/2026:16:53:45 +0300] "GET /vendor/patchwork/utf8/class/Patchwork/Utf8/data/ HTTP/1.1" 200 350 "https://zkteco.jo/vendor/patchwork/utf8/class/Patchwork/Utf8/data" "Mozilla/5.0 AppleWebKit/537.36 (KHTML, like Gecko; compatible; ClaudeBot/1.0; +claudebot@anthropic.com)"
114.119.131.200 - - [24/Feb/2026:16:53:47 +0300] "GET /product-details/Intelligent%20Commerce/zk15-series HTTP/1.1" 404 36 "https://zkteco.jo/intelligent-commerce" "Mozilla/5.0 (Linux; Android 7.0;) AppleWebKit/537.36 (KHTML, like Gecko) Mobile Safari/537.36 (compatible; PetalBot;+https://webmaster.petalsearch.com/site/petalbot)"
216.73.216.143 - - [24/Feb/2026:16:53:50 +0300] "GET /vendor/intervention/image/tests/ResizeCanvasCommandTest.php HTTP/1.1" 500 20 "-" "Mozilla/5.0 AppleWebKit/537.36 (KHTML, like Gecko; compatible; ClaudeBot/1.0; +claudebot@anthropic.com)"
216.73.216.143 - - [24/Feb/2026:16:53:55 +0300] "GET /htmlpurifier/library/HTMLPurifier/HTMLModule/?C=S&O=A HTTP/1.1" 200 710 "-" "Mozilla/5.0 AppleWebKit/537.36 (KHTML, like Gecko; compatible; ClaudeBot/1.0; +claudebot@anthropic.com)"
66.249.69.7 - - [24/Feb/2026:16:53:55 +0300] "GET /download-file/839 HTTP/1.1" 404 36 "-" "Mozilla/5.0 (Linux; Android 6.0.1; Nexus 5X Build/MMB29P) AppleWebKit/537.36 (KHTML, like Gecko) Chrome/144.0.7559.132 Mobile Safari/537.36 (compatible; Googlebot/2.1; +http://www.google.com/bot.html)"
216.73.216.143 - - [24/Feb/2026:16:54:00 +0300] "GET /vendor/simplesoftwareio/simple-qrcode/tests/DataTypes/EmailTest.php HTTP/1.1" 500 20 "-" "Mozilla/5.0 AppleWebKit/537.36 (KHTML, like Gecko; compatible; ClaudeBot/1.0; +claudebot@anthropic.com)"
74.7.242.0 - - [24/Feb/2026:16:54:03 +0300] "GET /htmlpurifier/library/HTMLPurifier/AttrTransform/Border.php HTTP/1.1" 500 20 "https://mail.zkteco.jo/htmlpurifier/library/HTMLPurifier/AttrTransform/" "Mozilla/5.0 AppleWebKit/537.36 (KHTML, like Gecko; compatible; GPTBot/1.3; +https://openai.com/gptbot)"
216.73.216.143 - - [24/Feb/2026:16:54:05 +0300] "GET /vendor/intervention/image/tests/GammaCommandTest.php HTTP/1.1" 500 20 "-" "Mozilla/5.0 AppleWebKit/537.36 (KHTML, like Gecko; compatible; ClaudeBot/1.0; +claudebot@anthropic.com)"
216.73.216.143 - - [24/Feb/2026:16:54:10 +0300] "GET /vendor/patchwork/utf8/class/Patchwork/Utf8/Bootup.php HTTP/1.1" 200 20 "-" "Mozilla/5.0 AppleWebKit/537.36 (KHTML, like Gecko; compatible; ClaudeBot/1.0; +claudebot@anthropic.com)"
216.73.216.143 - - [24/Feb/2026:16:54:15 +0300] "GET /htmlpurifier/library/HTMLPurifier/HTMLModule/?C=D&O=D HTTP/1.1" 200 713 "-" "Mozilla/5.0 AppleWebKit/537.36 (KHTML, like Gecko; compatible; ClaudeBot/1.0; +claudebot@anthropic.com)"
216.73.216.143 - - [24/Feb/2026:16:54:20 +0300] "GET /htmlpurifier/library/HTMLPurifier/HTMLModule/?C=M&O=D HTTP/1.1" 200 717 "-" "Mozilla/5.0 AppleWebKit/537.36 (KHTML, like Gecko; compatible; ClaudeBot/1.0; +claudebot@anthropic.com)"
216.73.216.143 - - [24/Feb/2026:16:54:25 +0300] "GET /vendor/laravel/framework/src/Illuminate/Database/SeedServiceProvider.php HTTP/1.1" 500 20 "-" "Mozilla/5.0 AppleWebKit/537.36 (KHTML, like Gecko; compatible; ClaudeBot/1.0; +claudebot@anthropic.com)"
74.7.242.0 - - [24/Feb/2026:16:54:34 +0300] "GET /htmlpurifier/library/HTMLPurifier/AttrTransform/Nofollow.php HTTP/1.1" 500 20 "https://mail.zkteco.jo/htmlpurifier/library/HTMLPurifier/AttrTransform/" "Mozilla/5.0 AppleWebKit/537.36 (KHTML, like Gecko; compatible; GPTBot/1.3; +https://openai.com/gptbot)"
216.73.216.143 - - [24/Feb/2026:16:54:47 +0300] "GET /app/views/frontend/job_list.blade.php HTTP/1.1" 200 791 "-" "Mozilla/5.0 AppleWebKit/537.36 (KHTML, like Gecko; compatible; ClaudeBot/1.0; +claudebot@anthropic.com)"
216.73.216.143 - - [24/Feb/2026:16:54:51 +0300] "GET /htmlpurifier/library/HTMLPurifier/VarParser/?C=M&O=A HTTP/1.1" 200 335 "-" "Mozilla/5.0 AppleWebKit/537.36 (KHTML, like Gecko; compatible; ClaudeBot/1.0; +claudebot@anthropic.com)"
