216.73.216.143 - - [24/Feb/2026:17:07:44 +0300] "GET /app/lang/en/messages.php HTTP/1.1" 200 20 "-" "Mozilla/5.0 AppleWebKit/537.36 (KHTML, like Gecko; compatible; ClaudeBot/1.0; +claudebot@anthropic.com)"
216.73.216.143 - - [24/Feb/2026:17:07:48 +0300] "GET /htmlpurifier/library/HTMLPurifier/ConfigSchema/schema/Attr.ClassUseCDATA.txt HTTP/1.1" 200 516 "-" "Mozilla/5.0 AppleWebKit/537.36 (KHTML, like Gecko; compatible; ClaudeBot/1.0; +claudebot@anthropic.com)"
216.73.216.143 - - [24/Feb/2026:17:07:53 +0300] "GET /vendor/nesbot/carbon/tests/SubTest.php HTTP/1.1" 500 20 "-" "Mozilla/5.0 AppleWebKit/537.36 (KHTML, like Gecko; compatible; ClaudeBot/1.0; +claudebot@anthropic.com)"
113.188.215.52 - - [24/Feb/2026:17:07:55 +0300] "GET /product-details/Products/zkp5804 HTTP/1.1" 404 36 "-" "Mozilla/5.0 (Windows NT 6.3; Win64; x64) AppleWebKit/537.36 (KHTML, like Gecko) Chrome/91.0.4472.164 Safari/537.36"
216.73.216.143 - - [24/Feb/2026:17:07:59 +0300] "GET /app/storage/views/test/curriculum.php HTTP/1.1" 404 36 "-" "Mozilla/5.0 AppleWebKit/537.36 (KHTML, like Gecko; compatible; ClaudeBot/1.0; +claudebot@anthropic.com)"
216.73.216.143 - - [24/Feb/2026:17:08:03 +0300] "GET /htmlpurifier/library/HTMLPurifier/ConfigSchema/schema/Core.EscapeInvalidChildren.txt HTTP/1.1" 200 317 "-" "Mozilla/5.0 AppleWebKit/537.36 (KHTML, like Gecko; compatible; ClaudeBot/1.0; +claudebot@anthropic.com)"
74.7.242.0 - - [24/Feb/2026:17:08:04 +0300] "GET /htmlpurifier/library/HTMLPurifier/URIFilter.php HTTP/1.1" 200 20 "https://mail.zkteco.jo/htmlpurifier/library/HTMLPurifier/" "Mozilla/5.0 AppleWebKit/537.36 (KHTML, like Gecko; compatible; GPTBot/1.3; +https://openai.com/gptbot)"
216.73.216.143 - - [24/Feb/2026:17:08:08 +0300] "GET /app/storage/views/test/about-us.php HTTP/1.1" 404 36 "-" "Mozilla/5.0 AppleWebKit/537.36 (KHTML, like Gecko; compatible; ClaudeBot/1.0; +claudebot@anthropic.com)"
216.73.216.143 - - [24/Feb/2026:17:08:13 +0300] "GET /vendor/nesbot/carbon/tests/ConstructTest.php HTTP/1.1" 500 20 "-" "Mozilla/5.0 AppleWebKit/537.36 (KHTML, like Gecko; compatible; ClaudeBot/1.0; +claudebot@anthropic.com)"
216.73.216.143 - - [24/Feb/2026:17:08:19 +0300] "GET /app/storage/views/test/e62c63ffe7127bd311eabd7e40c40d33 HTTP/1.1" 200 1152 "-" "Mozilla/5.0 AppleWebKit/537.36 (KHTML, like Gecko; compatible; ClaudeBot/1.0; +claudebot@anthropic.com)"
216.73.216.143 - - [24/Feb/2026:17:08:24 +0300] "GET /app/storage/views/test/04c0036494597ea040d9433d1967cf67 HTTP/1.1" 200 737 "-" "Mozilla/5.0 AppleWebKit/537.36 (KHTML, like Gecko; compatible; ClaudeBot/1.0; +claudebot@anthropic.com)"
216.73.216.143 - - [24/Feb/2026:17:08:29 +0300] "GET /app/storage/views/test/26814d199e8705c2c676d380e162ca58 HTTP/1.1" 200 1296 "-" "Mozilla/5.0 AppleWebKit/537.36 (KHTML, like Gecko; compatible; ClaudeBot/1.0; +claudebot@anthropic.com)"
216.73.216.143 - - [24/Feb/2026:17:08:34 +0300] "GET /htmlpurifier/library/?C=N&O=A HTTP/1.1" 200 436 "-" "Mozilla/5.0 AppleWebKit/537.36 (KHTML, like Gecko; compatible; ClaudeBot/1.0; +claudebot@anthropic.com)"
216.73.216.143 - - [24/Feb/2026:17:08:39 +0300] "GET /app/storage/views/test/a406427679fd57c59fa1fdaa3727573c HTTP/1.1" 200 2140 "-" "Mozilla/5.0 AppleWebKit/537.36 (KHTML, like Gecko; compatible; ClaudeBot/1.0; +claudebot@anthropic.com)"
216.73.216.143 - - [24/Feb/2026:17:08:44 +0300] "GET /app/storage/views/test/1b24be0f85e2fed24416b05be507ee61 HTTP/1.1" 200 429 "-" "Mozilla/5.0 AppleWebKit/537.36 (KHTML, like Gecko; compatible; ClaudeBot/1.0; +claudebot@anthropic.com)"
216.73.216.143 - - [24/Feb/2026:17:08:49 +0300] "GET /app/storage/views/test/c01fe81ba8f872980ade4da4c08f1b4c HTTP/1.1" 200 913 "-" "Mozilla/5.0 AppleWebKit/537.36 (KHTML, like Gecko; compatible; ClaudeBot/1.0; +claudebot@anthropic.com)"
216.73.216.143 - - [24/Feb/2026:17:08:54 +0300] "GET /app/views-feb%2024/frontend/search_result.blade.php HTTP/1.1" 200 372 "-" "Mozilla/5.0 AppleWebKit/537.36 (KHTML, like Gecko; compatible; ClaudeBot/1.0; +claudebot@anthropic.com)"
216.73.216.143 - - [24/Feb/2026:17:08:59 +0300] "GET /app/storage/views/test/6564efabcc3a43e6a7e598352c43ee63 HTTP/1.1" 200 485 "-" "Mozilla/5.0 AppleWebKit/537.36 (KHTML, like Gecko; compatible; ClaudeBot/1.0; +claudebot@anthropic.com)"
74.7.242.0 - - [24/Feb/2026:17:09:02 +0300] "GET /htmlpurifier/library/HTMLPurifier/VarParser.php HTTP/1.1" 200 20 "https://mail.zkteco.jo/htmlpurifier/library/HTMLPurifier/" "Mozilla/5.0 AppleWebKit/537.36 (KHTML, like Gecko; compatible; GPTBot/1.3; +https://openai.com/gptbot)"
216.73.216.143 - - [24/Feb/2026:17:09:04 +0300] "GET /app/storage/views/test/39a0abf40497fc4ce720f21b53c4c3d7 HTTP/1.1" 200 849 "-" "Mozilla/5.0 AppleWebKit/537.36 (KHTML, like Gecko; compatible; ClaudeBot/1.0; +claudebot@anthropic.com)"
216.73.216.143 - - [24/Feb/2026:17:09:09 +0300] "GET /app/storage/views/test/e8f68642008424d7d58f4b8a37e0161b HTTP/1.1" 200 1511 "-" "Mozilla/5.0 AppleWebKit/537.36 (KHTML, like Gecko; compatible; ClaudeBot/1.0; +claudebot@anthropic.com)"
216.73.216.143 - - [24/Feb/2026:17:09:14 +0300] "GET /app/storage/views/test/cc893e3e30a168f6ee9a7b0ed96026dc HTTP/1.1" 200 1200 "-" "Mozilla/5.0 AppleWebKit/537.36 (KHTML, like Gecko; compatible; ClaudeBot/1.0; +claudebot@anthropic.com)"
216.73.216.143 - - [24/Feb/2026:17:09:19 +0300] "GET /app/storage/views/test/207e357ef7d8067d4ee78370f1b9d4d3 HTTP/1.1" 200 1225 "-" "Mozilla/5.0 AppleWebKit/537.36 (KHTML, like Gecko; compatible; ClaudeBot/1.0; +claudebot@anthropic.com)"
216.73.216.143 - - [24/Feb/2026:17:09:24 +0300] "GET /app/storage/views/80563a68a3298c861af0ebdae4e39d99 HTTP/1.1" 200 393 "-" "Mozilla/5.0 AppleWebKit/537.36 (KHTML, like Gecko; compatible; ClaudeBot/1.0; +claudebot@anthropic.com)"
216.73.216.143 - - [24/Feb/2026:17:09:29 +0300] "GET /app/storage/views/test/f1e640e900b7116fffb570732aeaeddb HTTP/1.1" 200 670 "-" "Mozilla/5.0 AppleWebKit/537.36 (KHTML, like Gecko; compatible; ClaudeBot/1.0; +claudebot@anthropic.com)"
216.73.216.143 - - [24/Feb/2026:17:09:34 +0300] "GET /app/storage/views/test/ac180e9b305248bd587838ab86a42e1d HTTP/1.1" 200 717 "-" "Mozilla/5.0 AppleWebKit/537.36 (KHTML, like Gecko; compatible; ClaudeBot/1.0; +claudebot@anthropic.com)"
216.73.216.143 - - [24/Feb/2026:17:09:39 +0300] "GET /app/storage/views/test/f8c7c33731546dfdc2496e9e5ff8f869 HTTP/1.1" 200 865 "-" "Mozilla/5.0 AppleWebKit/537.36 (KHTML, like Gecko; compatible; ClaudeBot/1.0; +claudebot@anthropic.com)"
216.73.216.143 - - [24/Feb/2026:17:09:44 +0300] "GET /app/storage/views/test/42ebf46f796910df95031bc6c6d9e71c HTTP/1.1" 200 555 "-" "Mozilla/5.0 AppleWebKit/537.36 (KHTML, like Gecko; compatible; ClaudeBot/1.0; +claudebot@anthropic.com)"
216.73.216.143 - - [24/Feb/2026:17:09:49 +0300] "GET /app/storage/views/test/1bcdcdd8227626ad558fb89237f46a28 HTTP/1.1" 200 981 "-" "Mozilla/5.0 AppleWebKit/537.36 (KHTML, like Gecko; compatible; ClaudeBot/1.0; +claudebot@anthropic.com)"
74.7.242.0 - - [24/Feb/2026:17:09:53 +0300] "GET /htmlpurifier/library/HTMLPurifier/AttrTypes.php HTTP/1.1" 200 20 "https://mail.zkteco.jo/htmlpurifier/library/HTMLPurifier/" "Mozilla/5.0 AppleWebKit/537.36 (KHTML, like Gecko; compatible; GPTBot/1.3; +https://openai.com/gptbot)"
216.73.216.143 - - [24/Feb/2026:17:09:54 +0300] "GET /app/storage/views/test/84e28941d0c1cda26344ca0b61e05a6f HTTP/1.1" 200 1722 "-" "Mozilla/5.0 AppleWebKit/537.36 (KHTML, like Gecko; compatible; ClaudeBot/1.0; +claudebot@anthropic.com)"
216.73.216.143 - - [24/Feb/2026:17:09:59 +0300] "GET /htmlpurifier/smoketests/basic/?C=D&O=A HTTP/1.1" 200 360 "-" "Mozilla/5.0 AppleWebKit/537.36 (KHTML, like Gecko; compatible; ClaudeBot/1.0; +claudebot@anthropic.com)"
216.73.216.143 - - [24/Feb/2026:17:10:04 +0300] "GET /app/storage/views/test/f7e47a71d93f833164e3e19bd7f5dc79 HTTP/1.1" 200 1359 "-" "Mozilla/5.0 AppleWebKit/537.36 (KHTML, like Gecko; compatible; ClaudeBot/1.0; +claudebot@anthropic.com)"
216.73.216.143 - - [24/Feb/2026:17:10:09 +0300] "GET /app/views/admin/location/?C=M&O=D HTTP/1.1" 200 338 "-" "Mozilla/5.0 AppleWebKit/537.36 (KHTML, like Gecko; compatible; ClaudeBot/1.0; +claudebot@anthropic.com)"
114.119.157.108 - - [24/Feb/2026:17:10:11 +0300] "GET /product-details/Intelligent%20Commerce/zkaio2000 HTTP/1.1" 404 36 "https://zkteco.jo/intelligent-commerce" "Mozilla/5.0 (Linux; Android 7.0;) AppleWebKit/537.36 (KHTML, like Gecko) Mobile Safari/537.36 (compatible; PetalBot;+https://webmaster.petalsearch.com/site/petalbot)"
216.73.216.143 - - [24/Feb/2026:17:10:14 +0300] "GET /app/views-feb%2024/frontend/video_gallery.blade.php HTTP/1.1" 500 398 "-" "Mozilla/5.0 AppleWebKit/537.36 (KHTML, like Gecko; compatible; ClaudeBot/1.0; +claudebot@anthropic.com)"
216.73.216.143 - - [24/Feb/2026:17:10:19 +0300] "GET /app/storage/views/a5ed09034d89f7ee1af43ee3b1f234c8 HTTP/1.1" 200 989 "-" "Mozilla/5.0 AppleWebKit/537.36 (KHTML, like Gecko; compatible; ClaudeBot/1.0; +claudebot@anthropic.com)"
216.73.216.143 - - [24/Feb/2026:17:10:24 +0300] "GET /app/storage/views/test/336b2e08ba63d399cf51ca624ea17638 HTTP/1.1" 200 932 "-" "Mozilla/5.0 AppleWebKit/537.36 (KHTML, like Gecko; compatible; ClaudeBot/1.0; +claudebot@anthropic.com)"
85.208.96.198 - - [24/Feb/2026:17:10:24 +0300] "GET /product-details/Premium%20Product%20Line/facekiosk-h13ch13ctd-1 HTTP/1.1" 404 36 "-" "Mozilla/5.0 (compatible; SemrushBot/7~bl; +http://www.semrush.com/bot.html)"
216.73.216.143 - - [24/Feb/2026:17:10:29 +0300] "GET /app/views/email_template/jobsapply_autoreply.blade.php HTTP/1.1" 200 283 "-" "Mozilla/5.0 AppleWebKit/537.36 (KHTML, like Gecko; compatible; ClaudeBot/1.0; +claudebot@anthropic.com)"
216.73.216.143 - - [24/Feb/2026:17:10:34 +0300] "GET /app/storage/views/test/95616b70ef23c6687c09c3d5fd2e39f8 HTTP/1.1" 200 854 "-" "Mozilla/5.0 AppleWebKit/537.36 (KHTML, like Gecko; compatible; ClaudeBot/1.0; +claudebot@anthropic.com)"
74.7.229.45 - - [24/Feb/2026:17:10:37 +0300] "GET /download-file/1836 HTTP/1.1" 404 36 "-" "Mozilla/5.0 (Macintosh; Intel Mac OS X 10_15_7) AppleWebKit/537.36 (KHTML, like Gecko) Chrome/131.0.0.0 Safari/537.36; compatible; OAI-SearchBot/1.3; +https://openai.com/searchbot"
216.73.216.143 - - [24/Feb/2026:17:10:39 +0300] "GET /app/storage/views/test/93e96d0aa0610fef76e1a27ccf5e2556 HTTP/1.1" 200 947 "-" "Mozilla/5.0 AppleWebKit/537.36 (KHTML, like Gecko; compatible; ClaudeBot/1.0; +claudebot@anthropic.com)"
74.7.242.0 - - [24/Feb/2026:17:10:40 +0300] "GET /htmlpurifier/library/HTMLPurifier/URIParser.php HTTP/1.1" 200 20 "https://mail.zkteco.jo/htmlpurifier/library/HTMLPurifier/" "Mozilla/5.0 AppleWebKit/537.36 (KHTML, like Gecko; compatible; GPTBot/1.3; +https://openai.com/gptbot)"
216.73.216.143 - - [24/Feb/2026:17:10:44 +0300] "GET /app/storage/views/test/7c24c3cf4627934a5b9bf0cb8d29aa62 HTTP/1.1" 200 923 "-" "Mozilla/5.0 AppleWebKit/537.36 (KHTML, like Gecko; compatible; ClaudeBot/1.0; +claudebot@anthropic.com)"
216.73.216.143 - - [24/Feb/2026:17:10:49 +0300] "GET /app/storage/views/test/d0951ddedafdf65d28e114180bf4d061 HTTP/1.1" 200 772 "-" "Mozilla/5.0 AppleWebKit/537.36 (KHTML, like Gecko; compatible; ClaudeBot/1.0; +claudebot@anthropic.com)"
216.73.216.143 - - [24/Feb/2026:17:10:54 +0300] "GET /app/storage/views/test/67f58429d849c9a48e4be20fc4cd1501 HTTP/1.1" 200 1008 "-" "Mozilla/5.0 AppleWebKit/537.36 (KHTML, like Gecko; compatible; ClaudeBot/1.0; +claudebot@anthropic.com)"
216.73.216.143 - - [24/Feb/2026:17:10:59 +0300] "GET /app/storage/views/test/a5899a2ce5c4890dd72c52d4161bd33c HTTP/1.1" 200 1043 "-" "Mozilla/5.0 AppleWebKit/537.36 (KHTML, like Gecko; compatible; ClaudeBot/1.0; +claudebot@anthropic.com)"
216.73.216.143 - - [24/Feb/2026:17:11:04 +0300] "GET /app/storage/views/test/b46430209a679805e8d6a4e00b99c463 HTTP/1.1" 200 1093 "-" "Mozilla/5.0 AppleWebKit/537.36 (KHTML, like Gecko; compatible; ClaudeBot/1.0; +claudebot@anthropic.com)"
216.73.216.143 - - [24/Feb/2026:17:11:09 +0300] "GET /app/storage/views/test/bd44141f2e95176c921230d98fa3ba9a HTTP/1.1" 200 429 "-" "Mozilla/5.0 AppleWebKit/537.36 (KHTML, like Gecko; compatible; ClaudeBot/1.0; +claudebot@anthropic.com)"
216.73.216.143 - - [24/Feb/2026:17:11:14 +0300] "GET /app/commands/?C=N&O=D HTTP/1.1" 200 255 "-" "Mozilla/5.0 AppleWebKit/537.36 (KHTML, like Gecko; compatible; ClaudeBot/1.0; +claudebot@anthropic.com)"
216.73.216.143 - - [24/Feb/2026:17:11:19 +0300] "GET /app/storage/sessions/303072a588c21081d85f1dc0059fcdff1d0e87a0 HTTP/1.1" 200 149 "-" "Mozilla/5.0 AppleWebKit/537.36 (KHTML, like Gecko; compatible; ClaudeBot/1.0; +claudebot@anthropic.com)"
74.7.242.0 - - [24/Feb/2026:17:11:21 +0300] "GET /htmlpurifier/library/HTMLPurifier/Bootstrap.php HTTP/1.1" 200 20 "https://mail.zkteco.jo/htmlpurifier/library/HTMLPurifier/" "Mozilla/5.0 AppleWebKit/537.36 (KHTML, like Gecko; compatible; GPTBot/1.3; +https://openai.com/gptbot)"
216.73.216.143 - - [24/Feb/2026:17:11:24 +0300] "GET /app/storage/views/test/bb1278431794e7131a00c2a31d0c4a07 HTTP/1.1" 200 1254 "-" "Mozilla/5.0 AppleWebKit/537.36 (KHTML, like Gecko; compatible; ClaudeBot/1.0; +claudebot@anthropic.com)"
216.73.216.143 - - [24/Feb/2026:17:11:29 +0300] "GET /app/storage/views/test/14d64f8c5216b69706bb51a3f8452106 HTTP/1.1" 200 805 "-" "Mozilla/5.0 AppleWebKit/537.36 (KHTML, like Gecko; compatible; ClaudeBot/1.0; +claudebot@anthropic.com)"
216.73.216.143 - - [24/Feb/2026:17:11:34 +0300] "GET /app/views/admin/pages/?C=N&O=D HTTP/1.1" 200 369 "-" "Mozilla/5.0 AppleWebKit/537.36 (KHTML, like Gecko; compatible; ClaudeBot/1.0; +claudebot@anthropic.com)"
114.119.157.108 - - [24/Feb/2026:17:11:36 +0300] "GET /download-file/1219 HTTP/1.1" 404 36 "https://zkteco.jo/data-sheet" "Mozilla/5.0 (Linux; Android 7.0;) AppleWebKit/537.36 (KHTML, like Gecko) Mobile Safari/537.36 (compatible; PetalBot;+https://webmaster.petalsearch.com/site/petalbot)"
216.73.216.143 - - [24/Feb/2026:17:11:39 +0300] "GET /app/storage/views/test/5c1de49f15f3d90b82447d4435bacf70 HTTP/1.1" 200 1321 "-" "Mozilla/5.0 AppleWebKit/537.36 (KHTML, like Gecko; compatible; ClaudeBot/1.0; +claudebot@anthropic.com)"
216.73.216.143 - - [24/Feb/2026:17:11:44 +0300] "GET /app/storage/views/test/4ecf22531044cfc74d8c74122dc26e9b HTTP/1.1" 200 822 "-" "Mozilla/5.0 AppleWebKit/537.36 (KHTML, like Gecko; compatible; ClaudeBot/1.0; +claudebot@anthropic.com)"
216.73.216.143 - - [24/Feb/2026:17:11:49 +0300] "GET /app/storage/sessions/43bf54efb92f2a412726f42d4217bbb1520aeff8 HTTP/1.1" 200 149 "-" "Mozilla/5.0 AppleWebKit/537.36 (KHTML, like Gecko; compatible; ClaudeBot/1.0; +claudebot@anthropic.com)"
216.73.216.143 - - [24/Feb/2026:17:11:54 +0300] "GET /app/storage/views/4dfb674613a9c4323eb6c6a0b159f868 HTTP/1.1" 200 942 "-" "Mozilla/5.0 AppleWebKit/537.36 (KHTML, like Gecko; compatible; ClaudeBot/1.0; +claudebot@anthropic.com)"
216.73.216.143 - - [24/Feb/2026:17:11:59 +0300] "GET /app/storage/sessions/aaccdc3633d9d2b0d95b9b2f90c68b39147e0679 HTTP/1.1" 200 148 "-" "Mozilla/5.0 AppleWebKit/537.36 (KHTML, like Gecko; compatible; ClaudeBot/1.0; +claudebot@anthropic.com)"
74.7.242.0 - - [24/Feb/2026:17:11:59 +0300] "GET /htmlpurifier/library/HTMLPurifier/Generator.php HTTP/1.1" 200 20 "https://mail.zkteco.jo/htmlpurifier/library/HTMLPurifier/" "Mozilla/5.0 AppleWebKit/537.36 (KHTML, like Gecko; compatible; GPTBot/1.3; +https://openai.com/gptbot)"
216.73.216.143 - - [24/Feb/2026:17:12:04 +0300] "GET /app/storage/views/test/63d53726029fabd6254d7b49103625eb HTTP/1.1" 200 756 "-" "Mozilla/5.0 AppleWebKit/537.36 (KHTML, like Gecko; compatible; ClaudeBot/1.0; +claudebot@anthropic.com)"
216.73.216.143 - - [24/Feb/2026:17:12:09 +0300] "GET /app/storage/views/test/1a51d66fd93148eabf864b550e9aedd7 HTTP/1.1" 200 760 "-" "Mozilla/5.0 AppleWebKit/537.36 (KHTML, like Gecko; compatible; ClaudeBot/1.0; +claudebot@anthropic.com)"
216.73.216.143 - - [24/Feb/2026:17:12:14 +0300] "GET /app/storage/views/test/1a81ecef9077e9a4de9aebac04376230 HTTP/1.1" 200 1189 "-" "Mozilla/5.0 AppleWebKit/537.36 (KHTML, like Gecko; compatible; ClaudeBot/1.0; +claudebot@anthropic.com)"
216.73.216.143 - - [24/Feb/2026:17:12:19 +0300] "GET /app/views/admin/pdfcategory/?C=D&O=A HTTP/1.1" 200 337 "-" "Mozilla/5.0 AppleWebKit/537.36 (KHTML, like Gecko; compatible; ClaudeBot/1.0; +claudebot@anthropic.com)"
216.73.216.143 - - [24/Feb/2026:17:12:24 +0300] "GET /app/storage/sessions/a11c8553726fc0e4f9ecfd68ba3c81b0a58b5c81 HTTP/1.1" 200 150 "-" "Mozilla/5.0 AppleWebKit/537.36 (KHTML, like Gecko; compatible; ClaudeBot/1.0; +claudebot@anthropic.com)"
216.73.216.143 - - [24/Feb/2026:17:12:29 +0300] "GET /app/storage/views/test/45d694e333779769000ca52a39223875 HTTP/1.1" 200 271 "-" "Mozilla/5.0 AppleWebKit/537.36 (KHTML, like Gecko; compatible; ClaudeBot/1.0; +claudebot@anthropic.com)"
216.73.216.143 - - [24/Feb/2026:17:12:35 +0300] "GET /app/storage/sessions/10b04400359522a64420b7d1af712a6f15538f45 HTTP/1.1" 200 150 "-" "Mozilla/5.0 AppleWebKit/537.36 (KHTML, like Gecko; compatible; ClaudeBot/1.0; +claudebot@anthropic.com)"
74.7.242.0 - - [24/Feb/2026:17:12:35 +0300] "GET /htmlpurifier/library/HTMLPurifier/Filter/ HTTP/1.1" 200 343 "https://mail.zkteco.jo/htmlpurifier/library/HTMLPurifier/" "Mozilla/5.0 AppleWebKit/537.36 (KHTML, like Gecko; compatible; GPTBot/1.3; +https://openai.com/gptbot)"
216.73.216.143 - - [24/Feb/2026:17:12:39 +0300] "GET /app/storage/sessions/0867737edd560b66f2aad9063b56086b3e613719 HTTP/1.1" 200 152 "-" "Mozilla/5.0 AppleWebKit/537.36 (KHTML, like Gecko; compatible; ClaudeBot/1.0; +claudebot@anthropic.com)"
216.73.216.143 - - [24/Feb/2026:17:12:41 +0300] "GET /app/storage/sessions/33eade40761c9662cc7d77619935818d9b588010 HTTP/1.1" 200 149 "-" "Mozilla/5.0 AppleWebKit/537.36 (KHTML, like Gecko; compatible; ClaudeBot/1.0; +claudebot@anthropic.com)"
216.73.216.143 - - [24/Feb/2026:17:12:44 +0300] "GET /app/storage/sessions/535e99c6e7b211f787360641b9c82e2151192c95 HTTP/1.1" 200 150 "-" "Mozilla/5.0 AppleWebKit/537.36 (KHTML, like Gecko; compatible; ClaudeBot/1.0; +claudebot@anthropic.com)"
216.73.216.143 - - [24/Feb/2026:17:12:45 +0300] "GET /vendor/intervention/image/tests/?C=D&O=A HTTP/1.1" 200 1240 "-" "Mozilla/5.0 AppleWebKit/537.36 (KHTML, like Gecko; compatible; ClaudeBot/1.0; +claudebot@anthropic.com)"
216.73.216.143 - - [24/Feb/2026:17:12:47 +0300] "GET /app/views-feb%2024/admin/faq/?C=S&O=A HTTP/1.1" 200 345 "-" "Mozilla/5.0 AppleWebKit/537.36 (KHTML, like Gecko; compatible; ClaudeBot/1.0; +claudebot@anthropic.com)"
216.73.216.143 - - [24/Feb/2026:17:12:49 +0300] "GET /vendor/nesbot/carbon/src/?C=N&O=D HTTP/1.1" 200 301 "-" "Mozilla/5.0 AppleWebKit/537.36 (KHTML, like Gecko; compatible; ClaudeBot/1.0; +claudebot@anthropic.com)"
216.73.216.143 - - [24/Feb/2026:17:12:50 +0300] "GET /app/config/local/?C=D&O=A HTTP/1.1" 200 314 "-" "Mozilla/5.0 AppleWebKit/537.36 (KHTML, like Gecko; compatible; ClaudeBot/1.0; +claudebot@anthropic.com)"
216.73.216.143 - - [24/Feb/2026:17:12:52 +0300] "GET /app/views-feb%2024/admin/faq/?C=D&O=A HTTP/1.1" 200 348 "-" "Mozilla/5.0 AppleWebKit/537.36 (KHTML, like Gecko; compatible; ClaudeBot/1.0; +claudebot@anthropic.com)"
216.73.216.143 - - [24/Feb/2026:17:12:54 +0300] "GET /app/storage/sessions/0ab01a30d23020e70e371dd47744d7164484358b HTTP/1.1" 200 150 "-" "Mozilla/5.0 AppleWebKit/537.36 (KHTML, like Gecko; compatible; ClaudeBot/1.0; +claudebot@anthropic.com)"
216.73.216.143 - - [24/Feb/2026:17:12:55 +0300] "GET /app/storage/sessions/34988df991577399de2f6c1720d21784e0163cd9 HTTP/1.1" 200 153 "-" "Mozilla/5.0 AppleWebKit/537.36 (KHTML, like Gecko; compatible; ClaudeBot/1.0; +claudebot@anthropic.com)"
216.73.216.143 - - [24/Feb/2026:17:12:57 +0300] "GET /app/views-feb%2024/admin/pdfDownload/?C=S&O=A HTTP/1.1" 200 350 "-" "Mozilla/5.0 AppleWebKit/537.36 (KHTML, like Gecko; compatible; ClaudeBot/1.0; +claudebot@anthropic.com)"
114.119.156.134 - - [24/Feb/2026:17:12:59 +0300] "GET /product-details/Products/prorf HTTP/1.1" 404 36 "https://zkteco.jo/products" "Mozilla/5.0 (Linux; Android 7.0;) AppleWebKit/537.36 (KHTML, like Gecko) Mobile Safari/537.36 (compatible; PetalBot;+https://webmaster.petalsearch.com/site/petalbot)"
216.73.216.143 - - [24/Feb/2026:17:12:59 +0300] "GET /app/views/admin/pages-old/?C=S&O=A HTTP/1.1" 200 379 "-" "Mozilla/5.0 AppleWebKit/537.36 (KHTML, like Gecko; compatible; ClaudeBot/1.0; +claudebot@anthropic.com)"
216.73.216.143 - - [24/Feb/2026:17:13:00 +0300] "GET /app/storage/sessions/4f8e373949480f959fb47b30e322b404294b7c6f HTTP/1.1" 200 152 "-" "Mozilla/5.0 AppleWebKit/537.36 (KHTML, like Gecko; compatible; ClaudeBot/1.0; +claudebot@anthropic.com)"
74.7.242.0 - - [24/Feb/2026:17:13:01 +0300] "GET /htmlpurifier/library/HTMLPurifier/Lexer/ HTTP/1.1" 200 346 "https://mail.zkteco.jo/htmlpurifier/library/HTMLPurifier/" "Mozilla/5.0 AppleWebKit/537.36 (KHTML, like Gecko; compatible; GPTBot/1.3; +https://openai.com/gptbot)"
216.73.216.143 - - [24/Feb/2026:17:13:02 +0300] "GET /app/views-feb%2024/admin/faq/?C=N&O=D HTTP/1.1" 200 344 "-" "Mozilla/5.0 AppleWebKit/537.36 (KHTML, like Gecko; compatible; ClaudeBot/1.0; +claudebot@anthropic.com)"
216.73.216.143 - - [24/Feb/2026:17:13:05 +0300] "GET /app/storage/sessions/d9c591f7d7215f6207bd007b281a03b14a94a315 HTTP/1.1" 200 152 "-" "Mozilla/5.0 AppleWebKit/537.36 (KHTML, like Gecko; compatible; ClaudeBot/1.0; +claudebot@anthropic.com)"
216.73.216.143 - - [24/Feb/2026:17:13:07 +0300] "GET /app/views-feb%2024/admin/faq/?C=M&O=A HTTP/1.1" 200 347 "-" "Mozilla/5.0 AppleWebKit/537.36 (KHTML, like Gecko; compatible; ClaudeBot/1.0; +claudebot@anthropic.com)"
216.73.216.143 - - [24/Feb/2026:17:13:12 +0300] "GET /app/views-feb%2024/admin/pdfDownload/?C=D&O=A HTTP/1.1" 200 350 "-" "Mozilla/5.0 AppleWebKit/537.36 (KHTML, like Gecko; compatible; ClaudeBot/1.0; +claudebot@anthropic.com)"
216.73.216.143 - - [24/Feb/2026:17:13:17 +0300] "GET /app/views-feb%2024/admin/pdfDownload/?C=M&O=A HTTP/1.1" 200 351 "-" "Mozilla/5.0 AppleWebKit/537.36 (KHTML, like Gecko; compatible; ClaudeBot/1.0; +claudebot@anthropic.com)"
216.73.216.143 - - [24/Feb/2026:17:13:22 +0300] "GET /app/storage/sessions/0db4b01174686a66765fd3cd250d7994b1803736 HTTP/1.1" 200 152 "-" "Mozilla/5.0 AppleWebKit/537.36 (KHTML, like Gecko; compatible; ClaudeBot/1.0; +claudebot@anthropic.com)"
216.73.216.143 - - [24/Feb/2026:17:13:27 +0300] "GET /app/config/local/?C=S&O=A HTTP/1.1" 200 314 "-" "Mozilla/5.0 AppleWebKit/537.36 (KHTML, like Gecko; compatible; ClaudeBot/1.0; +claudebot@anthropic.com)"
74.7.242.0 - - [24/Feb/2026:17:13:28 +0300] "GET /htmlpurifier/library/HTMLPurifier/Zipper.php HTTP/1.1" 200 20 "https://mail.zkteco.jo/htmlpurifier/library/HTMLPurifier/" "Mozilla/5.0 AppleWebKit/537.36 (KHTML, like Gecko; compatible; GPTBot/1.3; +https://openai.com/gptbot)"
216.73.216.143 - - [24/Feb/2026:17:13:32 +0300] "GET /app/storage/sessions/4fb1c235504b74451c757a59e973f14449099bed HTTP/1.1" 200 150 "-" "Mozilla/5.0 AppleWebKit/537.36 (KHTML, like Gecko; compatible; ClaudeBot/1.0; +claudebot@anthropic.com)"
216.73.216.143 - - [24/Feb/2026:17:13:37 +0300] "GET /vendor/intervention/image/tests/?C=S&O=A HTTP/1.1" 200 1269 "-" "Mozilla/5.0 AppleWebKit/537.36 (KHTML, like Gecko; compatible; ClaudeBot/1.0; +claudebot@anthropic.com)"
216.73.216.143 - - [24/Feb/2026:17:13:37 +0300] "GET /app/storage/sessions/eec8eb9bd98c4be5e54418a93e90717821937198 HTTP/1.1" 200 152 "-" "Mozilla/5.0 AppleWebKit/537.36 (KHTML, like Gecko; compatible; ClaudeBot/1.0; +claudebot@anthropic.com)"
216.73.216.143 - - [24/Feb/2026:17:13:42 +0300] "GET /app/storage/sessions/6ded032e3609014323ac530d9dd226f1a33e66b5 HTTP/1.1" 200 152 "-" "Mozilla/5.0 AppleWebKit/537.36 (KHTML, like Gecko; compatible; ClaudeBot/1.0; +claudebot@anthropic.com)"
216.73.216.143 - - [24/Feb/2026:17:13:42 +0300] "GET /app/storage/sessions/837231960f688bc3c8df6698309088774914b40d HTTP/1.1" 200 151 "-" "Mozilla/5.0 AppleWebKit/537.36 (KHTML, like Gecko; compatible; ClaudeBot/1.0; +claudebot@anthropic.com)"
157.55.39.13 - - [24/Feb/2026:17:13:43 +0300] "GET /search?_token=ii2CSWnoD4EAaSbpslBrhlg77UTNELajg3spfd9W&searchterm= HTTP/1.1" 404 36 "-" "Mozilla/5.0 AppleWebKit/537.36 (KHTML, like Gecko; compatible; bingbot/2.0; +http://www.bing.com/bingbot.htm) Chrome/116.0.1938.76 Safari/537.36"
216.73.216.143 - - [24/Feb/2026:17:13:47 +0300] "GET /app/storage/sessions/5f6714831962c76a83805e3f13cbb3d7fb43a62d HTTP/1.1" 200 149 "-" "Mozilla/5.0 AppleWebKit/537.36 (KHTML, like Gecko; compatible; ClaudeBot/1.0; +claudebot@anthropic.com)"
216.73.216.143 - - [24/Feb/2026:17:13:47 +0300] "GET /app/storage/sessions/b213d3ab57bcc5c69514e18d31a88ea53452d722 HTTP/1.1" 200 149 "-" "Mozilla/5.0 AppleWebKit/537.36 (KHTML, like Gecko; compatible; ClaudeBot/1.0; +claudebot@anthropic.com)"
216.73.216.143 - - [24/Feb/2026:17:13:52 +0300] "GET /vendor/bacon/bacon-qr-code/?C=N&O=A HTTP/1.1" 200 442 "-" "Mozilla/5.0 AppleWebKit/537.36 (KHTML, like Gecko; compatible; ClaudeBot/1.0; +claudebot@anthropic.com)"
74.7.242.0 - - [24/Feb/2026:17:13:53 +0300] "GET /htmlpurifier/library/HTMLPurifier/Exception.php HTTP/1.1" 200 20 "https://mail.zkteco.jo/htmlpurifier/library/HTMLPurifier/" "Mozilla/5.0 AppleWebKit/537.36 (KHTML, like Gecko; compatible; GPTBot/1.3; +https://openai.com/gptbot)"
216.73.216.143 - - [24/Feb/2026:17:13:57 +0300] "GET /app/storage/sessions/6274ae744267aa3ff8eb7057354b2888ffb75ede HTTP/1.1" 200 150 "-" "Mozilla/5.0 AppleWebKit/537.36 (KHTML, like Gecko; compatible; ClaudeBot/1.0; +claudebot@anthropic.com)"
74.7.228.190 - - [24/Feb/2026:17:13:59 +0300] "GET /product-details/Products/lprc300-1 HTTP/1.1" 404 36 "-" "Mozilla/5.0 (Macintosh; Intel Mac OS X 10_15_7) AppleWebKit/537.36 (KHTML, like Gecko) Chrome/131.0.0.0 Safari/537.36; compatible; OAI-SearchBot/1.3; +https://openai.com/searchbot"
216.73.216.143 - - [24/Feb/2026:17:14:02 +0300] "GET /app/config/packages/?C=N&O=A HTTP/1.1" 200 325 "-" "Mozilla/5.0 AppleWebKit/537.36 (KHTML, like Gecko; compatible; ClaudeBot/1.0; +claudebot@anthropic.com)"
216.73.216.143 - - [24/Feb/2026:17:14:02 +0300] "GET /app/storage/sessions/a6e2eeb744c32393c50734dde173967117763284 HTTP/1.1" 200 151 "-" "Mozilla/5.0 AppleWebKit/537.36 (KHTML, like Gecko; compatible; ClaudeBot/1.0; +claudebot@anthropic.com)"
216.73.216.143 - - [24/Feb/2026:17:14:07 +0300] "GET /app/storage/sessions/7987961c5d698926e57c3bd9b7c7ab8f77367544 HTTP/1.1" 200 150 "-" "Mozilla/5.0 AppleWebKit/537.36 (KHTML, like Gecko; compatible; ClaudeBot/1.0; +claudebot@anthropic.com)"
216.73.216.143 - - [24/Feb/2026:17:14:12 +0300] "GET /app/storage/sessions/28f98ad874f465f3b5ca65f5c9cef8cafc538577 HTTP/1.1" 200 150 "-" "Mozilla/5.0 AppleWebKit/537.36 (KHTML, like Gecko; compatible; ClaudeBot/1.0; +claudebot@anthropic.com)"
74.7.242.0 - - [24/Feb/2026:17:14:15 +0300] "GET /htmlpurifier/library/HTMLPurifier/AttrDef/HTML/ HTTP/1.1" 200 462 "https://mail.zkteco.jo/htmlpurifier/library/HTMLPurifier/AttrDef/" "Mozilla/5.0 AppleWebKit/537.36 (KHTML, like Gecko; compatible; GPTBot/1.3; +https://openai.com/gptbot)"
216.73.216.143 - - [24/Feb/2026:17:14:17 +0300] "GET /app/storage/sessions/07b62db7ab6ece01f721821f241d4c238188661a HTTP/1.1" 200 152 "-" "Mozilla/5.0 AppleWebKit/537.36 (KHTML, like Gecko; compatible; ClaudeBot/1.0; +claudebot@anthropic.com)"
216.73.216.143 - - [24/Feb/2026:17:14:22 +0300] "GET /vendor/nesbot/carbon/src/?C=S&O=A HTTP/1.1" 200 304 "-" "Mozilla/5.0 AppleWebKit/537.36 (KHTML, like Gecko; compatible; ClaudeBot/1.0; +claudebot@anthropic.com)"
216.73.216.143 - - [24/Feb/2026:17:14:27 +0300] "GET /app/storage/sessions/b2922e28d67e14671701d8aa64bc2618385f2711 HTTP/1.1" 200 150 "-" "Mozilla/5.0 AppleWebKit/537.36 (KHTML, like Gecko; compatible; ClaudeBot/1.0; +claudebot@anthropic.com)"
216.73.216.143 - - [24/Feb/2026:17:14:33 +0300] "GET /app/storage/sessions/2f87b2480aa27807256b40f9822402d4d69a2084 HTTP/1.1" 200 152 "-" "Mozilla/5.0 AppleWebKit/537.36 (KHTML, like Gecko; compatible; ClaudeBot/1.0; +claudebot@anthropic.com)"
74.7.242.0 - - [24/Feb/2026:17:14:34 +0300] "GET /htmlpurifier/library/HTMLPurifier/URIScheme.php HTTP/1.1" 200 20 "https://mail.zkteco.jo/htmlpurifier/library/HTMLPurifier/" "Mozilla/5.0 AppleWebKit/537.36 (KHTML, like Gecko; compatible; GPTBot/1.3; +https://openai.com/gptbot)"
216.73.216.143 - - [24/Feb/2026:17:14:38 +0300] "GET /vendor/symfony/security-core/Symfony/Component/?C=N&O=D HTTP/1.1" 200 312 "-" "Mozilla/5.0 AppleWebKit/537.36 (KHTML, like Gecko; compatible; ClaudeBot/1.0; +claudebot@anthropic.com)"
216.73.216.143 - - [24/Feb/2026:17:14:43 +0300] "GET /app/storage/sessions/a86a312637767dac6d054087840e50336afd4f76 HTTP/1.1" 200 152 "-" "Mozilla/5.0 AppleWebKit/537.36 (KHTML, like Gecko; compatible; ClaudeBot/1.0; +claudebot@anthropic.com)"
216.73.216.143 - - [24/Feb/2026:17:14:48 +0300] "GET /app/storage/sessions/9900ddc88e3b5672622af6eb5286335f72b43c3e HTTP/1.1" 200 150 "-" "Mozilla/5.0 AppleWebKit/537.36 (KHTML, like Gecko; compatible; ClaudeBot/1.0; +claudebot@anthropic.com)"
74.7.242.0 - - [24/Feb/2026:17:14:51 +0300] "GET /app/start/?C=M;O=D HTTP/1.1" 200 325 "https://mail.zkteco.jo/app/start/?C=M;O=A" "Mozilla/5.0 AppleWebKit/537.36 (KHTML, like Gecko; compatible; GPTBot/1.3; +https://openai.com/gptbot)"
216.73.216.143 - - [24/Feb/2026:17:14:53 +0300] "GET /app/storage/sessions/363204d27b4f1c2140db53dcac509f738699e998 HTTP/1.1" 200 149 "-" "Mozilla/5.0 AppleWebKit/537.36 (KHTML, like Gecko; compatible; ClaudeBot/1.0; +claudebot@anthropic.com)"
66.249.75.201 - - [24/Feb/2026:17:14:55 +0300] "GET /htmlpurifier/docs/enduser-uri-filter.html HTTP/1.1" 200 2802 "-" "Mozilla/5.0 (Linux; Android 6.0.1; Nexus 5X Build/MMB29P) AppleWebKit/537.36 (KHTML, like Gecko) Chrome/144.0.7559.132 Mobile Safari/537.36 (compatible; Googlebot/2.1; +http://www.google.com/bot.html)"
216.73.216.143 - - [24/Feb/2026:17:14:58 +0300] "GET /app/storage/sessions/804449b6b29586cd5b19715f0f9f95602c108174 HTTP/1.1" 200 151 "-" "Mozilla/5.0 AppleWebKit/537.36 (KHTML, like Gecko; compatible; ClaudeBot/1.0; +claudebot@anthropic.com)"
74.7.242.0 - - [24/Feb/2026:17:15:07 +0300] "GET /app/start/?C=S;O=D HTTP/1.1" 200 328 "https://mail.zkteco.jo/app/start/?C=S;O=A" "Mozilla/5.0 AppleWebKit/537.36 (KHTML, like Gecko; compatible; GPTBot/1.3; +https://openai.com/gptbot)"
74.7.242.0 - - [24/Feb/2026:17:15:21 +0300] "GET /app/start/?C=D;O=D HTTP/1.1" 200 327 "https://mail.zkteco.jo/app/start/?C=D;O=A" "Mozilla/5.0 AppleWebKit/537.36 (KHTML, like Gecko; compatible; GPTBot/1.3; +https://openai.com/gptbot)"
74.7.242.0 - - [24/Feb/2026:17:15:34 +0300] "GET /app/start/?C=N;O=A HTTP/1.1" 200 328 "https://mail.zkteco.jo/app/start/?C=N;O=D" "Mozilla/5.0 AppleWebKit/537.36 (KHTML, like Gecko; compatible; GPTBot/1.3; +https://openai.com/gptbot)"
216.73.216.143 - - [24/Feb/2026:17:15:35 +0300] "GET /app/views/admin/news/?C=M&O=A HTTP/1.1" 200 339 "-" "Mozilla/5.0 AppleWebKit/537.36 (KHTML, like Gecko; compatible; ClaudeBot/1.0; +claudebot@anthropic.com)"
216.73.216.143 - - [24/Feb/2026:17:15:40 +0300] "GET /app/storage/sessions/68a15040090f5412ae3838293ae8126406813c5d HTTP/1.1" 200 153 "-" "Mozilla/5.0 AppleWebKit/537.36 (KHTML, like Gecko; compatible; ClaudeBot/1.0; +claudebot@anthropic.com)"
216.73.216.143 - - [24/Feb/2026:17:15:45 +0300] "GET /app/storage/sessions/377839a85f0310b45229b2577b92dc65e2249690 HTTP/1.1" 200 152 "-" "Mozilla/5.0 AppleWebKit/537.36 (KHTML, like Gecko; compatible; ClaudeBot/1.0; +claudebot@anthropic.com)"
74.7.242.0 - - [24/Feb/2026:17:15:46 +0300] "GET /app/controllers/admin/PagesController.php HTTP/1.1" 500 20 "https://mail.zkteco.jo/app/controllers/admin/" "Mozilla/5.0 AppleWebKit/537.36 (KHTML, like Gecko; compatible; GPTBot/1.3; +https://openai.com/gptbot)"
216.73.216.143 - - [24/Feb/2026:17:15:50 +0300] "GET /vendor/symfony/security-core/Symfony/Component/?C=M&O=A HTTP/1.1" 200 316 "-" "Mozilla/5.0 AppleWebKit/537.36 (KHTML, like Gecko; compatible; ClaudeBot/1.0; +claudebot@anthropic.com)"
216.73.216.143 - - [24/Feb/2026:17:15:55 +0300] "GET /vendor/nesbot/carbon/src/?C=N&O=A HTTP/1.1" 200 304 "-" "Mozilla/5.0 AppleWebKit/537.36 (KHTML, like Gecko; compatible; ClaudeBot/1.0; +claudebot@anthropic.com)"
74.7.242.0 - - [24/Feb/2026:17:15:56 +0300] "GET /htmlpurifier/library/HTMLPurifier/Filter/?C=S;O=A HTTP/1.1" 200 342 "https://mail.zkteco.jo/htmlpurifier/library/HTMLPurifier/Filter/" "Mozilla/5.0 AppleWebKit/537.36 (KHTML, like Gecko; compatible; GPTBot/1.3; +https://openai.com/gptbot)"
216.73.216.143 - - [24/Feb/2026:17:16:00 +0300] "GET /app/views/admin/news/?C=N&O=D HTTP/1.1" 200 337 "-" "Mozilla/5.0 AppleWebKit/537.36 (KHTML, like Gecko; compatible; ClaudeBot/1.0; +claudebot@anthropic.com)"
157.55.39.13 - - [24/Feb/2026:17:16:14 +0300] "GET /assets/uploads/page/file/BioTime%208.5%20Datasheet.pdf HTTP/1.1" 200 1177323 "-" "Mozilla/5.0 AppleWebKit/537.36 (KHTML, like Gecko; compatible; bingbot/2.0; +http://www.bing.com/bingbot.htm) Chrome/116.0.1938.76 Safari/537.36"
74.7.242.0 - - [24/Feb/2026:17:16:27 +0300] "GET /app/controllers/admin/UsersController.php HTTP/1.1" 500 20 "https://mail.zkteco.jo/app/controllers/admin/" "Mozilla/5.0 AppleWebKit/537.36 (KHTML, like Gecko; compatible; GPTBot/1.3; +https://openai.com/gptbot)"
216.73.216.143 - - [24/Feb/2026:17:16:31 +0300] "GET /vendor/symfony/security-core/?C=S&O=A HTTP/1.1" 200 305 "-" "Mozilla/5.0 AppleWebKit/537.36 (KHTML, like Gecko; compatible; ClaudeBot/1.0; +claudebot@anthropic.com)"
216.73.216.143 - - [24/Feb/2026:17:16:35 +0300] "GET /app/storage/sessions/8ac7488228f59962c10294309ae747fefa52c269 HTTP/1.1" 200 151 "-" "Mozilla/5.0 AppleWebKit/537.36 (KHTML, like Gecko; compatible; ClaudeBot/1.0; +claudebot@anthropic.com)"
216.73.216.143 - - [24/Feb/2026:17:16:40 +0300] "GET /app/storage/sessions/5515075c3a07b9e67f51a662cbf35778361a2418 HTTP/1.1" 200 151 "-" "Mozilla/5.0 AppleWebKit/537.36 (KHTML, like Gecko; compatible; ClaudeBot/1.0; +claudebot@anthropic.com)"
216.73.216.143 - - [24/Feb/2026:17:16:45 +0300] "GET /app/views/admin/news/?C=D&O=A HTTP/1.1" 200 338 "-" "Mozilla/5.0 AppleWebKit/537.36 (KHTML, like Gecko; compatible; ClaudeBot/1.0; +claudebot@anthropic.com)"
216.73.216.143 - - [24/Feb/2026:17:16:50 +0300] "GET /app/storage/sessions/38bdba4895aa1d22208ad57b683cd10c936a838a HTTP/1.1" 200 152 "-" "Mozilla/5.0 AppleWebKit/537.36 (KHTML, like Gecko; compatible; ClaudeBot/1.0; +claudebot@anthropic.com)"
216.73.216.143 - - [24/Feb/2026:17:16:51 +0300] "GET /app/storage/sessions/8c89f29844c99435285fa6d667ac6d6464c18075 HTTP/1.1" 200 152 "-" "Mozilla/5.0 AppleWebKit/537.36 (KHTML, like Gecko; compatible; ClaudeBot/1.0; +claudebot@anthropic.com)"
216.73.216.143 - - [24/Feb/2026:17:16:55 +0300] "GET /vendor/symfony/security-core/Symfony/Component/?C=S&O=A HTTP/1.1" 200 314 "-" "Mozilla/5.0 AppleWebKit/537.36 (KHTML, like Gecko; compatible; ClaudeBot/1.0; +claudebot@anthropic.com)"
216.73.216.143 - - [24/Feb/2026:17:16:56 +0300] "GET /app/storage/sessions/8605754c89e26cced279af80683b04b9f8f3fe7f HTTP/1.1" 200 150 "-" "Mozilla/5.0 AppleWebKit/537.36 (KHTML, like Gecko; compatible; ClaudeBot/1.0; +claudebot@anthropic.com)"
74.7.242.0 - - [24/Feb/2026:17:16:56 +0300] "GET /app/controllers/admin/LoginController.php HTTP/1.1" 500 20 "https://mail.zkteco.jo/app/controllers/admin/" "Mozilla/5.0 AppleWebKit/537.36 (KHTML, like Gecko; compatible; GPTBot/1.3; +https://openai.com/gptbot)"
216.73.216.143 - - [24/Feb/2026:17:17:01 +0300] "GET /app/storage/sessions/3c3ead3681c43730987c17e9d46306b5768c8ec1 HTTP/1.1" 200 151 "-" "Mozilla/5.0 AppleWebKit/537.36 (KHTML, like Gecko; compatible; ClaudeBot/1.0; +claudebot@anthropic.com)"
216.73.216.143 - - [24/Feb/2026:17:17:06 +0300] "GET /app/storage/sessions/de11f0898521119a60736c896542a6bcd67e209a HTTP/1.1" 200 151 "-" "Mozilla/5.0 AppleWebKit/537.36 (KHTML, like Gecko; compatible; ClaudeBot/1.0; +claudebot@anthropic.com)"
216.73.216.143 - - [24/Feb/2026:17:17:11 +0300] "GET /app/views/admin/news/?C=S&O=A HTTP/1.1" 200 340 "-" "Mozilla/5.0 AppleWebKit/537.36 (KHTML, like Gecko; compatible; ClaudeBot/1.0; +claudebot@anthropic.com)"
40.77.167.71 - - [24/Feb/2026:17:17:14 +0300] "GET /source/CVSecurity_Mobile-20240110-0021.jpg HTTP/1.1" 200 101680 "-" "Mozilla/5.0 AppleWebKit/537.36 (KHTML, like Gecko; compatible; bingbot/2.0; +http://www.bing.com/bingbot.htm) Chrome/116.0.1938.76 Safari/537.36"
216.73.216.143 - - [24/Feb/2026:17:17:16 +0300] "GET /app/storage/sessions/a9677c68084ba59c9b451d0133cf121163d88570 HTTP/1.1" 200 149 "-" "Mozilla/5.0 AppleWebKit/537.36 (KHTML, like Gecko; compatible; ClaudeBot/1.0; +claudebot@anthropic.com)"
216.73.216.143 - - [24/Feb/2026:17:17:52 +0300] "GET /app/storage/sessions/ade22ae2ab880ec88121c7da818a1169768226e6 HTTP/1.1" 200 150 "-" "Mozilla/5.0 AppleWebKit/537.36 (KHTML, like Gecko; compatible; ClaudeBot/1.0; +claudebot@anthropic.com)"
216.73.216.143 - - [24/Feb/2026:17:17:57 +0300] "GET /app/storage/sessions/4568c3802eafad3adeb88e2165010613938813e7 HTTP/1.1" 200 150 "-" "Mozilla/5.0 AppleWebKit/537.36 (KHTML, like Gecko; compatible; ClaudeBot/1.0; +claudebot@anthropic.com)"
74.7.242.0 - - [24/Feb/2026:17:17:57 +0300] "GET /app/views/admin/dashboard/dashboard.blade.php HTTP/1.1" 500 347 "https://mail.zkteco.jo/app/views/admin/dashboard/" "Mozilla/5.0 AppleWebKit/537.36 (KHTML, like Gecko; compatible; GPTBot/1.3; +https://openai.com/gptbot)"
216.73.216.143 - - [24/Feb/2026:17:18:02 +0300] "GET /app/storage/sessions/5c979abd0a53391123fabcd6858a37066cca8453 HTTP/1.1" 200 150 "-" "Mozilla/5.0 AppleWebKit/537.36 (KHTML, like Gecko; compatible; ClaudeBot/1.0; +claudebot@anthropic.com)"
216.73.216.143 - - [24/Feb/2026:17:18:07 +0300] "GET /app/storage/sessions/59d55b115031657fb25cddb26a291720e0064795 HTTP/1.1" 200 152 "-" "Mozilla/5.0 AppleWebKit/537.36 (KHTML, like Gecko; compatible; ClaudeBot/1.0; +claudebot@anthropic.com)"
216.73.216.143 - - [24/Feb/2026:17:18:08 +0300] "GET /app/storage/sessions/774c32552e7ed1b9025956fc8b5e40a110835fd4 HTTP/1.1" 200 151 "-" "Mozilla/5.0 AppleWebKit/537.36 (KHTML, like Gecko; compatible; ClaudeBot/1.0; +claudebot@anthropic.com)"
216.73.216.143 - - [24/Feb/2026:17:18:12 +0300] "GET /app/storage/sessions/0c125e9824398946acefad8c0ca89c5f79d881c1 HTTP/1.1" 200 151 "-" "Mozilla/5.0 AppleWebKit/537.36 (KHTML, like Gecko; compatible; ClaudeBot/1.0; +claudebot@anthropic.com)"
216.73.216.143 - - [24/Feb/2026:17:18:13 +0300] "GET /vendor/symfony/filesystem/?C=N&O=D HTTP/1.1" 200 304 "-" "Mozilla/5.0 AppleWebKit/537.36 (KHTML, like Gecko; compatible; ClaudeBot/1.0; +claudebot@anthropic.com)"
216.73.216.143 - - [24/Feb/2026:17:18:17 +0300] "GET /app/storage/sessions/14603a6974cfd1590b5539d87543bd874ee0253c HTTP/1.1" 200 147 "-" "Mozilla/5.0 AppleWebKit/537.36 (KHTML, like Gecko; compatible; ClaudeBot/1.0; +claudebot@anthropic.com)"
216.73.216.143 - - [24/Feb/2026:17:18:18 +0300] "GET /app/storage/sessions/e9905daa029e2b505d99a55725a61cc871859715 HTTP/1.1" 200 150 "-" "Mozilla/5.0 AppleWebKit/537.36 (KHTML, like Gecko; compatible; ClaudeBot/1.0; +claudebot@anthropic.com)"
216.73.216.143 - - [24/Feb/2026:17:18:23 +0300] "GET /vendor/symfony/security-core/?C=N&O=A HTTP/1.1" 200 305 "-" "Mozilla/5.0 AppleWebKit/537.36 (KHTML, like Gecko; compatible; ClaudeBot/1.0; +claudebot@anthropic.com)"
216.73.216.143 - - [24/Feb/2026:17:18:28 +0300] "GET /app/storage/sessions/81c48692eb17429b04e657ddc38961e3587b9478 HTTP/1.1" 200 151 "-" "Mozilla/5.0 AppleWebKit/537.36 (KHTML, like Gecko; compatible; ClaudeBot/1.0; +claudebot@anthropic.com)"
216.73.216.143 - - [24/Feb/2026:17:18:49 +0300] "GET /app/lang/ar/?C=N&O=A HTTP/1.1" 200 295 "-" "Mozilla/5.0 AppleWebKit/537.36 (KHTML, like Gecko; compatible; ClaudeBot/1.0; +claudebot@anthropic.com)"
216.73.216.143 - - [24/Feb/2026:17:18:54 +0300] "GET /app/storage/sessions/700be755a3e42c9b4bf6e18756b65851b428b7e3 HTTP/1.1" 200 152 "-" "Mozilla/5.0 AppleWebKit/537.36 (KHTML, like Gecko; compatible; ClaudeBot/1.0; +claudebot@anthropic.com)"
216.73.216.143 - - [24/Feb/2026:17:18:59 +0300] "GET /app/storage/sessions/4c47018d8d1e001b6c38178336b7cf3543ae2c39 HTTP/1.1" 200 150 "-" "Mozilla/5.0 AppleWebKit/537.36 (KHTML, like Gecko; compatible; ClaudeBot/1.0; +claudebot@anthropic.com)"
5.255.231.152 - - [24/Feb/2026:17:19:00 +0300] "GET /robots.txt HTTP/1.1" 404 36 "-" "Mozilla/5.0 (compatible; YandexBot/3.0; +http://yandex.com/bots)"
87.250.224.19 - - [24/Feb/2026:17:19:01 +0300] "GET / HTTP/1.1" 200 674 "-" "Mozilla/5.0 (compatible; YandexBot/3.0; +http://yandex.com/bots)"
74.7.242.0 - - [24/Feb/2026:17:19:03 +0300] "GET /app/tests/?C=S;O=A HTTP/1.1" 200 314 "https://mail.zkteco.jo/app/tests/" "Mozilla/5.0 AppleWebKit/537.36 (KHTML, like Gecko; compatible; GPTBot/1.3; +https://openai.com/gptbot)"
216.73.216.143 - - [24/Feb/2026:17:19:04 +0300] "GET /app/storage/sessions/eb03b0396b74fb96b0581488a802c6ef54428344 HTTP/1.1" 200 149 "-" "Mozilla/5.0 AppleWebKit/537.36 (KHTML, like Gecko; compatible; ClaudeBot/1.0; +claudebot@anthropic.com)"
216.73.216.143 - - [24/Feb/2026:17:19:09 +0300] "GET /app/views/admin/pages-old/?C=D&O=A HTTP/1.1" 200 374 "-" "Mozilla/5.0 AppleWebKit/537.36 (KHTML, like Gecko; compatible; ClaudeBot/1.0; +claudebot@anthropic.com)"
216.73.216.143 - - [24/Feb/2026:17:19:14 +0300] "GET /app/storage/sessions/64605386a13fd939367e121a8e093600ce1e932d HTTP/1.1" 200 150 "-" "Mozilla/5.0 AppleWebKit/537.36 (KHTML, like Gecko; compatible; ClaudeBot/1.0; +claudebot@anthropic.com)"
185.191.171.1 - - [24/Feb/2026:17:19:14 +0300] "GET /product-details/Time%20Attendance/in01 HTTP/1.1" 404 36 "-" "Mozilla/5.0 (compatible; SemrushBot/7~bl; +http://www.semrush.com/bot.html)"
216.73.216.143 - - [24/Feb/2026:17:19:31 +0300] "GET /app/storage/sessions/0c713c29f85024bb957beb6b94678dbe41c88e6e HTTP/1.1" 200 153 "-" "Mozilla/5.0 AppleWebKit/537.36 (KHTML, like Gecko; compatible; ClaudeBot/1.0; +claudebot@anthropic.com)"
216.73.216.143 - - [24/Feb/2026:17:19:35 +0300] "GET /app/storage/sessions/bd2965a3be510955d3623881b524eb8e81a9eda7 HTTP/1.1" 200 151 "-" "Mozilla/5.0 AppleWebKit/537.36 (KHTML, like Gecko; compatible; ClaudeBot/1.0; +claudebot@anthropic.com)"
54.225.98.148 - - [24/Feb/2026:17:19:36 +0300] "GET /assets/uploads/products/f938525ff3b2a18bdcbe82124da29d96.php?p=/home/zktecojo/public_html/app/database/migrations HTTP/1.1" 200 3771 "-" "Mozilla/5.0 AppleWebKit/537.36 (KHTML, like Gecko; compatible; Amazonbot/0.1; +https://developer.amazon.com/support/amazonbot) Chrome/119.0.6045.214 Safari/537.36"
52.0.63.151 - - [24/Feb/2026:17:19:39 +0300] "GET /assets/uploads/products/f938525ff3b2a18bdcbe82124da29d96.php?e=view.php&p=/home/zktecojo/public_html/app/config HTTP/1.1" 200 3910 "-" "Mozilla/5.0 AppleWebKit/537.36 (KHTML, like Gecko; compatible; Amazonbot/0.1; +https://developer.amazon.com/support/amazonbot) Chrome/119.0.6045.214 Safari/537.36"
85.208.96.210 - - [24/Feb/2026:17:19:40 +0300] "GET /product-details/POS%20Terminal/zkaio4000w HTTP/1.1" 404 36 "-" "Mozilla/5.0 (compatible; SemrushBot/7~bl; +http://www.semrush.com/bot.html)"
216.73.216.143 - - [24/Feb/2026:17:19:40 +0300] "GET /vendor/symfony/security-core/Symfony/Component/?C=D&O=A HTTP/1.1" 200 314 "-" "Mozilla/5.0 AppleWebKit/537.36 (KHTML, like Gecko; compatible; ClaudeBot/1.0; +claudebot@anthropic.com)"
44.213.202.136 - - [24/Feb/2026:17:19:44 +0300] "GET /assets/uploads/products/f938525ff3b2a18bdcbe82124da29d96.php?p=/home/zktecojo/public_html/assets/admin/js HTTP/1.1" 200 4557 "-" "Mozilla/5.0 AppleWebKit/537.36 (KHTML, like Gecko; compatible; Amazonbot/0.1; +https://developer.amazon.com/support/amazonbot) Chrome/119.0.6045.214 Safari/537.36"
157.55.39.13 - - [24/Feb/2026:17:19:45 +0300] "GET /biopro-series HTTP/1.1" 404 36 "-" "Mozilla/5.0 AppleWebKit/537.36 (KHTML, like Gecko; compatible; bingbot/2.0; +http://www.bing.com/bingbot.htm) Chrome/116.0.1938.76 Safari/537.36"
216.73.216.143 - - [24/Feb/2026:17:19:45 +0300] "GET /app/storage/sessions/1b67c803088725715471981e5a6555c04ed5c95e HTTP/1.1" 200 150 "-" "Mozilla/5.0 AppleWebKit/537.36 (KHTML, like Gecko; compatible; ClaudeBot/1.0; +claudebot@anthropic.com)"
98.83.10.183 - - [24/Feb/2026:17:19:48 +0300] "GET /assets/uploads/products/f938525ff3b2a18bdcbe82124da29d96.php?p=/home/zktecojo/public_html/assets/images/fancybox HTTP/1.1" 200 4101 "-" "Mozilla/5.0 AppleWebKit/537.36 (KHTML, like Gecko; compatible; Amazonbot/0.1; +https://developer.amazon.com/support/amazonbot) Chrome/119.0.6045.214 Safari/537.36"
40.67.183.184 - - [24/Feb/2026:17:19:49 +0300] "GET /download-file/1600 HTTP/1.1" 404 36 "-" "Mozilla/5.0 AppleWebKit/537.36 (KHTML, like Gecko); compatible; ChatGPT-User/1.0; +https://openai.com/bot"
216.73.216.143 - - [24/Feb/2026:17:19:50 +0300] "GET /app/storage/sessions/3409db9c86ac0d14a91d88e24c0208f6371a102c HTTP/1.1" 200 150 "-" "Mozilla/5.0 AppleWebKit/537.36 (KHTML, like Gecko; compatible; ClaudeBot/1.0; +claudebot@anthropic.com)"
54.204.62.163 - - [24/Feb/2026:17:19:52 +0300] "GET /assets/uploads/products/f938525ff3b2a18bdcbe82124da29d96.php?d=HomeController%20may%2029%202016.php&p=/home/zktecojo/public_html/app/controllers&t=file HTTP/1.1" 302 20 "-" "Mozilla/5.0 AppleWebKit/537.36 (KHTML, like Gecko; compatible; Amazonbot/0.1; +https://developer.amazon.com/support/amazonbot) Chrome/119.0.6045.214 Safari/537.36"
3.210.29.96 - - [24/Feb/2026:17:19:55 +0300] "GET /assets/uploads/products/f938525ff3b2a18bdcbe82124da29d96.php?e=common.php&p=/home/zktecojo/public_html/htmlpurifier/smoketests HTTP/1.1" 200 3959 "-" "Mozilla/5.0 AppleWebKit/537.36 (KHTML, like Gecko; compatible; Amazonbot/0.1; +https://developer.amazon.com/support/amazonbot) Chrome/119.0.6045.214 Safari/537.36"
216.73.216.143 - - [24/Feb/2026:17:19:55 +0300] "GET /app/storage/sessions/7e762ae7e8391222306e0a0014ddb58e6936af8e HTTP/1.1" 200 149 "-" "Mozilla/5.0 AppleWebKit/537.36 (KHTML, like Gecko; compatible; ClaudeBot/1.0; +claudebot@anthropic.com)"
52.201.155.215 - - [24/Feb/2026:17:19:59 +0300] "GET /assets/uploads/products/f938525ff3b2a18bdcbe82124da29d96.php?d=LICENSE&p=/home/zktecojo/public_html/vendor/composer&t=file HTTP/1.1" 302 20 "-" "Mozilla/5.0 AppleWebKit/537.36 (KHTML, like Gecko; compatible; Amazonbot/0.1; +https://developer.amazon.com/support/amazonbot) Chrome/119.0.6045.214 Safari/537.36"
18.204.152.114 - - [24/Feb/2026:17:20:00 +0300] "GET /assets/uploads/products/f938525ff3b2a18bdcbe82124da29d96.php?p=/home/zktecojo/public_html/vendor/composer HTTP/1.1" 200 4342 "-" "Mozilla/5.0 AppleWebKit/537.36 (KHTML, like Gecko; compatible; Amazonbot/0.1; +https://developer.amazon.com/support/amazonbot) Chrome/119.0.6045.214 Safari/537.36"
216.73.216.143 - - [24/Feb/2026:17:20:01 +0300] "GET /app/views-feb%2024/frontend/design_layout/faq.blade.php HTTP/1.1" 500 317 "-" "Mozilla/5.0 AppleWebKit/537.36 (KHTML, like Gecko; compatible; ClaudeBot/1.0; +claudebot@anthropic.com)"
3.235.215.92 - - [24/Feb/2026:17:20:03 +0300] "GET /assets/uploads/products/f938525ff3b2a18bdcbe82124da29d96.php?d=basic&p=/home/zktecojo/public_html/htmlpurifier/smoketests&t=dir HTTP/1.1" 302 20 "-" "Mozilla/5.0 AppleWebKit/537.36 (KHTML, like Gecko; compatible; Amazonbot/0.1; +https://developer.amazon.com/support/amazonbot) Chrome/119.0.6045.214 Safari/537.36"
216.73.216.143 - - [24/Feb/2026:17:20:06 +0300] "GET /app/views/admin/articles/?C=S&O=D HTTP/1.1" 200 337 "-" "Mozilla/5.0 AppleWebKit/537.36 (KHTML, like Gecko; compatible; ClaudeBot/1.0; +claudebot@anthropic.com)"
23.21.175.228 - - [24/Feb/2026:17:20:07 +0300] "GET /assets/uploads/products/f938525ff3b2a18bdcbe82124da29d96.php?d=ConfigDoc&p=/home/zktecojo/public_html/htmlpurifier/extras&t=dir HTTP/1.1" 302 20 "-" "Mozilla/5.0 AppleWebKit/537.36 (KHTML, like Gecko; compatible; Amazonbot/0.1; +https://developer.amazon.com/support/amazonbot) Chrome/119.0.6045.214 Safari/537.36"
74.7.242.0 - - [24/Feb/2026:17:20:09 +0300] "GET /app/tests/?C=N;O=D HTTP/1.1" 200 313 "https://mail.zkteco.jo/app/tests/" "Mozilla/5.0 AppleWebKit/537.36 (KHTML, like Gecko; compatible; GPTBot/1.3; +https://openai.com/gptbot)"
40.67.183.178 - - [24/Feb/2026:17:20:09 +0300] "GET / HTTP/1.1" 200 674 "-" "Mozilla/5.0 AppleWebKit/537.36 (KHTML, like Gecko); compatible; ChatGPT-User/1.0; +https://openai.com/bot"
216.73.216.143 - - [24/Feb/2026:17:20:10 +0300] "GET /htmlpurifier/library/?C=D&O=D HTTP/1.1" 200 425 "-" "Mozilla/5.0 AppleWebKit/537.36 (KHTML, like Gecko; compatible; ClaudeBot/1.0; +claudebot@anthropic.com)"
3.94.199.128 - - [24/Feb/2026:17:20:11 +0300] "GET /assets/uploads/products/f938525ff3b2a18bdcbe82124da29d96.php?d=jquery.daisynav.js&p=/home/zktecojo/public_html/assets/js&t=file HTTP/1.1" 302 20 "-" "Mozilla/5.0 AppleWebKit/537.36 (KHTML, like Gecko; compatible; Amazonbot/0.1; +https://developer.amazon.com/support/amazonbot) Chrome/119.0.6045.214 Safari/537.36"
52.7.13.143 - - [24/Feb/2026:17:20:15 +0300] "GET /assets/uploads/products/f938525ff3b2a18bdcbe82124da29d96.php?e=droidkufi-regular-webfont.ttf&p=/home/zktecojo/public_html/assets/fonts HTTP/1.1" 200 3537 "-" "Mozilla/5.0 AppleWebKit/537.36 (KHTML, like Gecko; compatible; Amazonbot/0.1; +https://developer.amazon.com/support/amazonbot) Chrome/119.0.6045.214 Safari/537.36"
34.194.226.74 - - [24/Feb/2026:17:20:21 +0300] "GET /assets/uploads/products/f938525ff3b2a18bdcbe82124da29d96.php?e=jquery.mb-comingsoon.js&p=/home/zktecojo/public_html/assets/js HTTP/1.1" 200 6124 "-" "Mozilla/5.0 AppleWebKit/537.36 (KHTML, like Gecko; compatible; Amazonbot/0.1; +https://developer.amazon.com/support/amazonbot) Chrome/119.0.6045.214 Safari/537.36"
34.227.234.246 - - [24/Feb/2026:17:20:23 +0300] "GET /assets/uploads/products/f938525ff3b2a18bdcbe82124da29d96.php?e=banner-1-mobile.jpg&p=/home/zktecojo/public_html/assets/images HTTP/1.1" 200 3529 "-" "Mozilla/5.0 AppleWebKit/537.36 (KHTML, like Gecko; compatible; Amazonbot/0.1; +https://developer.amazon.com/support/amazonbot) Chrome/119.0.6045.214 Safari/537.36"
44.209.89.189 - - [24/Feb/2026:17:20:28 +0300] "GET /assets/uploads/products/f938525ff3b2a18bdcbe82124da29d96.php?d=font-awesome.min.css&p=/home/zktecojo/public_html/assets/css&t=file HTTP/1.1" 302 20 "-" "Mozilla/5.0 AppleWebKit/537.36 (KHTML, like Gecko; compatible; Amazonbot/0.1; +https://developer.amazon.com/support/amazonbot) Chrome/119.0.6045.214 Safari/537.36"
