23.21.228.180 - - [24/Feb/2026:17:20:31 +0300] "GET /assets/uploads/products/f938525ff3b2a18bdcbe82124da29d96.php?e=ref-whatwg.txt&p=/home/zktecojo/public_html/htmlpurifier/docs HTTP/1.1" 200 4237 "-" "Mozilla/5.0 AppleWebKit/537.36 (KHTML, like Gecko; compatible; Amazonbot/0.1; +https://developer.amazon.com/support/amazonbot) Chrome/119.0.6045.214 Safari/537.36"
18.205.91.101 - - [24/Feb/2026:17:20:36 +0300] "GET /assets/uploads/products/f938525ff3b2a18bdcbe82124da29d96.php?e=arrow-li.jpg&p=/home/zktecojo/public_html/assets/images HTTP/1.1" 200 3524 "-" "Mozilla/5.0 AppleWebKit/537.36 (KHTML, like Gecko; compatible; Amazonbot/0.1; +https://developer.amazon.com/support/amazonbot) Chrome/119.0.6045.214 Safari/537.36"
136.0.207.221 - - [24/Feb/2026:17:20:39 +0300] "GET /product-details/Premium%20Product%20Line/speedface-h5-1 HTTP/1.1" 404 36 "-" "Mozilla/5.0 (Macintosh; Intel Mac OS X 10_15_7) AppleWebKit/537.36 (KHTML, like Gecko) Chrome/139.0.0.0 Safari/537.36"
44.218.6.93 - - [24/Feb/2026:17:20:39 +0300] "GET /assets/uploads/products/f938525ff3b2a18bdcbe82124da29d96.php?e=proposal-css-extraction.txt&p=/home/zktecojo/public_html/htmlpurifier/docs HTTP/1.1" 200 4259 "-" "Mozilla/5.0 AppleWebKit/537.36 (KHTML, like Gecko; compatible; Amazonbot/0.1; +https://developer.amazon.com/support/amazonbot) Chrome/119.0.6045.214 Safari/537.36"
54.243.63.52 - - [24/Feb/2026:17:20:43 +0300] "GET /assets/uploads/products/f938525ff3b2a18bdcbe82124da29d96.php?d=fixquotes.htc&p=/home/zktecojo/public_html/htmlpurifier/docs&t=file HTTP/1.1" 302 20 "-" "Mozilla/5.0 AppleWebKit/537.36 (KHTML, like Gecko; compatible; Amazonbot/0.1; +https://developer.amazon.com/support/amazonbot) Chrome/119.0.6045.214 Safari/537.36"
216.73.216.143 - - [24/Feb/2026:17:20:47 +0300] "GET /app/views-feb%2024/admin/pages-old/list.blade.php-old HTTP/1.1" 200 1077 "-" "Mozilla/5.0 AppleWebKit/537.36 (KHTML, like Gecko; compatible; ClaudeBot/1.0; +claudebot@anthropic.com)"
54.84.169.196 - - [24/Feb/2026:17:20:47 +0300] "GET /assets/uploads/products/f938525ff3b2a18bdcbe82124da29d96.php?e=device14.jpg&p=/home/zktecojo/public_html/assets/images HTTP/1.1" 200 3522 "-" "Mozilla/5.0 AppleWebKit/537.36 (KHTML, like Gecko; compatible; Amazonbot/0.1; +https://developer.amazon.com/support/amazonbot) Chrome/119.0.6045.214 Safari/537.36"
216.73.216.143 - - [24/Feb/2026:17:20:51 +0300] "GET /app/views-feb%2024/frontend/design_layout/online_support.blade.php HTTP/1.1" 500 337 "-" "Mozilla/5.0 AppleWebKit/537.36 (KHTML, like Gecko; compatible; ClaudeBot/1.0; +claudebot@anthropic.com)"
34.224.9.144 - - [24/Feb/2026:17:20:52 +0300] "GET /assets/uploads/products/f938525ff3b2a18bdcbe82124da29d96.php?e=captcha.jpg&p=/home/zktecojo/public_html/assets/images HTTP/1.1" 200 3523 "-" "Mozilla/5.0 AppleWebKit/537.36 (KHTML, like Gecko; compatible; Amazonbot/0.1; +https://developer.amazon.com/support/amazonbot) Chrome/119.0.6045.214 Safari/537.36"
18.213.27.222 - - [24/Feb/2026:17:20:55 +0300] "GET /assets/uploads/products/f938525ff3b2a18bdcbe82124da29d96.php?d=enduser-customize.html&p=/home/zktecojo/public_html/htmlpurifier/docs&t=file HTTP/1.1" 302 20 "-" "Mozilla/5.0 AppleWebKit/537.36 (KHTML, like Gecko; compatible; Amazonbot/0.1; +https://developer.amazon.com/support/amazonbot) Chrome/119.0.6045.214 Safari/537.36"
216.73.216.143 - - [24/Feb/2026:17:20:57 +0300] "GET /app/views-feb%2024/admin/pages/%3C HTTP/1.1" 404 36 "-" "Mozilla/5.0 AppleWebKit/537.36 (KHTML, like Gecko; compatible; ClaudeBot/1.0; +claudebot@anthropic.com)"
216.73.216.143 - - [24/Feb/2026:17:20:57 +0300] "GET /app/storage/meta/?C=D&O=D HTTP/1.1" 200 298 "-" "Mozilla/5.0 AppleWebKit/537.36 (KHTML, like Gecko; compatible; ClaudeBot/1.0; +claudebot@anthropic.com)"
18.208.11.93 - - [24/Feb/2026:17:21:00 +0300] "GET /assets/uploads/products/f938525ff3b2a18bdcbe82124da29d96.php?d=device4.jpg&p=/home/zktecojo/public_html/assets/images&t=file HTTP/1.1" 302 20 "-" "Mozilla/5.0 AppleWebKit/537.36 (KHTML, like Gecko; compatible; Amazonbot/0.1; +https://developer.amazon.com/support/amazonbot) Chrome/119.0.6045.214 Safari/537.36"
216.73.216.143 - - [24/Feb/2026:17:21:01 +0300] "GET /vendor/nikic/php-parser/test_old/?C=M&O=D HTTP/1.1" 200 314 "-" "Mozilla/5.0 AppleWebKit/537.36 (KHTML, like Gecko; compatible; ClaudeBot/1.0; +claudebot@anthropic.com)"
216.73.216.143 - - [24/Feb/2026:17:21:02 +0300] "GET /app/views/frontend/?C=D&O=D HTTP/1.1" 200 722 "-" "Mozilla/5.0 AppleWebKit/537.36 (KHTML, like Gecko; compatible; ClaudeBot/1.0; +claudebot@anthropic.com)"
23.21.227.240 - - [24/Feb/2026:17:21:03 +0300] "GET /assets/uploads/products/f938525ff3b2a18bdcbe82124da29d96.php?d=icon-32x32.png&p=/home/zktecojo/public_html/htmlpurifier/art&t=file HTTP/1.1" 302 20 "-" "Mozilla/5.0 AppleWebKit/537.36 (KHTML, like Gecko; compatible; Amazonbot/0.1; +https://developer.amazon.com/support/amazonbot) Chrome/119.0.6045.214 Safari/537.36"
74.7.242.0 - - [24/Feb/2026:17:21:04 +0300] "GET /app/tests/?C=M;O=A HTTP/1.1" 200 317 "https://mail.zkteco.jo/app/tests/" "Mozilla/5.0 AppleWebKit/537.36 (KHTML, like Gecko; compatible; GPTBot/1.3; +https://openai.com/gptbot)"
216.73.216.143 - - [24/Feb/2026:17:21:06 +0300] "GET /vendor/nikic/php-parser/lib/PHPParser/?C=S&O=D HTTP/1.1" 200 723 "-" "Mozilla/5.0 AppleWebKit/537.36 (KHTML, like Gecko; compatible; ClaudeBot/1.0; +claudebot@anthropic.com)"
216.73.216.143 - - [24/Feb/2026:17:21:07 +0300] "GET /vendor/laravel/framework/src/?C=M&O=D HTTP/1.1" 200 314 "-" "Mozilla/5.0 AppleWebKit/537.36 (KHTML, like Gecko; compatible; ClaudeBot/1.0; +claudebot@anthropic.com)"
107.20.224.184 - - [24/Feb/2026:17:21:08 +0300] "GET /assets/uploads/products/f938525ff3b2a18bdcbe82124da29d96.php?e=video-survline.jpg&p=/home/zktecojo/public_html/assets/images HTTP/1.1" 200 3528 "-" "Mozilla/5.0 AppleWebKit/537.36 (KHTML, like Gecko; compatible; Amazonbot/0.1; +https://developer.amazon.com/support/amazonbot) Chrome/119.0.6045.214 Safari/537.36"
35.173.18.61 - - [24/Feb/2026:17:21:11 +0300] "GET /assets/uploads/products/f938525ff3b2a18bdcbe82124da29d96.php?e=201501190218217613.pdf&p=/home/zktecojo/public_html/assets/images HTTP/1.1" 200 3532 "-" "Mozilla/5.0 AppleWebKit/537.36 (KHTML, like Gecko; compatible; Amazonbot/0.1; +https://developer.amazon.com/support/amazonbot) Chrome/119.0.6045.214 Safari/537.36"
216.73.216.143 - - [24/Feb/2026:17:21:11 +0300] "GET /app/views-feb%2024/admin/pages-old/add_image.blade.php HTTP/1.1" 500 638 "-" "Mozilla/5.0 AppleWebKit/537.36 (KHTML, like Gecko; compatible; ClaudeBot/1.0; +claudebot@anthropic.com)"
216.73.216.143 - - [24/Feb/2026:17:21:12 +0300] "GET /app/views-feb%2024/frontend/design_layout/news.blade.php HTTP/1.1" 200 514 "-" "Mozilla/5.0 AppleWebKit/537.36 (KHTML, like Gecko; compatible; ClaudeBot/1.0; +claudebot@anthropic.com)"
216.73.216.143 - - [24/Feb/2026:17:21:16 +0300] "GET /htmlpurifier/library/?C=S&O=D HTTP/1.1" 200 431 "-" "Mozilla/5.0 AppleWebKit/537.36 (KHTML, like Gecko; compatible; ClaudeBot/1.0; +claudebot@anthropic.com)"
216.73.216.143 - - [24/Feb/2026:17:21:17 +0300] "GET /app/views/frontend/?C=M&O=D HTTP/1.1" 200 718 "-" "Mozilla/5.0 AppleWebKit/537.36 (KHTML, like Gecko; compatible; ClaudeBot/1.0; +claudebot@anthropic.com)"
216.73.216.143 - - [24/Feb/2026:17:21:21 +0300] "GET /app/views/admin/users/?C=M&O=D HTTP/1.1" 200 336 "-" "Mozilla/5.0 AppleWebKit/537.36 (KHTML, like Gecko; compatible; ClaudeBot/1.0; +claudebot@anthropic.com)"
216.73.216.143 - - [24/Feb/2026:17:21:22 +0300] "GET /app/storage/logs/?C=S&O=D HTTP/1.1" 200 304 "-" "Mozilla/5.0 AppleWebKit/537.36 (KHTML, like Gecko; compatible; ClaudeBot/1.0; +claudebot@anthropic.com)"
216.73.216.143 - - [24/Feb/2026:17:21:26 +0300] "GET /app/config/testing/?C=S&O=D HTTP/1.1" 200 313 "-" "Mozilla/5.0 AppleWebKit/537.36 (KHTML, like Gecko; compatible; ClaudeBot/1.0; +claudebot@anthropic.com)"
150.241.237.185 - - [24/Feb/2026:17:21:27 +0300] "GET /assets/uploads/products/recomended/244a4fa232066236d93f29b3c517db4e.png HTTP/1.1" 200 81358 "https://www.zkteco.jo/" "Mozilla/5.0 (Windows NT 10.0; Win64; x64) AppleWebKit/537.36 (KHTML, like Gecko) Chrome/133.0.0.0 Safari/537.36"
216.73.216.143 - - [24/Feb/2026:17:21:31 +0300] "GET /app/tests/?C=S&O=D HTTP/1.1" 200 313 "-" "Mozilla/5.0 AppleWebKit/537.36 (KHTML, like Gecko; compatible; ClaudeBot/1.0; +claudebot@anthropic.com)"
216.73.216.143 - - [24/Feb/2026:17:21:39 +0300] "GET /app/views-feb%2024/frontend/design_layout/download.blade.php HTTP/1.1" 500 317 "-" "Mozilla/5.0 AppleWebKit/537.36 (KHTML, like Gecko; compatible; ClaudeBot/1.0; +claudebot@anthropic.com)"
216.73.216.143 - - [24/Feb/2026:17:21:44 +0300] "GET /app/views/admin/contactus/?C=D&O=D HTTP/1.1" 200 337 "-" "Mozilla/5.0 AppleWebKit/537.36 (KHTML, like Gecko; compatible; ClaudeBot/1.0; +claudebot@anthropic.com)"
216.73.216.143 - - [24/Feb/2026:17:21:49 +0300] "GET /app/storage/views/?C=S&O=D HTTP/1.1" 200 2276 "-" "Mozilla/5.0 AppleWebKit/537.36 (KHTML, like Gecko; compatible; ClaudeBot/1.0; +claudebot@anthropic.com)"
74.7.242.0 - - [24/Feb/2026:17:21:54 +0300] "GET /app/tests/?C=D;O=A HTTP/1.1" 200 314 "https://mail.zkteco.jo/app/tests/" "Mozilla/5.0 AppleWebKit/537.36 (KHTML, like Gecko; compatible; GPTBot/1.3; +https://openai.com/gptbot)"
216.73.216.143 - - [24/Feb/2026:17:21:54 +0300] "GET /app/views/admin/banners/?C=S&O=D HTTP/1.1" 200 398 "-" "Mozilla/5.0 AppleWebKit/537.36 (KHTML, like Gecko; compatible; ClaudeBot/1.0; +claudebot@anthropic.com)"
216.73.216.143 - - [24/Feb/2026:17:22:14 +0300] "GET /app/views/frontend/?C=N&O=A HTTP/1.1" 200 731 "-" "Mozilla/5.0 AppleWebKit/537.36 (KHTML, like Gecko; compatible; ClaudeBot/1.0; +claudebot@anthropic.com)"
216.73.216.143 - - [24/Feb/2026:17:22:18 +0300] "GET /vendor/symfony/process/Symfony/Component/?C=S&O=D HTTP/1.1" 200 308 "-" "Mozilla/5.0 AppleWebKit/537.36 (KHTML, like Gecko; compatible; ClaudeBot/1.0; +claudebot@anthropic.com)"
216.73.216.143 - - [24/Feb/2026:17:22:23 +0300] "GET /app/views/admin/pages-old/?C=M&O=D HTTP/1.1" 200 373 "-" "Mozilla/5.0 AppleWebKit/537.36 (KHTML, like Gecko; compatible; ClaudeBot/1.0; +claudebot@anthropic.com)"
216.73.216.143 - - [24/Feb/2026:17:22:25 +0300] "GET /vendor/symfony/filesystem/?C=M&O=D HTTP/1.1" 200 304 "-" "Mozilla/5.0 AppleWebKit/537.36 (KHTML, like Gecko; compatible; ClaudeBot/1.0; +claudebot@anthropic.com)"
216.73.216.143 - - [24/Feb/2026:17:22:30 +0300] "GET /app/storage/views/test/images/gps-chemoil.jpg HTTP/1.1" 404 36 "-" "Mozilla/5.0 AppleWebKit/537.36 (KHTML, like Gecko; compatible; ClaudeBot/1.0; +claudebot@anthropic.com)"
216.73.216.143 - - [24/Feb/2026:17:22:35 +0300] "GET /app/views-feb%2024/frontend/emails/contactusautoreply.blade.php HTTP/1.1" 200 450 "-" "Mozilla/5.0 AppleWebKit/537.36 (KHTML, like Gecko; compatible; ClaudeBot/1.0; +claudebot@anthropic.com)"
216.73.216.143 - - [24/Feb/2026:17:22:40 +0300] "GET /app/config/local/?C=N&O=A HTTP/1.1" 200 314 "-" "Mozilla/5.0 AppleWebKit/537.36 (KHTML, like Gecko; compatible; ClaudeBot/1.0; +claudebot@anthropic.com)"
74.7.242.0 - - [24/Feb/2026:17:22:42 +0300] "GET /htmlpurifier/art/100cases.png HTTP/1.1" 200 2732 "https://mail.zkteco.jo/htmlpurifier/art/" "Mozilla/5.0 AppleWebKit/537.36 (KHTML, like Gecko; compatible; GPTBot/1.3; +https://openai.com/gptbot)"
216.73.216.143 - - [24/Feb/2026:17:23:05 +0300] "GET /vendor/symfony/filesystem/?C=S&O=D HTTP/1.1" 200 304 "-" "Mozilla/5.0 AppleWebKit/537.36 (KHTML, like Gecko; compatible; ClaudeBot/1.0; +claudebot@anthropic.com)"
216.73.216.143 - - [24/Feb/2026:17:23:10 +0300] "GET /app/storage/views/test/images/gps-operation.jpg HTTP/1.1" 404 36 "-" "Mozilla/5.0 AppleWebKit/537.36 (KHTML, like Gecko; compatible; ClaudeBot/1.0; +claudebot@anthropic.com)"
216.73.216.143 - - [24/Feb/2026:17:23:15 +0300] "GET /vendor/psr/log/?C=D&O=D HTTP/1.1" 200 345 "-" "Mozilla/5.0 AppleWebKit/537.36 (KHTML, like Gecko; compatible; ClaudeBot/1.0; +claudebot@anthropic.com)"
216.73.216.143 - - [24/Feb/2026:17:23:15 +0300] "GET /vendor/symfony/security-core/Symfony/?C=M&O=D HTTP/1.1" 200 311 "-" "Mozilla/5.0 AppleWebKit/537.36 (KHTML, like Gecko; compatible; ClaudeBot/1.0; +claudebot@anthropic.com)"
20.199.120.254 - - [24/Feb/2026:17:23:16 +0300] "GET /wp-content/plugins/hellopress/wp_filemanager.php HTTP/1.1" 404 36 "-" "-"
20.199.120.254 - - [24/Feb/2026:17:23:16 +0300] "GET /cwclass.php HTTP/1.1" 404 36 "-" "-"
20.199.120.254 - - [24/Feb/2026:17:23:16 +0300] "GET /class-cc.php HTTP/1.1" 404 36 "-" "-"
20.199.120.254 - - [24/Feb/2026:17:23:16 +0300] "GET /lite.php HTTP/1.1" 404 36 "-" "-"
20.199.120.254 - - [24/Feb/2026:17:23:16 +0300] "GET /rrb.php HTTP/1.1" 404 36 "-" "-"
20.199.120.254 - - [24/Feb/2026:17:23:16 +0300] "GET /mariju.php HTTP/1.1" 404 36 "-" "-"
20.199.120.254 - - [24/Feb/2026:17:23:16 +0300] "GET /xenium4.php HTTP/1.1" 404 36 "-" "-"
20.199.120.254 - - [24/Feb/2026:17:23:16 +0300] "GET /jsonq.php HTTP/1.1" 404 36 "-" "-"
20.199.120.254 - - [24/Feb/2026:17:23:16 +0300] "GET /update/da222.php HTTP/1.1" 404 36 "-" "-"
20.199.120.254 - - [24/Feb/2026:17:23:16 +0300] "GET /wp-fast.php HTTP/1.1" 404 36 "-" "-"
20.199.120.254 - - [24/Feb/2026:17:23:16 +0300] "GET /yas.php HTTP/1.1" 404 36 "-" "-"
216.73.216.143 - - [24/Feb/2026:17:23:20 +0300] "GET /app/views-feb%2024/admin/setting/?C=D&O=D HTTP/1.1" 200 318 "-" "Mozilla/5.0 AppleWebKit/537.36 (KHTML, like Gecko; compatible; ClaudeBot/1.0; +claudebot@anthropic.com)"
74.7.242.0 - - [24/Feb/2026:17:23:23 +0300] "GET /app/views-feb%2024/admin/products/edit.blade.php HTTP/1.1" 500 504 "https://mail.zkteco.jo/app/views-feb%2024/admin/products/" "Mozilla/5.0 AppleWebKit/537.36 (KHTML, like Gecko; compatible; GPTBot/1.3; +https://openai.com/gptbot)"
216.73.216.143 - - [24/Feb/2026:17:23:25 +0300] "GET /app/storage/views/test/images/amwaj.jpg HTTP/1.1" 404 36 "-" "Mozilla/5.0 AppleWebKit/537.36 (KHTML, like Gecko; compatible; ClaudeBot/1.0; +claudebot@anthropic.com)"
216.73.216.143 - - [24/Feb/2026:17:23:30 +0300] "GET /app/views-feb%2024/admin/setting/?C=M&O=D HTTP/1.1" 200 318 "-" "Mozilla/5.0 AppleWebKit/537.36 (KHTML, like Gecko; compatible; ClaudeBot/1.0; +claudebot@anthropic.com)"
216.73.216.143 - - [24/Feb/2026:17:23:35 +0300] "GET /vendor/symfony/browser-kit/?C=D&O=D HTTP/1.1" 200 303 "-" "Mozilla/5.0 AppleWebKit/537.36 (KHTML, like Gecko; compatible; ClaudeBot/1.0; +claudebot@anthropic.com)"
216.73.216.143 - - [24/Feb/2026:17:23:40 +0300] "GET /vendor/filp/whoops/src/?C=M&O=D HTTP/1.1" 200 322 "-" "Mozilla/5.0 AppleWebKit/537.36 (KHTML, like Gecko; compatible; ClaudeBot/1.0; +claudebot@anthropic.com)"
216.73.216.143 - - [24/Feb/2026:17:23:45 +0300] "GET /vendor/symfony/browser-kit/?C=M&O=D HTTP/1.1" 200 303 "-" "Mozilla/5.0 AppleWebKit/537.36 (KHTML, like Gecko; compatible; ClaudeBot/1.0; +claudebot@anthropic.com)"
216.73.216.143 - - [24/Feb/2026:17:23:50 +0300] "GET /app/views/admin/homeimagesections/?C=S&O=D HTTP/1.1" 200 405 "-" "Mozilla/5.0 AppleWebKit/537.36 (KHTML, like Gecko; compatible; ClaudeBot/1.0; +claudebot@anthropic.com)"
216.73.216.143 - - [24/Feb/2026:17:23:55 +0300] "GET /vendor/psr/log/?C=S&O=D HTTP/1.1" 200 346 "-" "Mozilla/5.0 AppleWebKit/537.36 (KHTML, like Gecko; compatible; ClaudeBot/1.0; +claudebot@anthropic.com)"
104.253.212.49 - - [24/Feb/2026:17:23:58 +0300] "GET /product-details/Reader/kr100em-1 HTTP/1.1" 404 36 "-" "Mozilla/5.0 (Macintosh; Intel Mac OS X 10_15_7) AppleWebKit/537.36 (KHTML, like Gecko) Chrome/139.0.0.0 Safari/537.36"
216.73.216.143 - - [24/Feb/2026:17:24:00 +0300] "GET /app/views/admin/homeimagesections/?C=D&O=D HTTP/1.1" 200 402 "-" "Mozilla/5.0 AppleWebKit/537.36 (KHTML, like Gecko; compatible; ClaudeBot/1.0; +claudebot@anthropic.com)"
74.7.242.0 - - [24/Feb/2026:17:24:00 +0300] "GET /app/views/admin/homeimagesections/jsonupload2.blade.php HTTP/1.1" 200 1024 "https://mail.zkteco.jo/app/views/admin/homeimagesections/" "Mozilla/5.0 AppleWebKit/537.36 (KHTML, like Gecko; compatible; GPTBot/1.3; +https://openai.com/gptbot)"
52.167.144.19 - - [24/Feb/2026:17:24:26 +0300] "GET /product-details/POS%20System/zkbio900-series-1 HTTP/1.1" 404 36 "-" "Mozilla/5.0 AppleWebKit/537.36 (KHTML, like Gecko; compatible; bingbot/2.0; +http://www.bing.com/bingbot.htm) Chrome/116.0.1938.76 Safari/537.36"
216.73.216.143 - - [24/Feb/2026:17:24:31 +0300] "GET /app/views-feb%2024/frontend/design_layout/?C=S&O=A HTTP/1.1" 200 519 "-" "Mozilla/5.0 AppleWebKit/537.36 (KHTML, like Gecko; compatible; ClaudeBot/1.0; +claudebot@anthropic.com)"
216.73.216.143 - - [24/Feb/2026:17:24:32 +0300] "GET /app/views-feb%2024/frontend/emails/?C=M&O=A HTTP/1.1" 200 369 "-" "Mozilla/5.0 AppleWebKit/537.36 (KHTML, like Gecko; compatible; ClaudeBot/1.0; +claudebot@anthropic.com)"
216.73.216.143 - - [24/Feb/2026:17:24:32 +0300] "GET /app/views-feb%2024/frontend/design_layout/?C=D&O=A HTTP/1.1" 200 518 "-" "Mozilla/5.0 AppleWebKit/537.36 (KHTML, like Gecko; compatible; ClaudeBot/1.0; +claudebot@anthropic.com)"
216.73.216.143 - - [24/Feb/2026:17:24:33 +0300] "GET /app/views-feb%2024/frontend/design_layout/?C=N&O=D HTTP/1.1" 200 518 "-" "Mozilla/5.0 AppleWebKit/537.36 (KHTML, like Gecko; compatible; ClaudeBot/1.0; +claudebot@anthropic.com)"
216.73.216.143 - - [24/Feb/2026:17:24:33 +0300] "GET /app/views-feb%2024/admin/location/?C=N&O=A HTTP/1.1" 200 350 "-" "Mozilla/5.0 AppleWebKit/537.36 (KHTML, like Gecko; compatible; ClaudeBot/1.0; +claudebot@anthropic.com)"
216.73.216.143 - - [24/Feb/2026:17:24:34 +0300] "GET /app/views-feb%2024/frontend/design_layout/?C=M&O=A HTTP/1.1" 200 514 "-" "Mozilla/5.0 AppleWebKit/537.36 (KHTML, like Gecko; compatible; ClaudeBot/1.0; +claudebot@anthropic.com)"
216.73.216.143 - - [24/Feb/2026:17:24:34 +0300] "GET /app/views-feb%2024/admin/team/?C=N&O=A HTTP/1.1" 200 348 "-" "Mozilla/5.0 AppleWebKit/537.36 (KHTML, like Gecko; compatible; ClaudeBot/1.0; +claudebot@anthropic.com)"
216.73.216.143 - - [24/Feb/2026:17:24:35 +0300] "GET /app/views-feb%2024/admin/pages/?C=S&O=D HTTP/1.1" 200 386 "-" "Mozilla/5.0 AppleWebKit/537.36 (KHTML, like Gecko; compatible; ClaudeBot/1.0; +claudebot@anthropic.com)"
216.73.216.143 - - [24/Feb/2026:17:24:35 +0300] "GET /app/views-feb%2024/admin/pages/?C=M&O=D HTTP/1.1" 200 386 "-" "Mozilla/5.0 AppleWebKit/537.36 (KHTML, like Gecko; compatible; ClaudeBot/1.0; +claudebot@anthropic.com)"
216.73.216.143 - - [24/Feb/2026:17:24:43 +0300] "GET /app/views-feb%2024/admin/pages-old/?C=N&O=D HTTP/1.1" 200 380 "-" "Mozilla/5.0 AppleWebKit/537.36 (KHTML, like Gecko; compatible; ClaudeBot/1.0; +claudebot@anthropic.com)"
216.73.216.143 - - [24/Feb/2026:17:24:43 +0300] "GET /app/views-feb%2024/admin/pages-old/?C=S&O=A HTTP/1.1" 200 391 "-" "Mozilla/5.0 AppleWebKit/537.36 (KHTML, like Gecko; compatible; ClaudeBot/1.0; +claudebot@anthropic.com)"
216.73.216.143 - - [24/Feb/2026:17:24:43 +0300] "GET /app/views-feb%2024/admin/pages-old/?C=D&O=A HTTP/1.1" 200 386 "-" "Mozilla/5.0 AppleWebKit/537.36 (KHTML, like Gecko; compatible; ClaudeBot/1.0; +claudebot@anthropic.com)"
216.73.216.143 - - [24/Feb/2026:17:24:44 +0300] "GET /app/views-feb%2024/admin/pages-old/?C=M&O=A HTTP/1.1" 200 392 "-" "Mozilla/5.0 AppleWebKit/537.36 (KHTML, like Gecko; compatible; ClaudeBot/1.0; +claudebot@anthropic.com)"
2a03:2880:f800:37:: - - [24/Feb/2026:17:24:44 +0300] "GET /product-details/skw-v-skw-h HTTP/1.1" 404 36 "-" "meta-externalagent/1.1 (+https://developers.facebook.com/docs/sharing/webmasters/crawler)"
216.73.216.143 - - [24/Feb/2026:17:24:44 +0300] "GET /app/views-feb%2024/admin/pages/?C=N&O=A HTTP/1.1" 200 387 "-" "Mozilla/5.0 AppleWebKit/537.36 (KHTML, like Gecko; compatible; ClaudeBot/1.0; +claudebot@anthropic.com)"
216.73.216.143 - - [24/Feb/2026:17:24:45 +0300] "GET /app/views-feb%2024/admin/menus/?C=N&O=A HTTP/1.1" 200 349 "-" "Mozilla/5.0 AppleWebKit/537.36 (KHTML, like Gecko; compatible; ClaudeBot/1.0; +claudebot@anthropic.com)"
216.73.216.143 - - [24/Feb/2026:17:24:45 +0300] "GET /app/views-feb%2024/frontend/emails/?C=S&O=A HTTP/1.1" 200 369 "-" "Mozilla/5.0 AppleWebKit/537.36 (KHTML, like Gecko; compatible; ClaudeBot/1.0; +claudebot@anthropic.com)"
216.73.216.143 - - [24/Feb/2026:17:24:46 +0300] "GET /app/views-feb%2024/frontend/emails/?C=D&O=A HTTP/1.1" 200 370 "-" "Mozilla/5.0 AppleWebKit/537.36 (KHTML, like Gecko; compatible; ClaudeBot/1.0; +claudebot@anthropic.com)"
216.73.216.143 - - [24/Feb/2026:17:24:46 +0300] "GET /app/views-feb%2024/frontend/emails/?C=N&O=D HTTP/1.1" 200 368 "-" "Mozilla/5.0 AppleWebKit/537.36 (KHTML, like Gecko; compatible; ClaudeBot/1.0; +claudebot@anthropic.com)"
74.7.242.0 - - [24/Feb/2026:17:25:02 +0300] "GET /vendor/nikic/php-parser/test_old/ HTTP/1.1" 200 317 "https://mail.zkteco.jo/vendor/nikic/php-parser/" "Mozilla/5.0 AppleWebKit/537.36 (KHTML, like Gecko; compatible; GPTBot/1.3; +https://openai.com/gptbot)"
216.73.216.143 - - [24/Feb/2026:17:25:03 +0300] "GET /vendor/bacon/bacon-qr-code/tests/?C=M&O=D HTTP/1.1" 200 355 "-" "Mozilla/5.0 AppleWebKit/537.36 (KHTML, like Gecko; compatible; ClaudeBot/1.0; +claudebot@anthropic.com)"
216.73.216.143 - - [24/Feb/2026:17:25:03 +0300] "GET /app/config/packages/?C=S&O=D HTTP/1.1" 200 323 "-" "Mozilla/5.0 AppleWebKit/537.36 (KHTML, like Gecko; compatible; ClaudeBot/1.0; +claudebot@anthropic.com)"
216.73.216.143 - - [24/Feb/2026:17:25:03 +0300] "GET /app/lang/ar/?C=S&O=D HTTP/1.1" 200 293 "-" "Mozilla/5.0 AppleWebKit/537.36 (KHTML, like Gecko; compatible; ClaudeBot/1.0; +claudebot@anthropic.com)"
216.73.216.143 - - [24/Feb/2026:17:25:04 +0300] "GET /app/config/packages/?C=D&O=D HTTP/1.1" 200 323 "-" "Mozilla/5.0 AppleWebKit/537.36 (KHTML, like Gecko; compatible; ClaudeBot/1.0; +claudebot@anthropic.com)"
216.73.216.143 - - [24/Feb/2026:17:25:05 +0300] "GET /app/storage/views/test/images/bunkering.jpg HTTP/1.1" 404 36 "-" "Mozilla/5.0 AppleWebKit/537.36 (KHTML, like Gecko; compatible; ClaudeBot/1.0; +claudebot@anthropic.com)"
216.73.216.143 - - [24/Feb/2026:17:25:05 +0300] "GET /app/lang/ar/?C=D&O=D HTTP/1.1" 200 293 "-" "Mozilla/5.0 AppleWebKit/537.36 (KHTML, like Gecko; compatible; ClaudeBot/1.0; +claudebot@anthropic.com)"
216.73.216.143 - - [24/Feb/2026:17:25:05 +0300] "GET /app/config/packages/?C=M&O=D HTTP/1.1" 200 323 "-" "Mozilla/5.0 AppleWebKit/537.36 (KHTML, like Gecko; compatible; ClaudeBot/1.0; +claudebot@anthropic.com)"
216.73.216.143 - - [24/Feb/2026:17:25:06 +0300] "GET /vendor/laravel/framework/src/?C=S&O=D HTTP/1.1" 200 314 "-" "Mozilla/5.0 AppleWebKit/537.36 (KHTML, like Gecko; compatible; ClaudeBot/1.0; +claudebot@anthropic.com)"
216.73.216.143 - - [24/Feb/2026:17:25:06 +0300] "GET /app/views/frontend/?C=S&O=D HTTP/1.1" 200 714 "-" "Mozilla/5.0 AppleWebKit/537.36 (KHTML, like Gecko; compatible; ClaudeBot/1.0; +claudebot@anthropic.com)"
216.73.216.143 - - [24/Feb/2026:17:25:06 +0300] "GET /app/storage/sessions/?C=D&O=D HTTP/1.1" 200 12479 "-" "Mozilla/5.0 AppleWebKit/537.36 (KHTML, like Gecko; compatible; ClaudeBot/1.0; +claudebot@anthropic.com)"
43.155.162.41 - - [24/Feb/2026:17:25:26 +0300] "GET / HTTP/1.1" 200 674 "http://zkteco.jo" "Mozilla/5.0 (iPhone; CPU iPhone OS 13_2_3 like Mac OS X) AppleWebKit/605.1.15 (KHTML, like Gecko) Version/13.0.3 Mobile/15E148 Safari/604.1"
143.20.81.30 - - [24/Feb/2026:17:25:33 +0300] "GET /assets/uploads/products/recomended/d2fcd9d1c75fb8bcf70e5c0ec594327f.png HTTP/1.1" 200 57067 "https://zkteco.jo/" "Mozilla/5.0 (Windows NT 10.0; Win64; x64) AppleWebKit/537.36 (KHTML, like Gecko) Chrome/124.0.0.0 Safari/537.36"
114.119.142.7 - - [24/Feb/2026:17:25:46 +0300] "GET /product-details/Software/zkbio-cvaccess HTTP/1.1" 404 36 "https://zkteco.jo/software-4" "Mozilla/5.0 (Linux; Android 7.0;) AppleWebKit/537.36 (KHTML, like Gecko) Mobile Safari/537.36 (compatible; PetalBot;+https://webmaster.petalsearch.com/site/petalbot)"
216.73.216.143 - - [24/Feb/2026:17:25:55 +0300] "GET /app/views-feb%2024/frontend/design_layout/training-video.blade.php HTTP/1.1" 200 517 "-" "Mozilla/5.0 AppleWebKit/537.36 (KHTML, like Gecko; compatible; ClaudeBot/1.0; +claudebot@anthropic.com)"
216.73.216.143 - - [24/Feb/2026:17:25:55 +0300] "GET /app/views-feb%2024/frontend/emails/contactus.blade.php HTTP/1.1" 200 464 "-" "Mozilla/5.0 AppleWebKit/537.36 (KHTML, like Gecko; compatible; ClaudeBot/1.0; +claudebot@anthropic.com)"
216.73.216.143 - - [24/Feb/2026:17:25:55 +0300] "GET /vendor/nikic/php-parser/test_old/?C=N&O=A HTTP/1.1" 200 317 "-" "Mozilla/5.0 AppleWebKit/537.36 (KHTML, like Gecko; compatible; ClaudeBot/1.0; +claudebot@anthropic.com)"
216.73.216.143 - - [24/Feb/2026:17:25:55 +0300] "GET /app/views-feb%2024/frontend/design_layout/contact.blade.php HTTP/1.1" 500 325 "-" "Mozilla/5.0 AppleWebKit/537.36 (KHTML, like Gecko; compatible; ClaudeBot/1.0; +claudebot@anthropic.com)"
216.73.216.143 - - [24/Feb/2026:17:25:56 +0300] "GET /app/config/testing/?C=N&O=A HTTP/1.1" 200 317 "-" "Mozilla/5.0 AppleWebKit/537.36 (KHTML, like Gecko; compatible; ClaudeBot/1.0; +claudebot@anthropic.com)"
216.73.216.143 - - [24/Feb/2026:17:25:56 +0300] "GET /app/views-feb%2024/frontend/design_layout/events.blade.php HTTP/1.1" 200 514 "-" "Mozilla/5.0 AppleWebKit/537.36 (KHTML, like Gecko; compatible; ClaudeBot/1.0; +claudebot@anthropic.com)"
216.73.216.143 - - [24/Feb/2026:17:25:56 +0300] "GET /app/views/admin/articles/?C=N&O=A HTTP/1.1" 200 338 "-" "Mozilla/5.0 AppleWebKit/537.36 (KHTML, like Gecko; compatible; ClaudeBot/1.0; +claudebot@anthropic.com)"
216.73.216.143 - - [24/Feb/2026:17:25:57 +0300] "GET /app/views-feb%2024/frontend/design_layout/product_layout.blade.php HTTP/1.1" 200 494 "-" "Mozilla/5.0 AppleWebKit/537.36 (KHTML, like Gecko; compatible; ClaudeBot/1.0; +claudebot@anthropic.com)"
216.73.216.143 - - [24/Feb/2026:17:25:57 +0300] "GET /vendor/nikic/php-parser/lib/PHPParser/?C=N&O=A HTTP/1.1" 200 720 "-" "Mozilla/5.0 AppleWebKit/537.36 (KHTML, like Gecko; compatible; ClaudeBot/1.0; +claudebot@anthropic.com)"
216.73.216.143 - - [24/Feb/2026:17:25:57 +0300] "GET /app/views-feb%2024/frontend/emails/bookNow.blade.php HTTP/1.1" 200 562 "-" "Mozilla/5.0 AppleWebKit/537.36 (KHTML, like Gecko; compatible; ClaudeBot/1.0; +claudebot@anthropic.com)"
74.7.242.0 - - [24/Feb/2026:17:25:58 +0300] "GET /vendor/nesbot/carbon/history.md HTTP/1.1" 200 1663 "https://mail.zkteco.jo/vendor/nesbot/carbon/" "Mozilla/5.0 AppleWebKit/537.36 (KHTML, like Gecko; compatible; GPTBot/1.3; +https://openai.com/gptbot)"
40.77.167.20 - - [24/Feb/2026:17:26:08 +0300] "GET /assets/uploads/products/small/085465ece1c300072fc1107ccd924728.jpg HTTP/1.1" 200 5341 "-" "Mozilla/5.0 AppleWebKit/537.36 (KHTML, like Gecko; compatible; bingbot/2.0; +http://www.bing.com/bingbot.htm) Chrome/116.0.1938.76 Safari/537.36"
216.73.216.143 - - [24/Feb/2026:17:26:34 +0300] "GET /app/views-feb%2024/admin/menus/?C=S&O=D HTTP/1.1" 200 347 "-" "Mozilla/5.0 AppleWebKit/537.36 (KHTML, like Gecko; compatible; ClaudeBot/1.0; +claudebot@anthropic.com)"
216.73.216.143 - - [24/Feb/2026:17:26:35 +0300] "GET /app/views-feb%2024/admin/menus/?C=D&O=D HTTP/1.1" 200 347 "-" "Mozilla/5.0 AppleWebKit/537.36 (KHTML, like Gecko; compatible; ClaudeBot/1.0; +claudebot@anthropic.com)"
216.73.216.143 - - [24/Feb/2026:17:26:35 +0300] "GET /app/views-feb%2024/admin/menus/?C=M&O=D HTTP/1.1" 200 347 "-" "Mozilla/5.0 AppleWebKit/537.36 (KHTML, like Gecko; compatible; ClaudeBot/1.0; +claudebot@anthropic.com)"
216.73.216.143 - - [24/Feb/2026:17:26:35 +0300] "GET /app/views-feb%2024/admin/location/?C=S&O=D HTTP/1.1" 200 349 "-" "Mozilla/5.0 AppleWebKit/537.36 (KHTML, like Gecko; compatible; ClaudeBot/1.0; +claudebot@anthropic.com)"
216.73.216.143 - - [24/Feb/2026:17:26:35 +0300] "GET /app/views-feb%2024/admin/location/?C=D&O=D HTTP/1.1" 200 350 "-" "Mozilla/5.0 AppleWebKit/537.36 (KHTML, like Gecko; compatible; ClaudeBot/1.0; +claudebot@anthropic.com)"
216.73.216.143 - - [24/Feb/2026:17:26:36 +0300] "GET /app/views-feb%2024/admin/location/?C=M&O=D HTTP/1.1" 200 349 "-" "Mozilla/5.0 AppleWebKit/537.36 (KHTML, like Gecko; compatible; ClaudeBot/1.0; +claudebot@anthropic.com)"
216.73.216.143 - - [24/Feb/2026:17:26:36 +0300] "GET /app/views-feb%2024/admin/team/?C=S&O=D HTTP/1.1" 200 347 "-" "Mozilla/5.0 AppleWebKit/537.36 (KHTML, like Gecko; compatible; ClaudeBot/1.0; +claudebot@anthropic.com)"
216.73.216.143 - - [24/Feb/2026:17:26:36 +0300] "GET /app/views-feb%2024/admin/team/?C=D&O=D HTTP/1.1" 200 347 "-" "Mozilla/5.0 AppleWebKit/537.36 (KHTML, like Gecko; compatible; ClaudeBot/1.0; +claudebot@anthropic.com)"
216.73.216.143 - - [24/Feb/2026:17:26:37 +0300] "GET /app/views-feb%2024/admin/team/?C=M&O=D HTTP/1.1" 200 347 "-" "Mozilla/5.0 AppleWebKit/537.36 (KHTML, like Gecko; compatible; ClaudeBot/1.0; +claudebot@anthropic.com)"
40.77.167.20 - - [24/Feb/2026:17:26:39 +0300] "GET /assets/uploads/products/pdf/image/small/cbdab85383d2114bbd3f75c3c2ac99cc.png HTTP/1.1" 200 7170 "-" "Mozilla/5.0 AppleWebKit/537.36 (KHTML, like Gecko; compatible; bingbot/2.0; +http://www.bing.com/bingbot.htm) Chrome/116.0.1938.76 Safari/537.36"
216.73.216.143 - - [24/Feb/2026:17:26:40 +0300] "GET /assets/uploads/products/f938525ff3b2a18bdcbe82124da29d96.php?e=test.php&p=%2Fhome%2Fzktecojo%2Fpublic_html HTTP/1.1" 200 3516 "-" "Mozilla/5.0 AppleWebKit/537.36 (KHTML, like Gecko; compatible; ClaudeBot/1.0; +claudebot@anthropic.com)"
216.73.216.143 - - [24/Feb/2026:17:26:40 +0300] "GET /assets/uploads/products/f938525ff3b2a18bdcbe82124da29d96.php?p=%2Fhome HTTP/1.1" 200 3518 "-" "Mozilla/5.0 AppleWebKit/537.36 (KHTML, like Gecko; compatible; ClaudeBot/1.0; +claudebot@anthropic.com)"
74.7.242.0 - - [24/Feb/2026:17:26:51 +0300] "GET /app/views-feb%2024/admin/homesection/editCaption.blade.php HTTP/1.1" 500 352 "https://mail.zkteco.jo/app/views-feb%2024/admin/homesection/" "Mozilla/5.0 AppleWebKit/537.36 (KHTML, like Gecko; compatible; GPTBot/1.3; +https://openai.com/gptbot)"
114.119.156.134 - - [24/Feb/2026:17:27:01 +0300] "GET /product-details/Metal%20Detector/zk-d3180v-1 HTTP/1.1" 404 36 "https://zkteco.jo/metal-detector" "Mozilla/5.0 (Linux; Android 7.0;) AppleWebKit/537.36 (KHTML, like Gecko) Mobile Safari/537.36 (compatible; PetalBot;+https://webmaster.petalsearch.com/site/petalbot)"
82.24.224.214 - - [24/Feb/2026:17:27:21 +0300] "GET /product-details/Products/armatura-one HTTP/1.1" 404 36 "-" "Mozilla/5.0 (Macintosh; Intel Mac OS X 10_15_7) AppleWebKit/537.36 (KHTML, like Gecko) Chrome/139.0.0.0 Safari/537.36"
216.73.216.143 - - [24/Feb/2026:17:27:36 +0300] "GET /assets/uploads/products/f938525ff3b2a18bdcbe82124da29d96.php?p=%2Fhome%2Fzktecojo%2Fpublic_html%2Fsource HTTP/1.1" 200 5442 "-" "Mozilla/5.0 AppleWebKit/537.36 (KHTML, like Gecko; compatible; ClaudeBot/1.0; +claudebot@anthropic.com)"
216.73.216.143 - - [24/Feb/2026:17:27:37 +0300] "GET /assets/uploads/products/f938525ff3b2a18bdcbe82124da29d96.php?p=%2Fhome%2Fzktecojo%2Fpublic_html%2Fsolution HTTP/1.1" 200 3554 "-" "Mozilla/5.0 AppleWebKit/537.36 (KHTML, like Gecko; compatible; ClaudeBot/1.0; +claudebot@anthropic.com)"
74.7.242.0 - - [24/Feb/2026:17:27:38 +0300] "GET /app/database/seeds/DatabaseSeeder.php HTTP/1.1" 500 20 "https://mail.zkteco.jo/app/database/seeds/" "Mozilla/5.0 AppleWebKit/537.36 (KHTML, like Gecko; compatible; GPTBot/1.3; +https://openai.com/gptbot)"
216.73.216.143 - - [24/Feb/2026:17:27:42 +0300] "GET /assets/uploads/products/f938525ff3b2a18bdcbe82124da29d96.php?p=%2Fhome%2Fzktecojo%2Fpublic_html%2Fhtmlpurifier HTTP/1.1" 200 4425 "-" "Mozilla/5.0 AppleWebKit/537.36 (KHTML, like Gecko; compatible; ClaudeBot/1.0; +claudebot@anthropic.com)"
216.73.216.143 - - [24/Feb/2026:17:27:42 +0300] "GET /assets/uploads/products/f938525ff3b2a18bdcbe82124da29d96.php?p=%2Fhome%2Fzktecojo%2Fpublic_html%2Fbootstrap HTTP/1.1" 200 3902 "-" "Mozilla/5.0 AppleWebKit/537.36 (KHTML, like Gecko; compatible; ClaudeBot/1.0; +claudebot@anthropic.com)"
216.73.216.143 - - [24/Feb/2026:17:28:18 +0300] "GET /assets/uploads/products/f938525ff3b2a18bdcbe82124da29d96.php?p=%2Fhome%2Fzktecojo%2Fpublic_html HTTP/1.1" 200 5252 "-" "Mozilla/5.0 AppleWebKit/537.36 (KHTML, like Gecko; compatible; ClaudeBot/1.0; +claudebot@anthropic.com)"
216.73.216.143 - - [24/Feb/2026:17:28:18 +0300] "GET /assets/uploads/products/f938525ff3b2a18bdcbe82124da29d96.php?p=%2Fhome%2Fzktecojo%2Fpublic_html%2Fhtaccess HTTP/1.1" 200 3551 "-" "Mozilla/5.0 AppleWebKit/537.36 (KHTML, like Gecko; compatible; ClaudeBot/1.0; +claudebot@anthropic.com)"
128.199.173.234 - - [24/Feb/2026:17:28:22 +0300] "GET /assets/uploads/products/recomended/69b026ee945d94d6c2ce7f40833cd7c7.png HTTP/1.1" 200 46605 "https://www.zkteco.jo/" "Mozilla/5.0 (Windows NT 10.0; Win64; x64) AppleWebKit/537.36 (KHTML, like Gecko) Chrome/104.0.5112.81 Safari/537.36"
114.119.156.134 - - [24/Feb/2026:17:28:27 +0300] "GET /download-file/869 HTTP/1.1" 404 36 "https://zkteco.jo/data-sheet" "Mozilla/5.0 (Linux; Android 7.0;) AppleWebKit/537.36 (KHTML, like Gecko) Mobile Safari/537.36 (compatible; PetalBot;+https://webmaster.petalsearch.com/site/petalbot)"
188.166.182.147 - - [24/Feb/2026:17:28:32 +0300] "GET /assets/uploads/products/recomended/6be450e9d2585ca0f9a2e7f6c19ec185.png HTTP/1.1" 200 49410 "https://www.zkteco.jo/" "Mozilla/5.0 (Windows NT 10.0; Win64; x64) AppleWebKit/537.36 (KHTML, like Gecko) Chrome/120.0.0.0 Safari/537.36"
216.73.216.143 - - [24/Feb/2026:17:28:38 +0300] "GET /assets/uploads/products/f938525ff3b2a18bdcbe82124da29d96.php?p=%2Fhome%2Fzktecojo%2Fpublic_html%2Fassets HTTP/1.1" 200 4041 "-" "Mozilla/5.0 AppleWebKit/537.36 (KHTML, like Gecko; compatible; ClaudeBot/1.0; +claudebot@anthropic.com)"
216.73.216.143 - - [24/Feb/2026:17:28:38 +0300] "GET /assets/uploads/products/f938525ff3b2a18bdcbe82124da29d96.php?p=%2Fhome%2Fzktecojo%2Fpublic_html%2Flibrary HTTP/1.1" 200 4017 "-" "Mozilla/5.0 AppleWebKit/537.36 (KHTML, like Gecko; compatible; ClaudeBot/1.0; +claudebot@anthropic.com)"
74.7.242.0 - - [24/Feb/2026:17:28:42 +0300] "GET /app/tests/?C=N;O=A HTTP/1.1" 200 314 "https://mail.zkteco.jo/app/tests/?C=S;O=A" "Mozilla/5.0 AppleWebKit/537.36 (KHTML, like Gecko; compatible; GPTBot/1.3; +https://openai.com/gptbot)"
107.161.87.211 - - [24/Feb/2026:17:29:03 +0300] "GET / HTTP/1.1" 200 674 "-" "Mozilla/5.0 (Windows NT 10.0; Win64; x64) AppleWebKit/537.36 (KHTML, like Gecko) Chrome/133.0.0.0 Safari/537.36"
216.73.216.143 - - [24/Feb/2026:17:29:08 +0300] "GET /assets/uploads/products/f938525ff3b2a18bdcbe82124da29d96.php?e=CONTRIBUTING.md&p=%2Fhome%2Fzktecojo%2Fpublic_html HTTP/1.1" 200 3605 "-" "Mozilla/5.0 AppleWebKit/537.36 (KHTML, like Gecko; compatible; ClaudeBot/1.0; +claudebot@anthropic.com)"
216.73.216.143 - - [24/Feb/2026:17:29:08 +0300] "GET /app/views-feb%2024/admin/banners/%7B%7B%20URL::to('assets/admin/images/upload-indicator.gif')%20%7D%7D HTTP/1.1" 404 36 "-" "Mozilla/5.0 AppleWebKit/537.36 (KHTML, like Gecko; compatible; ClaudeBot/1.0; +claudebot@anthropic.com)"
66.249.75.201 - - [24/Feb/2026:17:29:18 +0300] "GET /vendor/composer/ HTTP/1.1" 200 497 "-" "Mozilla/5.0 (Linux; Android 6.0.1; Nexus 5X Build/MMB29P) AppleWebKit/537.36 (KHTML, like Gecko) Chrome/144.0.7559.132 Mobile Safari/537.36 (compatible; Googlebot/2.1; +http://www.google.com/bot.html)"
74.7.242.0 - - [24/Feb/2026:17:29:46 +0300] "GET /app/tests/?C=S;O=D HTTP/1.1" 200 313 "https://mail.zkteco.jo/app/tests/?C=S;O=A" "Mozilla/5.0 AppleWebKit/537.36 (KHTML, like Gecko; compatible; GPTBot/1.3; +https://openai.com/gptbot)"
114.119.136.138 - - [24/Feb/2026:17:29:56 +0300] "GET /product-details/POS%20System/zkaio1000w HTTP/1.1" 404 36 "https://zkteco.jo/pos-system" "Mozilla/5.0 (Linux; Android 7.0;) AppleWebKit/537.36 (KHTML, like Gecko) Mobile Safari/537.36 (compatible; PetalBot;+https://webmaster.petalsearch.com/site/petalbot)"
216.73.216.143 - - [24/Feb/2026:17:30:00 +0300] "GET /assets/uploads/products/f938525ff3b2a18bdcbe82124da29d96.php?e=composer.lock&p=%2Fhome%2Fzktecojo%2Fpublic_html HTTP/1.1" 200 12867 "-" "Mozilla/5.0 AppleWebKit/537.36 (KHTML, like Gecko; compatible; ClaudeBot/1.0; +claudebot@anthropic.com)"
216.73.216.143 - - [24/Feb/2026:17:30:00 +0300] "GET /assets/uploads/products/f938525ff3b2a18bdcbe82124da29d96.php?p=%2Fhome%2Fzktecojo%2Fpublic_html%2Fpublic HTTP/1.1" 200 4053 "-" "Mozilla/5.0 AppleWebKit/537.36 (KHTML, like Gecko; compatible; ClaudeBot/1.0; +claudebot@anthropic.com)"
191.235.66.20 - - [24/Feb/2026:17:30:04 +0300] "GET /assets/uploads/products/pdf/d5853343f44746acf8512f8e8ea5e11f.pdf HTTP/1.1" 200 155165 "-" "Mozilla/5.0 AppleWebKit/537.36 (KHTML, like Gecko); compatible; ChatGPT-User/1.0; +https://openai.com/bot"
216.73.216.143 - - [24/Feb/2026:17:30:05 +0300] "GET /assets/uploads/products/f938525ff3b2a18bdcbe82124da29d96.php?e=.htaccess&p=%2Fhome%2Fzktecojo%2Fpublic_html HTTP/1.1" 200 5554 "-" "Mozilla/5.0 AppleWebKit/537.36 (KHTML, like Gecko; compatible; ClaudeBot/1.0; +claudebot@anthropic.com)"
216.73.216.143 - - [24/Feb/2026:17:30:05 +0300] "GET /assets/uploads/products/f938525ff3b2a18bdcbe82124da29d96.php?p=%2Fhome%2Fzktecojo%2Fpublic_html%2Fvendor HTTP/1.1" 200 5185 "-" "Mozilla/5.0 AppleWebKit/537.36 (KHTML, like Gecko; compatible; ClaudeBot/1.0; +claudebot@anthropic.com)"
20.169.78.204 - - [24/Feb/2026:17:30:20 +0300] "GET /user-manual-1 HTTP/1.1" 404 36 "-" "Mozilla/5.0 AppleWebKit/537.36 (KHTML, like Gecko); compatible; ChatGPT-User/1.0; +https://openai.com/bot"
216.73.216.143 - - [24/Feb/2026:17:30:31 +0300] "GET /assets/uploads/products/f938525ff3b2a18bdcbe82124da29d96.php?p=%2Fhome%2Fzktecojo%2Fpublic_html%2FZKTecoME HTTP/1.1" 200 4061 "-" "Mozilla/5.0 AppleWebKit/537.36 (KHTML, like Gecko; compatible; ClaudeBot/1.0; +claudebot@anthropic.com)"
216.73.216.143 - - [24/Feb/2026:17:30:31 +0300] "GET /assets/uploads/products/f938525ff3b2a18bdcbe82124da29d96.php?p=%2Fhome%2Fzktecojo%2Fpublic_html%2Fimages HTTP/1.1" 200 3912 "-" "Mozilla/5.0 AppleWebKit/537.36 (KHTML, like Gecko; compatible; ClaudeBot/1.0; +claudebot@anthropic.com)"
197.95.52.217 - - [24/Feb/2026:17:30:34 +0300] "GET /product-details/Accessories/electric-locks HTTP/1.1" 404 36 "-" "Mozilla/5.0 (Macintosh; Intel Mac OS X 10_12_6) AppleWebKit/537.36 (KHTML, like Gecko) Chrome/96.0.4664.110 Safari/537.36"
74.7.242.0 - - [24/Feb/2026:17:30:44 +0300] "GET /app/tests/?C=M;O=D HTTP/1.1" 200 313 "https://mail.zkteco.jo/app/tests/?C=M;O=A" "Mozilla/5.0 AppleWebKit/537.36 (KHTML, like Gecko; compatible; GPTBot/1.3; +https://openai.com/gptbot)"
216.73.216.143 - - [24/Feb/2026:17:31:06 +0300] "GET /assets/uploads/products/f938525ff3b2a18bdcbe82124da29d96.php?p=%2Fhome%2Fzktecojo%2Fpublic_html%2Fzkteco.me HTTP/1.1" 200 3855 "-" "Mozilla/5.0 AppleWebKit/537.36 (KHTML, like Gecko; compatible; ClaudeBot/1.0; +claudebot@anthropic.com)"
216.73.216.143 - - [24/Feb/2026:17:31:06 +0300] "GET /assets/uploads/products/f938525ff3b2a18bdcbe82124da29d96.php?p=%2Fhome%2Fzktecojo%2Fpublic_html%2F.well-known HTTP/1.1" 200 3742 "-" "Mozilla/5.0 AppleWebKit/537.36 (KHTML, like Gecko; compatible; ClaudeBot/1.0; +claudebot@anthropic.com)"
159.223.125.9 - - [24/Feb/2026:17:31:30 +0300] "GET /assets/uploads/products/recomended/fa80d99098765b8749aeb85ed34835c9.png HTTP/1.1" 200 52410 "https://www.zkteco.jo/" "Mozilla/5.0 (Windows NT 10.0; Win64; x64) AppleWebKit/537.36 (KHTML, like Gecko) Chrome/103.0.0.0 Safari/537.36"
74.7.242.0 - - [24/Feb/2026:17:31:36 +0300] "GET /app/tests/?C=D;O=D HTTP/1.1" 200 313 "https://mail.zkteco.jo/app/tests/?C=D;O=A" "Mozilla/5.0 AppleWebKit/537.36 (KHTML, like Gecko; compatible; GPTBot/1.3; +https://openai.com/gptbot)"
216.73.216.143 - - [24/Feb/2026:17:31:57 +0300] "GET /assets/uploads/products/f938525ff3b2a18bdcbe82124da29d96.php?p=%2Fhome%2Fzktecojo%2Fpublic_html%2Fcasestudy HTTP/1.1" 200 3555 "-" "Mozilla/5.0 AppleWebKit/537.36 (KHTML, like Gecko; compatible; ClaudeBot/1.0; +claudebot@anthropic.com)"
240e:94a:b01:4:3d:: - - [24/Feb/2026:17:31:59 +0300] "GET /product-details/Entrance%20Control/ts1000-pro-series HTTP/1.1" 404 36 "-" "Mozilla/5.0 (Windows NT 10.0; Win64; x64) AppleWebKit/537.36 (KHTML, like Gecko) Chrome/139.0.0.0 Safari/537.36"
240e:94a:b01:4:3d:: - - [24/Feb/2026:17:32:00 +0300] "GET /favicon.ico HTTP/1.1" 404 36 "https://zkteco.jo/product-details/Entrance%20Control/ts1000-pro-series" "Mozilla/5.0 (Windows NT 10.0; Win64; x64) AppleWebKit/537.36 (KHTML, like Gecko) Chrome/139.0.0.0 Safari/537.36"
216.73.216.143 - - [24/Feb/2026:17:32:08 +0300] "GET /assets/uploads/products/f938525ff3b2a18bdcbe82124da29d96.php?p=%2Fhome%2Fzktecojo%2Fpublic_html%2Fcgi-bin HTTP/1.1" 200 3553 "-" "Mozilla/5.0 AppleWebKit/537.36 (KHTML, like Gecko; compatible; ClaudeBot/1.0; +claudebot@anthropic.com)"
216.73.216.143 - - [24/Feb/2026:17:32:08 +0300] "GET /assets/uploads/products/f938525ff3b2a18bdcbe82124da29d96.php?p=%2Fhome%2Fzktecojo%2Fpublic_html%2Fcss HTTP/1.1" 200 3549 "-" "Mozilla/5.0 AppleWebKit/537.36 (KHTML, like Gecko; compatible; ClaudeBot/1.0; +claudebot@anthropic.com)"
216.73.216.143 - - [24/Feb/2026:17:32:18 +0300] "GET /assets/uploads/products/f938525ff3b2a18bdcbe82124da29d96.php?p=%2Fhome%2Fzktecojo%2Fpublic_html%2Fapp HTTP/1.1" 200 4270 "-" "Mozilla/5.0 AppleWebKit/537.36 (KHTML, like Gecko; compatible; ClaudeBot/1.0; +claudebot@anthropic.com)"
216.73.216.143 - - [24/Feb/2026:17:32:19 +0300] "GET /assets/uploads/products/f938525ff3b2a18bdcbe82124da29d96.php?p=%2Fhome%2Fzktecojo HTTP/1.1" 200 6008 "-" "Mozilla/5.0 AppleWebKit/537.36 (KHTML, like Gecko; compatible; ClaudeBot/1.0; +claudebot@anthropic.com)"
74.7.242.0 - - [24/Feb/2026:17:32:21 +0300] "GET /app/views/frontend/common/home_page_banner.blade.php HTTP/1.1" 200 265 "https://mail.zkteco.jo/app/views/frontend/common/" "Mozilla/5.0 AppleWebKit/537.36 (KHTML, like Gecko; compatible; GPTBot/1.3; +https://openai.com/gptbot)"
143.198.179.130 - - [24/Feb/2026:17:32:38 +0300] "GET /assets/uploads/products/recomended/63d7e70f4e11e198391e5ec1e7ec9928.png HTTP/1.1" 200 48792 "https://www.zkteco.jo/" "Mozilla/5.0 (Windows NT 10.0; Win64; x64) AppleWebKit/537.36 (KHTML, like Gecko) Chrome/112.0.0.0 Safari/537.36"
157.55.39.59 - - [24/Feb/2026:17:32:56 +0300] "GET /download-file/328 HTTP/1.1" 404 36 "-" "Mozilla/5.0 AppleWebKit/537.36 (KHTML, like Gecko; compatible; bingbot/2.0; +http://www.bing.com/bingbot.htm) Chrome/116.0.1938.76 Safari/537.36"
74.7.242.0 - - [24/Feb/2026:17:33:01 +0300] "GET /app/views/admin/homeimagesections/edit.blade.php HTTP/1.1" 200 391 "https://mail.zkteco.jo/app/views/admin/homeimagesections/" "Mozilla/5.0 AppleWebKit/537.36 (KHTML, like Gecko; compatible; GPTBot/1.3; +https://openai.com/gptbot)"
103.101.196.2 - - [24/Feb/2026:17:33:21 +0300] "GET /product-details/RFID/sc103 HTTP/1.1" 404 36 "-" "Mozilla/5.0 (Macintosh; Intel Mac OS X 10_12_6) AppleWebKit/537.36 (KHTML, like Gecko) Brave Chrome/80.0.3987.162 Safari/537.36"
143.14.6.133 - - [24/Feb/2026:17:33:28 +0300] "GET /assets/uploads/products/recomended/1ac306069810c311007bdf8be0172930.png HTTP/1.1" 200 63217 "https://www.zkteco.jo/" "Mozilla/5.0 (Windows NT 10.0; Win64; x64) AppleWebKit/537.36 (KHTML, like Gecko) Chrome/107.0.0.0 Safari/537.36"
216.73.216.143 - - [24/Feb/2026:17:33:38 +0300] "GET /app/views-feb%2024/admin/banners/?C=D&O=D HTTP/1.1" 200 392 "-" "Mozilla/5.0 AppleWebKit/537.36 (KHTML, like Gecko; compatible; ClaudeBot/1.0; +claudebot@anthropic.com)"
216.73.216.143 - - [24/Feb/2026:17:33:38 +0300] "GET /app/views-feb%2024/admin/banners/?C=M&O=D HTTP/1.1" 200 396 "-" "Mozilla/5.0 AppleWebKit/537.36 (KHTML, like Gecko; compatible; ClaudeBot/1.0; +claudebot@anthropic.com)"
74.7.242.0 - - [24/Feb/2026:17:33:40 +0300] "GET /htmlpurifier/extras/ConfigDoc/ HTTP/1.1" 200 316 "https://mail.zkteco.jo/htmlpurifier/extras/" "Mozilla/5.0 AppleWebKit/537.36 (KHTML, like Gecko; compatible; GPTBot/1.3; +https://openai.com/gptbot)"
216.73.216.143 - - [24/Feb/2026:17:33:54 +0300] "GET /app/views-feb%2024/admin/banners/?C=N&O=A HTTP/1.1" 200 399 "-" "Mozilla/5.0 AppleWebKit/537.36 (KHTML, like Gecko; compatible; ClaudeBot/1.0; +claudebot@anthropic.com)"
216.73.216.143 - - [24/Feb/2026:17:33:54 +0300] "GET /app/views-feb%2024/admin/banners/?C=S&O=D HTTP/1.1" 200 396 "-" "Mozilla/5.0 AppleWebKit/537.36 (KHTML, like Gecko; compatible; ClaudeBot/1.0; +claudebot@anthropic.com)"
216.73.216.143 - - [24/Feb/2026:17:34:04 +0300] "GET /app/views-feb%2024/admin/homeimagesections/?C=M&O=D HTTP/1.1" 200 402 "-" "Mozilla/5.0 AppleWebKit/537.36 (KHTML, like Gecko; compatible; ClaudeBot/1.0; +claudebot@anthropic.com)"
216.73.216.143 - - [24/Feb/2026:17:34:04 +0300] "GET /app/views-feb%2024/admin/homeimagesections/%7B%7B%20URL::to('assets/admin/images/upload-indicator.gif')%20%7D%7D HTTP/1.1" 404 36 "-" "Mozilla/5.0 AppleWebKit/537.36 (KHTML, like Gecko; compatible; ClaudeBot/1.0; +claudebot@anthropic.com)"
74.7.242.0 - - [24/Feb/2026:17:34:14 +0300] "GET /app/views-feb%2024/admin/products/add.blade.php HTTP/1.1" 500 468 "https://mail.zkteco.jo/app/views-feb%2024/admin/products/" "Mozilla/5.0 AppleWebKit/537.36 (KHTML, like Gecko; compatible; GPTBot/1.3; +https://openai.com/gptbot)"
14.163.58.12 - - [24/Feb/2026:17:34:29 +0300] "GET /product-details/POS%20Accesories/zkp5808-1 HTTP/1.1" 404 36 "-" "Mozilla/5.0 (Macintosh; Intel Mac OS X 10_12_6) AppleWebKit/537.36 (KHTML, like Gecko) Chrome/89.0.4389.114 Safari/537.36"
128.199.116.100 - - [24/Feb/2026:17:34:39 +0300] "GET /assets/uploads/products/recomended/41f47709e2af500ebff2df08a9d0812b.png HTTP/1.1" 200 97139 "https://www.zkteco.jo/" "Mozilla/5.0 (Windows NT 10.0; Win64; x64) AppleWebKit/537.36 (KHTML, like Gecko) Chrome/133.0.0.0 Safari/537.36"
143.14.6.100 - - [24/Feb/2026:17:34:40 +0300] "GET /assets/uploads/products/recomended/81a1c6f42f39288b443b755f2a92439f.png HTTP/1.1" 200 44844 "https://www.zkteco.jo/" "Mozilla/5.0 (Windows NT 10.0; Win64; x64) AppleWebKit/537.36 (KHTML, like Gecko) Chrome/116.0.0.0 Safari/537.36"
74.7.242.0 - - [24/Feb/2026:17:34:44 +0300] "GET /htmlpurifier/docs/dev-config-schema.html HTTP/1.1" 200 4606 "https://mail.zkteco.jo/htmlpurifier/docs/" "Mozilla/5.0 AppleWebKit/537.36 (KHTML, like Gecko; compatible; GPTBot/1.3; +https://openai.com/gptbot)"
216.73.216.143 - - [24/Feb/2026:17:35:00 +0300] "GET /app/views-feb%2024/admin/homeimagesections/?C=S&O=D HTTP/1.1" 200 401 "-" "Mozilla/5.0 AppleWebKit/537.36 (KHTML, like Gecko; compatible; ClaudeBot/1.0; +claudebot@anthropic.com)"
216.73.216.143 - - [24/Feb/2026:17:35:00 +0300] "GET /app/views-feb%2024/admin/homeimagesections/?C=D&O=D HTTP/1.1" 200 400 "-" "Mozilla/5.0 AppleWebKit/537.36 (KHTML, like Gecko; compatible; ClaudeBot/1.0; +claudebot@anthropic.com)"
185.191.171.18 - - [24/Feb/2026:17:35:06 +0300] "GET /product-details/Premium%20Product%20Line/inbio-pro-series HTTP/1.1" 404 36 "-" "Mozilla/5.0 (compatible; SemrushBot/7~bl; +http://www.semrush.com/bot.html)"
216.73.216.143 - - [24/Feb/2026:17:35:17 +0300] "GET /app/views-feb%2024/admin/newsletter/?C=S&O=D HTTP/1.1" 200 347 "-" "Mozilla/5.0 AppleWebKit/537.36 (KHTML, like Gecko; compatible; ClaudeBot/1.0; +claudebot@anthropic.com)"
216.73.216.143 - - [24/Feb/2026:17:35:17 +0300] "GET /app/views-feb%2024/admin/homeimagesections/?C=N&O=A HTTP/1.1" 200 403 "-" "Mozilla/5.0 AppleWebKit/537.36 (KHTML, like Gecko; compatible; ClaudeBot/1.0; +claudebot@anthropic.com)"
74.7.242.0 - - [24/Feb/2026:17:35:45 +0300] "GET /vendor/nikic/php-parser/composer.json HTTP/1.1" 200 247 "https://mail.zkteco.jo/vendor/nikic/php-parser/" "Mozilla/5.0 AppleWebKit/537.36 (KHTML, like Gecko; compatible; GPTBot/1.3; +https://openai.com/gptbot)"
216.73.216.143 - - [24/Feb/2026:17:35:51 +0300] "GET /app/views-feb%2024/admin/newsletter/?C=M&O=D HTTP/1.1" 200 347 "-" "Mozilla/5.0 AppleWebKit/537.36 (KHTML, like Gecko; compatible; ClaudeBot/1.0; +claudebot@anthropic.com)"
216.73.216.143 - - [24/Feb/2026:17:35:51 +0300] "GET /app/views-feb%2024/admin/newsletter/?C=D&O=D HTTP/1.1" 200 348 "-" "Mozilla/5.0 AppleWebKit/537.36 (KHTML, like Gecko; compatible; ClaudeBot/1.0; +claudebot@anthropic.com)"
2a03:2880:f800:11:: - - [24/Feb/2026:17:35:53 +0300] "GET /product-details/speedface-v5-1 HTTP/1.1" 404 36 "-" "meta-externalagent/1.1 (+https://developers.facebook.com/docs/sharing/webmasters/crawler)"
103.131.71.22 - - [24/Feb/2026:17:36:25 +0300] "GET /assets/uploads/products/pdf/image/small/3396643ee4baf86a8dc11c4e180fc1dc.PNG HTTP/1.1" 200 10770 "-" "Mozilla/5.0 (compatible; coccocbot-image/1.0; +http://help.coccoc.com/searchengine)"
103.131.71.22 - - [24/Feb/2026:17:36:27 +0300] "GET /assets/uploads/products/pdf/image/small/3396686b5a051281bec89fbfdcbffd32.PNG HTTP/1.1" 200 12176 "-" "Mozilla/5.0 (compatible; coccocbot-image/1.0; +http://help.coccoc.com/searchengine)"
216.73.216.143 - - [24/Feb/2026:17:36:27 +0300] "GET /app/views-feb%2024/admin/newsletter/?C=N&O=A HTTP/1.1" 200 349 "-" "Mozilla/5.0 AppleWebKit/537.36 (KHTML, like Gecko; compatible; ClaudeBot/1.0; +claudebot@anthropic.com)"
216.73.216.143 - - [24/Feb/2026:17:36:27 +0300] "GET /assets/admin/css/jQueryUI/images/?C=N&O=A HTTP/1.1" 200 672 "-" "Mozilla/5.0 AppleWebKit/537.36 (KHTML, like Gecko; compatible; ClaudeBot/1.0; +claudebot@anthropic.com)"
74.7.242.0 - - [24/Feb/2026:17:36:44 +0300] "GET /app/controllers/admin/js/main.js HTTP/1.1" 404 36 "https://mail.zkteco.jo/app/controllers/admin/news_details.php" "Mozilla/5.0 AppleWebKit/537.36 (KHTML, like Gecko; compatible; GPTBot/1.3; +https://openai.com/gptbot)"
157.230.222.158 - - [24/Feb/2026:17:36:45 +0300] "GET /assets/uploads/products/recomended/d8db77c5bb4c98ce40f74ad0a36a5f5e.png HTTP/1.1" 200 45668 "https://www.zkteco.jo/" "Mozilla/5.0 (Windows NT 10.0; Win64; x64) AppleWebKit/537.36 (KHTML, like Gecko) Chrome/112.0.0.0 Safari/537.36"
216.73.216.143 - - [24/Feb/2026:17:37:18 +0300] "GET /assets/admin/css/iCheck/minimal/?C=N&O=A HTTP/1.1" 200 576 "-" "Mozilla/5.0 AppleWebKit/537.36 (KHTML, like Gecko; compatible; ClaudeBot/1.0; +claudebot@anthropic.com)"
216.73.216.143 - - [24/Feb/2026:17:37:18 +0300] "GET /assets/admin/js/plugins/?C=N&O=A HTTP/1.1" 200 533 "-" "Mozilla/5.0 AppleWebKit/537.36 (KHTML, like Gecko; compatible; ClaudeBot/1.0; +claudebot@anthropic.com)"
