216.73.216.143 - - [24/Feb/2026:20:53:38 +0300] "GET /vendor/laravel/framework/src/Illuminate/Database/Eloquent/Relations/ HTTP/1.1" 200 525 "https://zkteco.jo/vendor/laravel/framework/src/Illuminate/Database/Eloquent/Relations" "Mozilla/5.0 AppleWebKit/537.36 (KHTML, like Gecko; compatible; ClaudeBot/1.0; +claudebot@anthropic.com)"
216.73.216.143 - - [24/Feb/2026:20:53:40 +0300] "GET /vendor/laravel/framework/src/Illuminate/Cookie/composer.json HTTP/1.1" 200 278 "-" "Mozilla/5.0 AppleWebKit/537.36 (KHTML, like Gecko; compatible; ClaudeBot/1.0; +claudebot@anthropic.com)"
216.73.216.143 - - [24/Feb/2026:20:53:43 +0300] "GET /app/views/frontend/ajax_design_layout/news-letter.blade.php HTTP/1.1" 200 143 "-" "Mozilla/5.0 AppleWebKit/537.36 (KHTML, like Gecko; compatible; ClaudeBot/1.0; +claudebot@anthropic.com)"
216.73.216.143 - - [24/Feb/2026:20:53:45 +0300] "GET /vendor/nikic/php-parser/test/PHPParser/?C=D&O=A HTTP/1.1" 200 312 "-" "Mozilla/5.0 AppleWebKit/537.36 (KHTML, like Gecko; compatible; ClaudeBot/1.0; +claudebot@anthropic.com)"
216.73.216.143 - - [24/Feb/2026:20:53:48 +0300] "GET /vendor/symfony/http-kernel/?C=N&O=A HTTP/1.1" 200 305 "-" "Mozilla/5.0 AppleWebKit/537.36 (KHTML, like Gecko; compatible; ClaudeBot/1.0; +claudebot@anthropic.com)"
216.73.216.143 - - [24/Feb/2026:20:53:53 +0300] "GET /app/views/admin/homesection/?C=S&O=D HTTP/1.1" 200 358 "-" "Mozilla/5.0 AppleWebKit/537.36 (KHTML, like Gecko; compatible; ClaudeBot/1.0; +claudebot@anthropic.com)"
216.73.216.143 - - [24/Feb/2026:20:53:54 +0300] "GET /app/views-feb%2024/admin/innercontent/?C=S&O=A HTTP/1.1" 200 355 "-" "Mozilla/5.0 AppleWebKit/537.36 (KHTML, like Gecko; compatible; ClaudeBot/1.0; +claudebot@anthropic.com)"
216.73.216.143 - - [24/Feb/2026:20:53:59 +0300] "GET /app/views-feb%2024/admin/innercontent/?C=D&O=A HTTP/1.1" 200 354 "-" "Mozilla/5.0 AppleWebKit/537.36 (KHTML, like Gecko; compatible; ClaudeBot/1.0; +claudebot@anthropic.com)"
216.73.216.143 - - [24/Feb/2026:20:54:04 +0300] "GET /app/storage/sessions/8136df96d52e521abe8a2f18f7fb02b60b7c5443 HTTP/1.1" 200 152 "-" "Mozilla/5.0 AppleWebKit/537.36 (KHTML, like Gecko; compatible; ClaudeBot/1.0; +claudebot@anthropic.com)"
216.73.216.143 - - [24/Feb/2026:20:54:04 +0300] "GET /app/views-feb%2024/admin/innercontent/?C=M&O=A HTTP/1.1" 200 354 "-" "Mozilla/5.0 AppleWebKit/537.36 (KHTML, like Gecko; compatible; ClaudeBot/1.0; +claudebot@anthropic.com)"
216.73.216.143 - - [24/Feb/2026:20:54:09 +0300] "GET /app/views-feb%2024/admin/innercontent/?C=N&O=D HTTP/1.1" 200 352 "-" "Mozilla/5.0 AppleWebKit/537.36 (KHTML, like Gecko; compatible; ClaudeBot/1.0; +claudebot@anthropic.com)"
74.7.242.0 - - [24/Feb/2026:20:54:10 +0300] "GET /app/views/admin/articles/add.blade.php HTTP/1.1" 500 349 "https://mail.zkteco.jo/app/views/admin/articles/?C=D;O=A" "Mozilla/5.0 AppleWebKit/537.36 (KHTML, like Gecko; compatible; GPTBot/1.3; +https://openai.com/gptbot)"
216.73.216.143 - - [24/Feb/2026:20:54:14 +0300] "GET /vendor/laravel/framework/src/Illuminate/Pagination/views HTTP/1.1" 301 323 "-" "Mozilla/5.0 AppleWebKit/537.36 (KHTML, like Gecko; compatible; ClaudeBot/1.0; +claudebot@anthropic.com)"
216.73.216.143 - - [24/Feb/2026:20:54:14 +0300] "GET /vendor/laravel/framework/src/Illuminate/Pagination/views/ HTTP/1.1" 200 359 "https://zkteco.jo/vendor/laravel/framework/src/Illuminate/Pagination/views" "Mozilla/5.0 AppleWebKit/537.36 (KHTML, like Gecko; compatible; ClaudeBot/1.0; +claudebot@anthropic.com)"
216.73.216.143 - - [24/Feb/2026:20:54:19 +0300] "GET /app/storage/sessions/462e49d6aff1dffee58bcaa358b717ea14d58ccf HTTP/1.1" 200 150 "-" "Mozilla/5.0 AppleWebKit/537.36 (KHTML, like Gecko; compatible; ClaudeBot/1.0; +claudebot@anthropic.com)"
216.73.216.143 - - [24/Feb/2026:20:54:24 +0300] "GET /vendor/simplesoftwareio/simple-qrcode/tests/?C=D&O=A HTTP/1.1" 200 384 "-" "Mozilla/5.0 AppleWebKit/537.36 (KHTML, like Gecko; compatible; ClaudeBot/1.0; +claudebot@anthropic.com)"
40.77.167.255 - - [24/Feb/2026:20:54:25 +0300] "GET /assets/uploads/products/small/37ea34c4dd171a4a44e5afdbfa2c99c2.png HTTP/1.1" 200 15222 "-" "Mozilla/5.0 AppleWebKit/537.36 (KHTML, like Gecko; compatible; bingbot/2.0; +http://www.bing.com/bingbot.htm) Chrome/116.0.1938.76 Safari/537.36"
216.73.216.143 - - [24/Feb/2026:20:54:35 +0300] "GET /htmlpurifier/library/HTMLPurifier/ConfigSchema/schema/Attr.AllowedFrameTargets.txt HTTP/1.1" 200 343 "-" "Mozilla/5.0 AppleWebKit/537.36 (KHTML, like Gecko; compatible; ClaudeBot/1.0; +claudebot@anthropic.com)"
216.73.216.143 - - [24/Feb/2026:20:54:39 +0300] "GET /vendor/bacon/bacon-qr-code/tests/BaconQrCode HTTP/1.1" 301 311 "-" "Mozilla/5.0 AppleWebKit/537.36 (KHTML, like Gecko; compatible; ClaudeBot/1.0; +claudebot@anthropic.com)"
216.73.216.143 - - [24/Feb/2026:20:54:39 +0300] "GET /vendor/bacon/bacon-qr-code/tests/BaconQrCode/ HTTP/1.1" 200 346 "https://zkteco.jo/vendor/bacon/bacon-qr-code/tests/BaconQrCode" "Mozilla/5.0 AppleWebKit/537.36 (KHTML, like Gecko; compatible; ClaudeBot/1.0; +claudebot@anthropic.com)"
216.73.216.143 - - [24/Feb/2026:20:54:44 +0300] "GET /htmlpurifier/library/HTMLPurifier/ConfigSchema/schema/Attr.AllowedRev.txt HTTP/1.1" 200 201 "-" "Mozilla/5.0 AppleWebKit/537.36 (KHTML, like Gecko; compatible; ClaudeBot/1.0; +claudebot@anthropic.com)"
216.73.216.143 - - [24/Feb/2026:20:54:49 +0300] "GET /htmlpurifier/library/HTMLPurifier/Language/classes/?C=M&O=A HTTP/1.1" 200 317 "-" "Mozilla/5.0 AppleWebKit/537.36 (KHTML, like Gecko; compatible; ClaudeBot/1.0; +claudebot@anthropic.com)"
216.73.216.143 - - [24/Feb/2026:20:54:55 +0300] "GET /vendor/symfony/browser-kit/Symfony/Component HTTP/1.1" 301 311 "-" "Mozilla/5.0 AppleWebKit/537.36 (KHTML, like Gecko; compatible; ClaudeBot/1.0; +claudebot@anthropic.com)"
216.73.216.143 - - [24/Feb/2026:20:54:55 +0300] "GET /vendor/symfony/browser-kit/Symfony/Component/ HTTP/1.1" 200 316 "https://zkteco.jo/vendor/symfony/browser-kit/Symfony/Component" "Mozilla/5.0 AppleWebKit/537.36 (KHTML, like Gecko; compatible; ClaudeBot/1.0; +claudebot@anthropic.com)"
216.73.216.143 - - [24/Feb/2026:20:54:59 +0300] "GET /app/storage/views/assets/admin/js/bootstrap.min.js HTTP/1.1" 404 36 "-" "Mozilla/5.0 AppleWebKit/537.36 (KHTML, like Gecko; compatible; ClaudeBot/1.0; +claudebot@anthropic.com)"
216.73.216.143 - - [24/Feb/2026:20:55:04 +0300] "GET /htmlpurifier/library/HTMLPurifier/ConfigSchema/schema/URI.HostBlacklist.txt HTTP/1.1" 200 219 "-" "Mozilla/5.0 AppleWebKit/537.36 (KHTML, like Gecko; compatible; ClaudeBot/1.0; +claudebot@anthropic.com)"
216.73.216.143 - - [24/Feb/2026:20:55:09 +0300] "GET /htmlpurifier/library/HTMLPurifier/Language/classes/?C=N&O=D HTTP/1.1" 200 313 "-" "Mozilla/5.0 AppleWebKit/537.36 (KHTML, like Gecko; compatible; ClaudeBot/1.0; +claudebot@anthropic.com)"
74.7.242.0 - - [24/Feb/2026:20:55:12 +0300] "GET /app/views/admin/articles/?C=S;O=D HTTP/1.1" 200 337 "https://mail.zkteco.jo/app/views/admin/articles/?C=S;O=A" "Mozilla/5.0 AppleWebKit/537.36 (KHTML, like Gecko; compatible; GPTBot/1.3; +https://openai.com/gptbot)"
216.73.216.143 - - [24/Feb/2026:20:55:14 +0300] "GET /htmlpurifier/library/HTMLPurifier/ConfigSchema/schema/URI.MungeResources.txt HTTP/1.1" 200 359 "-" "Mozilla/5.0 AppleWebKit/537.36 (KHTML, like Gecko; compatible; ClaudeBot/1.0; +claudebot@anthropic.com)"
216.73.216.143 - - [24/Feb/2026:20:55:19 +0300] "GET /vendor/symfony/console/Symfony/Component/Console/Question HTTP/1.1" 301 324 "-" "Mozilla/5.0 AppleWebKit/537.36 (KHTML, like Gecko; compatible; ClaudeBot/1.0; +claudebot@anthropic.com)"
216.73.216.143 - - [24/Feb/2026:20:55:19 +0300] "GET /vendor/symfony/console/Symfony/Component/Console/Question/ HTTP/1.1" 200 366 "https://zkteco.jo/vendor/symfony/console/Symfony/Component/Console/Question" "Mozilla/5.0 AppleWebKit/537.36 (KHTML, like Gecko; compatible; ClaudeBot/1.0; +claudebot@anthropic.com)"
40.77.167.255 - - [24/Feb/2026:20:55:24 +0300] "GET /access-control-management-1 HTTP/1.1" 404 36 "-" "Mozilla/5.0 AppleWebKit/537.36 (KHTML, like Gecko; compatible; bingbot/2.0; +http://www.bing.com/bingbot.htm) Chrome/116.0.1938.76 Safari/537.36"
216.73.216.143 - - [24/Feb/2026:20:55:24 +0300] "GET /vendor/mobiledetect/mobiledetectlib/export HTTP/1.1" 301 309 "-" "Mozilla/5.0 AppleWebKit/537.36 (KHTML, like Gecko; compatible; ClaudeBot/1.0; +claudebot@anthropic.com)"
216.73.216.143 - - [24/Feb/2026:20:55:24 +0300] "GET /vendor/mobiledetect/mobiledetectlib/export/ HTTP/1.1" 200 313 "https://zkteco.jo/vendor/mobiledetect/mobiledetectlib/export" "Mozilla/5.0 AppleWebKit/537.36 (KHTML, like Gecko; compatible; ClaudeBot/1.0; +claudebot@anthropic.com)"
17.22.237.156 - - [24/Feb/2026:20:55:27 +0300] "GET /assets/uploads/products/pdf/image/small/377847caffc202b971a8d1b2effb6cd6.png HTTP/1.1" 200 7882 "-" "Mozilla/5.0 (Macintosh; Intel Mac OS X 10_15_7) AppleWebKit/605.1.15 (KHTML, like Gecko) Version/17.4 Safari/605.1.15 (Applebot/0.1; +http://www.apple.com/go/applebot)"
216.73.216.143 - - [24/Feb/2026:20:55:29 +0300] "GET /vendor/mobiledetect/mobiledetectlib/tests/VendorsTest_tmp.php HTTP/1.1" 500 20 "-" "Mozilla/5.0 AppleWebKit/537.36 (KHTML, like Gecko; compatible; ClaudeBot/1.0; +claudebot@anthropic.com)"
216.73.216.143 - - [24/Feb/2026:20:55:34 +0300] "GET /vendor/ircmaxell/password-compat/lib HTTP/1.1" 301 303 "-" "Mozilla/5.0 AppleWebKit/537.36 (KHTML, like Gecko; compatible; ClaudeBot/1.0; +claudebot@anthropic.com)"
216.73.216.143 - - [24/Feb/2026:20:55:35 +0300] "GET /vendor/ircmaxell/password-compat/lib/ HTTP/1.1" 200 318 "https://zkteco.jo/vendor/ircmaxell/password-compat/lib" "Mozilla/5.0 AppleWebKit/537.36 (KHTML, like Gecko; compatible; ClaudeBot/1.0; +claudebot@anthropic.com)"
2a03:2880:f800:3e:: - - [24/Feb/2026:20:55:35 +0300] "GET /product-details/p200-p260 HTTP/1.1" 404 36 "-" "meta-externalagent/1.1 (+https://developers.facebook.com/docs/sharing/webmasters/crawler)"
216.73.216.143 - - [24/Feb/2026:20:55:39 +0300] "GET /vendor/symfony/console/Symfony/Component/Console/phpunit.xml.dist HTTP/1.1" 200 299 "-" "Mozilla/5.0 AppleWebKit/537.36 (KHTML, like Gecko; compatible; ClaudeBot/1.0; +claudebot@anthropic.com)"
216.73.216.143 - - [24/Feb/2026:20:55:44 +0300] "GET /vendor/symfony/console/Symfony/Component/Console/Command HTTP/1.1" 301 323 "-" "Mozilla/5.0 AppleWebKit/537.36 (KHTML, like Gecko; compatible; ClaudeBot/1.0; +claudebot@anthropic.com)"
216.73.216.143 - - [24/Feb/2026:20:55:44 +0300] "GET /vendor/symfony/console/Symfony/Component/Console/Command/ HTTP/1.1" 200 358 "https://zkteco.jo/vendor/symfony/console/Symfony/Component/Console/Command" "Mozilla/5.0 AppleWebKit/537.36 (KHTML, like Gecko; compatible; ClaudeBot/1.0; +claudebot@anthropic.com)"
216.73.216.143 - - [24/Feb/2026:20:55:49 +0300] "GET /vendor/symfony/console/Symfony/Component/Console/Application.php HTTP/1.1" 200 20 "-" "Mozilla/5.0 AppleWebKit/537.36 (KHTML, like Gecko; compatible; ClaudeBot/1.0; +claudebot@anthropic.com)"
216.73.216.143 - - [24/Feb/2026:20:55:54 +0300] "GET /vendor/filp/whoops/src/Whoops/Run.php HTTP/1.1" 200 20 "-" "Mozilla/5.0 AppleWebKit/537.36 (KHTML, like Gecko; compatible; ClaudeBot/1.0; +claudebot@anthropic.com)"
216.73.216.143 - - [24/Feb/2026:20:55:59 +0300] "GET /vendor/symfony/console/Symfony/Component/Console/ConsoleEvents.php HTTP/1.1" 200 20 "-" "Mozilla/5.0 AppleWebKit/537.36 (KHTML, like Gecko; compatible; ClaudeBot/1.0; +claudebot@anthropic.com)"
216.73.216.143 - - [24/Feb/2026:20:56:04 +0300] "GET /vendor/symfony/console/Symfony/Component/Console/Shell.php HTTP/1.1" 200 20 "-" "Mozilla/5.0 AppleWebKit/537.36 (KHTML, like Gecko; compatible; ClaudeBot/1.0; +claudebot@anthropic.com)"
216.73.216.143 - - [24/Feb/2026:20:56:09 +0300] "GET /app/controllers/admin/js/mousescroll.js HTTP/1.1" 404 36 "-" "Mozilla/5.0 AppleWebKit/537.36 (KHTML, like Gecko; compatible; ClaudeBot/1.0; +claudebot@anthropic.com)"
74.7.242.0 - - [24/Feb/2026:20:56:13 +0300] "GET /app/views/admin/articles/?C=D;O=D HTTP/1.1" 200 338 "https://mail.zkteco.jo/app/views/admin/articles/?C=D;O=A" "Mozilla/5.0 AppleWebKit/537.36 (KHTML, like Gecko; compatible; GPTBot/1.3; +https://openai.com/gptbot)"
216.73.216.143 - - [24/Feb/2026:20:56:14 +0300] "GET /vendor/nikic/php-parser/lib/PHPParser/PrettyPrinter/Default.php HTTP/1.1" 500 20 "-" "Mozilla/5.0 AppleWebKit/537.36 (KHTML, like Gecko; compatible; ClaudeBot/1.0; +claudebot@anthropic.com)"
216.73.216.143 - - [24/Feb/2026:20:56:19 +0300] "GET /vendor/nikic/php-parser/lib/PHPParser/NodeTraverser.php HTTP/1.1" 500 20 "-" "Mozilla/5.0 AppleWebKit/537.36 (KHTML, like Gecko; compatible; ClaudeBot/1.0; +claudebot@anthropic.com)"
190.120.248.133 - - [24/Feb/2026:20:56:24 +0300] "GET /product-details/Products/g5 HTTP/1.1" 404 36 "-" "Mozilla/5.0 (Macintosh; Intel Mac OS X 10_15_7) AppleWebKit/537.36 (KHTML, like Gecko) Chrome/98.0.4758.109 Safari/537.36"
216.73.216.143 - - [24/Feb/2026:20:56:24 +0300] "GET /app/controllers/admin/js/wow.min.js HTTP/1.1" 404 36 "-" "Mozilla/5.0 AppleWebKit/537.36 (KHTML, like Gecko; compatible; ClaudeBot/1.0; +claudebot@anthropic.com)"
216.73.216.143 - - [24/Feb/2026:20:56:29 +0300] "GET /htmlpurifier/library/HTMLPurifier/ConfigSchema/schema/URI.Disable.txt HTTP/1.1" 200 224 "-" "Mozilla/5.0 AppleWebKit/537.36 (KHTML, like Gecko; compatible; ClaudeBot/1.0; +claudebot@anthropic.com)"
216.73.216.143 - - [24/Feb/2026:20:56:34 +0300] "GET /vendor/nikic/php-parser/lib/PHPParser/Node/Scalar/FileConst.php HTTP/1.1" 500 20 "-" "Mozilla/5.0 AppleWebKit/537.36 (KHTML, like Gecko; compatible; ClaudeBot/1.0; +claudebot@anthropic.com)"
216.73.216.143 - - [24/Feb/2026:20:56:40 +0300] "GET /app/storage/views/test/5be2112e5e9c9268be52d415c62a1dd5 HTTP/1.1" 200 1326 "-" "Mozilla/5.0 AppleWebKit/537.36 (KHTML, like Gecko; compatible; ClaudeBot/1.0; +claudebot@anthropic.com)"
216.73.216.143 - - [24/Feb/2026:20:56:45 +0300] "GET /app/storage/views/test/fe8cf254a7c4e8d960ed7ba7cc03b3dd HTTP/1.1" 200 1327 "-" "Mozilla/5.0 AppleWebKit/537.36 (KHTML, like Gecko; compatible; ClaudeBot/1.0; +claudebot@anthropic.com)"
216.73.216.143 - - [24/Feb/2026:20:56:50 +0300] "GET /vendor/laravel/framework/src/Illuminate/Support/Facades/View.php HTTP/1.1" 500 20 "-" "Mozilla/5.0 AppleWebKit/537.36 (KHTML, like Gecko; compatible; ClaudeBot/1.0; +claudebot@anthropic.com)"
216.73.216.143 - - [24/Feb/2026:20:56:55 +0300] "GET /app/storage/views/test/be57ca35cbbda8ff950a9ba84a2d23a4 HTTP/1.1" 200 1282 "-" "Mozilla/5.0 AppleWebKit/537.36 (KHTML, like Gecko; compatible; ClaudeBot/1.0; +claudebot@anthropic.com)"
216.73.216.143 - - [24/Feb/2026:20:57:00 +0300] "GET /app/controllers/?C=D&O=D HTTP/1.1" 200 447 "-" "Mozilla/5.0 AppleWebKit/537.36 (KHTML, like Gecko; compatible; ClaudeBot/1.0; +claudebot@anthropic.com)"
216.73.216.143 - - [24/Feb/2026:20:57:05 +0300] "GET /app/storage/views/test/d5b2ff9e9975f41e98253bd2c83705c8 HTTP/1.1" 200 1072 "-" "Mozilla/5.0 AppleWebKit/537.36 (KHTML, like Gecko; compatible; ClaudeBot/1.0; +claudebot@anthropic.com)"
216.73.216.143 - - [24/Feb/2026:20:57:10 +0300] "GET /app/storage/views/test/a136d5e2b232b43cfaac52ea0d3acde4 HTTP/1.1" 200 1421 "-" "Mozilla/5.0 AppleWebKit/537.36 (KHTML, like Gecko; compatible; ClaudeBot/1.0; +claudebot@anthropic.com)"
74.7.242.0 - - [24/Feb/2026:20:57:10 +0300] "GET /app/views/admin/articles/?C=M;O=D HTTP/1.1" 200 338 "https://mail.zkteco.jo/app/views/admin/articles/?C=M;O=A" "Mozilla/5.0 AppleWebKit/537.36 (KHTML, like Gecko; compatible; GPTBot/1.3; +https://openai.com/gptbot)"
216.73.216.143 - - [24/Feb/2026:20:57:15 +0300] "GET /vendor/symfony/finder/Symfony/Component HTTP/1.1" 301 306 "-" "Mozilla/5.0 AppleWebKit/537.36 (KHTML, like Gecko; compatible; ClaudeBot/1.0; +claudebot@anthropic.com)"
216.73.216.143 - - [24/Feb/2026:20:57:15 +0300] "GET /vendor/symfony/finder/Symfony/Component/ HTTP/1.1" 200 313 "https://zkteco.jo/vendor/symfony/finder/Symfony/Component" "Mozilla/5.0 AppleWebKit/537.36 (KHTML, like Gecko; compatible; ClaudeBot/1.0; +claudebot@anthropic.com)"
216.73.216.143 - - [24/Feb/2026:20:57:20 +0300] "GET /app/storage/views/test/c68ef23e87d82a5e2ca764acd5bc0ea3 HTTP/1.1" 200 1123 "-" "Mozilla/5.0 AppleWebKit/537.36 (KHTML, like Gecko; compatible; ClaudeBot/1.0; +claudebot@anthropic.com)"
216.73.216.143 - - [24/Feb/2026:20:57:25 +0300] "GET /app/storage/views/test/d4fe39cede0c052ace6283f4e216c643 HTTP/1.1" 200 925 "-" "Mozilla/5.0 AppleWebKit/537.36 (KHTML, like Gecko; compatible; ClaudeBot/1.0; +claudebot@anthropic.com)"
216.73.216.143 - - [24/Feb/2026:20:57:30 +0300] "GET /vendor/laravel/framework/src/Illuminate/Support/Facades/Input.php HTTP/1.1" 500 20 "-" "Mozilla/5.0 AppleWebKit/537.36 (KHTML, like Gecko; compatible; ClaudeBot/1.0; +claudebot@anthropic.com)"
216.73.216.143 - - [24/Feb/2026:20:57:35 +0300] "GET /vendor/symfony/routing/Symfony HTTP/1.1" 301 297 "-" "Mozilla/5.0 AppleWebKit/537.36 (KHTML, like Gecko; compatible; ClaudeBot/1.0; +claudebot@anthropic.com)"
216.73.216.143 - - [24/Feb/2026:20:57:35 +0300] "GET /vendor/symfony/routing/Symfony/ HTTP/1.1" 200 313 "https://zkteco.jo/vendor/symfony/routing/Symfony" "Mozilla/5.0 AppleWebKit/537.36 (KHTML, like Gecko; compatible; ClaudeBot/1.0; +claudebot@anthropic.com)"
216.73.216.143 - - [24/Feb/2026:20:57:40 +0300] "GET /app/storage/views/test/aa707586bfeccc22b18ec1eef8df1a8a HTTP/1.1" 200 1094 "-" "Mozilla/5.0 AppleWebKit/537.36 (KHTML, like Gecko; compatible; ClaudeBot/1.0; +claudebot@anthropic.com)"
216.73.216.143 - - [24/Feb/2026:20:57:45 +0300] "GET /app/storage/views/test/dc3fa452d454472a548251bdf2ffce34 HTTP/1.1" 200 973 "-" "Mozilla/5.0 AppleWebKit/537.36 (KHTML, like Gecko; compatible; ClaudeBot/1.0; +claudebot@anthropic.com)"
216.73.216.143 - - [24/Feb/2026:20:58:01 +0300] "GET /app/storage/views/test/b2d901050ba6f945b2cf0a97d7d2b9f0 HTTP/1.1" 200 830 "-" "Mozilla/5.0 AppleWebKit/537.36 (KHTML, like Gecko; compatible; ClaudeBot/1.0; +claudebot@anthropic.com)"
74.7.242.0 - - [24/Feb/2026:20:58:01 +0300] "GET /app/views/admin/articles/?C=N;O=A HTTP/1.1" 200 338 "https://mail.zkteco.jo/app/views/admin/articles/?C=D;O=A" "Mozilla/5.0 AppleWebKit/537.36 (KHTML, like Gecko; compatible; GPTBot/1.3; +https://openai.com/gptbot)"
216.73.216.143 - - [24/Feb/2026:20:58:05 +0300] "GET /htmlpurifier/configdoc/styles/?C=S&O=D HTTP/1.1" 200 322 "-" "Mozilla/5.0 AppleWebKit/537.36 (KHTML, like Gecko; compatible; ClaudeBot/1.0; +claudebot@anthropic.com)"
216.73.216.143 - - [24/Feb/2026:20:58:10 +0300] "GET /app/views-feb%2024/layouts HTTP/1.1" 301 293 "-" "Mozilla/5.0 AppleWebKit/537.36 (KHTML, like Gecko; compatible; ClaudeBot/1.0; +claudebot@anthropic.com)"
216.73.216.143 - - [24/Feb/2026:20:58:10 +0300] "GET /app/views-feb%2024/layouts/ HTTP/1.1" 200 307 "https://zkteco.jo/app/views-feb%2024/layouts" "Mozilla/5.0 AppleWebKit/537.36 (KHTML, like Gecko; compatible; ClaudeBot/1.0; +claudebot@anthropic.com)"
216.73.216.143 - - [24/Feb/2026:20:58:15 +0300] "GET /app/tests/?C=M&O=A HTTP/1.1" 200 317 "-" "Mozilla/5.0 AppleWebKit/537.36 (KHTML, like Gecko; compatible; ClaudeBot/1.0; +claudebot@anthropic.com)"
216.73.216.143 - - [24/Feb/2026:20:58:20 +0300] "GET /htmlpurifier/smoketests/basic/?C=D&O=D HTTP/1.1" 200 353 "-" "Mozilla/5.0 AppleWebKit/537.36 (KHTML, like Gecko; compatible; ClaudeBot/1.0; +claudebot@anthropic.com)"
216.73.216.143 - - [24/Feb/2026:20:58:25 +0300] "GET /app/storage/views/test/27982bb4ce40700133cf04d2166d5aba HTTP/1.1" 200 931 "-" "Mozilla/5.0 AppleWebKit/537.36 (KHTML, like Gecko; compatible; ClaudeBot/1.0; +claudebot@anthropic.com)"
216.73.216.143 - - [24/Feb/2026:20:58:30 +0300] "GET /app/storage/views/test/7e8c867bc281a23e00edaa44ce63a10c HTTP/1.1" 200 964 "-" "Mozilla/5.0 AppleWebKit/537.36 (KHTML, like Gecko; compatible; ClaudeBot/1.0; +claudebot@anthropic.com)"
216.73.216.143 - - [24/Feb/2026:20:58:35 +0300] "GET /app/views/admin/articles/?C=M&O=A HTTP/1.1" 200 339 "-" "Mozilla/5.0 AppleWebKit/537.36 (KHTML, like Gecko; compatible; ClaudeBot/1.0; +claudebot@anthropic.com)"
216.73.216.143 - - [24/Feb/2026:20:58:40 +0300] "GET /vendor/symfony/translation/Symfony HTTP/1.1" 301 301 "-" "Mozilla/5.0 AppleWebKit/537.36 (KHTML, like Gecko; compatible; ClaudeBot/1.0; +claudebot@anthropic.com)"
216.73.216.143 - - [24/Feb/2026:20:58:40 +0300] "GET /vendor/symfony/translation/Symfony/ HTTP/1.1" 200 312 "https://zkteco.jo/vendor/symfony/translation/Symfony" "Mozilla/5.0 AppleWebKit/537.36 (KHTML, like Gecko; compatible; ClaudeBot/1.0; +claudebot@anthropic.com)"
216.73.216.143 - - [24/Feb/2026:20:58:45 +0300] "GET /app/storage/views/5f912e05cc59aece74f79f8dc09e61bd HTTP/1.1" 200 5261 "-" "Mozilla/5.0 AppleWebKit/537.36 (KHTML, like Gecko; compatible; ClaudeBot/1.0; +claudebot@anthropic.com)"
74.7.242.0 - - [24/Feb/2026:20:58:48 +0300] "GET /vendor/mobiledetect/mobiledetectlib/tests/UserAgentTest.php HTTP/1.1" 500 20 "https://mail.zkteco.jo/vendor/mobiledetect/mobiledetectlib/tests/" "Mozilla/5.0 AppleWebKit/537.36 (KHTML, like Gecko; compatible; GPTBot/1.3; +https://openai.com/gptbot)"
216.73.216.143 - - [24/Feb/2026:20:58:50 +0300] "GET /app/storage/views/test/64b4c199bd4021fcda0ba5e8cc89ee46 HTTP/1.1" 200 1049 "-" "Mozilla/5.0 AppleWebKit/537.36 (KHTML, like Gecko; compatible; ClaudeBot/1.0; +claudebot@anthropic.com)"
222.253.10.254 - - [24/Feb/2026:20:58:50 +0300] "GET /news/great-success-by-zkteco-in-securex-2017-exhibition-africa-2017-06-22 HTTP/1.1" 404 36 "-" "Mozilla/5.0 (Macintosh; Intel Mac OS X 10_13_6) AppleWebKit/537.36 (KHTML, like Gecko) Chrome/106.0.0.0 Safari/537.36"
216.73.216.143 - - [24/Feb/2026:20:58:55 +0300] "GET /htmlpurifier/extras/?C=N&O=A HTTP/1.1" 200 376 "-" "Mozilla/5.0 AppleWebKit/537.36 (KHTML, like Gecko; compatible; ClaudeBot/1.0; +claudebot@anthropic.com)"
216.73.216.143 - - [24/Feb/2026:20:59:00 +0300] "GET /app/storage/views/test/fa90d4934e10ff9a779c5570de622fda HTTP/1.1" 200 776 "-" "Mozilla/5.0 AppleWebKit/537.36 (KHTML, like Gecko; compatible; ClaudeBot/1.0; +claudebot@anthropic.com)"
216.73.216.143 - - [24/Feb/2026:20:59:05 +0300] "GET /app/storage/views/test/6d0a49412eb186c533a5cd96e07d22fb HTTP/1.1" 200 633 "-" "Mozilla/5.0 AppleWebKit/537.36 (KHTML, like Gecko; compatible; ClaudeBot/1.0; +claudebot@anthropic.com)"
216.73.216.143 - - [24/Feb/2026:20:59:10 +0300] "GET /app/storage/views/test/f2b869b4cd26e1a2140ede03488b1f93 HTTP/1.1" 200 1161 "-" "Mozilla/5.0 AppleWebKit/537.36 (KHTML, like Gecko; compatible; ClaudeBot/1.0; +claudebot@anthropic.com)"
216.73.216.143 - - [24/Feb/2026:20:59:16 +0300] "GET /app/storage/views/test/085d84acbd035f6c6a0335ba134f7fe2 HTTP/1.1" 200 1668 "-" "Mozilla/5.0 AppleWebKit/537.36 (KHTML, like Gecko; compatible; ClaudeBot/1.0; +claudebot@anthropic.com)"
216.73.216.143 - - [24/Feb/2026:20:59:21 +0300] "GET /app/storage/views/test/06a09725d6b7fbec38fad7d1cae4c2c8 HTTP/1.1" 200 1500 "-" "Mozilla/5.0 AppleWebKit/537.36 (KHTML, like Gecko; compatible; ClaudeBot/1.0; +claudebot@anthropic.com)"
216.73.216.143 - - [24/Feb/2026:20:59:26 +0300] "GET /app/storage/views/test/489247d04d8b28fb7b9efe52a9aa0272 HTTP/1.1" 200 1271 "-" "Mozilla/5.0 AppleWebKit/537.36 (KHTML, like Gecko; compatible; ClaudeBot/1.0; +claudebot@anthropic.com)"
74.7.242.0 - - [24/Feb/2026:20:59:28 +0300] "GET /vendor/mews/captcha/composer.json HTTP/1.1" 200 306 "https://mail.zkteco.jo/vendor/mews/captcha/" "Mozilla/5.0 AppleWebKit/537.36 (KHTML, like Gecko; compatible; GPTBot/1.3; +https://openai.com/gptbot)"
216.73.216.143 - - [24/Feb/2026:20:59:31 +0300] "GET /app/storage/views/test/afd66d49ea79ad58e892442fdb548492 HTTP/1.1" 200 539 "-" "Mozilla/5.0 AppleWebKit/537.36 (KHTML, like Gecko; compatible; ClaudeBot/1.0; +claudebot@anthropic.com)"
216.73.216.143 - - [24/Feb/2026:20:59:36 +0300] "GET /app/storage/views/test/c66cefd0a5253dd52f15d08f13a2b272 HTTP/1.1" 200 724 "-" "Mozilla/5.0 AppleWebKit/537.36 (KHTML, like Gecko; compatible; ClaudeBot/1.0; +claudebot@anthropic.com)"
216.73.216.143 - - [24/Feb/2026:20:59:41 +0300] "GET /app/storage/views/test/408cc7df8b17eb7b4cc96e4158d4731c HTTP/1.1" 200 1290 "-" "Mozilla/5.0 AppleWebKit/537.36 (KHTML, like Gecko; compatible; ClaudeBot/1.0; +claudebot@anthropic.com)"
216.73.216.143 - - [24/Feb/2026:20:59:46 +0300] "GET /app/views-feb%2024/frontend/old HTTP/1.1" 301 298 "-" "Mozilla/5.0 AppleWebKit/537.36 (KHTML, like Gecko; compatible; ClaudeBot/1.0; +claudebot@anthropic.com)"
216.73.216.143 - - [24/Feb/2026:20:59:46 +0300] "GET /app/views-feb%2024/frontend/old/ HTTP/1.1" 200 429 "https://zkteco.jo/app/views-feb%2024/frontend/old" "Mozilla/5.0 AppleWebKit/537.36 (KHTML, like Gecko; compatible; ClaudeBot/1.0; +claudebot@anthropic.com)"
216.73.216.143 - - [24/Feb/2026:20:59:51 +0300] "GET /app/?C=N&O=A HTTP/1.1" 200 445 "-" "Mozilla/5.0 AppleWebKit/537.36 (KHTML, like Gecko; compatible; ClaudeBot/1.0; +claudebot@anthropic.com)"
216.73.216.143 - - [24/Feb/2026:20:59:56 +0300] "GET /vendor/simplesoftwareio/simple-qrcode/?C=N&O=D HTTP/1.1" 200 432 "-" "Mozilla/5.0 AppleWebKit/537.36 (KHTML, like Gecko; compatible; ClaudeBot/1.0; +claudebot@anthropic.com)"
216.73.216.143 - - [24/Feb/2026:21:00:01 +0300] "GET /app/storage/views/test/8c23365bb98546d6e1ecaada698fb5fc HTTP/1.1" 200 1226 "-" "Mozilla/5.0 AppleWebKit/537.36 (KHTML, like Gecko; compatible; ClaudeBot/1.0; +claudebot@anthropic.com)"
216.73.216.143 - - [24/Feb/2026:21:00:06 +0300] "GET /app/storage/views/test/7afcd03542cdeb27888ed337221dc49c HTTP/1.1" 200 1394 "-" "Mozilla/5.0 AppleWebKit/537.36 (KHTML, like Gecko; compatible; ClaudeBot/1.0; +claudebot@anthropic.com)"
103.131.71.39 - - [24/Feb/2026:21:00:10 +0300] "GET /assets/uploads/products/recomended/f8c76e57fd2a1b4ef76599e98e8e8590.png HTTP/1.1" 200 46139 "-" "Mozilla/5.0 (compatible; coccocbot-image/1.0; +http://help.coccoc.com/searchengine)"
216.73.216.143 - - [24/Feb/2026:21:00:11 +0300] "GET /app/storage/views/test/f0966d44bf243b4c97107f8091cfa38f HTTP/1.1" 200 935 "-" "Mozilla/5.0 AppleWebKit/537.36 (KHTML, like Gecko; compatible; ClaudeBot/1.0; +claudebot@anthropic.com)"
216.73.216.143 - - [24/Feb/2026:21:00:16 +0300] "GET /app/storage/views/test/a9e035a2ec85536f21f4e61928806f38 HTTP/1.1" 200 317 "-" "Mozilla/5.0 AppleWebKit/537.36 (KHTML, like Gecko; compatible; ClaudeBot/1.0; +claudebot@anthropic.com)"
216.73.216.143 - - [24/Feb/2026:21:00:21 +0300] "GET /app/storage/views/test/2de4a70b19dd4d0242d8cc0c32e35ed2 HTTP/1.1" 200 1000 "-" "Mozilla/5.0 AppleWebKit/537.36 (KHTML, like Gecko; compatible; ClaudeBot/1.0; +claudebot@anthropic.com)"
216.73.216.143 - - [24/Feb/2026:21:00:26 +0300] "GET /app/storage/views/test/8039c4c3f0f1ea2f265b395f2ac9501a HTTP/1.1" 200 2919 "-" "Mozilla/5.0 AppleWebKit/537.36 (KHTML, like Gecko; compatible; ClaudeBot/1.0; +claudebot@anthropic.com)"
216.73.216.143 - - [24/Feb/2026:21:00:31 +0300] "GET /app/storage/views/f25c14c65c5c13a33a35bdeabff08be7 HTTP/1.1" 200 1342 "-" "Mozilla/5.0 AppleWebKit/537.36 (KHTML, like Gecko; compatible; ClaudeBot/1.0; +claudebot@anthropic.com)"
74.7.242.0 - - [24/Feb/2026:21:00:33 +0300] "GET /vendor/filp/whoops/composer.json HTTP/1.1" 200 334 "https://mail.zkteco.jo/vendor/filp/whoops/" "Mozilla/5.0 AppleWebKit/537.36 (KHTML, like Gecko; compatible; GPTBot/1.3; +https://openai.com/gptbot)"
216.73.216.143 - - [24/Feb/2026:21:00:36 +0300] "GET /app/storage/views/test/933c9ffb0fcf5a04df77e8fdd65342b7 HTTP/1.1" 200 1222 "-" "Mozilla/5.0 AppleWebKit/537.36 (KHTML, like Gecko; compatible; ClaudeBot/1.0; +claudebot@anthropic.com)"
216.73.216.143 - - [24/Feb/2026:21:00:41 +0300] "GET /app/storage/views/test/7a9d8a4324541bf145e94c42bf5d24a4 HTTP/1.1" 200 1933 "-" "Mozilla/5.0 AppleWebKit/537.36 (KHTML, like Gecko; compatible; ClaudeBot/1.0; +claudebot@anthropic.com)"
216.73.216.143 - - [24/Feb/2026:21:00:46 +0300] "GET /app/storage/views/test/590b732b520a74f4fc28787e9f91184c HTTP/1.1" 200 1699 "-" "Mozilla/5.0 AppleWebKit/537.36 (KHTML, like Gecko; compatible; ClaudeBot/1.0; +claudebot@anthropic.com)"
216.73.216.143 - - [24/Feb/2026:21:00:51 +0300] "GET /app/storage/views/test/831ed50244f76d5f939ee549bd52a045 HTTP/1.1" 200 344 "-" "Mozilla/5.0 AppleWebKit/537.36 (KHTML, like Gecko; compatible; ClaudeBot/1.0; +claudebot@anthropic.com)"
216.73.216.143 - - [24/Feb/2026:21:00:56 +0300] "GET /app/storage/views/9fd7d632ed4331b2c51e879fad294889 HTTP/1.1" 200 3979 "-" "Mozilla/5.0 AppleWebKit/537.36 (KHTML, like Gecko; compatible; ClaudeBot/1.0; +claudebot@anthropic.com)"
216.73.216.143 - - [24/Feb/2026:21:01:01 +0300] "GET /app/views/admin/innercontent/?C=M&O=A HTTP/1.1" 200 343 "-" "Mozilla/5.0 AppleWebKit/537.36 (KHTML, like Gecko; compatible; ClaudeBot/1.0; +claudebot@anthropic.com)"
216.73.216.143 - - [24/Feb/2026:21:01:06 +0300] "GET /vendor/nikic/php-parser/test_old/?C=S&O=A HTTP/1.1" 200 317 "-" "Mozilla/5.0 AppleWebKit/537.36 (KHTML, like Gecko; compatible; ClaudeBot/1.0; +claudebot@anthropic.com)"
157.55.39.55 - - [24/Feb/2026:21:01:11 +0300] "GET /assets/uploads/products/pdf/image/small/9d1345fb5cc24625f9702ecbf6d48f1c.png HTTP/1.1" 200 7882 "-" "Mozilla/5.0 AppleWebKit/537.36 (KHTML, like Gecko; compatible; bingbot/2.0; +http://www.bing.com/bingbot.htm) Chrome/116.0.1938.76 Safari/537.36"
216.73.216.143 - - [24/Feb/2026:21:01:11 +0300] "GET /app/storage/views/test/d5544270cfdaa91ac0f1552862602cff HTTP/1.1" 200 1007 "-" "Mozilla/5.0 AppleWebKit/537.36 (KHTML, like Gecko; compatible; ClaudeBot/1.0; +claudebot@anthropic.com)"
216.73.216.143 - - [24/Feb/2026:21:01:16 +0300] "GET /app/storage/views/test/f92b4de56da23814c1ed1562e1245fcd HTTP/1.1" 200 1094 "-" "Mozilla/5.0 AppleWebKit/537.36 (KHTML, like Gecko; compatible; ClaudeBot/1.0; +claudebot@anthropic.com)"
216.73.216.143 - - [24/Feb/2026:21:01:21 +0300] "GET /app/storage/views/test/ca1ee3709d91e9cff6d614580c313d5b HTTP/1.1" 200 1971 "-" "Mozilla/5.0 AppleWebKit/537.36 (KHTML, like Gecko; compatible; ClaudeBot/1.0; +claudebot@anthropic.com)"
216.73.216.143 - - [24/Feb/2026:21:01:26 +0300] "GET /app/storage/views/test/b56be89a331417f6f6fd82bc2d148396 HTTP/1.1" 200 1229 "-" "Mozilla/5.0 AppleWebKit/537.36 (KHTML, like Gecko; compatible; ClaudeBot/1.0; +claudebot@anthropic.com)"
216.73.216.143 - - [24/Feb/2026:21:01:31 +0300] "GET /app/storage/views/test/e179e2c5da21ace25fa491a85e204f65 HTTP/1.1" 200 821 "-" "Mozilla/5.0 AppleWebKit/537.36 (KHTML, like Gecko; compatible; ClaudeBot/1.0; +claudebot@anthropic.com)"
74.7.242.0 - - [24/Feb/2026:21:01:32 +0300] "GET /htmlpurifier/library/HTMLPurifier/AttrDef/CSS.php HTTP/1.1" 500 20 "https://mail.zkteco.jo/htmlpurifier/library/HTMLPurifier/AttrDef/" "Mozilla/5.0 AppleWebKit/537.36 (KHTML, like Gecko; compatible; GPTBot/1.3; +https://openai.com/gptbot)"
216.73.216.143 - - [24/Feb/2026:21:01:36 +0300] "GET /app/storage/views/test/5c0f8a80eebf69393846346946dbb6d0 HTTP/1.1" 200 1637 "-" "Mozilla/5.0 AppleWebKit/537.36 (KHTML, like Gecko; compatible; ClaudeBot/1.0; +claudebot@anthropic.com)"
216.73.216.143 - - [24/Feb/2026:21:01:41 +0300] "GET /app/storage/views/test/85515ef1cdb6ca46acc08d354466544b HTTP/1.1" 200 1322 "-" "Mozilla/5.0 AppleWebKit/537.36 (KHTML, like Gecko; compatible; ClaudeBot/1.0; +claudebot@anthropic.com)"
216.73.216.143 - - [24/Feb/2026:21:01:46 +0300] "GET /app/storage/views/test/4645dab7b6b43d7858a1127fe46e6281 HTTP/1.1" 200 870 "-" "Mozilla/5.0 AppleWebKit/537.36 (KHTML, like Gecko; compatible; ClaudeBot/1.0; +claudebot@anthropic.com)"
216.73.216.143 - - [24/Feb/2026:21:01:51 +0300] "GET /app/storage/views/test/45fc1287be6d63e1f480d99d3c0491e5 HTTP/1.1" 200 493 "-" "Mozilla/5.0 AppleWebKit/537.36 (KHTML, like Gecko; compatible; ClaudeBot/1.0; +claudebot@anthropic.com)"
216.73.216.143 - - [24/Feb/2026:21:01:56 +0300] "GET /app/storage/views/test/c06496e14bcfff048660932d8e80e277 HTTP/1.1" 200 977 "-" "Mozilla/5.0 AppleWebKit/537.36 (KHTML, like Gecko; compatible; ClaudeBot/1.0; +claudebot@anthropic.com)"
216.73.216.143 - - [24/Feb/2026:21:02:01 +0300] "GET /app/storage/views/test/8245ff954f53ae255ac279ca8017c7d0 HTTP/1.1" 200 1528 "-" "Mozilla/5.0 AppleWebKit/537.36 (KHTML, like Gecko; compatible; ClaudeBot/1.0; +claudebot@anthropic.com)"
216.73.216.143 - - [24/Feb/2026:21:02:06 +0300] "GET /app/storage/views/test/dac67b97cf9e26b85f0c3bed68330df1 HTTP/1.1" 200 525 "-" "Mozilla/5.0 AppleWebKit/537.36 (KHTML, like Gecko; compatible; ClaudeBot/1.0; +claudebot@anthropic.com)"
216.73.216.143 - - [24/Feb/2026:21:02:11 +0300] "GET /app/storage/views/test/e827d3f771600c32b2f0eb6e88c1bf9a HTTP/1.1" 200 1082 "-" "Mozilla/5.0 AppleWebKit/537.36 (KHTML, like Gecko; compatible; ClaudeBot/1.0; +claudebot@anthropic.com)"
216.73.216.143 - - [24/Feb/2026:21:02:16 +0300] "GET /app/storage/views/test/b62a92e5a44eef7bb722af416d26250c HTTP/1.1" 200 1001 "-" "Mozilla/5.0 AppleWebKit/537.36 (KHTML, like Gecko; compatible; ClaudeBot/1.0; +claudebot@anthropic.com)"
216.73.216.143 - - [24/Feb/2026:21:02:21 +0300] "GET /app/storage/views/test/a2b19922bd40ee27ca605aa77c6c665f HTTP/1.1" 200 1123 "-" "Mozilla/5.0 AppleWebKit/537.36 (KHTML, like Gecko; compatible; ClaudeBot/1.0; +claudebot@anthropic.com)"
74.7.242.0 - - [24/Feb/2026:21:02:22 +0300] "GET /app/views-feb%2024/admin/team/list.blade.php HTTP/1.1" 200 532 "https://mail.zkteco.jo/app/views-feb%2024/admin/team/" "Mozilla/5.0 AppleWebKit/537.36 (KHTML, like Gecko; compatible; GPTBot/1.3; +https://openai.com/gptbot)"
216.73.216.143 - - [24/Feb/2026:21:02:26 +0300] "GET /app/storage/views/test/45440f57bea045aaf58eb085d05274cf HTTP/1.1" 200 980 "-" "Mozilla/5.0 AppleWebKit/537.36 (KHTML, like Gecko; compatible; ClaudeBot/1.0; +claudebot@anthropic.com)"
216.73.216.143 - - [24/Feb/2026:21:02:31 +0300] "GET /app/storage/views/test/7e953e7a72fce04e88b3b5ed7ff0e185 HTTP/1.1" 200 434 "-" "Mozilla/5.0 AppleWebKit/537.36 (KHTML, like Gecko; compatible; ClaudeBot/1.0; +claudebot@anthropic.com)"
216.73.216.143 - - [24/Feb/2026:21:02:37 +0300] "GET /vendor/laravel/framework/src/Illuminate/Routing/?C=M&O=A HTTP/1.1" 200 585 "-" "Mozilla/5.0 AppleWebKit/537.36 (KHTML, like Gecko; compatible; ClaudeBot/1.0; +claudebot@anthropic.com)"
216.73.216.143 - - [24/Feb/2026:21:02:41 +0300] "GET /vendor/laravel/framework/src/Illuminate/Auth/Console/?C=N&O=A HTTP/1.1" 200 412 "-" "Mozilla/5.0 AppleWebKit/537.36 (KHTML, like Gecko; compatible; ClaudeBot/1.0; +claudebot@anthropic.com)"
216.73.216.143 - - [24/Feb/2026:21:02:46 +0300] "GET /vendor/laravel/framework/src/Illuminate/Support/?C=S&O=A HTTP/1.1" 200 622 "-" "Mozilla/5.0 AppleWebKit/537.36 (KHTML, like Gecko; compatible; ClaudeBot/1.0; +claudebot@anthropic.com)"
216.73.216.143 - - [24/Feb/2026:21:02:51 +0300] "GET /vendor/laravel/framework/src/Illuminate/Routing/Console/?C=N&O=A HTTP/1.1" 200 352 "-" "Mozilla/5.0 AppleWebKit/537.36 (KHTML, like Gecko; compatible; ClaudeBot/1.0; +claudebot@anthropic.com)"
216.73.216.143 - - [24/Feb/2026:21:02:56 +0300] "GET /vendor/laravel/framework/src/Illuminate/Session/?C=N&O=A HTTP/1.1" 200 597 "-" "Mozilla/5.0 AppleWebKit/537.36 (KHTML, like Gecko; compatible; ClaudeBot/1.0; +claudebot@anthropic.com)"
216.73.216.143 - - [24/Feb/2026:21:03:02 +0300] "GET /app/storage/views/test/assets/images/gallery6.jpg HTTP/1.1" 404 36 "-" "Mozilla/5.0 AppleWebKit/537.36 (KHTML, like Gecko; compatible; ClaudeBot/1.0; +claudebot@anthropic.com)"
85.208.96.199 - - [24/Feb/2026:21:03:03 +0300] "GET /product-details/Premium%20Product%20Line/proid-rs485-1 HTTP/1.1" 404 36 "-" "Mozilla/5.0 (compatible; SemrushBot/7~bl; +http://www.semrush.com/bot.html)"
216.73.216.143 - - [24/Feb/2026:21:03:07 +0300] "GET /vendor/laravel/framework/src/Illuminate/Support/?C=D&O=A HTTP/1.1" 200 628 "-" "Mozilla/5.0 AppleWebKit/537.36 (KHTML, like Gecko; compatible; ClaudeBot/1.0; +claudebot@anthropic.com)"
216.73.216.143 - - [24/Feb/2026:21:03:11 +0300] "GET /vendor/filp/whoops/src/Whoops/?C=S&O=A HTTP/1.1" 200 388 "-" "Mozilla/5.0 AppleWebKit/537.36 (KHTML, like Gecko; compatible; ClaudeBot/1.0; +claudebot@anthropic.com)"
185.191.171.3 - - [24/Feb/2026:21:03:16 +0300] "GET /robots.txt HTTP/1.1" 404 36 "-" "Mozilla/5.0 (compatible; SemrushBot/7~bl; +http://www.semrush.com/bot.html)"
216.73.216.143 - - [24/Feb/2026:21:03:16 +0300] "GET /vendor/laravel/framework/src/Illuminate/Support/?C=M&O=A HTTP/1.1" 200 623 "-" "Mozilla/5.0 AppleWebKit/537.36 (KHTML, like Gecko; compatible; ClaudeBot/1.0; +claudebot@anthropic.com)"
157.55.39.55 - - [24/Feb/2026:21:03:21 +0300] "GET /product-details/Premium%20Product%20Line/g3-plus HTTP/1.1" 404 36 "-" "Mozilla/5.0 AppleWebKit/537.36 (KHTML, like Gecko; compatible; bingbot/2.0; +http://www.bing.com/bingbot.htm) Chrome/116.0.1938.76 Safari/537.36"
216.73.216.143 - - [24/Feb/2026:21:03:21 +0300] "GET /vendor/filp/whoops/src/Whoops/?C=D&O=A HTTP/1.1" 200 390 "-" "Mozilla/5.0 AppleWebKit/537.36 (KHTML, like Gecko; compatible; ClaudeBot/1.0; +claudebot@anthropic.com)"
74.7.242.0 - - [24/Feb/2026:21:03:23 +0300] "GET /app/views/frontend/old/layout/contactus.blade.php HTTP/1.1" 500 302 "https://mail.zkteco.jo/app/views/frontend/old/layout/" "Mozilla/5.0 AppleWebKit/537.36 (KHTML, like Gecko; compatible; GPTBot/1.3; +https://openai.com/gptbot)"
216.73.216.143 - - [24/Feb/2026:21:03:26 +0300] "GET /vendor/laravel/framework/src/Illuminate/Support/?C=N&O=D HTTP/1.1" 200 626 "-" "Mozilla/5.0 AppleWebKit/537.36 (KHTML, like Gecko; compatible; ClaudeBot/1.0; +claudebot@anthropic.com)"
216.73.216.143 - - [24/Feb/2026:21:03:31 +0300] "GET /vendor/filp/whoops/src/Whoops/?C=M&O=A HTTP/1.1" 200 394 "-" "Mozilla/5.0 AppleWebKit/537.36 (KHTML, like Gecko; compatible; ClaudeBot/1.0; +claudebot@anthropic.com)"
216.73.216.143 - - [24/Feb/2026:21:03:36 +0300] "GET /vendor/laravel/framework/src/Illuminate/Workbench/Console/?C=S&O=A HTTP/1.1" 200 349 "-" "Mozilla/5.0 AppleWebKit/537.36 (KHTML, like Gecko; compatible; ClaudeBot/1.0; +claudebot@anthropic.com)"
216.73.216.143 - - [24/Feb/2026:21:03:41 +0300] "GET /vendor/filp/whoops/src/Whoops/?C=N&O=D HTTP/1.1" 200 392 "-" "Mozilla/5.0 AppleWebKit/537.36 (KHTML, like Gecko; compatible; ClaudeBot/1.0; +claudebot@anthropic.com)"
85.208.96.193 - - [24/Feb/2026:21:03:46 +0300] "GET /product-details/Premium%20Product%20Line/mb560-vl-1 HTTP/1.1" 404 36 "-" "Mozilla/5.0 (compatible; SemrushBot/7~bl; +http://www.semrush.com/bot.html)"
216.73.216.143 - - [24/Feb/2026:21:03:46 +0300] "GET /vendor/laravel/framework/src/Illuminate/View/?C=N&O=D HTTP/1.1" 200 464 "-" "Mozilla/5.0 AppleWebKit/537.36 (KHTML, like Gecko; compatible; ClaudeBot/1.0; +claudebot@anthropic.com)"
216.73.216.143 - - [24/Feb/2026:21:03:51 +0300] "GET /vendor/laravel/framework/src/Illuminate/Workbench/Console/?C=D&O=A HTTP/1.1" 200 349 "-" "Mozilla/5.0 AppleWebKit/537.36 (KHTML, like Gecko; compatible; ClaudeBot/1.0; +claudebot@anthropic.com)"
216.73.216.143 - - [24/Feb/2026:21:03:56 +0300] "GET /vendor/laravel/framework/src/Illuminate/Session/?C=D&O=A HTTP/1.1" 200 597 "-" "Mozilla/5.0 AppleWebKit/537.36 (KHTML, like Gecko; compatible; ClaudeBot/1.0; +claudebot@anthropic.com)"
216.73.216.143 - - [24/Feb/2026:21:04:01 +0300] "GET /vendor/laravel/framework/src/Illuminate/Remote/?C=S&O=A HTTP/1.1" 200 479 "-" "Mozilla/5.0 AppleWebKit/537.36 (KHTML, like Gecko; compatible; ClaudeBot/1.0; +claudebot@anthropic.com)"
216.73.216.143 - - [24/Feb/2026:21:04:06 +0300] "GET /vendor/laravel/framework/src/Illuminate/Routing/Console/?C=M&O=A HTTP/1.1" 200 351 "-" "Mozilla/5.0 AppleWebKit/537.36 (KHTML, like Gecko; compatible; ClaudeBot/1.0; +claudebot@anthropic.com)"
216.73.216.143 - - [24/Feb/2026:21:04:11 +0300] "GET /vendor/laravel/framework/src/Illuminate/Config/?C=N&O=D HTTP/1.1" 200 445 "-" "Mozilla/5.0 AppleWebKit/537.36 (KHTML, like Gecko; compatible; ClaudeBot/1.0; +claudebot@anthropic.com)"
216.73.216.143 - - [24/Feb/2026:21:04:16 +0300] "GET /vendor/laravel/framework/src/Illuminate/Auth/Console/?C=N&O=D HTTP/1.1" 200 409 "-" "Mozilla/5.0 AppleWebKit/537.36 (KHTML, like Gecko; compatible; ClaudeBot/1.0; +claudebot@anthropic.com)"
74.7.242.0 - - [24/Feb/2026:21:04:21 +0300] "GET /app/views-feb%2024/frontend/old/index.blade.php HTTP/1.1" 200 637 "https://mail.zkteco.jo/app/views-feb%2024/frontend/old/" "Mozilla/5.0 AppleWebKit/537.36 (KHTML, like Gecko; compatible; GPTBot/1.3; +https://openai.com/gptbot)"
216.73.216.143 - - [24/Feb/2026:21:04:21 +0300] "GET /vendor/laravel/framework/src/Illuminate/Exception/?C=M&O=D HTTP/1.1" 200 486 "-" "Mozilla/5.0 AppleWebKit/537.36 (KHTML, like Gecko; compatible; ClaudeBot/1.0; +claudebot@anthropic.com)"
216.73.216.143 - - [24/Feb/2026:21:04:26 +0300] "GET /vendor/symfony/filesystem/Symfony/Component/?C=S&O=A HTTP/1.1" 200 314 "-" "Mozilla/5.0 AppleWebKit/537.36 (KHTML, like Gecko; compatible; ClaudeBot/1.0; +claudebot@anthropic.com)"
216.73.216.143 - - [24/Feb/2026:21:04:31 +0300] "GET /vendor/laravel/framework/src/Illuminate/Workbench/Console/?C=M&O=A HTTP/1.1" 200 350 "-" "Mozilla/5.0 AppleWebKit/537.36 (KHTML, like Gecko; compatible; ClaudeBot/1.0; +claudebot@anthropic.com)"
216.73.216.143 - - [24/Feb/2026:21:04:37 +0300] "GET /vendor/laravel/framework/src/Illuminate/Foundation/?C=M&O=D HTTP/1.1" 200 585 "-" "Mozilla/5.0 AppleWebKit/537.36 (KHTML, like Gecko; compatible; ClaudeBot/1.0; +claudebot@anthropic.com)"
216.73.216.143 - - [24/Feb/2026:21:04:41 +0300] "GET /app/views-feb%2024/admin/users/?C=N&O=D HTTP/1.1" 200 345 "-" "Mozilla/5.0 AppleWebKit/537.36 (KHTML, like Gecko; compatible; ClaudeBot/1.0; +claudebot@anthropic.com)"
216.73.216.143 - - [24/Feb/2026:21:04:46 +0300] "GET /vendor/laravel/framework/src/Illuminate/Container/?C=N&O=A HTTP/1.1" 200 389 "-" "Mozilla/5.0 AppleWebKit/537.36 (KHTML, like Gecko; compatible; ClaudeBot/1.0; +claudebot@anthropic.com)"
216.73.216.143 - - [24/Feb/2026:21:04:51 +0300] "GET /vendor/laravel/framework/src/Illuminate/Database/Migrations/stubs/?C=M&O=A HTTP/1.1" 200 372 "-" "Mozilla/5.0 AppleWebKit/537.36 (KHTML, like Gecko; compatible; ClaudeBot/1.0; +claudebot@anthropic.com)"
216.73.216.143 - - [24/Feb/2026:21:04:56 +0300] "GET /vendor/laravel/framework/src/Illuminate/Database/Migrations/stubs/?C=N&O=D HTTP/1.1" 200 369 "-" "Mozilla/5.0 AppleWebKit/537.36 (KHTML, like Gecko; compatible; ClaudeBot/1.0; +claudebot@anthropic.com)"
216.73.216.143 - - [24/Feb/2026:21:05:01 +0300] "GET /vendor/laravel/framework/src/Illuminate/Hashing/?C=N&O=A HTTP/1.1" 200 403 "-" "Mozilla/5.0 AppleWebKit/537.36 (KHTML, like Gecko; compatible; ClaudeBot/1.0; +claudebot@anthropic.com)"
52.167.144.173 - - [24/Feb/2026:21:05:03 +0300] "GET /assets/uploads/products/pdf/image/small/xaba017514b06b5e78e1f52fe9bdf3a00.PNG.pagespeed.ic.bHQcKyPOlP.jpg HTTP/1.1" 404 36 "-" "Mozilla/5.0 AppleWebKit/537.36 (KHTML, like Gecko; compatible; bingbot/2.0; +http://www.bing.com/bingbot.htm) Chrome/116.0.1938.76 Safari/537.36"
216.73.216.143 - - [24/Feb/2026:21:05:06 +0300] "GET /vendor/laravel/framework/src/Illuminate/Redis/?C=S&O=D HTTP/1.1" 200 383 "-" "Mozilla/5.0 AppleWebKit/537.36 (KHTML, like Gecko; compatible; ClaudeBot/1.0; +claudebot@anthropic.com)"
216.73.216.143 - - [24/Feb/2026:21:05:11 +0300] "GET /vendor/laravel/framework/src/Illuminate/Html/?C=N&O=A HTTP/1.1" 200 389 "-" "Mozilla/5.0 AppleWebKit/537.36 (KHTML, like Gecko; compatible; ClaudeBot/1.0; +claudebot@anthropic.com)"
216.73.216.143 - - [24/Feb/2026:21:05:16 +0300] "GET /vendor/laravel/framework/src/Illuminate/Translation/?C=S&O=D HTTP/1.1" 200 419 "-" "Mozilla/5.0 AppleWebKit/537.36 (KHTML, like Gecko; compatible; ClaudeBot/1.0; +claudebot@anthropic.com)"
216.73.216.143 - - [24/Feb/2026:21:05:21 +0300] "GET /vendor/laravel/framework/src/Illuminate/Redis/?C=M&O=D HTTP/1.1" 200 377 "-" "Mozilla/5.0 AppleWebKit/537.36 (KHTML, like Gecko; compatible; ClaudeBot/1.0; +claudebot@anthropic.com)"
216.73.216.143 - - [24/Feb/2026:21:05:26 +0300] "GET /vendor/symfony/http-foundation/Symfony/?C=S&O=A HTTP/1.1" 200 315 "-" "Mozilla/5.0 AppleWebKit/537.36 (KHTML, like Gecko; compatible; ClaudeBot/1.0; +claudebot@anthropic.com)"
74.7.242.0 - - [24/Feb/2026:21:05:26 +0300] "GET /vendor/intervention/image/tests/ContrastCommandTest.php HTTP/1.1" 500 20 "https://mail.zkteco.jo/vendor/intervention/image/tests/" "Mozilla/5.0 AppleWebKit/537.36 (KHTML, like Gecko; compatible; GPTBot/1.3; +https://openai.com/gptbot)"
216.73.216.143 - - [24/Feb/2026:21:05:31 +0300] "GET /vendor/laravel/framework/src/Illuminate/Translation/?C=M&O=D HTTP/1.1" 200 416 "-" "Mozilla/5.0 AppleWebKit/537.36 (KHTML, like Gecko; compatible; ClaudeBot/1.0; +claudebot@anthropic.com)"
216.73.216.143 - - [24/Feb/2026:21:05:37 +0300] "GET /app/storage/views/test/3a498563623267ca2b9eb5e2573e008c HTTP/1.1" 200 1010 "-" "Mozilla/5.0 AppleWebKit/537.36 (KHTML, like Gecko; compatible; ClaudeBot/1.0; +claudebot@anthropic.com)"
40.77.167.55 - - [24/Feb/2026:21:05:39 +0300] "GET /search?_token=1KFwbAk6fLVAtrRxmc0qLgaCALlKLVc7NxQtkrxT&searchterm=2027 HTTP/1.1" 404 36 "-" "Mozilla/5.0 AppleWebKit/537.36 (KHTML, like Gecko; compatible; bingbot/2.0; +http://www.bing.com/bingbot.htm) Chrome/116.0.1938.76 Safari/537.36"
216.73.216.143 - - [24/Feb/2026:21:05:42 +0300] "GET /app/storage/views/test/63eaa279f83f1473ce9853c2b344ac1b HTTP/1.1" 200 974 "-" "Mozilla/5.0 AppleWebKit/537.36 (KHTML, like Gecko; compatible; ClaudeBot/1.0; +claudebot@anthropic.com)"
216.73.216.143 - - [24/Feb/2026:21:05:46 +0300] "GET /app/views/?C=S&O=A HTTP/1.1" 200 366 "-" "Mozilla/5.0 AppleWebKit/537.36 (KHTML, like Gecko; compatible; ClaudeBot/1.0; +claudebot@anthropic.com)"
216.73.216.143 - - [24/Feb/2026:21:05:47 +0300] "GET /app/storage/views/test/b9cfa11054166ac79b10cad083aff6fd HTTP/1.1" 200 1041 "-" "Mozilla/5.0 AppleWebKit/537.36 (KHTML, like Gecko; compatible; ClaudeBot/1.0; +claudebot@anthropic.com)"
40.77.167.55 - - [24/Feb/2026:21:05:48 +0300] "GET /download-file/1606 HTTP/1.1" 404 36 "-" "Mozilla/5.0 AppleWebKit/537.36 (KHTML, like Gecko; compatible; bingbot/2.0; +http://www.bing.com/bingbot.htm) Chrome/116.0.1938.76 Safari/537.36"
216.73.216.143 - - [24/Feb/2026:21:05:51 +0300] "GET /app/storage/views/test/07f731b689567a27b66ca0f6b2107e08 HTTP/1.1" 200 589 "-" "Mozilla/5.0 AppleWebKit/537.36 (KHTML, like Gecko; compatible; ClaudeBot/1.0; +claudebot@anthropic.com)"
216.73.216.143 - - [24/Feb/2026:21:05:52 +0300] "GET /app/storage/views/test/5b5d7f55979c8cf05499d92dc3540344 HTTP/1.1" 200 1375 "-" "Mozilla/5.0 AppleWebKit/537.36 (KHTML, like Gecko; compatible; ClaudeBot/1.0; +claudebot@anthropic.com)"
216.73.216.143 - - [24/Feb/2026:21:05:56 +0300] "GET /app/storage/views/test/b37975dc8aa7a254bf6e1f5d90250f4d HTTP/1.1" 200 773 "-" "Mozilla/5.0 AppleWebKit/537.36 (KHTML, like Gecko; compatible; ClaudeBot/1.0; +claudebot@anthropic.com)"
216.73.216.143 - - [24/Feb/2026:21:05:56 +0300] "GET /app/storage/views/test/89457f1459922945102c36380d80cceb HTTP/1.1" 200 1061 "-" "Mozilla/5.0 AppleWebKit/537.36 (KHTML, like Gecko; compatible; ClaudeBot/1.0; +claudebot@anthropic.com)"
216.73.216.143 - - [24/Feb/2026:21:05:57 +0300] "GET /app/storage/views/test/d29dc608a8453a5ffc1fc205c9c547c7 HTTP/1.1" 200 489 "-" "Mozilla/5.0 AppleWebKit/537.36 (KHTML, like Gecko; compatible; ClaudeBot/1.0; +claudebot@anthropic.com)"
216.73.216.143 - - [24/Feb/2026:21:06:01 +0300] "GET /app/storage/views/test/406fd7aab5b52901f90a5afae533ac16 HTTP/1.1" 200 1457 "-" "Mozilla/5.0 AppleWebKit/537.36 (KHTML, like Gecko; compatible; ClaudeBot/1.0; +claudebot@anthropic.com)"
216.73.216.143 - - [24/Feb/2026:21:06:01 +0300] "GET /app/storage/views/test/979b36284facaf9225c8cafeda330387 HTTP/1.1" 200 1085 "-" "Mozilla/5.0 AppleWebKit/537.36 (KHTML, like Gecko; compatible; ClaudeBot/1.0; +claudebot@anthropic.com)"
216.73.216.143 - - [24/Feb/2026:21:06:02 +0300] "GET /app/storage/views/test/6647d95a852d391987b1c4d07b0fcee4 HTTP/1.1" 200 832 "-" "Mozilla/5.0 AppleWebKit/537.36 (KHTML, like Gecko; compatible; ClaudeBot/1.0; +claudebot@anthropic.com)"
216.73.216.143 - - [24/Feb/2026:21:06:06 +0300] "GET /app/storage/views/test/a10afd0464742b6b52880781baca45dc HTTP/1.1" 200 21 "-" "Mozilla/5.0 AppleWebKit/537.36 (KHTML, like Gecko; compatible; ClaudeBot/1.0; +claudebot@anthropic.com)"
216.73.216.143 - - [24/Feb/2026:21:06:06 +0300] "GET /app/storage/views/test/530ca02835176d0d8e8685f0b2afc39a HTTP/1.1" 200 827 "-" "Mozilla/5.0 AppleWebKit/537.36 (KHTML, like Gecko; compatible; ClaudeBot/1.0; +claudebot@anthropic.com)"
216.73.216.143 - - [24/Feb/2026:21:06:07 +0300] "GET /app/storage/views/test/4564963de9afae60662b28bf372a69e7 HTTP/1.1" 200 2528 "-" "Mozilla/5.0 AppleWebKit/537.36 (KHTML, like Gecko; compatible; ClaudeBot/1.0; +claudebot@anthropic.com)"
216.73.216.143 - - [24/Feb/2026:21:06:11 +0300] "GET /app/storage/views/test/ffaf0c451dd05f28f792363d9115c912 HTTP/1.1" 200 980 "-" "Mozilla/5.0 AppleWebKit/537.36 (KHTML, like Gecko; compatible; ClaudeBot/1.0; +claudebot@anthropic.com)"
216.73.216.143 - - [24/Feb/2026:21:06:11 +0300] "GET /app/storage/views/test/2b55b6d7f95fc9eb6c1968cc028a26e3 HTTP/1.1" 200 801 "-" "Mozilla/5.0 AppleWebKit/537.36 (KHTML, like Gecko; compatible; ClaudeBot/1.0; +claudebot@anthropic.com)"
216.73.216.143 - - [24/Feb/2026:21:06:12 +0300] "GET /app/storage/views/test/9b1dd5494bd02def6cc20cc474c5254f HTTP/1.1" 200 1054 "-" "Mozilla/5.0 AppleWebKit/537.36 (KHTML, like Gecko; compatible; ClaudeBot/1.0; +claudebot@anthropic.com)"
216.73.216.143 - - [24/Feb/2026:21:06:16 +0300] "GET /app/storage/views/test/33e0b9bab657459a9d1df0492b9713e8 HTTP/1.1" 200 434 "-" "Mozilla/5.0 AppleWebKit/537.36 (KHTML, like Gecko; compatible; ClaudeBot/1.0; +claudebot@anthropic.com)"
216.73.216.143 - - [24/Feb/2026:21:06:17 +0300] "GET /app/storage/views/test/db555203280b77d6cfc8e22fb0db7185 HTTP/1.1" 200 294 "-" "Mozilla/5.0 AppleWebKit/537.36 (KHTML, like Gecko; compatible; ClaudeBot/1.0; +claudebot@anthropic.com)"
216.73.216.143 - - [24/Feb/2026:21:06:21 +0300] "GET /app/storage/views/test/8844c62261ea13b25cb3551d83b2eb78 HTTP/1.1" 200 779 "-" "Mozilla/5.0 AppleWebKit/537.36 (KHTML, like Gecko; compatible; ClaudeBot/1.0; +claudebot@anthropic.com)"
