216.73.216.143 - - [24/Feb/2026:21:06:22 +0300] "GET /app/storage/views/test/fe5ca915e7615dc05354c7a7302e80c1 HTTP/1.1" 200 950 "-" "Mozilla/5.0 AppleWebKit/537.36 (KHTML, like Gecko; compatible; ClaudeBot/1.0; +claudebot@anthropic.com)"
74.7.242.0 - - [24/Feb/2026:21:06:24 +0300] "GET /htmlpurifier/library/HTMLPurifier/ChildDef/List.php HTTP/1.1" 500 20 "https://mail.zkteco.jo/htmlpurifier/library/HTMLPurifier/ChildDef/" "Mozilla/5.0 AppleWebKit/537.36 (KHTML, like Gecko; compatible; GPTBot/1.3; +https://openai.com/gptbot)"
216.73.216.143 - - [24/Feb/2026:21:06:27 +0300] "GET /app/storage/views/test/9395cec7351422201ed47ea829fe9db0 HTTP/1.1" 200 438 "-" "Mozilla/5.0 AppleWebKit/537.36 (KHTML, like Gecko; compatible; ClaudeBot/1.0; +claudebot@anthropic.com)"
216.73.216.143 - - [24/Feb/2026:21:06:32 +0300] "GET /app/storage/views/60f311932291e3de70ba54ad1f2ddefc HTTP/1.1" 200 450 "-" "Mozilla/5.0 AppleWebKit/537.36 (KHTML, like Gecko; compatible; ClaudeBot/1.0; +claudebot@anthropic.com)"
216.73.216.143 - - [24/Feb/2026:21:06:38 +0300] "GET /htmlpurifier/art/?C=M&O=A HTTP/1.1" 200 439 "-" "Mozilla/5.0 AppleWebKit/537.36 (KHTML, like Gecko; compatible; ClaudeBot/1.0; +claudebot@anthropic.com)"
216.73.216.143 - - [24/Feb/2026:21:06:43 +0300] "GET /app/storage/views/test/78ad846b4e7f9e3c80a1f840d0d6aa56 HTTP/1.1" 200 964 "-" "Mozilla/5.0 AppleWebKit/537.36 (KHTML, like Gecko; compatible; ClaudeBot/1.0; +claudebot@anthropic.com)"
216.73.216.143 - - [24/Feb/2026:21:06:48 +0300] "GET /app/storage/?C=S&O=A HTTP/1.1" 200 384 "-" "Mozilla/5.0 AppleWebKit/537.36 (KHTML, like Gecko; compatible; ClaudeBot/1.0; +claudebot@anthropic.com)"
216.73.216.143 - - [24/Feb/2026:21:06:53 +0300] "GET /app/storage/views/test/ad4909373a7ae0dd205ebff881326853 HTTP/1.1" 200 551 "-" "Mozilla/5.0 AppleWebKit/537.36 (KHTML, like Gecko; compatible; ClaudeBot/1.0; +claudebot@anthropic.com)"
216.73.216.143 - - [24/Feb/2026:21:06:58 +0300] "GET /app/storage/views/test/fb3e9a0492a25f8e6c49b07eff26b226 HTTP/1.1" 200 389 "-" "Mozilla/5.0 AppleWebKit/537.36 (KHTML, like Gecko; compatible; ClaudeBot/1.0; +claudebot@anthropic.com)"
216.73.216.143 - - [24/Feb/2026:21:07:02 +0300] "GET /app/storage/views/test/39690537d18342d6b1a97ba0e008d1a0 HTTP/1.1" 200 823 "-" "Mozilla/5.0 AppleWebKit/537.36 (KHTML, like Gecko; compatible; ClaudeBot/1.0; +claudebot@anthropic.com)"
216.73.216.143 - - [24/Feb/2026:21:07:03 +0300] "GET /vendor/nikic/php-parser/lib/PHPParser/Node/Scalar/?C=N&O=A HTTP/1.1" 200 492 "-" "Mozilla/5.0 AppleWebKit/537.36 (KHTML, like Gecko; compatible; ClaudeBot/1.0; +claudebot@anthropic.com)"
216.73.216.143 - - [24/Feb/2026:21:07:07 +0300] "GET /app/storage/views/test/899c51952dfc1038853dea89ec93f420 HTTP/1.1" 200 920 "-" "Mozilla/5.0 AppleWebKit/537.36 (KHTML, like Gecko; compatible; ClaudeBot/1.0; +claudebot@anthropic.com)"
216.73.216.143 - - [24/Feb/2026:21:07:08 +0300] "GET /app/storage/views/test/db260c715c164ea8e89782e16403b851 HTTP/1.1" 200 624 "-" "Mozilla/5.0 AppleWebKit/537.36 (KHTML, like Gecko; compatible; ClaudeBot/1.0; +claudebot@anthropic.com)"
216.73.216.143 - - [24/Feb/2026:21:07:12 +0300] "GET /app/config/?C=D&O=D HTTP/1.1" 200 518 "-" "Mozilla/5.0 AppleWebKit/537.36 (KHTML, like Gecko; compatible; ClaudeBot/1.0; +claudebot@anthropic.com)"
216.73.216.143 - - [24/Feb/2026:21:07:13 +0300] "GET /app/storage/views/test/14dc9239e1447ee7364793fb8139b0ec HTTP/1.1" 200 380 "-" "Mozilla/5.0 AppleWebKit/537.36 (KHTML, like Gecko; compatible; ClaudeBot/1.0; +claudebot@anthropic.com)"
216.73.216.143 - - [24/Feb/2026:21:07:17 +0300] "GET /app/storage/views/test/2b6cba0b3587805d30bad293d171b51b HTTP/1.1" 200 880 "-" "Mozilla/5.0 AppleWebKit/537.36 (KHTML, like Gecko; compatible; ClaudeBot/1.0; +claudebot@anthropic.com)"
216.73.216.143 - - [24/Feb/2026:21:07:18 +0300] "GET /app/storage/views/test/eccb9fe3cca252369b3b53f6aa89ed78 HTTP/1.1" 200 943 "-" "Mozilla/5.0 AppleWebKit/537.36 (KHTML, like Gecko; compatible; ClaudeBot/1.0; +claudebot@anthropic.com)"
216.73.216.143 - - [24/Feb/2026:21:07:22 +0300] "GET /app/storage/views/test/ae55bf6a47f235ffd9c6c59fde6cad73 HTTP/1.1" 200 463 "-" "Mozilla/5.0 AppleWebKit/537.36 (KHTML, like Gecko; compatible; ClaudeBot/1.0; +claudebot@anthropic.com)"
216.73.216.143 - - [24/Feb/2026:21:07:23 +0300] "GET /app/storage/views/test/6b32c4c1e6530b576b70f55b2270ecd4 HTTP/1.1" 200 1608 "-" "Mozilla/5.0 AppleWebKit/537.36 (KHTML, like Gecko; compatible; ClaudeBot/1.0; +claudebot@anthropic.com)"
52.167.144.183 - - [24/Feb/2026:21:07:26 +0300] "GET /product-details/Products/proface-x-td HTTP/1.1" 404 36 "-" "Mozilla/5.0 AppleWebKit/537.36 (KHTML, like Gecko; compatible; bingbot/2.0; +http://www.bing.com/bingbot.htm) Chrome/116.0.1938.76 Safari/537.36"
216.73.216.143 - - [24/Feb/2026:21:07:27 +0300] "GET /app/database/seeds/?C=D&O=A HTTP/1.1" 200 302 "-" "Mozilla/5.0 AppleWebKit/537.36 (KHTML, like Gecko; compatible; ClaudeBot/1.0; +claudebot@anthropic.com)"
216.73.216.143 - - [24/Feb/2026:21:07:28 +0300] "GET /vendor/bacon/bacon-qr-code/src/?C=N&O=D HTTP/1.1" 200 307 "-" "Mozilla/5.0 AppleWebKit/537.36 (KHTML, like Gecko; compatible; ClaudeBot/1.0; +claudebot@anthropic.com)"
74.7.242.0 - - [24/Feb/2026:21:07:29 +0300] "GET /htmlpurifier/library/HTMLPurifier/Strategy/Core.php HTTP/1.1" 500 20 "https://mail.zkteco.jo/htmlpurifier/library/HTMLPurifier/Strategy/" "Mozilla/5.0 AppleWebKit/537.36 (KHTML, like Gecko; compatible; GPTBot/1.3; +https://openai.com/gptbot)"
216.73.216.143 - - [24/Feb/2026:21:07:33 +0300] "GET /app/storage/views/test/5cab32e07c94acdf3c44f6f6a5032125 HTTP/1.1" 200 297 "-" "Mozilla/5.0 AppleWebKit/537.36 (KHTML, like Gecko; compatible; ClaudeBot/1.0; +claudebot@anthropic.com)"
216.73.216.143 - - [24/Feb/2026:21:07:38 +0300] "GET /app/storage/views/886376f617afd3f2812f72b11b8cceec HTTP/1.1" 200 1271 "-" "Mozilla/5.0 AppleWebKit/537.36 (KHTML, like Gecko; compatible; ClaudeBot/1.0; +claudebot@anthropic.com)"
216.73.216.143 - - [24/Feb/2026:21:07:43 +0300] "GET /app/storage/views/test/4aa9abc23ad2130d16d7259a88e5a1d4 HTTP/1.1" 200 1220 "-" "Mozilla/5.0 AppleWebKit/537.36 (KHTML, like Gecko; compatible; ClaudeBot/1.0; +claudebot@anthropic.com)"
216.73.216.143 - - [24/Feb/2026:21:07:48 +0300] "GET /app/views/admin/menus/?C=N&O=D HTTP/1.1" 200 335 "-" "Mozilla/5.0 AppleWebKit/537.36 (KHTML, like Gecko; compatible; ClaudeBot/1.0; +claudebot@anthropic.com)"
216.73.216.143 - - [24/Feb/2026:21:07:54 +0300] "GET /app/views/?C=N&O=A HTTP/1.1" 200 366 "-" "Mozilla/5.0 AppleWebKit/537.36 (KHTML, like Gecko; compatible; ClaudeBot/1.0; +claudebot@anthropic.com)"
216.73.216.143 - - [24/Feb/2026:21:07:59 +0300] "GET /app/storage/views/test/a36392067a7c63e484cb270028393cd7 HTTP/1.1" 200 1461 "-" "Mozilla/5.0 AppleWebKit/537.36 (KHTML, like Gecko; compatible; ClaudeBot/1.0; +claudebot@anthropic.com)"
216.73.216.143 - - [24/Feb/2026:21:08:04 +0300] "GET /app/storage/views/test/ee55f446d90864d65518555d82fc0818 HTTP/1.1" 200 1521 "-" "Mozilla/5.0 AppleWebKit/537.36 (KHTML, like Gecko; compatible; ClaudeBot/1.0; +claudebot@anthropic.com)"
216.73.216.143 - - [24/Feb/2026:21:08:06 +0300] "GET /app/views/admin/training/video/?C=D&O=A HTTP/1.1" 200 341 "-" "Mozilla/5.0 AppleWebKit/537.36 (KHTML, like Gecko; compatible; ClaudeBot/1.0; +claudebot@anthropic.com)"
216.73.216.143 - - [24/Feb/2026:21:08:09 +0300] "GET /app/commands/?C=D&O=D HTTP/1.1" 200 255 "-" "Mozilla/5.0 AppleWebKit/537.36 (KHTML, like Gecko; compatible; ClaudeBot/1.0; +claudebot@anthropic.com)"
216.73.216.143 - - [24/Feb/2026:21:08:11 +0300] "GET /app/storage/views/test/0bf952be6e9cad1a26240fd138abeb23 HTTP/1.1" 200 198 "-" "Mozilla/5.0 AppleWebKit/537.36 (KHTML, like Gecko; compatible; ClaudeBot/1.0; +claudebot@anthropic.com)"
216.73.216.143 - - [24/Feb/2026:21:08:14 +0300] "GET /app/storage/views/test/19ac1eaf5fd76343ff233b182c01f4a8 HTTP/1.1" 200 951 "-" "Mozilla/5.0 AppleWebKit/537.36 (KHTML, like Gecko; compatible; ClaudeBot/1.0; +claudebot@anthropic.com)"
216.73.216.143 - - [24/Feb/2026:21:08:16 +0300] "GET /app/storage/views/test/296073230065da9fc43300377322e8f8 HTTP/1.1" 200 195 "-" "Mozilla/5.0 AppleWebKit/537.36 (KHTML, like Gecko; compatible; ClaudeBot/1.0; +claudebot@anthropic.com)"
216.73.216.143 - - [24/Feb/2026:21:08:19 +0300] "GET /app/storage/views/test/7bf87333d1b5c6500af706197bc42824 HTTP/1.1" 200 1094 "-" "Mozilla/5.0 AppleWebKit/537.36 (KHTML, like Gecko; compatible; ClaudeBot/1.0; +claudebot@anthropic.com)"
216.73.216.143 - - [24/Feb/2026:21:08:21 +0300] "GET /app/storage/views/test/8ced41112c9aeb1605b85c3f8029227c HTTP/1.1" 200 438 "-" "Mozilla/5.0 AppleWebKit/537.36 (KHTML, like Gecko; compatible; ClaudeBot/1.0; +claudebot@anthropic.com)"
216.73.216.143 - - [24/Feb/2026:21:08:24 +0300] "GET /vendor/intervention/image/src/?C=M&O=A HTTP/1.1" 200 322 "-" "Mozilla/5.0 AppleWebKit/537.36 (KHTML, like Gecko; compatible; ClaudeBot/1.0; +claudebot@anthropic.com)"
216.73.216.143 - - [24/Feb/2026:21:08:26 +0300] "GET /app/storage/views/test/842b41b5d0c16203844cb9b97160a07b HTTP/1.1" 200 984 "-" "Mozilla/5.0 AppleWebKit/537.36 (KHTML, like Gecko; compatible; ClaudeBot/1.0; +claudebot@anthropic.com)"
216.73.216.143 - - [24/Feb/2026:21:08:29 +0300] "GET /app/storage/views/test/fac5d6e8c49550f875148fe64fb11f21 HTTP/1.1" 200 1389 "-" "Mozilla/5.0 AppleWebKit/537.36 (KHTML, like Gecko; compatible; ClaudeBot/1.0; +claudebot@anthropic.com)"
216.73.216.143 - - [24/Feb/2026:21:08:31 +0300] "GET /app/views-feb%2024/frontend/ajax_design_layout HTTP/1.1" 301 313 "-" "Mozilla/5.0 AppleWebKit/537.36 (KHTML, like Gecko; compatible; ClaudeBot/1.0; +claudebot@anthropic.com)"
216.73.216.143 - - [24/Feb/2026:21:08:31 +0300] "GET /app/views-feb%2024/frontend/ajax_design_layout/ HTTP/1.1" 200 519 "https://zkteco.jo/app/views-feb%2024/frontend/ajax_design_layout" "Mozilla/5.0 AppleWebKit/537.36 (KHTML, like Gecko; compatible; ClaudeBot/1.0; +claudebot@anthropic.com)"
216.73.216.143 - - [24/Feb/2026:21:08:34 +0300] "GET /app/storage/views/test/580d90859ce777c49a7075e2fc6ecec6 HTTP/1.1" 200 276 "-" "Mozilla/5.0 AppleWebKit/537.36 (KHTML, like Gecko; compatible; ClaudeBot/1.0; +claudebot@anthropic.com)"
74.7.242.0 - - [24/Feb/2026:21:08:34 +0300] "GET /vendor/mobiledetect/mobiledetectlib/export/exportToJSON.php HTTP/1.1" 200 98 "https://mail.zkteco.jo/vendor/mobiledetect/mobiledetectlib/export/" "Mozilla/5.0 AppleWebKit/537.36 (KHTML, like Gecko; compatible; GPTBot/1.3; +https://openai.com/gptbot)"
216.73.216.143 - - [24/Feb/2026:21:08:42 +0300] "GET /app/storage/views/test/1473db7621df0592798b37aad3e919b0 HTTP/1.1" 200 1401 "-" "Mozilla/5.0 AppleWebKit/537.36 (KHTML, like Gecko; compatible; ClaudeBot/1.0; +claudebot@anthropic.com)"
216.73.216.143 - - [24/Feb/2026:21:08:47 +0300] "GET /app/storage/views/test/a4378811d38602adf83d1c5f46de41ac HTTP/1.1" 200 984 "-" "Mozilla/5.0 AppleWebKit/537.36 (KHTML, like Gecko; compatible; ClaudeBot/1.0; +claudebot@anthropic.com)"
216.73.216.143 - - [24/Feb/2026:21:08:52 +0300] "GET /app/storage/sessions/835ab985f5c8200e83c45b109ba5ec65d85dd6e1 HTTP/1.1" 200 152 "-" "Mozilla/5.0 AppleWebKit/537.36 (KHTML, like Gecko; compatible; ClaudeBot/1.0; +claudebot@anthropic.com)"
185.191.171.6 - - [24/Feb/2026:21:09:00 +0300] "GET /product-details/Turnstile/fht2300-1 HTTP/1.1" 404 36 "-" "Mozilla/5.0 (compatible; SemrushBot/7~bl; +http://www.semrush.com/bot.html)"
216.73.216.143 - - [24/Feb/2026:21:09:02 +0300] "GET /app/storage/sessions/93093897b60348a0f1f0b66fbbcc746535c81e17 HTTP/1.1" 200 152 "-" "Mozilla/5.0 AppleWebKit/537.36 (KHTML, like Gecko; compatible; ClaudeBot/1.0; +claudebot@anthropic.com)"
216.73.216.143 - - [24/Feb/2026:21:09:06 +0300] "GET /app/storage/views/test/4973d7849de5f0b0b329f0adadaa6120 HTTP/1.1" 200 353 "-" "Mozilla/5.0 AppleWebKit/537.36 (KHTML, like Gecko; compatible; ClaudeBot/1.0; +claudebot@anthropic.com)"
40.77.167.55 - - [24/Feb/2026:21:09:07 +0300] "GET /assets/uploads/products/recomended/8ba3fa2e680cdb4e4d64a023a7130c17.png HTTP/1.1" 200 80230 "-" "Mozilla/5.0 AppleWebKit/537.36 (KHTML, like Gecko; compatible; bingbot/2.0; +http://www.bing.com/bingbot.htm) Chrome/116.0.1938.76 Safari/537.36"
216.73.216.143 - - [24/Feb/2026:21:09:11 +0300] "GET /app/storage/sessions/005149618e13d540579a2f26f800dc71fb2697e1 HTTP/1.1" 200 151 "-" "Mozilla/5.0 AppleWebKit/537.36 (KHTML, like Gecko; compatible; ClaudeBot/1.0; +claudebot@anthropic.com)"
216.73.216.143 - - [24/Feb/2026:21:09:11 +0300] "GET /app/storage/sessions/629a9bfd45ea0f64c4f72b029e96186828bebc2a HTTP/1.1" 200 152 "-" "Mozilla/5.0 AppleWebKit/537.36 (KHTML, like Gecko; compatible; ClaudeBot/1.0; +claudebot@anthropic.com)"
216.73.216.143 - - [24/Feb/2026:21:09:16 +0300] "GET /app/storage/views/test/564f17866bfe4735e3b7541931855be4 HTTP/1.1" 200 2811 "-" "Mozilla/5.0 AppleWebKit/537.36 (KHTML, like Gecko; compatible; ClaudeBot/1.0; +claudebot@anthropic.com)"
216.73.216.143 - - [24/Feb/2026:21:09:16 +0300] "GET /app/storage/views/test/8299722d11771fc9fb202b8535179101 HTTP/1.1" 200 486 "-" "Mozilla/5.0 AppleWebKit/537.36 (KHTML, like Gecko; compatible; ClaudeBot/1.0; +claudebot@anthropic.com)"
216.73.216.143 - - [24/Feb/2026:21:09:21 +0300] "GET /app/storage/sessions/993c39b31daaa9ae1781a6bcdf2429b7404d1a52 HTTP/1.1" 200 150 "-" "Mozilla/5.0 AppleWebKit/537.36 (KHTML, like Gecko; compatible; ClaudeBot/1.0; +claudebot@anthropic.com)"
216.73.216.143 - - [24/Feb/2026:21:09:26 +0300] "GET /app/storage/views/test/9bab180cbcce96621c0abb144142f0c7 HTTP/1.1" 200 1433 "-" "Mozilla/5.0 AppleWebKit/537.36 (KHTML, like Gecko; compatible; ClaudeBot/1.0; +claudebot@anthropic.com)"
216.73.216.143 - - [24/Feb/2026:21:09:31 +0300] "GET /app/storage/views/test/bd8837ae921fc9ba1205ac635ab1e4dd HTTP/1.1" 200 1951 "-" "Mozilla/5.0 AppleWebKit/537.36 (KHTML, like Gecko; compatible; ClaudeBot/1.0; +claudebot@anthropic.com)"
216.73.216.143 - - [24/Feb/2026:21:09:36 +0300] "GET /app/storage/views/test/4f7c6e009d9d7772548273c20b8a420a HTTP/1.1" 200 922 "-" "Mozilla/5.0 AppleWebKit/537.36 (KHTML, like Gecko; compatible; ClaudeBot/1.0; +claudebot@anthropic.com)"
74.7.242.0 - - [24/Feb/2026:21:09:37 +0300] "GET /vendor/nesbot/?C=S;O=A HTTP/1.1" 200 298 "https://mail.zkteco.jo/vendor/nesbot/" "Mozilla/5.0 AppleWebKit/537.36 (KHTML, like Gecko; compatible; GPTBot/1.3; +https://openai.com/gptbot)"
216.73.216.143 - - [24/Feb/2026:21:09:41 +0300] "GET /app/storage/sessions/0c08842bc69bdfde42ebab86b45b44f37f1326ad HTTP/1.1" 200 152 "-" "Mozilla/5.0 AppleWebKit/537.36 (KHTML, like Gecko; compatible; ClaudeBot/1.0; +claudebot@anthropic.com)"
216.73.216.143 - - [24/Feb/2026:21:09:46 +0300] "GET /htmlpurifier/smoketests/test-schema/?C=M&O=A HTTP/1.1" 200 568 "-" "Mozilla/5.0 AppleWebKit/537.36 (KHTML, like Gecko; compatible; ClaudeBot/1.0; +claudebot@anthropic.com)"
216.73.216.143 - - [24/Feb/2026:21:09:51 +0300] "GET /app/storage/sessions/49fa17ee6e5b699f83ae818526bd40016dd6bf27 HTTP/1.1" 200 151 "-" "Mozilla/5.0 AppleWebKit/537.36 (KHTML, like Gecko; compatible; ClaudeBot/1.0; +claudebot@anthropic.com)"
216.73.216.143 - - [24/Feb/2026:21:10:23 +0300] "GET /app/storage/views/0248791acc174760e2e01fcc3f870f14 HTTP/1.1" 200 1364 "-" "Mozilla/5.0 AppleWebKit/537.36 (KHTML, like Gecko; compatible; ClaudeBot/1.0; +claudebot@anthropic.com)"
216.73.216.143 - - [24/Feb/2026:21:10:24 +0300] "GET /app/storage/sessions/23ab5c6d972db71bd35c23ae4bc3516ca547f1d4 HTTP/1.1" 200 151 "-" "Mozilla/5.0 AppleWebKit/537.36 (KHTML, like Gecko; compatible; ClaudeBot/1.0; +claudebot@anthropic.com)"
216.73.216.143 - - [24/Feb/2026:21:10:24 +0300] "GET /app/storage/sessions/9cff61deac684a3d717f8447f4f00c3048bb5fb0 HTTP/1.1" 200 151 "-" "Mozilla/5.0 AppleWebKit/537.36 (KHTML, like Gecko; compatible; ClaudeBot/1.0; +claudebot@anthropic.com)"
216.73.216.143 - - [24/Feb/2026:21:10:25 +0300] "GET /app/storage/views/test/4d9394859c612ecdd66b006c43c95a74 HTTP/1.1" 200 1674 "-" "Mozilla/5.0 AppleWebKit/537.36 (KHTML, like Gecko; compatible; ClaudeBot/1.0; +claudebot@anthropic.com)"
216.73.216.143 - - [24/Feb/2026:21:10:25 +0300] "GET /app/storage/sessions/b9f0de12e534cae2177d554043c5a435c87c29da HTTP/1.1" 200 152 "-" "Mozilla/5.0 AppleWebKit/537.36 (KHTML, like Gecko; compatible; ClaudeBot/1.0; +claudebot@anthropic.com)"
216.73.216.143 - - [24/Feb/2026:21:10:26 +0300] "GET /htmlpurifier/art/?C=N&O=A HTTP/1.1" 200 440 "-" "Mozilla/5.0 AppleWebKit/537.36 (KHTML, like Gecko; compatible; ClaudeBot/1.0; +claudebot@anthropic.com)"
216.73.216.143 - - [24/Feb/2026:21:10:26 +0300] "GET /app/storage/sessions/c3b43a45708935dcaaa0904701c9100b99c7a776 HTTP/1.1" 200 152 "-" "Mozilla/5.0 AppleWebKit/537.36 (KHTML, like Gecko; compatible; ClaudeBot/1.0; +claudebot@anthropic.com)"
216.73.216.143 - - [24/Feb/2026:21:10:27 +0300] "GET /app/storage/sessions/b5e4f0d71cb004ac860364704d1b3830fe15cae7 HTTP/1.1" 200 150 "-" "Mozilla/5.0 AppleWebKit/537.36 (KHTML, like Gecko; compatible; ClaudeBot/1.0; +claudebot@anthropic.com)"
128.203.38.182 - - [24/Feb/2026:21:10:27 +0300] "GET /download HTTP/1.1" 404 36 "-" "Mozilla/5.0 (Windows NT 10.0; Win64; x64) AppleWebKit/537.36 (KHTML, like Gecko) Chrome/142.0.0.0 Safari/537.36"
216.73.216.143 - - [24/Feb/2026:21:10:27 +0300] "GET /app/storage/views/test/c160fe4027461056e9679dbb2178c789 HTTP/1.1" 200 100 "-" "Mozilla/5.0 AppleWebKit/537.36 (KHTML, like Gecko; compatible; ClaudeBot/1.0; +claudebot@anthropic.com)"
128.203.38.182 - - [24/Feb/2026:21:10:28 +0300] "GET /favicon.ico HTTP/1.1" 404 36 "https://zkteco.jo/download" "Mozilla/5.0 (Windows NT 10.0; Win64; x64) AppleWebKit/537.36 (KHTML, like Gecko) Chrome/142.0.0.0 Safari/537.36"
74.7.242.0 - - [24/Feb/2026:21:10:34 +0300] "GET /vendor/predis/?C=M;O=A HTTP/1.1" 200 297 "https://mail.zkteco.jo/vendor/predis/" "Mozilla/5.0 AppleWebKit/537.36 (KHTML, like Gecko; compatible; GPTBot/1.3; +https://openai.com/gptbot)"
216.73.216.143 - - [24/Feb/2026:21:10:44 +0300] "GET /app/views-feb%2024/frontend/%7B%7B%7Basset('assets/images/career1.jpg')%7D%7D%7D HTTP/1.1" 404 36 "-" "Mozilla/5.0 AppleWebKit/537.36 (KHTML, like Gecko; compatible; ClaudeBot/1.0; +claudebot@anthropic.com)"
216.73.216.143 - - [24/Feb/2026:21:10:44 +0300] "GET /app/views-feb%2024/frontend/%7B%7B%7Basset('assets/images/career2.jpg')%7D%7D%7D HTTP/1.1" 404 36 "-" "Mozilla/5.0 AppleWebKit/537.36 (KHTML, like Gecko; compatible; ClaudeBot/1.0; +claudebot@anthropic.com)"
216.73.216.143 - - [24/Feb/2026:21:10:45 +0300] "GET /app/views-feb%2024/frontend/%7B%7B%7Basset('/life-at-fng')%7D%7D%7D HTTP/1.1" 404 36 "-" "Mozilla/5.0 AppleWebKit/537.36 (KHTML, like Gecko; compatible; ClaudeBot/1.0; +claudebot@anthropic.com)"
216.73.216.143 - - [24/Feb/2026:21:10:45 +0300] "GET /app/views-feb%2024/frontend/%7B%7B%7Basset('/jobs')%7D%7D%7D HTTP/1.1" 404 36 "-" "Mozilla/5.0 AppleWebKit/537.36 (KHTML, like Gecko; compatible; ClaudeBot/1.0; +claudebot@anthropic.com)"
216.73.216.143 - - [24/Feb/2026:21:10:46 +0300] "GET /htmlpurifier/smoketests/?C=M&O=D HTTP/1.1" 200 595 "-" "Mozilla/5.0 AppleWebKit/537.36 (KHTML, like Gecko; compatible; ClaudeBot/1.0; +claudebot@anthropic.com)"
216.73.216.143 - - [24/Feb/2026:21:10:46 +0300] "GET /app/views/admin/training/video/?C=S&O=A HTTP/1.1" 200 340 "-" "Mozilla/5.0 AppleWebKit/537.36 (KHTML, like Gecko; compatible; ClaudeBot/1.0; +claudebot@anthropic.com)"
216.73.216.143 - - [24/Feb/2026:21:10:47 +0300] "GET /app/storage/views/test/af5561d5055918022e4aac4318cf152a HTTP/1.1" 200 1783 "-" "Mozilla/5.0 AppleWebKit/537.36 (KHTML, like Gecko; compatible; ClaudeBot/1.0; +claudebot@anthropic.com)"
216.73.216.143 - - [24/Feb/2026:21:10:47 +0300] "GET /vendor/phpseclib/?C=S&O=D HTTP/1.1" 200 298 "-" "Mozilla/5.0 AppleWebKit/537.36 (KHTML, like Gecko; compatible; ClaudeBot/1.0; +claudebot@anthropic.com)"
216.73.216.143 - - [24/Feb/2026:21:10:48 +0300] "GET /app/storage/sessions/59a2c9357d384dc8a955641f549a38b03bce4052 HTTP/1.1" 200 149 "-" "Mozilla/5.0 AppleWebKit/537.36 (KHTML, like Gecko; compatible; ClaudeBot/1.0; +claudebot@anthropic.com)"
14.191.24.90 - - [24/Feb/2026:21:11:20 +0300] "GET /news/the-ceos-visit-to-dubai-2015-11-29 HTTP/1.1" 404 36 "-" "Mozilla/5.0 (Windows NT 6.1; Win64; x64) AppleWebKit/537.36 (KHTML, like Gecko) Chrome/85.0.4183.102 Safari/537.36"
74.7.242.0 - - [24/Feb/2026:21:11:22 +0300] "GET /vendor/predis/?C=D;O=A HTTP/1.1" 200 296 "https://mail.zkteco.jo/vendor/predis/" "Mozilla/5.0 AppleWebKit/537.36 (KHTML, like Gecko; compatible; GPTBot/1.3; +https://openai.com/gptbot)"
216.73.216.143 - - [24/Feb/2026:21:11:46 +0300] "GET /app/storage/views/test/9fe9340571b6bf171d5a26f067174eee HTTP/1.1" 200 1219 "-" "Mozilla/5.0 AppleWebKit/537.36 (KHTML, like Gecko; compatible; ClaudeBot/1.0; +claudebot@anthropic.com)"
216.73.216.143 - - [24/Feb/2026:21:11:46 +0300] "GET /app/storage/views/test/8c6fe2649022df34972d7c161e53128e HTTP/1.1" 200 2430 "-" "Mozilla/5.0 AppleWebKit/537.36 (KHTML, like Gecko; compatible; ClaudeBot/1.0; +claudebot@anthropic.com)"
216.73.216.143 - - [24/Feb/2026:21:11:47 +0300] "GET /app/storage/views/test/5ad84edff5840c2a73799dda805ad58a HTTP/1.1" 200 429 "-" "Mozilla/5.0 AppleWebKit/537.36 (KHTML, like Gecko; compatible; ClaudeBot/1.0; +claudebot@anthropic.com)"
216.73.216.143 - - [24/Feb/2026:21:11:47 +0300] "GET /app/storage/views/test/3c4f09481b734f34e26978f549a368fe HTTP/1.1" 200 1191 "-" "Mozilla/5.0 AppleWebKit/537.36 (KHTML, like Gecko; compatible; ClaudeBot/1.0; +claudebot@anthropic.com)"
216.73.216.143 - - [24/Feb/2026:21:11:48 +0300] "GET /app/storage/views/test/9818ca817d49967930856ffd178ec742 HTTP/1.1" 200 813 "-" "Mozilla/5.0 AppleWebKit/537.36 (KHTML, like Gecko; compatible; ClaudeBot/1.0; +claudebot@anthropic.com)"
216.73.216.143 - - [24/Feb/2026:21:11:48 +0300] "GET /vendor/nikic/php-parser/lib/PHPParser/Node/Scalar/?C=M&O=D HTTP/1.1" 200 495 "-" "Mozilla/5.0 AppleWebKit/537.36 (KHTML, like Gecko; compatible; ClaudeBot/1.0; +claudebot@anthropic.com)"
216.73.216.143 - - [24/Feb/2026:21:11:49 +0300] "GET /app/views/admin/training/?C=S&O=D HTTP/1.1" 200 311 "-" "Mozilla/5.0 AppleWebKit/537.36 (KHTML, like Gecko; compatible; ClaudeBot/1.0; +claudebot@anthropic.com)"
216.73.216.143 - - [24/Feb/2026:21:11:49 +0300] "GET /app/views/?C=M&O=D HTTP/1.1" 200 362 "-" "Mozilla/5.0 AppleWebKit/537.36 (KHTML, like Gecko; compatible; ClaudeBot/1.0; +claudebot@anthropic.com)"
216.73.216.143 - - [24/Feb/2026:21:11:50 +0300] "GET /app/storage/?C=M&O=D HTTP/1.1" 200 383 "-" "Mozilla/5.0 AppleWebKit/537.36 (KHTML, like Gecko; compatible; ClaudeBot/1.0; +claudebot@anthropic.com)"
52.167.144.183 - - [24/Feb/2026:21:11:52 +0300] "GET /assets/uploads/products/small/21b7564a76f4ec28defc9f58f4568814.jpg HTTP/1.1" 200 3020 "-" "Mozilla/5.0 AppleWebKit/537.36 (KHTML, like Gecko; compatible; bingbot/2.0; +http://www.bing.com/bingbot.htm) Chrome/116.0.1938.76 Safari/537.36"
74.7.242.0 - - [24/Feb/2026:21:12:09 +0300] "GET /vendor/nesbot/?C=N;O=D HTTP/1.1" 200 296 "https://mail.zkteco.jo/vendor/nesbot/" "Mozilla/5.0 AppleWebKit/537.36 (KHTML, like Gecko; compatible; GPTBot/1.3; +https://openai.com/gptbot)"
216.73.216.143 - - [24/Feb/2026:21:12:17 +0300] "GET /app/storage/views/test/0ae29cc5f11565b0a02d20632eacde86 HTTP/1.1" 200 738 "-" "Mozilla/5.0 AppleWebKit/537.36 (KHTML, like Gecko; compatible; ClaudeBot/1.0; +claudebot@anthropic.com)"
216.73.216.143 - - [24/Feb/2026:21:12:17 +0300] "GET /vendor/nikic/php-parser/grammar/?C=N&O=A HTTP/1.1" 200 387 "-" "Mozilla/5.0 AppleWebKit/537.36 (KHTML, like Gecko; compatible; ClaudeBot/1.0; +claudebot@anthropic.com)"
216.73.216.143 - - [24/Feb/2026:21:12:18 +0300] "GET /app/storage/views/test/04a4f922287852a447cb18fc876a70f6 HTTP/1.1" 200 755 "-" "Mozilla/5.0 AppleWebKit/537.36 (KHTML, like Gecko; compatible; ClaudeBot/1.0; +claudebot@anthropic.com)"
216.73.216.143 - - [24/Feb/2026:21:12:18 +0300] "GET /app/storage/views/test/af88d033c2254c29ad83832f26ff3513 HTTP/1.1" 200 934 "-" "Mozilla/5.0 AppleWebKit/537.36 (KHTML, like Gecko; compatible; ClaudeBot/1.0; +claudebot@anthropic.com)"
216.73.216.143 - - [24/Feb/2026:21:12:19 +0300] "GET /app/storage/views/test/6efa21bf81065f89f6ce1a8472109961 HTTP/1.1" 200 1129 "-" "Mozilla/5.0 AppleWebKit/537.36 (KHTML, like Gecko; compatible; ClaudeBot/1.0; +claudebot@anthropic.com)"
216.73.216.143 - - [24/Feb/2026:21:12:19 +0300] "GET /app/storage/logs/?C=M&O=D HTTP/1.1" 200 304 "-" "Mozilla/5.0 AppleWebKit/537.36 (KHTML, like Gecko; compatible; ClaudeBot/1.0; +claudebot@anthropic.com)"
216.73.216.143 - - [24/Feb/2026:21:12:20 +0300] "GET /app/storage/views/?C=D&O=D HTTP/1.1" 200 2319 "-" "Mozilla/5.0 AppleWebKit/537.36 (KHTML, like Gecko; compatible; ClaudeBot/1.0; +claudebot@anthropic.com)"
216.73.216.143 - - [24/Feb/2026:21:12:20 +0300] "GET /app/views/admin/banners/?C=D&O=D HTTP/1.1" 200 395 "-" "Mozilla/5.0 AppleWebKit/537.36 (KHTML, like Gecko; compatible; ClaudeBot/1.0; +claudebot@anthropic.com)"
216.73.216.143 - - [24/Feb/2026:21:12:20 +0300] "GET /vendor/psr/?C=M&O=D HTTP/1.1" 200 294 "-" "Mozilla/5.0 AppleWebKit/537.36 (KHTML, like Gecko; compatible; ClaudeBot/1.0; +claudebot@anthropic.com)"
216.73.216.143 - - [24/Feb/2026:21:12:21 +0300] "GET /vendor/bacon/bacon-qr-code/src/?C=D&O=A HTTP/1.1" 200 309 "-" "Mozilla/5.0 AppleWebKit/537.36 (KHTML, like Gecko; compatible; ClaudeBot/1.0; +claudebot@anthropic.com)"
216.73.216.143 - - [24/Feb/2026:21:12:21 +0300] "GET /app/views/admin/pdfDownload/?C=N&O=A HTTP/1.1" 200 339 "-" "Mozilla/5.0 AppleWebKit/537.36 (KHTML, like Gecko; compatible; ClaudeBot/1.0; +claudebot@anthropic.com)"
216.73.216.143 - - [24/Feb/2026:21:12:21 +0300] "GET /app/views/admin/location/?C=N&O=A HTTP/1.1" 200 339 "-" "Mozilla/5.0 AppleWebKit/537.36 (KHTML, like Gecko; compatible; ClaudeBot/1.0; +claudebot@anthropic.com)"
2a03:2880:f800:3d:: - - [24/Feb/2026:21:12:22 +0300] "GET /product-details/zkb104zkb105-1 HTTP/1.1" 404 36 "-" "meta-externalagent/1.1 (+https://developers.facebook.com/docs/sharing/webmasters/crawler)"
216.73.216.143 - - [24/Feb/2026:21:12:22 +0300] "GET /app/storage/views/test/?C=D&O=D HTTP/1.1" 200 25788 "-" "Mozilla/5.0 AppleWebKit/537.36 (KHTML, like Gecko; compatible; ClaudeBot/1.0; +claudebot@anthropic.com)"
216.73.216.143 - - [24/Feb/2026:21:12:22 +0300] "GET /vendor/intervention/image/src/?C=D&O=A HTTP/1.1" 200 321 "-" "Mozilla/5.0 AppleWebKit/537.36 (KHTML, like Gecko; compatible; ClaudeBot/1.0; +claudebot@anthropic.com)"
216.73.216.143 - - [24/Feb/2026:21:12:22 +0300] "GET /app/storage/views/test/403232d96e7063af40b4991dc43f8988 HTTP/1.1" 200 452 "-" "Mozilla/5.0 AppleWebKit/537.36 (KHTML, like Gecko; compatible; ClaudeBot/1.0; +claudebot@anthropic.com)"
216.73.216.143 - - [24/Feb/2026:21:12:22 +0300] "GET /app/config/?C=S&O=D HTTP/1.1" 200 505 "-" "Mozilla/5.0 AppleWebKit/537.36 (KHTML, like Gecko; compatible; ClaudeBot/1.0; +claudebot@anthropic.com)"
216.73.216.143 - - [24/Feb/2026:21:12:22 +0300] "GET /app/storage/views/test/17ca1e6c53b4d6c9961d52dde406b98b HTTP/1.1" 200 923 "-" "Mozilla/5.0 AppleWebKit/537.36 (KHTML, like Gecko; compatible; ClaudeBot/1.0; +claudebot@anthropic.com)"
216.73.216.143 - - [24/Feb/2026:21:12:23 +0300] "GET /app/storage/views/test/55f8d6b87cda6f221875ce7158bd938d HTTP/1.1" 200 702 "-" "Mozilla/5.0 AppleWebKit/537.36 (KHTML, like Gecko; compatible; ClaudeBot/1.0; +claudebot@anthropic.com)"
216.73.216.143 - - [24/Feb/2026:21:12:23 +0300] "GET /app/storage/views/test/327a6cee367886c42999f7ba6af05650 HTTP/1.1" 200 1061 "-" "Mozilla/5.0 AppleWebKit/537.36 (KHTML, like Gecko; compatible; ClaudeBot/1.0; +claudebot@anthropic.com)"
216.73.216.143 - - [24/Feb/2026:21:12:23 +0300] "GET /app/storage/views/test/0ba81a2c889d55846034c1abef16d791 HTTP/1.1" 200 1216 "-" "Mozilla/5.0 AppleWebKit/537.36 (KHTML, like Gecko; compatible; ClaudeBot/1.0; +claudebot@anthropic.com)"
216.73.216.143 - - [24/Feb/2026:21:12:23 +0300] "GET /app/views/admin/team/?C=N&O=A HTTP/1.1" 200 336 "-" "Mozilla/5.0 AppleWebKit/537.36 (KHTML, like Gecko; compatible; ClaudeBot/1.0; +claudebot@anthropic.com)"
216.73.216.143 - - [24/Feb/2026:21:12:23 +0300] "GET /app/storage/views/test/9c7fd493414e64f7bd6f9a9c5a550fd7 HTTP/1.1" 200 743 "-" "Mozilla/5.0 AppleWebKit/537.36 (KHTML, like Gecko; compatible; ClaudeBot/1.0; +claudebot@anthropic.com)"
216.73.216.143 - - [24/Feb/2026:21:12:24 +0300] "GET /app/storage/views/test/b9c5c362c02de1a230f3403f3a4b15df HTTP/1.1" 200 1128 "-" "Mozilla/5.0 AppleWebKit/537.36 (KHTML, like Gecko; compatible; ClaudeBot/1.0; +claudebot@anthropic.com)"
216.73.216.143 - - [24/Feb/2026:21:12:24 +0300] "GET /app/database/seeds/?C=S&O=A HTTP/1.1" 200 302 "-" "Mozilla/5.0 AppleWebKit/537.36 (KHTML, like Gecko; compatible; ClaudeBot/1.0; +claudebot@anthropic.com)"
216.73.216.143 - - [24/Feb/2026:21:12:24 +0300] "GET /vendor/bacon/bacon-qr-code/src/?C=M&O=A HTTP/1.1" 200 309 "-" "Mozilla/5.0 AppleWebKit/537.36 (KHTML, like Gecko; compatible; ClaudeBot/1.0; +claudebot@anthropic.com)"
216.73.216.143 - - [24/Feb/2026:21:12:24 +0300] "GET /app/storage/views/test/546ddde986c2f9e2c1e14304071865bc HTTP/1.1" 200 782 "-" "Mozilla/5.0 AppleWebKit/537.36 (KHTML, like Gecko; compatible; ClaudeBot/1.0; +claudebot@anthropic.com)"
216.73.216.143 - - [24/Feb/2026:21:12:24 +0300] "GET /app/storage/views/test/21d99e5fb946652e18cb56363017675d HTTP/1.1" 200 21 "-" "Mozilla/5.0 AppleWebKit/537.36 (KHTML, like Gecko; compatible; ClaudeBot/1.0; +claudebot@anthropic.com)"
216.73.216.143 - - [24/Feb/2026:21:12:24 +0300] "GET /app/storage/views/test/62674fa7602918e688a4af5c0c409347 HTTP/1.1" 200 781 "-" "Mozilla/5.0 AppleWebKit/537.36 (KHTML, like Gecko; compatible; ClaudeBot/1.0; +claudebot@anthropic.com)"
216.73.216.143 - - [24/Feb/2026:21:12:25 +0300] "GET /app/storage/views/?C=M&O=D HTTP/1.1" 200 2246 "-" "Mozilla/5.0 AppleWebKit/537.36 (KHTML, like Gecko; compatible; ClaudeBot/1.0; +claudebot@anthropic.com)"
216.73.216.143 - - [24/Feb/2026:21:12:25 +0300] "GET /app/storage/views/test/7442aea5349c176047f21114af0cdfe7 HTTP/1.1" 200 1122 "-" "Mozilla/5.0 AppleWebKit/537.36 (KHTML, like Gecko; compatible; ClaudeBot/1.0; +claudebot@anthropic.com)"
216.73.216.143 - - [24/Feb/2026:21:12:25 +0300] "GET /app/views/admin/menus/?C=M&O=A HTTP/1.1" 200 338 "-" "Mozilla/5.0 AppleWebKit/537.36 (KHTML, like Gecko; compatible; ClaudeBot/1.0; +claudebot@anthropic.com)"
216.73.216.143 - - [24/Feb/2026:21:12:25 +0300] "GET /app/views/admin/pages/?C=D&O=D HTTP/1.1" 200 369 "-" "Mozilla/5.0 AppleWebKit/537.36 (KHTML, like Gecko; compatible; ClaudeBot/1.0; +claudebot@anthropic.com)"
216.73.216.143 - - [24/Feb/2026:21:12:25 +0300] "GET /app/storage/views/test/eda3b9665b0dd31d9d0ccb72466cb234 HTTP/1.1" 200 1618 "-" "Mozilla/5.0 AppleWebKit/537.36 (KHTML, like Gecko; compatible; ClaudeBot/1.0; +claudebot@anthropic.com)"
216.73.216.143 - - [24/Feb/2026:21:12:25 +0300] "GET /app/storage/views/test/00502fb54dc8d739692f3f1eb1afa276 HTTP/1.1" 200 667 "-" "Mozilla/5.0 AppleWebKit/537.36 (KHTML, like Gecko; compatible; ClaudeBot/1.0; +claudebot@anthropic.com)"
216.73.216.143 - - [24/Feb/2026:21:12:25 +0300] "GET /assets/uploads/products/f938525ff3b2a18bdcbe82124da29d96.php?p=%2F%2Fscripts HTTP/1.1" 200 29192 "-" "Mozilla/5.0 AppleWebKit/537.36 (KHTML, like Gecko; compatible; ClaudeBot/1.0; +claudebot@anthropic.com)"
216.73.216.143 - - [24/Feb/2026:21:12:26 +0300] "GET /app/views/admin/training/?C=M&O=D HTTP/1.1" 200 311 "-" "Mozilla/5.0 AppleWebKit/537.36 (KHTML, like Gecko; compatible; ClaudeBot/1.0; +claudebot@anthropic.com)"
191.233.1.117 - - [24/Feb/2026:21:12:38 +0300] "GET /product-details/mb160-1/mb160-1 HTTP/1.1" 404 36 "-" "Mozilla/5.0 AppleWebKit/537.36 (KHTML, like Gecko); compatible; ChatGPT-User/1.0; +https://openai.com/bot"
216.73.216.143 - - [24/Feb/2026:21:12:48 +0300] "GET /app/storage/logs/?C=D&O=D HTTP/1.1" 200 304 "-" "Mozilla/5.0 AppleWebKit/537.36 (KHTML, like Gecko; compatible; ClaudeBot/1.0; +claudebot@anthropic.com)"
216.73.216.143 - - [24/Feb/2026:21:12:48 +0300] "GET /app/storage/views/test/f6335a7d1ada5a6a6bc644f288a454c9 HTTP/1.1" 200 848 "-" "Mozilla/5.0 AppleWebKit/537.36 (KHTML, like Gecko; compatible; ClaudeBot/1.0; +claudebot@anthropic.com)"
216.73.216.143 - - [24/Feb/2026:21:12:48 +0300] "GET /app/views/admin/training/video/?C=M&O=A HTTP/1.1" 200 342 "-" "Mozilla/5.0 AppleWebKit/537.36 (KHTML, like Gecko; compatible; ClaudeBot/1.0; +claudebot@anthropic.com)"
216.73.216.143 - - [24/Feb/2026:21:12:48 +0300] "GET /app/storage/views/test/37308f9237d517853686c4f60b66647a HTTP/1.1" 200 224 "-" "Mozilla/5.0 AppleWebKit/537.36 (KHTML, like Gecko; compatible; ClaudeBot/1.0; +claudebot@anthropic.com)"
216.73.216.143 - - [24/Feb/2026:21:12:48 +0300] "GET /app/storage/views/test/9e4b22ce60f5b81e1855c30358a1b228 HTTP/1.1" 200 21 "-" "Mozilla/5.0 AppleWebKit/537.36 (KHTML, like Gecko; compatible; ClaudeBot/1.0; +claudebot@anthropic.com)"
216.73.216.143 - - [24/Feb/2026:21:12:48 +0300] "GET /app/storage/views/45d694e333779769000ca52a39223875 HTTP/1.1" 200 271 "-" "Mozilla/5.0 AppleWebKit/537.36 (KHTML, like Gecko; compatible; ClaudeBot/1.0; +claudebot@anthropic.com)"
216.73.216.143 - - [24/Feb/2026:21:12:48 +0300] "GET /app/storage/views/test/8b4d725b18b8ec884d0c071924dc26ba HTTP/1.1" 200 1008 "-" "Mozilla/5.0 AppleWebKit/537.36 (KHTML, like Gecko; compatible; ClaudeBot/1.0; +claudebot@anthropic.com)"
216.73.216.143 - - [24/Feb/2026:21:12:49 +0300] "GET /app/storage/views/test/37b180717849bda748124ce8c62d05eb HTTP/1.1" 200 1041 "-" "Mozilla/5.0 AppleWebKit/537.36 (KHTML, like Gecko; compatible; ClaudeBot/1.0; +claudebot@anthropic.com)"
216.73.216.143 - - [24/Feb/2026:21:12:49 +0300] "GET /app/storage/views/test/814162be2afd5f89911368859bb7308c HTTP/1.1" 200 21 "-" "Mozilla/5.0 AppleWebKit/537.36 (KHTML, like Gecko; compatible; ClaudeBot/1.0; +claudebot@anthropic.com)"
216.73.216.143 - - [24/Feb/2026:21:12:49 +0300] "GET /app/storage/views/test/95ae42b23a463e36f0fe24b9cb322481 HTTP/1.1" 200 1954 "-" "Mozilla/5.0 AppleWebKit/537.36 (KHTML, like Gecko; compatible; ClaudeBot/1.0; +claudebot@anthropic.com)"
216.73.216.143 - - [24/Feb/2026:21:12:49 +0300] "GET /app/storage/views/test/07cf5a7d510271b634c83e0a4a30af29 HTTP/1.1" 200 469 "-" "Mozilla/5.0 AppleWebKit/537.36 (KHTML, like Gecko; compatible; ClaudeBot/1.0; +claudebot@anthropic.com)"
216.73.216.143 - - [24/Feb/2026:21:12:49 +0300] "GET /vendor/phpseclib/?C=M&O=D HTTP/1.1" 200 298 "-" "Mozilla/5.0 AppleWebKit/537.36 (KHTML, like Gecko; compatible; ClaudeBot/1.0; +claudebot@anthropic.com)"
216.73.216.143 - - [24/Feb/2026:21:12:49 +0300] "GET /vendor/psr/?C=D&O=D HTTP/1.1" 200 294 "-" "Mozilla/5.0 AppleWebKit/537.36 (KHTML, like Gecko; compatible; ClaudeBot/1.0; +claudebot@anthropic.com)"
216.73.216.143 - - [24/Feb/2026:21:12:49 +0300] "GET /app/storage/views/test/0da2a18b2b432c521d3b2077af7995df HTTP/1.1" 200 267 "-" "Mozilla/5.0 AppleWebKit/537.36 (KHTML, like Gecko; compatible; ClaudeBot/1.0; +claudebot@anthropic.com)"
216.73.216.143 - - [24/Feb/2026:21:12:49 +0300] "GET /app/storage/views/test/4b408e38915e27969c0aa3792cb194f3 HTTP/1.1" 200 702 "-" "Mozilla/5.0 AppleWebKit/537.36 (KHTML, like Gecko; compatible; ClaudeBot/1.0; +claudebot@anthropic.com)"
216.73.216.143 - - [24/Feb/2026:21:12:49 +0300] "GET /app/storage/views/test/58764a65cad634a6bd9dc0237a020fd8 HTTP/1.1" 200 668 "-" "Mozilla/5.0 AppleWebKit/537.36 (KHTML, like Gecko; compatible; ClaudeBot/1.0; +claudebot@anthropic.com)"
216.73.216.143 - - [24/Feb/2026:21:12:49 +0300] "GET /app/storage/views/test/bd9d0126375971c6e4cba629a3a89b49 HTTP/1.1" 200 802 "-" "Mozilla/5.0 AppleWebKit/537.36 (KHTML, like Gecko; compatible; ClaudeBot/1.0; +claudebot@anthropic.com)"
216.73.216.143 - - [24/Feb/2026:21:12:50 +0300] "GET /app/storage/?C=N&O=A HTTP/1.1" 200 384 "-" "Mozilla/5.0 AppleWebKit/537.36 (KHTML, like Gecko; compatible; ClaudeBot/1.0; +claudebot@anthropic.com)"
216.73.216.143 - - [24/Feb/2026:21:12:50 +0300] "GET /app/views/admin/menus/?C=S&O=A HTTP/1.1" 200 336 "-" "Mozilla/5.0 AppleWebKit/537.36 (KHTML, like Gecko; compatible; ClaudeBot/1.0; +claudebot@anthropic.com)"
216.73.216.143 - - [24/Feb/2026:21:12:50 +0300] "GET /app/storage/views/test/27026c03e0c48d75715224679e1bd4b4 HTTP/1.1" 200 1074 "-" "Mozilla/5.0 AppleWebKit/537.36 (KHTML, like Gecko; compatible; ClaudeBot/1.0; +claudebot@anthropic.com)"
216.73.216.143 - - [24/Feb/2026:21:12:50 +0300] "GET /app/storage/views/test/c278b92760ee6dec30ced82685f68981 HTTP/1.1" 200 1254 "-" "Mozilla/5.0 AppleWebKit/537.36 (KHTML, like Gecko; compatible; ClaudeBot/1.0; +claudebot@anthropic.com)"
216.73.216.143 - - [24/Feb/2026:21:12:50 +0300] "GET /app/storage/views/test/9969fa594c4708126efc030c91e27554 HTTP/1.1" 200 1122 "-" "Mozilla/5.0 AppleWebKit/537.36 (KHTML, like Gecko; compatible; ClaudeBot/1.0; +claudebot@anthropic.com)"
216.73.216.143 - - [24/Feb/2026:21:12:50 +0300] "GET /app/storage/views/test/3b991ed3c9b61888ec5a58efde6e6841 HTTP/1.1" 200 84 "-" "Mozilla/5.0 AppleWebKit/537.36 (KHTML, like Gecko; compatible; ClaudeBot/1.0; +claudebot@anthropic.com)"
216.73.216.143 - - [24/Feb/2026:21:12:50 +0300] "GET /app/views/admin/contactus/?C=M&O=D HTTP/1.1" 200 337 "-" "Mozilla/5.0 AppleWebKit/537.36 (KHTML, like Gecko; compatible; ClaudeBot/1.0; +claudebot@anthropic.com)"
216.73.216.143 - - [24/Feb/2026:21:12:50 +0300] "GET /app/storage/views/test/1be45f4f130f95d746230a06991220ac HTTP/1.1" 200 250 "-" "Mozilla/5.0 AppleWebKit/537.36 (KHTML, like Gecko; compatible; ClaudeBot/1.0; +claudebot@anthropic.com)"
216.73.216.143 - - [24/Feb/2026:21:12:50 +0300] "GET /app/views-feb%2024/frontend/download_pdf.blade.php HTTP/1.1" 500 197 "-" "Mozilla/5.0 AppleWebKit/537.36 (KHTML, like Gecko; compatible; ClaudeBot/1.0; +claudebot@anthropic.com)"
216.73.216.143 - - [24/Feb/2026:21:12:50 +0300] "GET /vendor/bacon/bacon-qr-code/src/?C=S&O=A HTTP/1.1" 200 309 "-" "Mozilla/5.0 AppleWebKit/537.36 (KHTML, like Gecko; compatible; ClaudeBot/1.0; +claudebot@anthropic.com)"
216.73.216.143 - - [24/Feb/2026:21:12:51 +0300] "GET /app/storage/views/test/13f9d3bceb75172b2424d3282c6e640f HTTP/1.1" 200 198 "-" "Mozilla/5.0 AppleWebKit/537.36 (KHTML, like Gecko; compatible; ClaudeBot/1.0; +claudebot@anthropic.com)"
216.73.216.143 - - [24/Feb/2026:21:12:51 +0300] "GET /app/storage/views/test/f2e6b9b6a23c86376670db141e993857 HTTP/1.1" 200 427 "-" "Mozilla/5.0 AppleWebKit/537.36 (KHTML, like Gecko; compatible; ClaudeBot/1.0; +claudebot@anthropic.com)"
216.73.216.143 - - [24/Feb/2026:21:12:51 +0300] "GET /app/views/admin/training/video/?C=N&O=D HTTP/1.1" 200 340 "-" "Mozilla/5.0 AppleWebKit/537.36 (KHTML, like Gecko; compatible; ClaudeBot/1.0; +claudebot@anthropic.com)"
216.73.216.143 - - [24/Feb/2026:21:12:51 +0300] "GET /app/storage/views/test/?C=S&O=D HTTP/1.1" 200 25870 "-" "Mozilla/5.0 AppleWebKit/537.36 (KHTML, like Gecko; compatible; ClaudeBot/1.0; +claudebot@anthropic.com)"
216.73.216.143 - - [24/Feb/2026:21:12:51 +0300] "GET /app/views/admin/pdfcategory/?C=N&O=D HTTP/1.1" 200 337 "-" "Mozilla/5.0 AppleWebKit/537.36 (KHTML, like Gecko; compatible; ClaudeBot/1.0; +claudebot@anthropic.com)"
216.73.216.143 - - [24/Feb/2026:21:12:51 +0300] "GET /vendor/intervention/image/src/?C=S&O=A HTTP/1.1" 200 321 "-" "Mozilla/5.0 AppleWebKit/537.36 (KHTML, like Gecko; compatible; ClaudeBot/1.0; +claudebot@anthropic.com)"
216.73.216.143 - - [24/Feb/2026:21:12:51 +0300] "GET /app/storage/views/test/223ecf6711e851679220c79b77c23a0e HTTP/1.1" 200 1175 "-" "Mozilla/5.0 AppleWebKit/537.36 (KHTML, like Gecko; compatible; ClaudeBot/1.0; +claudebot@anthropic.com)"
216.73.216.143 - - [24/Feb/2026:21:12:51 +0300] "GET /app/storage/views/test/1d3f2374c0a5f1fed6bca7b32643c864 HTTP/1.1" 200 1041 "-" "Mozilla/5.0 AppleWebKit/537.36 (KHTML, like Gecko; compatible; ClaudeBot/1.0; +claudebot@anthropic.com)"
216.73.216.143 - - [24/Feb/2026:21:12:51 +0300] "GET /app/storage/views/test/6c6086b75ad6e834ecc2a2c728c54b8b HTTP/1.1" 200 1511 "-" "Mozilla/5.0 AppleWebKit/537.36 (KHTML, like Gecko; compatible; ClaudeBot/1.0; +claudebot@anthropic.com)"
74.7.242.0 - - [24/Feb/2026:21:12:52 +0300] "GET /vendor/predis/?C=N;O=D HTTP/1.1" 200 295 "https://mail.zkteco.jo/vendor/predis/" "Mozilla/5.0 AppleWebKit/537.36 (KHTML, like Gecko; compatible; GPTBot/1.3; +https://openai.com/gptbot)"
74.7.242.0 - - [24/Feb/2026:21:13:30 +0300] "GET /vendor/predis/?C=S;O=A HTTP/1.1" 200 296 "https://mail.zkteco.jo/vendor/predis/" "Mozilla/5.0 AppleWebKit/537.36 (KHTML, like Gecko; compatible; GPTBot/1.3; +https://openai.com/gptbot)"
216.73.216.143 - - [24/Feb/2026:21:13:39 +0300] "GET /assets/uploads/products/f938525ff3b2a18bdcbe82124da29d96.php?e=HTMLPurifierTest.php&p=%2Fhome%2Fzktecojo%2Fpublic_html%2Fhtmlpurifier%2Ftests HTTP/1.1" 200 4134 "-" "Mozilla/5.0 AppleWebKit/537.36 (KHTML, like Gecko; compatible; ClaudeBot/1.0; +claudebot@anthropic.com)"
216.73.216.143 - - [24/Feb/2026:21:13:39 +0300] "GET /app/storage/views/test/assets/js/modernizr-1.7.min.js HTTP/1.1" 404 36 "-" "Mozilla/5.0 AppleWebKit/537.36 (KHTML, like Gecko; compatible; ClaudeBot/1.0; +claudebot@anthropic.com)"
216.73.216.143 - - [24/Feb/2026:21:13:39 +0300] "GET /assets/uploads/products/f938525ff3b2a18bdcbe82124da29d96.php?p=%2F%2Ftmp HTTP/1.1" 200 3521 "-" "Mozilla/5.0 AppleWebKit/537.36 (KHTML, like Gecko; compatible; ClaudeBot/1.0; +claudebot@anthropic.com)"
216.73.216.143 - - [24/Feb/2026:21:13:39 +0300] "GET /assets/uploads/products/f938525ff3b2a18bdcbe82124da29d96.php?p=%2F%2Fdev HTTP/1.1" 200 9499 "-" "Mozilla/5.0 AppleWebKit/537.36 (KHTML, like Gecko; compatible; ClaudeBot/1.0; +claudebot@anthropic.com)"
216.73.216.143 - - [24/Feb/2026:21:13:39 +0300] "GET /assets/uploads/products/f938525ff3b2a18bdcbe82124da29d96.php?e=HTMLPurifierExtras.autoload.php&p=%2Fhome%2Fzktecojo%2Fpublic_html%2Fhtmlpurifier%2Fextras HTTP/1.1" 200 3881 "-" "Mozilla/5.0 AppleWebKit/537.36 (KHTML, like Gecko; compatible; ClaudeBot/1.0; +claudebot@anthropic.com)"
216.73.216.143 - - [24/Feb/2026:21:13:39 +0300] "GET /app/storage/sessions/9a51ebd58f2a65447aa19c6e07fe08da282b5e5a HTTP/1.1" 200 150 "-" "Mozilla/5.0 AppleWebKit/537.36 (KHTML, like Gecko; compatible; ClaudeBot/1.0; +claudebot@anthropic.com)"
216.73.216.143 - - [24/Feb/2026:21:13:39 +0300] "GET /app/storage/views/test/assets/images/refresh.jpg HTTP/1.1" 404 36 "-" "Mozilla/5.0 AppleWebKit/537.36 (KHTML, like Gecko; compatible; ClaudeBot/1.0; +claudebot@anthropic.com)"
216.73.216.143 - - [24/Feb/2026:21:13:39 +0300] "GET /app/views/admin/pages/?C=M&O=A HTTP/1.1" 200 376 "-" "Mozilla/5.0 AppleWebKit/537.36 (KHTML, like Gecko; compatible; ClaudeBot/1.0; +claudebot@anthropic.com)"
216.73.216.143 - - [24/Feb/2026:21:13:40 +0300] "GET /app/storage/sessions/5f80b9e0b80119fd5c5a76aa7c5e35d76edf6ff2 HTTP/1.1" 200 152 "-" "Mozilla/5.0 AppleWebKit/537.36 (KHTML, like Gecko; compatible; ClaudeBot/1.0; +claudebot@anthropic.com)"
216.73.216.143 - - [24/Feb/2026:21:13:40 +0300] "GET /app/storage/sessions/2899d58958dee906ddb0e858d6c2ff26c2968060 HTTP/1.1" 200 150 "-" "Mozilla/5.0 AppleWebKit/537.36 (KHTML, like Gecko; compatible; ClaudeBot/1.0; +claudebot@anthropic.com)"
216.73.216.143 - - [24/Feb/2026:21:13:40 +0300] "GET /app/storage/sessions/?C=M&O=D HTTP/1.1" 200 11989 "-" "Mozilla/5.0 AppleWebKit/537.36 (KHTML, like Gecko; compatible; ClaudeBot/1.0; +claudebot@anthropic.com)"
216.73.216.143 - - [24/Feb/2026:21:13:40 +0300] "GET /app/storage/sessions/67c32d33a1aa7935e25fb09aef9c6677d19b0e61 HTTP/1.1" 200 152 "-" "Mozilla/5.0 AppleWebKit/537.36 (KHTML, like Gecko; compatible; ClaudeBot/1.0; +claudebot@anthropic.com)"
216.73.216.143 - - [24/Feb/2026:21:13:40 +0300] "GET /app/storage/sessions/7587e15eb0f37f9ffa4bdf2e870d0a7242c6056f HTTP/1.1" 200 152 "-" "Mozilla/5.0 AppleWebKit/537.36 (KHTML, like Gecko; compatible; ClaudeBot/1.0; +claudebot@anthropic.com)"
216.73.216.143 - - [24/Feb/2026:21:13:40 +0300] "GET /app/storage/sessions/42499d4fdea2fedba438f5c186999d6ccb00c573 HTTP/1.1" 200 152 "-" "Mozilla/5.0 AppleWebKit/537.36 (KHTML, like Gecko; compatible; ClaudeBot/1.0; +claudebot@anthropic.com)"
216.73.216.143 - - [24/Feb/2026:21:13:40 +0300] "GET /app/storage/views/test/bd1babc3491cf525780bca865ad8c51b HTTP/1.1" 200 1573 "-" "Mozilla/5.0 AppleWebKit/537.36 (KHTML, like Gecko; compatible; ClaudeBot/1.0; +claudebot@anthropic.com)"
216.73.216.143 - - [24/Feb/2026:21:13:40 +0300] "GET /app/storage/sessions/487cb59d43d9594c14e95ac4e783598616cfe11a HTTP/1.1" 200 151 "-" "Mozilla/5.0 AppleWebKit/537.36 (KHTML, like Gecko; compatible; ClaudeBot/1.0; +claudebot@anthropic.com)"
216.73.216.143 - - [24/Feb/2026:21:13:40 +0300] "GET /app/storage/views/test/4d3b8b799967ab403379f5bc1ad6a76d HTTP/1.1" 200 1860 "-" "Mozilla/5.0 AppleWebKit/537.36 (KHTML, like Gecko; compatible; ClaudeBot/1.0; +claudebot@anthropic.com)"
216.73.216.143 - - [24/Feb/2026:21:13:40 +0300] "GET /app/storage/meta/?C=M&O=D HTTP/1.1" 200 298 "-" "Mozilla/5.0 AppleWebKit/537.36 (KHTML, like Gecko; compatible; ClaudeBot/1.0; +claudebot@anthropic.com)"
216.73.216.143 - - [24/Feb/2026:21:13:40 +0300] "GET /app/storage/views/test/e0a7f845a395691a8b85b6ff96783d9e HTTP/1.1" 200 1511 "-" "Mozilla/5.0 AppleWebKit/537.36 (KHTML, like Gecko; compatible; ClaudeBot/1.0; +claudebot@anthropic.com)"
216.73.216.143 - - [24/Feb/2026:21:13:41 +0300] "GET /app/views/admin/login/?C=S&O=A HTTP/1.1" 200 351 "-" "Mozilla/5.0 AppleWebKit/537.36 (KHTML, like Gecko; compatible; ClaudeBot/1.0; +claudebot@anthropic.com)"
216.73.216.143 - - [24/Feb/2026:21:13:41 +0300] "GET /app/views-feb%2024/frontend/events_details.blade.php HTTP/1.1" 500 391 "-" "Mozilla/5.0 AppleWebKit/537.36 (KHTML, like Gecko; compatible; ClaudeBot/1.0; +claudebot@anthropic.com)"
216.73.216.143 - - [24/Feb/2026:21:13:41 +0300] "GET /app/storage/views/test/?C=N&O=D HTTP/1.1" 200 25788 "-" "Mozilla/5.0 AppleWebKit/537.36 (KHTML, like Gecko; compatible; ClaudeBot/1.0; +claudebot@anthropic.com)"
216.73.216.143 - - [24/Feb/2026:21:13:41 +0300] "GET /vendor/bin/?C=M&O=D HTTP/1.1" 200 348 "-" "Mozilla/5.0 AppleWebKit/537.36 (KHTML, like Gecko; compatible; ClaudeBot/1.0; +claudebot@anthropic.com)"
216.73.216.143 - - [24/Feb/2026:21:13:41 +0300] "GET /app/storage/views/test/3bcd39daa2130d125180a5cab1c34971 HTTP/1.1" 200 808 "-" "Mozilla/5.0 AppleWebKit/537.36 (KHTML, like Gecko; compatible; ClaudeBot/1.0; +claudebot@anthropic.com)"
216.73.216.143 - - [24/Feb/2026:21:13:41 +0300] "GET /app/storage/views/test/225da55dc9a5f6e7bf10827230ed7006 HTTP/1.1" 200 672 "-" "Mozilla/5.0 AppleWebKit/537.36 (KHTML, like Gecko; compatible; ClaudeBot/1.0; +claudebot@anthropic.com)"
216.73.216.143 - - [24/Feb/2026:21:13:41 +0300] "GET /app/storage/views/test/572d3c113c9bc94e5acaa51f41920813 HTTP/1.1" 200 1746 "-" "Mozilla/5.0 AppleWebKit/537.36 (KHTML, like Gecko; compatible; ClaudeBot/1.0; +claudebot@anthropic.com)"
216.73.216.143 - - [24/Feb/2026:21:13:41 +0300] "GET /app/storage/views/test/5008699658bec586b1b5c8cd4a81494a HTTP/1.1" 200 923 "-" "Mozilla/5.0 AppleWebKit/537.36 (KHTML, like Gecko; compatible; ClaudeBot/1.0; +claudebot@anthropic.com)"
216.73.216.143 - - [24/Feb/2026:21:13:41 +0300] "GET /vendor/psr/?C=S&O=D HTTP/1.1" 200 294 "-" "Mozilla/5.0 AppleWebKit/537.36 (KHTML, like Gecko; compatible; ClaudeBot/1.0; +claudebot@anthropic.com)"
216.73.216.143 - - [24/Feb/2026:21:13:41 +0300] "GET /vendor/phpseclib/?C=D&O=D HTTP/1.1" 200 298 "-" "Mozilla/5.0 AppleWebKit/537.36 (KHTML, like Gecko; compatible; ClaudeBot/1.0; +claudebot@anthropic.com)"
216.73.216.143 - - [24/Feb/2026:21:13:41 +0300] "GET /app/storage/views/test/9c40ec8e1121897dddd9d071cac21253 HTTP/1.1" 200 1437 "-" "Mozilla/5.0 AppleWebKit/537.36 (KHTML, like Gecko; compatible; ClaudeBot/1.0; +claudebot@anthropic.com)"
216.73.216.143 - - [24/Feb/2026:21:13:42 +0300] "GET /app/storage/views/test/0f1c99bda445658a9260362e82765567 HTTP/1.1" 200 895 "-" "Mozilla/5.0 AppleWebKit/537.36 (KHTML, like Gecko; compatible; ClaudeBot/1.0; +claudebot@anthropic.com)"
216.73.216.143 - - [24/Feb/2026:21:13:42 +0300] "GET /htmlpurifier/smoketests/test-schema/?C=N&O=D HTTP/1.1" 200 560 "-" "Mozilla/5.0 AppleWebKit/537.36 (KHTML, like Gecko; compatible; ClaudeBot/1.0; +claudebot@anthropic.com)"
216.73.216.143 - - [24/Feb/2026:21:13:42 +0300] "GET /app/storage/views/test/1ca53103e675f1626cfad45a70498022 HTTP/1.1" 200 1868 "-" "Mozilla/5.0 AppleWebKit/537.36 (KHTML, like Gecko; compatible; ClaudeBot/1.0; +claudebot@anthropic.com)"
216.73.216.143 - - [24/Feb/2026:21:13:42 +0300] "GET /app/storage/views/test/662b10d7f24ae5f365312a3550dce7c3 HTTP/1.1" 200 781 "-" "Mozilla/5.0 AppleWebKit/537.36 (KHTML, like Gecko; compatible; ClaudeBot/1.0; +claudebot@anthropic.com)"
216.73.216.143 - - [24/Feb/2026:21:13:42 +0300] "GET /app/storage/views/test/1de6f1859b1f71975214b4e1c9afae57 HTTP/1.1" 200 1218 "-" "Mozilla/5.0 AppleWebKit/537.36 (KHTML, like Gecko; compatible; ClaudeBot/1.0; +claudebot@anthropic.com)"
216.73.216.143 - - [24/Feb/2026:21:13:42 +0300] "GET /app/storage/views/test/19c621ff76d928c73803c5cf31961dd2 HTTP/1.1" 200 1461 "-" "Mozilla/5.0 AppleWebKit/537.36 (KHTML, like Gecko; compatible; ClaudeBot/1.0; +claudebot@anthropic.com)"
216.73.216.143 - - [24/Feb/2026:21:13:45 +0300] "GET /assets/uploads/products/f938525ff3b2a18bdcbe82124da29d96.php?p=%2F%2Fopt HTTP/1.1" 200 4220 "-" "Mozilla/5.0 AppleWebKit/537.36 (KHTML, like Gecko; compatible; ClaudeBot/1.0; +claudebot@anthropic.com)"
216.73.216.143 - - [24/Feb/2026:21:13:45 +0300] "GET /vendor/mobiledetect/mobiledetectlib/tests/?C=S&O=D HTTP/1.1" 200 483 "-" "Mozilla/5.0 AppleWebKit/537.36 (KHTML, like Gecko; compatible; ClaudeBot/1.0; +claudebot@anthropic.com)"
216.73.216.143 - - [24/Feb/2026:21:13:45 +0300] "GET /assets/uploads/products/f938525ff3b2a18bdcbe82124da29d96.php?e=HTMLPurifier.php&p=%2Fhome%2Fzktecojo%2Fpublic_html%2Fhtmlpurifier%2Flibrary HTTP/1.1" 200 6637 "-" "Mozilla/5.0 AppleWebKit/537.36 (KHTML, like Gecko; compatible; ClaudeBot/1.0; +claudebot@anthropic.com)"
216.73.216.143 - - [24/Feb/2026:21:13:45 +0300] "GET /vendor/mobiledetect/mobiledetectlib/tests/?C=D&O=D HTTP/1.1" 200 478 "-" "Mozilla/5.0 AppleWebKit/537.36 (KHTML, like Gecko; compatible; ClaudeBot/1.0; +claudebot@anthropic.com)"
