74.7.242.0 - - [24/Feb/2026:20:13:33 +0300] "GET /app/views/layouts/frontend/topnav.blade.php HTTP/1.1" 500 467 "https://mail.zkteco.jo/app/views/layouts/frontend/" "Mozilla/5.0 AppleWebKit/537.36 (KHTML, like Gecko; compatible; GPTBot/1.3; +https://openai.com/gptbot)"
74.7.242.0 - - [24/Feb/2026:20:13:35 +0300] "GET /app/views/layouts/frontend/footer.blade.php HTTP/1.1" 200 893 "https://mail.zkteco.jo/app/views/layouts/frontend/" "Mozilla/5.0 AppleWebKit/537.36 (KHTML, like Gecko; compatible; GPTBot/1.3; +https://openai.com/gptbot)"
74.7.242.0 - - [24/Feb/2026:20:13:41 +0300] "GET /vendor/composer/LICENSE HTTP/1.1" 404 36 "https://mail.zkteco.jo/vendor/composer/" "Mozilla/5.0 AppleWebKit/537.36 (KHTML, like Gecko; compatible; GPTBot/1.3; +https://openai.com/gptbot)"
74.7.242.0 - - [24/Feb/2026:20:13:46 +0300] "GET /htmlpurifier/extras/FSTools/ HTTP/1.1" 200 309 "https://mail.zkteco.jo/htmlpurifier/extras/" "Mozilla/5.0 AppleWebKit/537.36 (KHTML, like Gecko; compatible; GPTBot/1.3; +https://openai.com/gptbot)"
74.7.242.0 - - [24/Feb/2026:20:13:51 +0300] "GET /app/views-feb%2024/frontend/design_layout/product_layout.blade.php-3-aug-2015 HTTP/1.1" 200 666 "https://mail.zkteco.jo/app/views-feb%2024/frontend/design_layout/" "Mozilla/5.0 AppleWebKit/537.36 (KHTML, like Gecko; compatible; GPTBot/1.3; +https://openai.com/gptbot)"
74.7.242.0 - - [24/Feb/2026:20:13:56 +0300] "GET /app/views/frontend/old/layout/listingbullet.blade.php HTTP/1.1" 200 323 "https://mail.zkteco.jo/app/views/frontend/old/layout/" "Mozilla/5.0 AppleWebKit/537.36 (KHTML, like Gecko; compatible; GPTBot/1.3; +https://openai.com/gptbot)"
74.7.242.0 - - [24/Feb/2026:20:14:00 +0300] "GET /app/views/frontend/old/layout/%7B%7B%20asset($contentImage1)%20%7D%7D HTTP/1.1" 404 36 "https://mail.zkteco.jo/app/views/frontend/old/layout/listingbullet.blade.php" "Mozilla/5.0 AppleWebKit/537.36 (KHTML, like Gecko; compatible; GPTBot/1.3; +https://openai.com/gptbot)"
74.7.242.0 - - [24/Feb/2026:20:14:03 +0300] "GET /app/views/frontend/old/common/footerscripts.blade.php HTTP/1.1" 500 122 "https://mail.zkteco.jo/app/views/frontend/old/common/" "Mozilla/5.0 AppleWebKit/537.36 (KHTML, like Gecko; compatible; GPTBot/1.3; +https://openai.com/gptbot)"
74.7.242.0 - - [24/Feb/2026:20:14:07 +0300] "GET /vendor/symfony/debug/Symfony/ HTTP/1.1" 200 308 "https://mail.zkteco.jo/vendor/symfony/debug/" "Mozilla/5.0 AppleWebKit/537.36 (KHTML, like Gecko; compatible; GPTBot/1.3; +https://openai.com/gptbot)"
74.7.242.0 - - [24/Feb/2026:20:14:18 +0300] "GET /vendor/intervention/image/tests/images/circle.png HTTP/1.1" 200 383 "https://mail.zkteco.jo/vendor/intervention/image/tests/images/" "Mozilla/5.0 AppleWebKit/537.36 (KHTML, like Gecko; compatible; GPTBot/1.3; +https://openai.com/gptbot)"
3.151.194.164 - - [24/Feb/2026:20:14:22 +0300] "GET / HTTP/1.1" 401 52 "http://webdisk.zkteco.jo/" "visionheight.com/scan Mozilla/5.0 (Macintosh; Intel Mac OS X 10_15_7) Chrome/126.0.0.0 Safari/537.36"
74.7.242.0 - - [24/Feb/2026:20:14:28 +0300] "GET /htmlpurifier/library/HTMLPurifier/AttrDef/Enum.php HTTP/1.1" 500 20 "https://mail.zkteco.jo/htmlpurifier/library/HTMLPurifier/AttrDef/" "Mozilla/5.0 AppleWebKit/537.36 (KHTML, like Gecko; compatible; GPTBot/1.3; +https://openai.com/gptbot)"
52.167.144.159 - - [24/Feb/2026:20:14:31 +0300] "GET /product-details/Premium%20Product%20Line/g5 HTTP/1.1" 404 36 "-" "Mozilla/5.0 AppleWebKit/537.36 (KHTML, like Gecko; compatible; bingbot/2.0; +http://www.bing.com/bingbot.htm) Chrome/116.0.1938.76 Safari/537.36"
74.7.242.0 - - [24/Feb/2026:20:14:36 +0300] "GET /vendor/nesbot/carbon/phpunit.xml.dist HTTP/1.1" 200 270 "https://mail.zkteco.jo/vendor/nesbot/carbon/" "Mozilla/5.0 AppleWebKit/537.36 (KHTML, like Gecko; compatible; GPTBot/1.3; +https://openai.com/gptbot)"
14.228.172.198 - - [24/Feb/2026:20:14:55 +0300] "GET /download-file/1424 HTTP/1.1" 404 36 "-" "Mozilla/5.0 (Macintosh; Intel Mac OS X 10_15_7) AppleWebKit/537.36 (KHTML, like Gecko) Chrome/99.0.4844.51 Safari/537.36"
74.7.242.0 - - [24/Feb/2026:20:15:04 +0300] "GET /vendor/stack/builder/phpunit.xml.dist HTTP/1.1" 200 203 "https://mail.zkteco.jo/vendor/stack/builder/" "Mozilla/5.0 AppleWebKit/537.36 (KHTML, like Gecko; compatible; GPTBot/1.3; +https://openai.com/gptbot)"
74.7.242.0 - - [24/Feb/2026:20:15:28 +0300] "GET /app/views/layouts/frontend/%7B%7Basset('terms-condition')%7D%7D HTTP/1.1" 404 36 "https://mail.zkteco.jo/app/views/layouts/frontend/footer.blade.php" "Mozilla/5.0 AppleWebKit/537.36 (KHTML, like Gecko; compatible; GPTBot/1.3; +https://openai.com/gptbot)"
74.7.242.0 - - [24/Feb/2026:20:15:48 +0300] "GET /app/views/layouts/frontend/%7B%7Basset('privacy-policy')%7D%7D HTTP/1.1" 404 36 "https://mail.zkteco.jo/app/views/layouts/frontend/footer.blade.php" "Mozilla/5.0 AppleWebKit/537.36 (KHTML, like Gecko; compatible; GPTBot/1.3; +https://openai.com/gptbot)"
40.77.167.156 - - [24/Feb/2026:20:15:51 +0300] "GET /search?_token=nr5xV5Ty5IhbmmIuHLFiWWXMcguIC7o6eQiRsfhy&searchterm= HTTP/1.1" 404 36 "-" "Mozilla/5.0 AppleWebKit/537.36 (KHTML, like Gecko; compatible; bingbot/2.0; +http://www.bing.com/bingbot.htm) Chrome/116.0.1938.76 Safari/537.36"
74.7.242.0 - - [24/Feb/2026:20:16:09 +0300] "GET /htmlpurifier/extras/FSTools/File.php HTTP/1.1" 200 20 "https://mail.zkteco.jo/htmlpurifier/extras/FSTools/" "Mozilla/5.0 AppleWebKit/537.36 (KHTML, like Gecko; compatible; GPTBot/1.3; +https://openai.com/gptbot)"
74.7.242.0 - - [24/Feb/2026:20:16:30 +0300] "GET /vendor/nikic/php-parser/doc/0_Introduction.markdown HTTP/1.1" 200 1553 "https://mail.zkteco.jo/vendor/nikic/php-parser/doc/" "Mozilla/5.0 AppleWebKit/537.36 (KHTML, like Gecko; compatible; GPTBot/1.3; +https://openai.com/gptbot)"
74.7.242.0 - - [24/Feb/2026:20:16:50 +0300] "GET /vendor/symfony/browser-kit/Symfony/ HTTP/1.1" 200 311 "https://mail.zkteco.jo/vendor/symfony/browser-kit/" "Mozilla/5.0 AppleWebKit/537.36 (KHTML, like Gecko; compatible; GPTBot/1.3; +https://openai.com/gptbot)"
45.238.21.77 - - [24/Feb/2026:20:17:04 +0300] "GET /product-details/Products/lh5000 HTTP/1.1" 404 36 "-" "Mozilla/5.0 (Windows NT 10.0; Win64; x64) AppleWebKit/537.36 (KHTML, like Gecko) Brave Chrome/86.0.4240.99 Safari/537.36"
74.7.242.0 - - [24/Feb/2026:20:17:07 +0300] "GET /vendor/symfony/http-kernel/Symfony/ HTTP/1.1" 200 316 "https://mail.zkteco.jo/vendor/symfony/http-kernel/" "Mozilla/5.0 AppleWebKit/537.36 (KHTML, like Gecko; compatible; GPTBot/1.3; +https://openai.com/gptbot)"
74.7.242.0 - - [24/Feb/2026:20:17:22 +0300] "GET /vendor/symfony/debug/Symfony/?C=D;O=A HTTP/1.1" 200 308 "https://mail.zkteco.jo/vendor/symfony/debug/Symfony/" "Mozilla/5.0 AppleWebKit/537.36 (KHTML, like Gecko; compatible; GPTBot/1.3; +https://openai.com/gptbot)"
74.7.242.0 - - [24/Feb/2026:20:17:36 +0300] "GET /app/views/frontend/old/emails/contactus.blade.php HTTP/1.1" 200 483 "https://mail.zkteco.jo/app/views/frontend/old/emails/" "Mozilla/5.0 AppleWebKit/537.36 (KHTML, like Gecko; compatible; GPTBot/1.3; +https://openai.com/gptbot)"
74.7.242.0 - - [24/Feb/2026:20:17:48 +0300] "GET /app/views/frontend/old/common/homeheadermenu.blade.php HTTP/1.1" 200 343 "https://mail.zkteco.jo/app/views/frontend/old/common/" "Mozilla/5.0 AppleWebKit/537.36 (KHTML, like Gecko; compatible; GPTBot/1.3; +https://openai.com/gptbot)"
74.7.242.0 - - [24/Feb/2026:20:17:59 +0300] "GET /app/views/frontend/old/common/%7B%7B%20asset('assets/uploads/setting/'.$adminSetting-%3Esitelogo)%20%7D%7D HTTP/1.1" 404 36 "https://mail.zkteco.jo/app/views/frontend/old/common/homeheadermenu.blade.php" "Mozilla/5.0 AppleWebKit/537.36 (KHTML, like Gecko; compatible; GPTBot/1.3; +https://openai.com/gptbot)"
74.7.242.0 - - [24/Feb/2026:20:18:10 +0300] "GET /vendor/ircmaxell/password-compat/lib/password.php HTTP/1.1" 200 20 "https://mail.zkteco.jo/vendor/ircmaxell/password-compat/lib/" "Mozilla/5.0 AppleWebKit/537.36 (KHTML, like Gecko; compatible; GPTBot/1.3; +https://openai.com/gptbot)"
74.7.242.0 - - [24/Feb/2026:20:18:20 +0300] "GET /htmlpurifier/library/HTMLPurifier/Lexer/DOMLex.php HTTP/1.1" 500 20 "https://mail.zkteco.jo/htmlpurifier/library/HTMLPurifier/Lexer/" "Mozilla/5.0 AppleWebKit/537.36 (KHTML, like Gecko; compatible; GPTBot/1.3; +https://openai.com/gptbot)"
43.173.182.37 - - [24/Feb/2026:20:18:27 +0300] "GET /biopro-series HTTP/1.1" 404 36 "-" "Mozilla/5.0 (Windows NT 10.0; Win64; x64) AppleWebKit/537.36 (KHTML, like Gecko) Chrome/108.0.0.0 Safari/537.36"
43.173.181.106 - - [24/Feb/2026:20:18:27 +0300] "GET /vehicle-inspection-1 HTTP/1.1" 404 36 "-" "Mozilla/5.0 (Windows NT 10.0; Win64; x64) AppleWebKit/537.36 (KHTML, like Gecko) Chrome/109.0.0.0 Safari/537.36"
52.230.164.182 - - [24/Feb/2026:20:18:28 +0300] "GET /download-file/1602 HTTP/1.1" 404 36 "-" "Mozilla/5.0 AppleWebKit/537.36 (KHTML, like Gecko); compatible; ChatGPT-User/1.0; +https://openai.com/bot"
74.7.242.0 - - [24/Feb/2026:20:18:29 +0300] "GET /htmlpurifier/library/HTMLPurifier/AttrDef/Text.php HTTP/1.1" 500 20 "https://mail.zkteco.jo/htmlpurifier/library/HTMLPurifier/AttrDef/" "Mozilla/5.0 AppleWebKit/537.36 (KHTML, like Gecko; compatible; GPTBot/1.3; +https://openai.com/gptbot)"
3.151.194.164 - - [24/Feb/2026:20:18:31 +0300] "GET / HTTP/1.1" 401 52 "-" "visionheight.com/scan Mozilla/5.0 (Macintosh; Intel Mac OS X 10_15_7) Chrome/126.0.0.0 Safari/537.36"
74.7.242.0 - - [24/Feb/2026:20:18:56 +0300] "GET /app/views/frontend/old/layout/leadership.blade.php HTTP/1.1" 200 365 "https://mail.zkteco.jo/app/views/frontend/old/layout/" "Mozilla/5.0 AppleWebKit/537.36 (KHTML, like Gecko; compatible; GPTBot/1.3; +https://openai.com/gptbot)"
157.55.39.10 - - [24/Feb/2026:20:19:38 +0300] "GET /assets/uploads/products/pdf/image/small/5bdb8d4d2f1fb19dfa95a458fa52dc54.png HTTP/1.1" 200 7882 "-" "Mozilla/5.0 AppleWebKit/537.36 (KHTML, like Gecko; compatible; bingbot/2.0; +http://www.bing.com/bingbot.htm) Chrome/116.0.1938.76 Safari/537.36"
74.7.242.0 - - [24/Feb/2026:20:19:57 +0300] "GET /app/views/frontend/old/common/innerheader.blade.php HTTP/1.1" 200 443 "https://mail.zkteco.jo/app/views/frontend/old/common/" "Mozilla/5.0 AppleWebKit/537.36 (KHTML, like Gecko; compatible; GPTBot/1.3; +https://openai.com/gptbot)"
40.77.167.224 - - [24/Feb/2026:20:20:03 +0300] "GET /assets/uploads/products/pdf/image/small/80a45b49643530e7747c22e292cc3be5.png HTTP/1.1" 200 7882 "-" "Mozilla/5.0 AppleWebKit/537.36 (KHTML, like Gecko; compatible; bingbot/2.0; +http://www.bing.com/bingbot.htm) Chrome/116.0.1938.76 Safari/537.36"
14.164.198.156 - - [24/Feb/2026:20:20:05 +0300] "GET /product-details/Access%20Control%20/fr1300 HTTP/1.1" 404 36 "-" "Mozilla/5.0 (Macintosh; Intel Mac OS X 10_13_6) AppleWebKit/537.36 (KHTML, like Gecko) Chrome/89.0.4389.114 Safari/537.36"
85.208.96.211 - - [24/Feb/2026:20:20:32 +0300] "GET /product-details/Intelligent%20Commerce/zkb106s HTTP/1.1" 404 36 "-" "Mozilla/5.0 (compatible; SemrushBot/7~bl; +http://www.semrush.com/bot.html)"
40.77.167.224 - - [24/Feb/2026:20:20:41 +0300] "GET /search?_token=HPYOXEkiB6oBDuwKGVjJFMeU6XmA4qwKzLr8LZ5Z&searchterm= HTTP/1.1" 404 36 "-" "Mozilla/5.0 AppleWebKit/537.36 (KHTML, like Gecko; compatible; bingbot/2.0; +http://www.bing.com/bingbot.htm) Chrome/116.0.1938.76 Safari/537.36"
157.55.39.57 - - [24/Feb/2026:20:20:51 +0300] "GET /product-details/Software/zkteco-parking HTTP/1.1" 404 36 "-" "Mozilla/5.0 AppleWebKit/537.36 (KHTML, like Gecko; compatible; bingbot/2.0; +http://www.bing.com/bingbot.htm) Chrome/116.0.1938.76 Safari/537.36"
40.77.167.224 - - [24/Feb/2026:20:20:54 +0300] "GET /assets/uploads/products/pdf/image/small/2c1caf5e0b6080f4040a482fa3e9817e.png HTTP/1.1" 200 7882 "-" "Mozilla/5.0 AppleWebKit/537.36 (KHTML, like Gecko; compatible; bingbot/2.0; +http://www.bing.com/bingbot.htm) Chrome/116.0.1938.76 Safari/537.36"
74.7.242.0 - - [24/Feb/2026:20:20:55 +0300] "GET /vendor/symfony/filesystem/Symfony/ HTTP/1.1" 200 313 "https://mail.zkteco.jo/vendor/symfony/filesystem/" "Mozilla/5.0 AppleWebKit/537.36 (KHTML, like Gecko; compatible; GPTBot/1.3; +https://openai.com/gptbot)"
74.7.242.0 - - [24/Feb/2026:20:21:45 +0300] "GET /vendor/intervention/image/src/config/ HTTP/1.1" 200 316 "https://mail.zkteco.jo/vendor/intervention/image/src/" "Mozilla/5.0 AppleWebKit/537.36 (KHTML, like Gecko; compatible; GPTBot/1.3; +https://openai.com/gptbot)"
74.7.242.0 - - [24/Feb/2026:20:22:30 +0300] "GET /app/views/frontend/old/common/innerheadermenu.blade.php HTTP/1.1" 200 603 "https://mail.zkteco.jo/app/views/frontend/old/common/" "Mozilla/5.0 AppleWebKit/537.36 (KHTML, like Gecko; compatible; GPTBot/1.3; +https://openai.com/gptbot)"
74.7.242.0 - - [24/Feb/2026:20:23:13 +0300] "GET /vendor/simplesoftwareio/simple-qrcode/tests/BaconQrCodeGeneratorTest.php HTTP/1.1" 500 20 "https://mail.zkteco.jo/vendor/simplesoftwareio/simple-qrcode/tests/" "Mozilla/5.0 AppleWebKit/537.36 (KHTML, like Gecko; compatible; GPTBot/1.3; +https://openai.com/gptbot)"
74.7.242.0 - - [24/Feb/2026:20:23:50 +0300] "GET /htmlpurifier/library/HTMLPurifier/URIScheme/ftp.php HTTP/1.1" 500 20 "https://mail.zkteco.jo/htmlpurifier/library/HTMLPurifier/URIScheme/" "Mozilla/5.0 AppleWebKit/537.36 (KHTML, like Gecko; compatible; GPTBot/1.3; +https://openai.com/gptbot)"
2409:8c6a:b021:3b:1a:: - - [24/Feb/2026:20:24:37 +0300] "GET /product-details/Visible%20Light%20Series/proface-x-1 HTTP/1.1" 404 36 "-" "Mozilla/5.0 (Windows NT 10.0; Win64; x64) AppleWebKit/537.36 (KHTML, like Gecko) Chrome/139.0.0.0 Safari/537.36"
74.7.242.0 - - [24/Feb/2026:20:24:56 +0300] "GET /htmlpurifier/library/HTMLPurifier/AttrDef/Clone.php HTTP/1.1" 500 20 "https://mail.zkteco.jo/htmlpurifier/library/HTMLPurifier/AttrDef/" "Mozilla/5.0 AppleWebKit/537.36 (KHTML, like Gecko; compatible; GPTBot/1.3; +https://openai.com/gptbot)"
107.174.178.172 - - [24/Feb/2026:20:25:17 +0300] "GET /index.html-- HTTP/1.1" 200 478 "-" "Mozilla/5.0 (Windows NT 10.0; Win64; x64) AppleWebKit/537.36 (KHTML, like Gecko) Chrome/129.0.0.0 Safari/537.36"
74.7.242.0 - - [24/Feb/2026:20:26:02 +0300] "GET /htmlpurifier/library/HTMLPurifier/Token/Comment.php HTTP/1.1" 500 20 "https://mail.zkteco.jo/htmlpurifier/library/HTMLPurifier/Token/" "Mozilla/5.0 AppleWebKit/537.36 (KHTML, like Gecko; compatible; GPTBot/1.3; +https://openai.com/gptbot)"
40.77.167.42 - - [24/Feb/2026:20:26:11 +0300] "GET /product-details/Time%20Attendance/iclock660 HTTP/1.1" 404 36 "-" "Mozilla/5.0 AppleWebKit/537.36 (KHTML, like Gecko; compatible; bingbot/2.0; +http://www.bing.com/bingbot.htm) Chrome/116.0.1938.76 Safari/537.36"
37.238.80.15 - - [24/Feb/2026:20:26:57 +0300] "GET /biotime-cloud-1 HTTP/1.1" 404 36 "https://zkteco.jo/" "Mozilla/5.0 (X11; Linux x86_64; rv:125.0) Gecko/20100101 Firefox/125.0"
185.191.171.12 - - [24/Feb/2026:20:27:00 +0300] "GET /biotime-cloud HTTP/1.1" 404 36 "-" "Mozilla/5.0 (compatible; SemrushBot/7~bl; +http://www.semrush.com/bot.html)"
74.7.242.0 - - [24/Feb/2026:20:27:05 +0300] "GET /htmlpurifier/library/HTMLPurifier/Node/Element.php HTTP/1.1" 500 20 "https://mail.zkteco.jo/htmlpurifier/library/HTMLPurifier/Node/" "Mozilla/5.0 AppleWebKit/537.36 (KHTML, like Gecko; compatible; GPTBot/1.3; +https://openai.com/gptbot)"
14.242.156.199 - - [24/Feb/2026:20:27:08 +0300] "GET /product-details/Premium%20Product%20Line/elite-pass-1 HTTP/1.1" 404 36 "-" "Mozilla/5.0 (Macintosh; Intel Mac OS X 10_13_6) AppleWebKit/537.36 (KHTML, like Gecko) Brave Chrome/83.0.4103.116 Safari/537.36"
85.208.96.202 - - [24/Feb/2026:20:27:38 +0300] "GET /product-details/Video%20Surveillance%20/z8504neq-s HTTP/1.1" 404 36 "-" "Mozilla/5.0 (compatible; SemrushBot/7~bl; +http://www.semrush.com/bot.html)"
74.7.242.0 - - [24/Feb/2026:20:28:07 +0300] "GET /htmlpurifier/library/HTMLPurifier/Node/Comment.php HTTP/1.1" 500 20 "https://mail.zkteco.jo/htmlpurifier/library/HTMLPurifier/Node/" "Mozilla/5.0 AppleWebKit/537.36 (KHTML, like Gecko; compatible; GPTBot/1.3; +https://openai.com/gptbot)"
85.208.96.202 - - [24/Feb/2026:20:28:29 +0300] "GET /product-details/Access%20Control%20/multibio700 HTTP/1.1" 404 36 "-" "Mozilla/5.0 (compatible; SemrushBot/7~bl; +http://www.semrush.com/bot.html)"
2a03:2880:f800:20:: - - [24/Feb/2026:20:28:41 +0300] "GET /product-details/zkb104s HTTP/1.1" 404 36 "-" "meta-externalagent/1.1 (+https://developers.facebook.com/docs/sharing/webmasters/crawler)"
47.236.119.62 - - [24/Feb/2026:20:28:46 +0300] "GET /wp-login.php HTTP/1.1" 404 36 "-" "python-requests/2.32.5"
47.236.119.62 - - [24/Feb/2026:20:28:46 +0300] "GET /administrator/index.php HTTP/1.1" 404 36 "-" "Mozilla/5.0 (Linux; Android 11; Redmi Note 9 Pro Build/RKQ1.200826.002; wv) AppleWebKit/5310.36 (KHTML, like Gecko) Version/4.0 Chrome/90.0.4430.210 Mobile Safari/5310.36"
47.236.119.62 - - [24/Feb/2026:20:28:48 +0300] "POST /admin/index.php HTTP/1.1" 404 36 "-" "Mozilla/5.0 (Linux; Android 11; Redmi Note 9 Pro Build/RKQ1.200826.002; wv) AppleWebKit/5310.36 (KHTML, like Gecko) Version/4.0 Chrome/90.0.4430.210 Mobile Safari/5310.36"
74.7.242.0 - - [24/Feb/2026:20:29:12 +0300] "GET /app/views/frontend/old/layout/%7B%7B%20asset($leaderImage)%20%7D%7D HTTP/1.1" 404 36 "https://mail.zkteco.jo/app/views/frontend/old/layout/leadership.blade.php" "Mozilla/5.0 AppleWebKit/537.36 (KHTML, like Gecko; compatible; GPTBot/1.3; +https://openai.com/gptbot)"
2a03:2880:f800:3f:: - - [24/Feb/2026:20:29:21 +0300] "GET /product-details/zkb104s HTTP/1.1" 404 36 "-" "meta-externalagent/1.1 (+https://developers.facebook.com/docs/sharing/webmasters/crawler)"
20.191.45.212 - - [24/Feb/2026:20:29:50 +0300] "GET / HTTP/1.1" 200 674 "http://zkteco.jo" "DuckDuckBot/1.1; (+http://duckduckgo.com/duckduckbot.html)"
20.191.45.212 - - [24/Feb/2026:20:29:50 +0300] "GET /favicon.ico HTTP/1.1" 404 36 "-" "DuckDuckBot/1.1; (+http://duckduckgo.com/duckduckbot.html)"
74.7.242.0 - - [24/Feb/2026:20:30:12 +0300] "GET /htmlpurifier/library/HTMLPurifier/AttrDef/Lang.php HTTP/1.1" 500 20 "https://mail.zkteco.jo/htmlpurifier/library/HTMLPurifier/AttrDef/" "Mozilla/5.0 AppleWebKit/537.36 (KHTML, like Gecko; compatible; GPTBot/1.3; +https://openai.com/gptbot)"
159.89.93.40 - - [24/Feb/2026:20:30:19 +0300] "GET /assets/uploads/products/recomended/d9cc02bb4090572ac25c12acfa64dd8f.png HTTP/1.1" 200 76001 "https://www.zkteco.jo/" "Mozilla/5.0 (Windows NT 10.0; Win64; x64) AppleWebKit/537.36 (KHTML, like Gecko) Chrome/106.0.5249.119 Safari/537.36"
110.177.178.60 - - [24/Feb/2026:20:30:37 +0300] "GET / HTTP/1.1" 200 674 "-" "Mozilla/5.0 (Windows NT 10.0; Win64; x64) Chrome/120.0.0.0"
40.77.167.32 - - [24/Feb/2026:20:30:51 +0300] "GET /download-file/688 HTTP/1.1" 404 36 "-" "Mozilla/5.0 AppleWebKit/537.36 (KHTML, like Gecko; compatible; bingbot/2.0; +http://www.bing.com/bingbot.htm) Chrome/116.0.1938.76 Safari/537.36"
74.7.242.0 - - [24/Feb/2026:20:31:14 +0300] "GET /app/lang/en/validation.php HTTP/1.1" 200 20 "https://mail.zkteco.jo/app/lang/en/" "Mozilla/5.0 AppleWebKit/537.36 (KHTML, like Gecko; compatible; GPTBot/1.3; +https://openai.com/gptbot)"
74.7.242.0 - - [24/Feb/2026:20:32:18 +0300] "GET /app/views/frontend/old/layout/project.blade.php HTTP/1.1" 500 163 "https://mail.zkteco.jo/app/views/frontend/old/layout/" "Mozilla/5.0 AppleWebKit/537.36 (KHTML, like Gecko; compatible; GPTBot/1.3; +https://openai.com/gptbot)"
123.19.137.215 - - [24/Feb/2026:20:33:07 +0300] "GET /x-ray-luggage-inspection HTTP/1.1" 404 36 "-" "Mozilla/5.0 (Windows NT 6.3; Win64; x64) AppleWebKit/537.36 (KHTML, like Gecko) Brave Chrome/78.0.3904.97 Safari/537.36"
74.7.242.0 - - [24/Feb/2026:20:33:12 +0300] "GET /vendor/nikic/php-parser/doc/2_Usage_of_basic_components.markdown HTTP/1.1" 200 4354 "https://mail.zkteco.jo/vendor/nikic/php-parser/doc/" "Mozilla/5.0 AppleWebKit/537.36 (KHTML, like Gecko; compatible; GPTBot/1.3; +https://openai.com/gptbot)"
85.208.96.197 - - [24/Feb/2026:20:33:13 +0300] "GET /product-details/X-Ray%20Luggage%20Inspection/zkx6550 HTTP/1.1" 404 36 "-" "Mozilla/5.0 (compatible; SemrushBot/7~bl; +http://www.semrush.com/bot.html)"
40.77.167.17 - - [24/Feb/2026:20:33:15 +0300] "GET /download-file/2093 HTTP/1.1" 404 36 "-" "Mozilla/5.0 AppleWebKit/537.36 (KHTML, like Gecko; compatible; bingbot/2.0; +http://www.bing.com/bingbot.htm) Chrome/116.0.1938.76 Safari/537.36"
171.120.26.30 - - [24/Feb/2026:20:33:39 +0300] "GET /wp-content/uploads/2023/02/1677572030-814390417fe413b.png HTTP/1.1" 404 36 "-" "Mozilla/5.0 (Windows NT 10.0; Win64; x64) Chrome/120.0.0.0"
171.120.26.30 - - [24/Feb/2026:20:33:44 +0300] "GET /favicon.ico HTTP/1.1" 404 36 "-" "Mozilla/5.0 (Windows NT 10.0; Win64; x64) Chrome/120.0.0.0"
171.120.26.30 - - [24/Feb/2026:20:33:45 +0300] "GET /icons/favicon.ico HTTP/1.1" 404 36 "-" "Mozilla/5.0 (Windows NT 10.0; Win64; x64) Chrome/120.0.0.0"
171.120.26.30 - - [24/Feb/2026:20:33:46 +0300] "GET /wp-content/uploads/2023/08/logo-gold.png HTTP/1.1" 404 36 "-" "Mozilla/5.0 (Windows NT 10.0; Win64; x64) Chrome/120.0.0.0"
178.137.120.34 - - [24/Feb/2026:20:34:27 +0300] "GET /download-file/1836 HTTP/1.1" 404 36 "https://www.google.com/" "Mozilla/5.0 (Windows NT 10.0; Win64; x64) AppleWebKit/537.36 (KHTML, like Gecko) Chrome/144.0.0.0 Safari/537.36"
178.137.120.34 - - [24/Feb/2026:20:34:28 +0300] "GET /favicon.ico HTTP/1.1" 404 36 "https://www.zkteco.jo/download-file/1836" "Mozilla/5.0 (Windows NT 10.0; Win64; x64) AppleWebKit/537.36 (KHTML, like Gecko) Chrome/144.0.0.0 Safari/537.36"
36.106.167.188 - - [24/Feb/2026:20:34:49 +0300] "GET /assets/GanjingAbout-0xqqgv2B.js HTTP/1.1" 404 36 "-" "Mozilla/5.0 (Windows NT 10.0; Win64; x64) Chrome/120.0.0.0"
20.197.25.32 - - [24/Feb/2026:20:34:49 +0300] "GET /wp-content/plugins/hellopress/wp_filemanager.php HTTP/1.1" 404 36 "-" "-"
20.197.25.32 - - [24/Feb/2026:20:34:49 +0300] "GET /wp-content/uploads/mfw-activity-logger/csv-uploads/TitaniumEx.php?Titanium=Ex HTTP/1.1" 404 36 "-" "-"
20.197.25.32 - - [24/Feb/2026:20:34:50 +0300] "GET /wp-content/uploads/wp-bldy.php HTTP/1.1" 404 36 "-" "-"
20.197.25.32 - - [24/Feb/2026:20:34:50 +0300] "GET /combined.php HTTP/1.1" 404 36 "-" "-"
20.197.25.32 - - [24/Feb/2026:20:34:50 +0300] "GET /mari.php HTTP/1.1" 404 36 "-" "-"
20.197.25.32 - - [24/Feb/2026:20:34:51 +0300] "GET /kodox.php HTTP/1.1" 404 36 "-" "-"
20.197.25.32 - - [24/Feb/2026:20:34:51 +0300] "GET /wp-includes/SimplePie/HTTP/class.api.php HTTP/1.1" 404 36 "-" "-"
20.197.25.32 - - [24/Feb/2026:20:34:51 +0300] "GET /bs1.php/ HTTP/1.1" 404 36 "-" "-"
20.197.25.32 - - [24/Feb/2026:20:34:51 +0300] "GET /assets/onkoabak.php HTTP/1.1" 404 36 "-" "-"
20.197.25.32 - - [24/Feb/2026:20:34:52 +0300] "GET /alfa-rex.php56 HTTP/1.1" 404 36 "-" "-"
20.197.25.32 - - [24/Feb/2026:20:34:52 +0300] "GET /.tmb/asp.php HTTP/1.1" 404 36 "-" "-"
20.197.25.32 - - [24/Feb/2026:20:34:53 +0300] "GET /ovaudglve.php HTTP/1.1" 404 36 "-" "-"
20.197.25.32 - - [24/Feb/2026:20:34:54 +0300] "GET /wp-includes/class-http.php HTTP/1.1" 404 36 "-" "-"
20.197.25.32 - - [24/Feb/2026:20:34:54 +0300] "GET /ALFA_DATA/alfacgiapi/function.php HTTP/1.1" 404 36 "-" "-"
20.197.25.32 - - [24/Feb/2026:20:34:55 +0300] "GET /wp-content/themes/6x0dtmdc/fooster1337.php HTTP/1.1" 404 36 "-" "-"
20.197.25.32 - - [24/Feb/2026:20:34:55 +0300] "GET /discount_rules.php HTTP/1.1" 404 36 "-" "-"
20.197.25.32 - - [24/Feb/2026:20:34:55 +0300] "GET /pki-validation/about.php HTTP/1.1" 404 36 "-" "-"
20.197.25.32 - - [24/Feb/2026:20:34:55 +0300] "GET /wp-includes/class-wp-block-editor-context-cookie.php HTTP/1.1" 404 36 "-" "-"
20.197.25.32 - - [24/Feb/2026:20:34:56 +0300] "GET /empty.php HTTP/1.1" 404 36 "-" "-"
20.197.25.32 - - [24/Feb/2026:20:34:56 +0300] "GET /assets/library.php HTTP/1.1" 404 36 "-" "-"
20.197.25.32 - - [24/Feb/2026:20:34:56 +0300] "GET /-admin/includes/thumbs.php HTTP/1.1" 404 36 "-" "-"
20.197.25.32 - - [24/Feb/2026:20:34:57 +0300] "GET /BbPmyEI/luuf.php HTTP/1.1" 404 36 "-" "-"
20.197.25.32 - - [24/Feb/2026:20:34:57 +0300] "GET /wp-includes/certificates/wp.php HTTP/1.1" 404 36 "-" "-"
20.197.25.32 - - [24/Feb/2026:20:34:57 +0300] "GET /wp-includes/sodium_compat/src/Core32/Poly1305/post.php HTTP/1.1" 404 36 "-" "-"
20.197.25.32 - - [24/Feb/2026:20:34:58 +0300] "GET /confag.php HTTP/1.1" 404 36 "-" "-"
20.197.25.32 - - [24/Feb/2026:20:34:58 +0300] "GET /wp-content/plugins/ern/alfa-rex.php HTTP/1.1" 404 36 "-" "-"
20.197.25.32 - - [24/Feb/2026:20:34:58 +0300] "GET /ak47shell.php HTTP/1.1" 404 36 "-" "-"
20.197.25.32 - - [24/Feb/2026:20:34:59 +0300] "GET /ok.php?p= HTTP/1.1" 404 36 "-" "-"
20.197.25.32 - - [24/Feb/2026:20:34:59 +0300] "GET /acme-challenge/xl2023.php HTTP/1.1" 404 36 "-" "-"
20.197.25.32 - - [24/Feb/2026:20:34:59 +0300] "GET /wp-includes/Requests/Cookie/theme.php__123 HTTP/1.1" 404 36 "-" "-"
20.197.25.32 - - [24/Feb/2026:20:35:00 +0300] "GET /log404.php HTTP/1.1" 404 36 "-" "-"
20.197.25.32 - - [24/Feb/2026:20:35:00 +0300] "GET /wp-content/updraft HTTP/1.1" 404 36 "-" "-"
20.197.25.32 - - [24/Feb/2026:20:35:01 +0300] "GET /.tmb/item.php HTTP/1.1" 404 36 "-" "-"
20.197.25.32 - - [24/Feb/2026:20:35:01 +0300] "GET /wp-admin/network/db.php HTTP/1.1" 404 36 "-" "-"
20.197.25.32 - - [24/Feb/2026:20:35:01 +0300] "GET /wp-includes/css/dist/preferences/buy.php HTTP/1.1" 404 36 "-" "-"
20.197.25.32 - - [24/Feb/2026:20:35:01 +0300] "GET /wp-includes/class-wp-taxonomy-sample.php HTTP/1.1" 404 36 "-" "-"
20.197.25.32 - - [24/Feb/2026:20:35:02 +0300] "GET /upgrade/fx.php HTTP/1.1" 404 36 "-" "-"
20.197.25.32 - - [24/Feb/2026:20:35:02 +0300] "GET /phocsqfz.php HTTP/1.1" 404 36 "-" "-"
20.197.25.32 - - [24/Feb/2026:20:35:03 +0300] "GET /Alex-Cross.php HTTP/1.1" 404 36 "-" "-"
20.197.25.32 - - [24/Feb/2026:20:35:03 +0300] "GET /wp-content/sx.php HTTP/1.1" 404 36 "-" "-"
20.197.25.32 - - [24/Feb/2026:20:35:03 +0300] "GET /wp-content/languages/themes/atomlib.php HTTP/1.1" 404 36 "-" "-"
20.197.25.32 - - [24/Feb/2026:20:35:04 +0300] "GET /bkncxqju.php HTTP/1.1" 404 36 "-" "-"
20.197.25.32 - - [24/Feb/2026:20:35:04 +0300] "GET /db/phpmyadmin3/index.php?lang=en HTTP/1.1" 404 36 "-" "-"
20.197.25.32 - - [24/Feb/2026:20:35:04 +0300] "GET /assets/contao/js/unix.php HTTP/1.1" 404 36 "-" "-"
20.197.25.32 - - [24/Feb/2026:20:35:05 +0300] "GET /fw.php/text.php/images.php HTTP/1.1" 404 36 "-" "-"
20.197.25.32 - - [24/Feb/2026:20:35:05 +0300] "GET /wp-content/uploads/shell20211028.php HTTP/1.1" 404 36 "-" "-"
20.197.25.32 - - [24/Feb/2026:20:35:05 +0300] "GET /portal/kcwepiaw.php HTTP/1.1" 404 36 "-" "-"
20.197.25.32 - - [24/Feb/2026:20:35:05 +0300] "GET /site/admin.php HTTP/1.1" 404 36 "-" "-"
20.197.25.32 - - [24/Feb/2026:20:35:06 +0300] "GET /wp-content/20211028.php HTTP/1.1" 404 36 "-" "-"
20.197.25.32 - - [24/Feb/2026:20:35:06 +0300] "GET /content.php?p= HTTP/1.1" 404 36 "-" "-"
20.197.25.32 - - [24/Feb/2026:20:35:06 +0300] "GET /images/adminshell.php HTTP/1.1" 404 36 "-" "-"
20.197.25.32 - - [24/Feb/2026:20:35:07 +0300] "GET /crypted.php HTTP/1.1" 404 36 "-" "-"
20.197.25.32 - - [24/Feb/2026:20:35:07 +0300] "GET /css/colors/blue/moon.php HTTP/1.1" 404 36 "-" "-"
20.197.25.32 - - [24/Feb/2026:20:35:07 +0300] "GET /wp-content/plugins/not/includes/about.php HTTP/1.1" 404 36 "-" "-"
20.197.25.32 - - [24/Feb/2026:20:35:08 +0300] "GET /wp-includes/CasperSecurity.php HTTP/1.1" 404 36 "-" "-"
20.197.25.32 - - [24/Feb/2026:20:35:08 +0300] "GET /wh.php HTTP/1.1" 404 36 "-" "-"
20.197.25.32 - - [24/Feb/2026:20:35:08 +0300] "GET /zxhfwqyt.php HTTP/1.1" 404 36 "-" "-"
20.197.25.32 - - [24/Feb/2026:20:35:09 +0300] "GET /ketiadfw.php HTTP/1.1" 404 36 "-" "-"
20.197.25.32 - - [24/Feb/2026:20:35:09 +0300] "GET /rex/l/index.php HTTP/1.1" 404 36 "-" "-"
20.197.25.32 - - [24/Feb/2026:20:35:09 +0300] "GET /wp-admin/includes/png.php HTTP/1.1" 404 36 "-" "-"
20.197.25.32 - - [24/Feb/2026:20:35:10 +0300] "GET /network/checkbex.php HTTP/1.1" 404 36 "-" "-"
20.197.25.32 - - [24/Feb/2026:20:35:10 +0300] "GET /wp-content/ans.php HTTP/1.1" 404 36 "-" "-"
20.197.25.32 - - [24/Feb/2026:20:35:10 +0300] "GET /plugins/3rdPartyServers/ox3rdPartyServers/luuf.php HTTP/1.1" 404 36 "-" "-"
20.197.25.32 - - [24/Feb/2026:20:35:11 +0300] "GET /wp-content/plugins/three-column-screen-layout/db.php?u HTTP/1.1" 404 36 "-" "-"
20.197.25.32 - - [24/Feb/2026:20:35:11 +0300] "GET /luf.php HTTP/1.1" 404 36 "-" "-"
20.197.25.32 - - [24/Feb/2026:20:35:11 +0300] "GET /hvoxejcn.php HTTP/1.1" 404 36 "-" "-"
20.197.25.32 - - [24/Feb/2026:20:35:11 +0300] "GET /wp-content/themes/hello-elementor/ HTTP/1.1" 404 36 "-" "-"
20.197.25.32 - - [24/Feb/2026:20:35:12 +0300] "GET /plugins/TOPXOH/wDR.php HTTP/1.1" 404 36 "-" "-"
20.197.25.32 - - [24/Feb/2026:20:35:12 +0300] "GET /templatesdex.php HTTP/1.1" 404 36 "-" "-"
20.197.25.32 - - [24/Feb/2026:20:35:12 +0300] "GET /vftjzsbm.php HTTP/1.1" 404 36 "-" "-"
20.197.25.32 - - [24/Feb/2026:20:35:13 +0300] "GET /uploads/index.php HTTP/1.1" 404 36 "-" "-"
20.197.25.32 - - [24/Feb/2026:20:35:13 +0300] "GET /wp-admin/network/theme.php HTTP/1.1" 404 36 "-" "-"
20.197.25.32 - - [24/Feb/2026:20:35:14 +0300] "GET /wp-content/themes/konzept/includes/uploadify/upload.php HTTP/1.1" 404 36 "-" "-"
20.197.25.32 - - [24/Feb/2026:20:35:14 +0300] "GET /wp-includes/blocks/embed/admin.php HTTP/1.1" 404 36 "-" "-"
20.197.25.32 - - [24/Feb/2026:20:35:14 +0300] "GET /template-ajax.php HTTP/1.1" 404 36 "-" "-"
20.197.25.32 - - [24/Feb/2026:20:35:15 +0300] "GET /wp-includes/css/litespeed.php HTTP/1.1" 404 36 "-" "-"
20.197.25.32 - - [24/Feb/2026:20:35:15 +0300] "GET /wp-includes/Requests/Text/admin.php HTTP/1.1" 404 36 "-" "-"
74.7.242.0 - - [24/Feb/2026:20:35:15 +0300] "GET /htmlpurifier/library/HTMLPurifier/ChildDef/Optional.php HTTP/1.1" 500 20 "https://mail.zkteco.jo/htmlpurifier/library/HTMLPurifier/ChildDef/" "Mozilla/5.0 AppleWebKit/537.36 (KHTML, like Gecko; compatible; GPTBot/1.3; +https://openai.com/gptbot)"
20.197.25.32 - - [24/Feb/2026:20:35:15 +0300] "GET /wp-content/plugins/plugin/allez.php HTTP/1.1" 404 36 "-" "-"
20.197.25.32 - - [24/Feb/2026:20:35:16 +0300] "GET /wp-includes/blocks/freeform/admin.php HTTP/1.1" 404 36 "-" "-"
20.197.25.32 - - [24/Feb/2026:20:35:16 +0300] "GET /wp-content/11.php HTTP/1.1" 404 36 "-" "-"
20.197.25.32 - - [24/Feb/2026:20:35:16 +0300] "GET /assets/network.php HTTP/1.1" 404 36 "-" "-"
40.77.167.123 - - [24/Feb/2026:20:36:08 +0300] "GET /assets/uploads/products/pdf/fb4700fe278b6136554ae2cc4bd6b640.pdf HTTP/1.1" 200 2110291 "-" "Mozilla/5.0 AppleWebKit/537.36 (KHTML, like Gecko; compatible; bingbot/2.0; +http://www.bing.com/bingbot.htm) Chrome/116.0.1938.76 Safari/537.36"
74.7.242.0 - - [24/Feb/2026:20:36:18 +0300] "GET /htmlpurifier/library/HTMLPurifier/TagTransform/Font.php HTTP/1.1" 500 20 "https://mail.zkteco.jo/htmlpurifier/library/HTMLPurifier/TagTransform/" "Mozilla/5.0 AppleWebKit/537.36 (KHTML, like Gecko; compatible; GPTBot/1.3; +https://openai.com/gptbot)"
34.58.254.212 - - [24/Feb/2026:20:36:28 +0300] "GET / HTTP/1.1" 503 - "-" "Mozilla/5.0 (Windows NT 10.0; Win64; x64) AppleWebKit/537.36 (KHTML, like Gecko) Chrome/78.0.3904.108 Safari/537.36"
34.58.254.212 - - [24/Feb/2026:20:36:28 +0300] "GET //wp-includes/wlwmanifest.xml HTTP/1.1" 503 - "-" "Mozilla/5.0 (Windows NT 10.0; Win64; x64) AppleWebKit/537.36 (KHTML, like Gecko) Chrome/78.0.3904.108 Safari/537.36"
34.58.254.212 - - [24/Feb/2026:20:36:29 +0300] "GET //xmlrpc.php?rsd HTTP/1.1" 503 - "-" "Mozilla/5.0 (Windows NT 10.0; Win64; x64) AppleWebKit/537.36 (KHTML, like Gecko) Chrome/78.0.3904.108 Safari/537.36"
34.58.254.212 - - [24/Feb/2026:20:36:29 +0300] "GET / HTTP/1.1" 503 - "-" "Mozilla/5.0 (Windows NT 10.0; Win64; x64) AppleWebKit/537.36 (KHTML, like Gecko) Chrome/78.0.3904.108 Safari/537.36"
34.58.254.212 - - [24/Feb/2026:20:36:29 +0300] "GET //blog/wp-includes/wlwmanifest.xml HTTP/1.1" 503 - "-" "Mozilla/5.0 (Windows NT 10.0; Win64; x64) AppleWebKit/537.36 (KHTML, like Gecko) Chrome/78.0.3904.108 Safari/537.36"
34.58.254.212 - - [24/Feb/2026:20:36:30 +0300] "GET //web/wp-includes/wlwmanifest.xml HTTP/1.1" 503 - "-" "Mozilla/5.0 (Windows NT 10.0; Win64; x64) AppleWebKit/537.36 (KHTML, like Gecko) Chrome/78.0.3904.108 Safari/537.36"
34.58.254.212 - - [24/Feb/2026:20:36:30 +0300] "GET //wordpress/wp-includes/wlwmanifest.xml HTTP/1.1" 503 - "-" "Mozilla/5.0 (Windows NT 10.0; Win64; x64) AppleWebKit/537.36 (KHTML, like Gecko) Chrome/78.0.3904.108 Safari/537.36"
34.58.254.212 - - [24/Feb/2026:20:36:31 +0300] "GET //website/wp-includes/wlwmanifest.xml HTTP/1.1" 503 - "-" "Mozilla/5.0 (Windows NT 10.0; Win64; x64) AppleWebKit/537.36 (KHTML, like Gecko) Chrome/78.0.3904.108 Safari/537.36"
34.58.254.212 - - [24/Feb/2026:20:36:31 +0300] "GET //wp/wp-includes/wlwmanifest.xml HTTP/1.1" 503 - "-" "Mozilla/5.0 (Windows NT 10.0; Win64; x64) AppleWebKit/537.36 (KHTML, like Gecko) Chrome/78.0.3904.108 Safari/537.36"
34.58.254.212 - - [24/Feb/2026:20:36:31 +0300] "GET //news/wp-includes/wlwmanifest.xml HTTP/1.1" 503 - "-" "Mozilla/5.0 (Windows NT 10.0; Win64; x64) AppleWebKit/537.36 (KHTML, like Gecko) Chrome/78.0.3904.108 Safari/537.36"
34.58.254.212 - - [24/Feb/2026:20:36:32 +0300] "GET //2018/wp-includes/wlwmanifest.xml HTTP/1.1" 503 - "-" "Mozilla/5.0 (Windows NT 10.0; Win64; x64) AppleWebKit/537.36 (KHTML, like Gecko) Chrome/78.0.3904.108 Safari/537.36"
34.58.254.212 - - [24/Feb/2026:20:36:32 +0300] "GET //2019/wp-includes/wlwmanifest.xml HTTP/1.1" 503 - "-" "Mozilla/5.0 (Windows NT 10.0; Win64; x64) AppleWebKit/537.36 (KHTML, like Gecko) Chrome/78.0.3904.108 Safari/537.36"
34.58.254.212 - - [24/Feb/2026:20:36:32 +0300] "GET //shop/wp-includes/wlwmanifest.xml HTTP/1.1" 503 - "-" "Mozilla/5.0 (Windows NT 10.0; Win64; x64) AppleWebKit/537.36 (KHTML, like Gecko) Chrome/78.0.3904.108 Safari/537.36"
34.58.254.212 - - [24/Feb/2026:20:36:33 +0300] "GET //wp1/wp-includes/wlwmanifest.xml HTTP/1.1" 503 - "-" "Mozilla/5.0 (Windows NT 10.0; Win64; x64) AppleWebKit/537.36 (KHTML, like Gecko) Chrome/78.0.3904.108 Safari/537.36"
34.58.254.212 - - [24/Feb/2026:20:36:33 +0300] "GET //test/wp-includes/wlwmanifest.xml HTTP/1.1" 503 - "-" "Mozilla/5.0 (Windows NT 10.0; Win64; x64) AppleWebKit/537.36 (KHTML, like Gecko) Chrome/78.0.3904.108 Safari/537.36"
34.58.254.212 - - [24/Feb/2026:20:36:34 +0300] "GET //media/wp-includes/wlwmanifest.xml HTTP/1.1" 503 - "-" "Mozilla/5.0 (Windows NT 10.0; Win64; x64) AppleWebKit/537.36 (KHTML, like Gecko) Chrome/78.0.3904.108 Safari/537.36"
34.58.254.212 - - [24/Feb/2026:20:36:34 +0300] "GET //wp2/wp-includes/wlwmanifest.xml HTTP/1.1" 503 - "-" "Mozilla/5.0 (Windows NT 10.0; Win64; x64) AppleWebKit/537.36 (KHTML, like Gecko) Chrome/78.0.3904.108 Safari/537.36"
34.58.254.212 - - [24/Feb/2026:20:36:34 +0300] "GET //site/wp-includes/wlwmanifest.xml HTTP/1.1" 503 - "-" "Mozilla/5.0 (Windows NT 10.0; Win64; x64) AppleWebKit/537.36 (KHTML, like Gecko) Chrome/78.0.3904.108 Safari/537.36"
34.58.254.212 - - [24/Feb/2026:20:36:35 +0300] "GET //cms/wp-includes/wlwmanifest.xml HTTP/1.1" 503 - "-" "Mozilla/5.0 (Windows NT 10.0; Win64; x64) AppleWebKit/537.36 (KHTML, like Gecko) Chrome/78.0.3904.108 Safari/537.36"
34.58.254.212 - - [24/Feb/2026:20:36:35 +0300] "GET //sito/wp-includes/wlwmanifest.xml HTTP/1.1" 503 - "-" "Mozilla/5.0 (Windows NT 10.0; Win64; x64) AppleWebKit/537.36 (KHTML, like Gecko) Chrome/78.0.3904.108 Safari/537.36"
2a03:2880:f800:35:: - - [24/Feb/2026:20:37:14 +0300] "GET /product-details/c3-100200400 HTTP/1.1" 404 36 "-" "meta-externalagent/1.1 (+https://developers.facebook.com/docs/sharing/webmasters/crawler)"
74.7.242.0 - - [24/Feb/2026:20:37:19 +0300] "GET /htmlpurifier/library/HTMLPurifier/HTMLModule/Iframe.php HTTP/1.1" 500 20 "https://mail.zkteco.jo/htmlpurifier/library/HTMLPurifier/HTMLModule/" "Mozilla/5.0 AppleWebKit/537.36 (KHTML, like Gecko; compatible; GPTBot/1.3; +https://openai.com/gptbot)"
157.55.39.16 - - [24/Feb/2026:20:37:20 +0300] "GET /product-details/Products/ma500 HTTP/1.1" 404 36 "-" "Mozilla/5.0 AppleWebKit/537.36 (KHTML, like Gecko; compatible; bingbot/2.0; +http://www.bing.com/bingbot.htm) Chrome/116.0.1938.76 Safari/537.36"
2001:41d0:303:8645::1 - - [24/Feb/2026:20:38:08 +0300] "GET /app/config/local/?C=M;O=A HTTP/1.1" 200 313 "-" "Mozilla/5.0 (compatible; MJ12bot/v1.4.8; http://mj12bot.com/)"
2001:41d0:303:8645::1 - - [24/Feb/2026:20:38:11 +0300] "GET /app/storage/sessions/b77ac52109ace55df08733998c5e953c814ca655 HTTP/1.1" 200 151 "-" "Mozilla/5.0 (compatible; MJ12bot/v1.4.8; http://mj12bot.com/)"
123.178.210.51 - - [24/Feb/2026:20:38:11 +0300] "GET / HTTP/1.1" 200 674 "-" "Mozilla/5.0 (Windows NT 10.0; Win64; x64) Chrome/120.0.0.0"
2001:41d0:303:8645::1 - - [24/Feb/2026:20:38:12 +0300] "GET /assets/uploads/innercontent/?C=D;O=A HTTP/1.1" 200 262 "-" "Mozilla/5.0 (compatible; MJ12bot/v1.4.8; http://mj12bot.com/)"
2001:41d0:303:8645::1 - - [24/Feb/2026:20:38:15 +0300] "GET /assets/uploads/innercontent/?C=S;O=A HTTP/1.1" 200 262 "-" "Mozilla/5.0 (compatible; MJ12bot/v1.4.8; http://mj12bot.com/)"
2001:41d0:303:8645::1 - - [24/Feb/2026:20:38:17 +0300] "GET /assets/uploads/locationmap/?C=D;O=A HTTP/1.1" 200 474 "-" "Mozilla/5.0 (compatible; MJ12bot/v1.4.8; http://mj12bot.com/)"
2001:41d0:303:8645::1 - - [24/Feb/2026:20:38:19 +0300] "GET /assets/uploads/locationmap/?C=M;O=A HTTP/1.1" 200 471 "-" "Mozilla/5.0 (compatible; MJ12bot/v1.4.8; http://mj12bot.com/)"
2001:41d0:303:8645::1 - - [24/Feb/2026:20:38:21 +0300] "GET /assets/uploads/locationmap/?C=N;O=D HTTP/1.1" 200 466 "-" "Mozilla/5.0 (compatible; MJ12bot/v1.4.8; http://mj12bot.com/)"
2001:41d0:303:8645::1 - - [24/Feb/2026:20:38:23 +0300] "GET /assets/uploads/locationmap/?C=S;O=A HTTP/1.1" 200 468 "-" "Mozilla/5.0 (compatible; MJ12bot/v1.4.8; http://mj12bot.com/)"
74.7.242.0 - - [24/Feb/2026:20:38:24 +0300] "GET /htmlpurifier/library/HTMLPurifier/HTMLModule/Target.php HTTP/1.1" 500 20 "https://mail.zkteco.jo/htmlpurifier/library/HTMLPurifier/HTMLModule/" "Mozilla/5.0 AppleWebKit/537.36 (KHTML, like Gecko; compatible; GPTBot/1.3; +https://openai.com/gptbot)"
74.7.242.0 - - [24/Feb/2026:20:39:28 +0300] "GET /htmlpurifier/library/HTMLPurifier/HTMLModule/Legacy.php HTTP/1.1" 500 20 "https://mail.zkteco.jo/htmlpurifier/library/HTMLPurifier/HTMLModule/" "Mozilla/5.0 AppleWebKit/537.36 (KHTML, like Gecko; compatible; GPTBot/1.3; +https://openai.com/gptbot)"
106.117.109.187 - - [24/Feb/2026:20:40:04 +0300] "GET /assets/favicon-aOK6_042.ico HTTP/1.1" 404 36 "-" "Mozilla/5.0 (Windows NT 10.0; Win64; x64) Chrome/120.0.0.0"
106.117.109.187 - - [24/Feb/2026:20:40:06 +0300] "GET /wp-content/uploads/2020/10/official-logo-512x512.png HTTP/1.1" 404 36 "-" "Mozilla/5.0 (Windows NT 10.0; Win64; x64) Chrome/120.0.0.0"
106.117.109.187 - - [24/Feb/2026:20:40:06 +0300] "GET /wp-content/uploads/2023/02/1677572030-814390417fe413b.png HTTP/1.1" 404 36 "-" "Mozilla/5.0 (Windows NT 10.0; Win64; x64) Chrome/120.0.0.0"
106.117.109.187 - - [24/Feb/2026:20:40:07 +0300] "GET /favicon.ico HTTP/1.1" 404 36 "-" "Mozilla/5.0 (Windows NT 10.0; Win64; x64) Chrome/120.0.0.0"
216.73.216.143 - - [24/Feb/2026:20:40:07 +0300] "GET /htmlpurifier/library/HTMLPurifier/AttrDef/HTML/MultiLength.php HTTP/1.1" 500 20 "-" "Mozilla/5.0 AppleWebKit/537.36 (KHTML, like Gecko; compatible; ClaudeBot/1.0; +claudebot@anthropic.com)"
216.73.216.143 - - [24/Feb/2026:20:40:07 +0300] "GET /htmlpurifier/library/HTMLPurifier/AttrDef/HTML/LinkTypes.php HTTP/1.1" 500 20 "-" "Mozilla/5.0 AppleWebKit/537.36 (KHTML, like Gecko; compatible; ClaudeBot/1.0; +claudebot@anthropic.com)"
216.73.216.143 - - [24/Feb/2026:20:40:08 +0300] "GET /htmlpurifier/library/HTMLPurifier/AttrDef/HTML/Color.php HTTP/1.1" 500 20 "-" "Mozilla/5.0 AppleWebKit/537.36 (KHTML, like Gecko; compatible; ClaudeBot/1.0; +claudebot@anthropic.com)"
106.117.109.187 - - [24/Feb/2026:20:40:08 +0300] "GET /icons/favicon.ico HTTP/1.1" 404 36 "-" "Mozilla/5.0 (Windows NT 10.0; Win64; x64) Chrome/120.0.0.0"
216.73.216.143 - - [24/Feb/2026:20:40:08 +0300] "GET /htmlpurifier/library/HTMLPurifier/AttrDef/HTML/FrameTarget.php HTTP/1.1" 500 20 "-" "Mozilla/5.0 AppleWebKit/537.36 (KHTML, like Gecko; compatible; ClaudeBot/1.0; +claudebot@anthropic.com)"
216.73.216.143 - - [24/Feb/2026:20:40:09 +0300] "GET /vendor/stack/builder/src/Stack/StackedHttpKernel.php HTTP/1.1" 500 20 "-" "Mozilla/5.0 AppleWebKit/537.36 (KHTML, like Gecko; compatible; ClaudeBot/1.0; +claudebot@anthropic.com)"
216.73.216.143 - - [24/Feb/2026:20:40:09 +0300] "GET /htmlpurifier/library/HTMLPurifier/HTMLModule/Nofollow.php HTTP/1.1" 500 20 "-" "Mozilla/5.0 AppleWebKit/537.36 (KHTML, like Gecko; compatible; ClaudeBot/1.0; +claudebot@anthropic.com)"
106.117.109.187 - - [24/Feb/2026:20:40:10 +0300] "GET /wp-content/uploads/2023/08/logo-gold.png HTTP/1.1" 404 36 "-" "Mozilla/5.0 (Windows NT 10.0; Win64; x64) Chrome/120.0.0.0"
216.73.216.143 - - [24/Feb/2026:20:40:10 +0300] "GET /htmlpurifier/library/HTMLPurifier/HTMLModule/NonXMLCommonAttributes.php HTTP/1.1" 500 20 "-" "Mozilla/5.0 AppleWebKit/537.36 (KHTML, like Gecko; compatible; ClaudeBot/1.0; +claudebot@anthropic.com)"
106.117.109.187 - - [24/Feb/2026:20:40:10 +0300] "GET /favicon-32x32.png?v=e0e3ed8f59d769b053c145391db63c0d HTTP/1.1" 404 36 "-" "Mozilla/5.0 (Windows NT 10.0; Win64; x64) Chrome/120.0.0.0"
216.73.216.143 - - [24/Feb/2026:20:40:10 +0300] "GET /htmlpurifier/library/HTMLPurifier/HTMLModule/Tidy HTTP/1.1" 301 316 "-" "Mozilla/5.0 AppleWebKit/537.36 (KHTML, like Gecko; compatible; ClaudeBot/1.0; +claudebot@anthropic.com)"
216.73.216.143 - - [24/Feb/2026:20:40:11 +0300] "GET /htmlpurifier/library/HTMLPurifier/HTMLModule/Tidy/ HTTP/1.1" 200 418 "https://zkteco.jo/htmlpurifier/library/HTMLPurifier/HTMLModule/Tidy" "Mozilla/5.0 AppleWebKit/537.36 (KHTML, like Gecko; compatible; ClaudeBot/1.0; +claudebot@anthropic.com)"
216.73.216.143 - - [24/Feb/2026:20:40:11 +0300] "GET /htmlpurifier/library/HTMLPurifier/HTMLModule/XMLCommonAttributes.php HTTP/1.1" 500 20 "-" "Mozilla/5.0 AppleWebKit/537.36 (KHTML, like Gecko; compatible; ClaudeBot/1.0; +claudebot@anthropic.com)"
106.117.109.187 - - [24/Feb/2026:20:40:11 +0300] "GET / HTTP/1.1" 200 674 "-" "Mozilla/5.0 (Windows NT 10.0; Win64; x64) Chrome/120.0.0.0"
106.117.109.187 - - [24/Feb/2026:20:40:11 +0300] "GET /assets/GanjingAbout-0xqqgv2B.js HTTP/1.1" 404 36 "-" "Mozilla/5.0 (Windows NT 10.0; Win64; x64) Chrome/120.0.0.0"
216.73.216.143 - - [24/Feb/2026:20:40:11 +0300] "GET /htmlpurifier/library/HTMLPurifier/HTMLModule/Proprietary.php HTTP/1.1" 500 20 "-" "Mozilla/5.0 AppleWebKit/537.36 (KHTML, like Gecko; compatible; ClaudeBot/1.0; +claudebot@anthropic.com)"
216.73.216.143 - - [24/Feb/2026:20:40:12 +0300] "GET /htmlpurifier/library/HTMLPurifier/HTMLModule/Legacy.php HTTP/1.1" 500 20 "-" "Mozilla/5.0 AppleWebKit/537.36 (KHTML, like Gecko; compatible; ClaudeBot/1.0; +claudebot@anthropic.com)"
216.73.216.143 - - [24/Feb/2026:20:40:12 +0300] "GET /htmlpurifier/library/HTMLPurifier/HTMLModule/Tables.php HTTP/1.1" 500 20 "-" "Mozilla/5.0 AppleWebKit/537.36 (KHTML, like Gecko; compatible; ClaudeBot/1.0; +claudebot@anthropic.com)"
216.73.216.143 - - [24/Feb/2026:20:40:13 +0300] "GET /htmlpurifier/library/HTMLPurifier/HTMLModule/Tidy.php HTTP/1.1" 500 20 "-" "Mozilla/5.0 AppleWebKit/537.36 (KHTML, like Gecko; compatible; ClaudeBot/1.0; +claudebot@anthropic.com)"
216.73.216.143 - - [24/Feb/2026:20:40:18 +0300] "GET /htmlpurifier/library/HTMLPurifier/HTMLModule/Bdo.php HTTP/1.1" 500 20 "-" "Mozilla/5.0 AppleWebKit/537.36 (KHTML, like Gecko; compatible; ClaudeBot/1.0; +claudebot@anthropic.com)"
216.73.216.143 - - [24/Feb/2026:20:40:23 +0300] "GET /htmlpurifier/library/HTMLPurifier/HTMLModule/Name.php HTTP/1.1" 500 20 "-" "Mozilla/5.0 AppleWebKit/537.36 (KHTML, like Gecko; compatible; ClaudeBot/1.0; +claudebot@anthropic.com)"
216.73.216.143 - - [24/Feb/2026:20:40:28 +0300] "GET /htmlpurifier/library/HTMLPurifier/HTMLModule/Edit.php HTTP/1.1" 500 20 "-" "Mozilla/5.0 AppleWebKit/537.36 (KHTML, like Gecko; compatible; ClaudeBot/1.0; +claudebot@anthropic.com)"
74.7.242.0 - - [24/Feb/2026:20:40:32 +0300] "GET /htmlpurifier/library/HTMLPurifier/HTMLModule/Object.php HTTP/1.1" 500 20 "https://mail.zkteco.jo/htmlpurifier/library/HTMLPurifier/HTMLModule/" "Mozilla/5.0 AppleWebKit/537.36 (KHTML, like Gecko; compatible; GPTBot/1.3; +https://openai.com/gptbot)"
216.73.216.143 - - [24/Feb/2026:20:40:33 +0300] "GET /htmlpurifier/library/HTMLPurifier/HTMLModule/Target.php HTTP/1.1" 500 20 "-" "Mozilla/5.0 AppleWebKit/537.36 (KHTML, like Gecko; compatible; ClaudeBot/1.0; +claudebot@anthropic.com)"
185.191.171.13 - - [24/Feb/2026:20:40:33 +0300] "GET /product-details/Intelligent%20Commerce/zkh300 HTTP/1.1" 404 36 "-" "Mozilla/5.0 (compatible; SemrushBot/7~bl; +http://www.semrush.com/bot.html)"
216.73.216.143 - - [24/Feb/2026:20:40:37 +0300] "GET /vendor/nesbot/carbon/tests/CreateFromFormatTest.php HTTP/1.1" 500 20 "-" "Mozilla/5.0 AppleWebKit/537.36 (KHTML, like Gecko; compatible; ClaudeBot/1.0; +claudebot@anthropic.com)"
216.73.216.143 - - [24/Feb/2026:20:40:42 +0300] "GET /app/controllers/admin/js/bootstrap.min.js HTTP/1.1" 404 36 "-" "Mozilla/5.0 AppleWebKit/537.36 (KHTML, like Gecko; compatible; ClaudeBot/1.0; +claudebot@anthropic.com)"
216.73.216.143 - - [24/Feb/2026:20:40:47 +0300] "GET /htmlpurifier/library/HTMLPurifier/ConfigSchema/schema/HTML.TidyAdd.txt HTTP/1.1" 200 151 "-" "Mozilla/5.0 AppleWebKit/537.36 (KHTML, like Gecko; compatible; ClaudeBot/1.0; +claudebot@anthropic.com)"
216.73.216.143 - - [24/Feb/2026:20:40:56 +0300] "GET /htmlpurifier/library/HTMLPurifier/HTMLModule/TargetBlank.php HTTP/1.1" 500 20 "-" "Mozilla/5.0 AppleWebKit/537.36 (KHTML, like Gecko; compatible; ClaudeBot/1.0; +claudebot@anthropic.com)"
216.73.216.143 - - [24/Feb/2026:20:41:01 +0300] "GET /htmlpurifier/library/HTMLPurifier/HTMLModule/Object.php HTTP/1.1" 500 20 "-" "Mozilla/5.0 AppleWebKit/537.36 (KHTML, like Gecko; compatible; ClaudeBot/1.0; +claudebot@anthropic.com)"
216.73.216.143 - - [24/Feb/2026:20:41:06 +0300] "GET /htmlpurifier/library/HTMLPurifier/HTMLModule/Image.php HTTP/1.1" 500 20 "-" "Mozilla/5.0 AppleWebKit/537.36 (KHTML, like Gecko; compatible; ClaudeBot/1.0; +claudebot@anthropic.com)"
216.73.216.143 - - [24/Feb/2026:20:41:11 +0300] "GET /htmlpurifier/library/HTMLPurifier/HTMLModule/Presentation.php HTTP/1.1" 500 20 "-" "Mozilla/5.0 AppleWebKit/537.36 (KHTML, like Gecko; compatible; ClaudeBot/1.0; +claudebot@anthropic.com)"
216.73.216.143 - - [24/Feb/2026:20:41:16 +0300] "GET /htmlpurifier/library/HTMLPurifier/HTMLModule/SafeObject.php HTTP/1.1" 500 20 "-" "Mozilla/5.0 AppleWebKit/537.36 (KHTML, like Gecko; compatible; ClaudeBot/1.0; +claudebot@anthropic.com)"
216.73.216.143 - - [24/Feb/2026:20:41:21 +0300] "GET /htmlpurifier/library/HTMLPurifier/HTMLModule/Forms.php HTTP/1.1" 500 20 "-" "Mozilla/5.0 AppleWebKit/537.36 (KHTML, like Gecko; compatible; ClaudeBot/1.0; +claudebot@anthropic.com)"
216.73.216.143 - - [24/Feb/2026:20:41:26 +0300] "GET /htmlpurifier/library/HTMLPurifier/HTMLModule/Scripting.php HTTP/1.1" 500 20 "-" "Mozilla/5.0 AppleWebKit/537.36 (KHTML, like Gecko; compatible; ClaudeBot/1.0; +claudebot@anthropic.com)"
216.73.216.143 - - [24/Feb/2026:20:41:31 +0300] "GET /htmlpurifier/library/HTMLPurifier/HTMLModule/StyleAttribute.php HTTP/1.1" 500 20 "-" "Mozilla/5.0 AppleWebKit/537.36 (KHTML, like Gecko; compatible; ClaudeBot/1.0; +claudebot@anthropic.com)"
74.7.242.0 - - [24/Feb/2026:20:41:36 +0300] "GET /vendor/mobiledetect/mobiledetectlib/tests/BasicsTest.php HTTP/1.1" 500 20 "https://mail.zkteco.jo/vendor/mobiledetect/mobiledetectlib/tests/" "Mozilla/5.0 AppleWebKit/537.36 (KHTML, like Gecko; compatible; GPTBot/1.3; +https://openai.com/gptbot)"
216.73.216.143 - - [24/Feb/2026:20:41:36 +0300] "GET /htmlpurifier/library/HTMLPurifier/HTMLModule/SafeEmbed.php HTTP/1.1" 500 20 "-" "Mozilla/5.0 AppleWebKit/537.36 (KHTML, like Gecko; compatible; ClaudeBot/1.0; +claudebot@anthropic.com)"
216.73.216.143 - - [24/Feb/2026:20:41:41 +0300] "GET /htmlpurifier/library/HTMLPurifier/HTMLModule/SafeScripting.php HTTP/1.1" 500 20 "-" "Mozilla/5.0 AppleWebKit/537.36 (KHTML, like Gecko; compatible; ClaudeBot/1.0; +claudebot@anthropic.com)"
216.73.216.143 - - [24/Feb/2026:20:41:46 +0300] "GET /htmlpurifier/library/HTMLPurifier/HTMLModule/Ruby.php HTTP/1.1" 500 20 "-" "Mozilla/5.0 AppleWebKit/537.36 (KHTML, like Gecko; compatible; ClaudeBot/1.0; +claudebot@anthropic.com)"
216.73.216.143 - - [24/Feb/2026:20:41:51 +0300] "GET /htmlpurifier/library/HTMLPurifier/HTMLModule/Text.php HTTP/1.1" 500 20 "-" "Mozilla/5.0 AppleWebKit/537.36 (KHTML, like Gecko; compatible; ClaudeBot/1.0; +claudebot@anthropic.com)"
216.73.216.143 - - [24/Feb/2026:20:41:56 +0300] "GET /htmlpurifier/library/HTMLPurifier/HTMLModule/Hypertext.php HTTP/1.1" 500 20 "-" "Mozilla/5.0 AppleWebKit/537.36 (KHTML, like Gecko; compatible; ClaudeBot/1.0; +claudebot@anthropic.com)"
216.73.216.143 - - [24/Feb/2026:20:42:01 +0300] "GET /htmlpurifier/library/HTMLPurifier/HTMLModule/CommonAttributes.php HTTP/1.1" 500 20 "-" "Mozilla/5.0 AppleWebKit/537.36 (KHTML, like Gecko; compatible; ClaudeBot/1.0; +claudebot@anthropic.com)"
216.73.216.143 - - [24/Feb/2026:20:42:06 +0300] "GET /htmlpurifier/library/HTMLPurifier/HTMLModule/List.php HTTP/1.1" 500 20 "-" "Mozilla/5.0 AppleWebKit/537.36 (KHTML, like Gecko; compatible; ClaudeBot/1.0; +claudebot@anthropic.com)"
40.77.167.20 - - [24/Feb/2026:20:42:06 +0300] "GET /product-details/Products/zkc0508 HTTP/1.1" 404 36 "-" "Mozilla/5.0 AppleWebKit/537.36 (KHTML, like Gecko; compatible; bingbot/2.0; +http://www.bing.com/bingbot.htm) Chrome/116.0.1938.76 Safari/537.36"
216.73.216.143 - - [24/Feb/2026:20:42:11 +0300] "GET /htmlpurifier/library/HTMLPurifier/HTMLModule/Iframe.php HTTP/1.1" 500 20 "-" "Mozilla/5.0 AppleWebKit/537.36 (KHTML, like Gecko; compatible; ClaudeBot/1.0; +claudebot@anthropic.com)"
108.187.253.99 - - [24/Feb/2026:20:42:12 +0300] "GET / HTTP/1.1" 200 674 "-" "Mozilla/5.0 (Macintosh; Intel Mac OS X 10_15_7) AppleWebKit/537.36 (KHTML, like Gecko) Chrome/129.0.0.0 Safari/537.36"
216.73.216.143 - - [24/Feb/2026:20:42:16 +0300] "GET /app/views-feb%2024/errors/errorpage.blade.php HTTP/1.1" 500 126 "-" "Mozilla/5.0 AppleWebKit/537.36 (KHTML, like Gecko; compatible; ClaudeBot/1.0; +claudebot@anthropic.com)"
