74.7.242.0 - - [24/Feb/2026:18:25:18 +0300] "GET /app/views-feb%2024/admin/contactus/list.blade.php HTTP/1.1" 200 531 "https://mail.zkteco.jo/app/views-feb%2024/admin/contactus/" "Mozilla/5.0 AppleWebKit/537.36 (KHTML, like Gecko; compatible; GPTBot/1.3; +https://openai.com/gptbot)"
14.227.230.209 - - [24/Feb/2026:18:25:30 +0300] "GET /standalone-device HTTP/1.1" 404 36 "-" "Mozilla/5.0 (Windows NT 6.3; WOW64) AppleWebKit/537.36 (KHTML, like Gecko) Chrome/87.0.4280.66 Safari/537.36"
40.77.167.25 - - [24/Feb/2026:18:25:46 +0300] "GET /download-file/2027 HTTP/1.1" 404 36 "-" "Mozilla/5.0 AppleWebKit/537.36 (KHTML, like Gecko; compatible; bingbot/2.0; +http://www.bing.com/bingbot.htm) Chrome/116.0.1938.76 Safari/537.36"
74.7.242.0 - - [24/Feb/2026:18:25:59 +0300] "GET /htmlpurifier/docs/dev-optimization.html HTTP/1.1" 200 558 "https://mail.zkteco.jo/htmlpurifier/docs/" "Mozilla/5.0 AppleWebKit/537.36 (KHTML, like Gecko; compatible; GPTBot/1.3; +https://openai.com/gptbot)"
114.119.138.210 - - [24/Feb/2026:18:26:08 +0300] "GET /product-details/Access%20Control%20/c2-260 HTTP/1.1" 404 36 "https://zkteco.jo/access-control" "Mozilla/5.0 (Linux; Android 7.0;) AppleWebKit/537.36 (KHTML, like Gecko) Mobile Safari/537.36 (compatible; PetalBot;+https://webmaster.petalsearch.com/site/petalbot)"
74.7.228.1 - - [24/Feb/2026:18:26:20 +0300] "GET /robots.txt HTTP/1.1" 200 30 "-" "Mozilla/5.0 (Macintosh; Intel Mac OS X 10_15_7) AppleWebKit/537.36 (KHTML, like Gecko) Chrome/131.0.0.0 Safari/537.36; compatible; OAI-SearchBot/1.3; robots.txt; +https://openai.com/searchbot"
74.7.242.0 - - [24/Feb/2026:18:26:37 +0300] "GET /app/views/frontend/design_layout/default.blade.php HTTP/1.1" 500 328 "https://mail.zkteco.jo/app/views/frontend/design_layout/" "Mozilla/5.0 AppleWebKit/537.36 (KHTML, like Gecko; compatible; GPTBot/1.3; +https://openai.com/gptbot)"
74.7.242.0 - - [24/Feb/2026:18:27:10 +0300] "GET /app/models/User.php HTTP/1.1" 500 20 "https://mail.zkteco.jo/app/models/" "Mozilla/5.0 AppleWebKit/537.36 (KHTML, like Gecko; compatible; GPTBot/1.3; +https://openai.com/gptbot)"
114.119.131.200 - - [24/Feb/2026:18:27:32 +0300] "GET /product-details/Time%20Attendance/iclock700 HTTP/1.1" 404 36 "https://zkteco.jo/product-details/Time%20Attendance/iclock700" "Mozilla/5.0 (Linux; Android 7.0;) AppleWebKit/537.36 (KHTML, like Gecko) Mobile Safari/537.36 (compatible; PetalBot;+https://webmaster.petalsearch.com/site/petalbot)"
74.7.242.0 - - [24/Feb/2026:18:28:15 +0300] "GET /app/views-feb%2024/admin/training/document/list.blade.php HTTP/1.1" 200 540 "https://mail.zkteco.jo/app/views-feb%2024/admin/training/document/" "Mozilla/5.0 AppleWebKit/537.36 (KHTML, like Gecko; compatible; GPTBot/1.3; +https://openai.com/gptbot)"
74.7.242.0 - - [24/Feb/2026:18:29:18 +0300] "GET /app/views/frontend/design_layout/events.blade.php HTTP/1.1" 200 509 "https://mail.zkteco.jo/app/views/frontend/design_layout/" "Mozilla/5.0 AppleWebKit/537.36 (KHTML, like Gecko; compatible; GPTBot/1.3; +https://openai.com/gptbot)"
74.7.242.0 - - [24/Feb/2026:18:30:15 +0300] "GET /app/views-feb%2024/frontend/ajax_design_layout/product_layout.blade.php HTTP/1.1" 200 130 "https://mail.zkteco.jo/app/views-feb%2024/frontend/ajax_design_layout/" "Mozilla/5.0 AppleWebKit/537.36 (KHTML, like Gecko; compatible; GPTBot/1.3; +https://openai.com/gptbot)"
185.191.171.8 - - [24/Feb/2026:18:30:20 +0300] "GET /product-details/Intelligent%20Commerce/zkaio2000 HTTP/1.1" 404 36 "-" "Mozilla/5.0 (compatible; SemrushBot/7~bl; +http://www.semrush.com/bot.html)"
52.167.144.140 - - [24/Feb/2026:18:30:50 +0300] "GET /assets/uploads/products/pdf/d297f3a376f7d68cdfef4919bf5f0cb2.pdf HTTP/1.1" 200 3168464 "-" "Mozilla/5.0 AppleWebKit/537.36 (KHTML, like Gecko; compatible; bingbot/2.0; +http://www.bing.com/bingbot.htm) Chrome/116.0.1938.76 Safari/537.36"
52.167.144.140 - - [24/Feb/2026:18:30:52 +0300] "GET /product-details/Turnstile/ts2000-pro-series HTTP/1.1" 404 36 "-" "Mozilla/5.0 AppleWebKit/537.36 (KHTML, like Gecko; compatible; bingbot/2.0; +http://www.bing.com/bingbot.htm) Chrome/116.0.1938.76 Safari/537.36"
74.7.242.0 - - [24/Feb/2026:18:31:07 +0300] "GET /app/views/frontend/design_layout/news_events.blade.php HTTP/1.1" 500 269 "https://mail.zkteco.jo/app/views/frontend/design_layout/" "Mozilla/5.0 AppleWebKit/537.36 (KHTML, like Gecko; compatible; GPTBot/1.3; +https://openai.com/gptbot)"
74.7.242.0 - - [24/Feb/2026:18:31:55 +0300] "GET /vendor/nikic/php-parser/phpunit.xml.dist HTTP/1.1" 200 274 "https://mail.zkteco.jo/vendor/nikic/php-parser/" "Mozilla/5.0 AppleWebKit/537.36 (KHTML, like Gecko; compatible; GPTBot/1.3; +https://openai.com/gptbot)"
158.94.209.199 - - [24/Feb/2026:18:31:56 +0300] "GET /admin HTTP/1.1" 404 36 "https://www.google.com" "Mozilla/5.0 (X11; Linux x86_64) AppleWebKit/537.36 (KHTML, like Gecko) Chrome/119.0.0.0 Safari/537.36"
158.94.209.199 - - [24/Feb/2026:18:31:57 +0300] "GET /admin HTTP/1.1" 404 36 "https://www.google.com" "Mozilla/5.0 (X11; Linux x86_64) AppleWebKit/537.36 (KHTML, like Gecko) Chrome/119.0.0.0 Safari/537.36"
185.191.171.5 - - [24/Feb/2026:18:32:08 +0300] "GET /product-details/POS%20Terminal/zkbio710 HTTP/1.1" 404 36 "-" "Mozilla/5.0 (compatible; SemrushBot/7~bl; +http://www.semrush.com/bot.html)"
20.169.78.121 - - [24/Feb/2026:18:32:50 +0300] "GET / HTTP/1.1" 200 674 "-" "Mozilla/5.0 AppleWebKit/537.36 (KHTML, like Gecko); compatible; ChatGPT-User/1.0; +https://openai.com/bot"
74.7.242.0 - - [24/Feb/2026:18:32:56 +0300] "GET /htmlpurifier/smoketests/j%20a%20v%20a%20s%20c%20r%20i%20p%20t%20%3A%20a%20l%20e%20r%20t%20(%20'%20X%20S%20S%20'%20) HTTP/1.1" 404 36 "https://mail.zkteco.jo/htmlpurifier/smoketests/xssAttacks.php" "Mozilla/5.0 AppleWebKit/537.36 (KHTML, like Gecko; compatible; GPTBot/1.3; +https://openai.com/gptbot)"
74.7.242.0 - - [24/Feb/2026:18:33:52 +0300] "GET /vendor/intervention/image/tests/ HTTP/1.1" 200 1240 "https://mail.zkteco.jo/vendor/intervention/image/" "Mozilla/5.0 AppleWebKit/537.36 (KHTML, like Gecko; compatible; GPTBot/1.3; +https://openai.com/gptbot)"
137.184.220.76 - - [24/Feb/2026:18:34:11 +0300] "GET /assets/uploads/products/recomended/0dc37bc347781f1a08f405fc00aa8d91.jpg HTTP/1.1" 200 14377 "https://zkteco.jo/" "Mozilla/5.0 (Windows NT 10.0; Win64; x64) AppleWebKit/537.36 (KHTML, like Gecko) Chrome/120.0.0.0 Safari/537.36"
98.89.254.180 - - [24/Feb/2026:18:34:33 +0300] "GET /robots.txt HTTP/1.1" 404 36 "-" "Mozilla/5.0 (Macintosh; Intel Mac OS X 10_10_1) AppleWebKit/600.2.5 (KHTML, like Gecko) Version/8.0.2 Safari/600.2.5 (Gort)"
74.7.242.0 - - [24/Feb/2026:18:34:49 +0300] "GET /vendor/intervention/image/provides.json HTTP/1.1" 200 106 "https://mail.zkteco.jo/vendor/intervention/image/" "Mozilla/5.0 AppleWebKit/537.36 (KHTML, like Gecko; compatible; GPTBot/1.3; +https://openai.com/gptbot)"
34.121.49.245 - - [24/Feb/2026:18:35:29 +0300] "GET / HTTP/1.1" 200 674 "http://www.zkteco.jo" "Mozilla/5.0 (compatible; CMS-Checker/1.0; +https://example.com)"
74.7.242.0 - - [24/Feb/2026:18:35:40 +0300] "GET /vendor/intervention/image/composer.json HTTP/1.1" 200 420 "https://mail.zkteco.jo/vendor/intervention/image/" "Mozilla/5.0 AppleWebKit/537.36 (KHTML, like Gecko; compatible; GPTBot/1.3; +https://openai.com/gptbot)"
74.7.242.0 - - [24/Feb/2026:18:36:28 +0300] "GET /htmlpurifier/?C=D;O=D HTTP/1.1" 200 463 "https://mail.zkteco.jo/htmlpurifier/?C=D;O=A" "Mozilla/5.0 AppleWebKit/537.36 (KHTML, like Gecko; compatible; GPTBot/1.3; +https://openai.com/gptbot)"
146.174.169.117 - - [24/Feb/2026:18:36:38 +0300] "GET /assets/uploads/case_study/?C=N;O=A HTTP/1.1" 200 428 "-" "Mozilla/5.0 (X11; U; Linux x86_64; en-US) AppleWebKit/534.16 (KHTML, like Gecko) Chrome/10.0.648.11 Safari/534.16"
143.105.152.109 - - [24/Feb/2026:18:36:50 +0300] "GET /product-details/Reader/kr200em HTTP/1.1" 404 36 "https://www.google.com/" "Mozilla/5.0 (Windows NT 10.0; Win64; x64; rv:147.0) Gecko/20100101 Firefox/147.0"
74.7.242.0 - - [24/Feb/2026:18:37:08 +0300] "GET /vendor/laravel/framework/readme.md HTTP/1.1" 200 712 "https://mail.zkteco.jo/vendor/laravel/framework/" "Mozilla/5.0 AppleWebKit/537.36 (KHTML, like Gecko; compatible; GPTBot/1.3; +https://openai.com/gptbot)"
74.7.242.0 - - [24/Feb/2026:18:37:44 +0300] "GET /vendor/mews/captcha/composer.lock HTTP/1.1" 200 730 "https://mail.zkteco.jo/vendor/mews/captcha/" "Mozilla/5.0 AppleWebKit/537.36 (KHTML, like Gecko; compatible; GPTBot/1.3; +https://openai.com/gptbot)"
74.7.242.0 - - [24/Feb/2026:18:38:18 +0300] "GET /app/views/admin/pages-old/list.blade.php HTTP/1.1" 500 334 "https://mail.zkteco.jo/app/views/admin/pages-old/" "Mozilla/5.0 AppleWebKit/537.36 (KHTML, like Gecko; compatible; GPTBot/1.3; +https://openai.com/gptbot)"
74.7.242.0 - - [24/Feb/2026:18:38:48 +0300] "GET /app/views/admin/pages/list.blade.php-old HTTP/1.1" 200 1077 "https://mail.zkteco.jo/app/views/admin/pages/" "Mozilla/5.0 AppleWebKit/537.36 (KHTML, like Gecko; compatible; GPTBot/1.3; +https://openai.com/gptbot)"
74.7.242.0 - - [24/Feb/2026:18:39:52 +0300] "GET /app/views/frontend/ajax_design_layout/events.blade.php HTTP/1.1" 200 150 "https://mail.zkteco.jo/app/views/frontend/ajax_design_layout/" "Mozilla/5.0 AppleWebKit/537.36 (KHTML, like Gecko; compatible; GPTBot/1.3; +https://openai.com/gptbot)"
74.7.242.0 - - [24/Feb/2026:18:40:47 +0300] "GET /app/views/admin/contactus/list.blade.php HTTP/1.1" 200 528 "https://mail.zkteco.jo/app/views/admin/contactus/" "Mozilla/5.0 AppleWebKit/537.36 (KHTML, like Gecko; compatible; GPTBot/1.3; +https://openai.com/gptbot)"
74.7.242.0 - - [24/Feb/2026:18:41:36 +0300] "GET /vendor/mews/captcha/LICENCE.md HTTP/1.1" 200 100 "https://mail.zkteco.jo/vendor/mews/captcha/" "Mozilla/5.0 AppleWebKit/537.36 (KHTML, like Gecko; compatible; GPTBot/1.3; +https://openai.com/gptbot)"
74.7.242.0 - - [24/Feb/2026:18:42:22 +0300] "GET /vendor/intervention/image/tests/images/ HTTP/1.1" 200 422 "https://mail.zkteco.jo/vendor/intervention/image/tests/" "Mozilla/5.0 AppleWebKit/537.36 (KHTML, like Gecko; compatible; GPTBot/1.3; +https://openai.com/gptbot)"
14.233.21.149 - - [24/Feb/2026:18:42:43 +0300] "GET /download-file/1533 HTTP/1.1" 404 36 "-" "Mozilla/5.0 (Macintosh; Intel Mac OS X 10_12_6) AppleWebKit/537.36 (KHTML, like Gecko) Chrome/101.0.4951.64 Safari/537.36"
2a03:2880:f800:27:: - - [24/Feb/2026:18:42:50 +0300] "GET /product-details/speedface-h5lp HTTP/1.1" 404 36 "-" "meta-externalagent/1.1 (+https://developers.facebook.com/docs/sharing/webmasters/crawler)"
74.7.242.0 - - [24/Feb/2026:18:43:02 +0300] "GET /htmlpurifier/library/HTMLPurifier/ConfigSchema/Interchange.php HTTP/1.1" 200 20 "https://mail.zkteco.jo/htmlpurifier/library/HTMLPurifier/ConfigSchema/" "Mozilla/5.0 AppleWebKit/537.36 (KHTML, like Gecko; compatible; GPTBot/1.3; +https://openai.com/gptbot)"
185.191.171.12 - - [24/Feb/2026:18:43:14 +0300] "GET /search HTTP/1.1" 404 36 "-" "Mozilla/5.0 (compatible; SemrushBot/7~bl; +http://www.semrush.com/bot.html)"
160.187.117.136 - - [24/Feb/2026:18:43:21 +0300] "GET /product-details/Premium%20Product%20Line/elite-access-1 HTTP/1.1" 404 36 "-" "Mozilla/5.0 (Macintosh; Intel Mac OS X 10_15_7) AppleWebKit/537.36 (KHTML, like Gecko) Brave Chrome/86.0.4240.111 Safari/537.36"
74.7.242.0 - - [24/Feb/2026:18:43:38 +0300] "GET /htmlpurifier/library/HTMLPurifier/ConfigSchema/ValidatorAtom.php HTTP/1.1" 200 20 "https://mail.zkteco.jo/htmlpurifier/library/HTMLPurifier/ConfigSchema/" "Mozilla/5.0 AppleWebKit/537.36 (KHTML, like Gecko; compatible; GPTBot/1.3; +https://openai.com/gptbot)"
74.7.242.0 - - [24/Feb/2026:18:44:10 +0300] "GET /htmlpurifier/library/HTMLPurifier/AttrTransform/SafeObject.php HTTP/1.1" 500 20 "https://mail.zkteco.jo/htmlpurifier/library/HTMLPurifier/AttrTransform/" "Mozilla/5.0 AppleWebKit/537.36 (KHTML, like Gecko; compatible; GPTBot/1.3; +https://openai.com/gptbot)"
74.7.242.0 - - [24/Feb/2026:18:44:41 +0300] "GET /htmlpurifier/library/HTMLPurifier/URIFilter/DisableExternal.php HTTP/1.1" 500 20 "https://mail.zkteco.jo/htmlpurifier/library/HTMLPurifier/URIFilter/" "Mozilla/5.0 AppleWebKit/537.36 (KHTML, like Gecko; compatible; GPTBot/1.3; +https://openai.com/gptbot)"
216.73.216.143 - - [24/Feb/2026:18:44:45 +0300] "GET /htmlpurifier/library/HTMLPurifier/ConfigSchema/schema/Output.CommentScriptContents.txt HTTP/1.1" 200 194 "-" "Mozilla/5.0 AppleWebKit/537.36 (KHTML, like Gecko; compatible; ClaudeBot/1.0; +claudebot@anthropic.com)"
216.73.216.143 - - [24/Feb/2026:18:44:46 +0300] "GET /htmlpurifier/library/HTMLPurifier/Lexer/DirectLex.php HTTP/1.1" 500 20 "-" "Mozilla/5.0 AppleWebKit/537.36 (KHTML, like Gecko; compatible; ClaudeBot/1.0; +claudebot@anthropic.com)"
216.73.216.143 - - [24/Feb/2026:18:44:46 +0300] "GET /htmlpurifier/library/HTMLPurifier/Injector/RemoveEmpty.php HTTP/1.1" 500 20 "-" "Mozilla/5.0 AppleWebKit/537.36 (KHTML, like Gecko; compatible; ClaudeBot/1.0; +claudebot@anthropic.com)"
216.73.216.143 - - [24/Feb/2026:18:44:47 +0300] "GET /htmlpurifier/library/HTMLPurifier/AttrDef/HTML HTTP/1.1" 301 313 "-" "Mozilla/5.0 AppleWebKit/537.36 (KHTML, like Gecko; compatible; ClaudeBot/1.0; +claudebot@anthropic.com)"
216.73.216.143 - - [24/Feb/2026:18:44:47 +0300] "GET /htmlpurifier/library/HTMLPurifier/AttrDef/HTML/ HTTP/1.1" 200 462 "https://zkteco.jo/htmlpurifier/library/HTMLPurifier/AttrDef/HTML" "Mozilla/5.0 AppleWebKit/537.36 (KHTML, like Gecko; compatible; ClaudeBot/1.0; +claudebot@anthropic.com)"
216.73.216.143 - - [24/Feb/2026:18:44:47 +0300] "GET /app/controllers/admin/locations.php HTTP/1.1" 404 36 "-" "Mozilla/5.0 AppleWebKit/537.36 (KHTML, like Gecko; compatible; ClaudeBot/1.0; +claudebot@anthropic.com)"
216.73.216.143 - - [24/Feb/2026:18:44:48 +0300] "GET /app/controllers/admin/css/bootstrap.min.css HTTP/1.1" 404 36 "-" "Mozilla/5.0 AppleWebKit/537.36 (KHTML, like Gecko; compatible; ClaudeBot/1.0; +claudebot@anthropic.com)"
216.73.216.143 - - [24/Feb/2026:18:44:48 +0300] "GET /vendor/nikic/php-parser/test/code/parser HTTP/1.1" 301 307 "-" "Mozilla/5.0 AppleWebKit/537.36 (KHTML, like Gecko; compatible; ClaudeBot/1.0; +claudebot@anthropic.com)"
216.73.216.143 - - [24/Feb/2026:18:44:48 +0300] "GET /vendor/nikic/php-parser/test/code/parser/ HTTP/1.1" 200 333 "https://zkteco.jo/vendor/nikic/php-parser/test/code/parser" "Mozilla/5.0 AppleWebKit/537.36 (KHTML, like Gecko; compatible; ClaudeBot/1.0; +claudebot@anthropic.com)"
216.73.216.143 - - [24/Feb/2026:18:44:49 +0300] "GET /htmlpurifier/library/HTMLPurifier/AttrTransform/BoolToCSS.php HTTP/1.1" 500 20 "-" "Mozilla/5.0 AppleWebKit/537.36 (KHTML, like Gecko; compatible; ClaudeBot/1.0; +claudebot@anthropic.com)"
216.73.216.143 - - [24/Feb/2026:18:44:49 +0300] "GET /htmlpurifier/library/HTMLPurifier/Injector/SafeObject.php HTTP/1.1" 500 20 "-" "Mozilla/5.0 AppleWebKit/537.36 (KHTML, like Gecko; compatible; ClaudeBot/1.0; +claudebot@anthropic.com)"
216.73.216.143 - - [24/Feb/2026:18:44:50 +0300] "GET /htmlpurifier/library/HTMLPurifier/Lexer/DOMLex.php HTTP/1.1" 500 20 "-" "Mozilla/5.0 AppleWebKit/537.36 (KHTML, like Gecko; compatible; ClaudeBot/1.0; +claudebot@anthropic.com)"
216.73.216.143 - - [24/Feb/2026:18:44:50 +0300] "GET /htmlpurifier/library/HTMLPurifier/AttrDef/CSS.php HTTP/1.1" 500 20 "-" "Mozilla/5.0 AppleWebKit/537.36 (KHTML, like Gecko; compatible; ClaudeBot/1.0; +claudebot@anthropic.com)"
216.73.216.143 - - [24/Feb/2026:18:44:51 +0300] "GET /vendor/stack/builder/tests/unit/Stack/StackedHttpKernelTest.php HTTP/1.1" 500 20 "-" "Mozilla/5.0 AppleWebKit/537.36 (KHTML, like Gecko; compatible; ClaudeBot/1.0; +claudebot@anthropic.com)"
216.73.216.143 - - [24/Feb/2026:18:44:51 +0300] "GET /htmlpurifier/library/HTMLPurifier/AttrTransform/ScriptRequired.php HTTP/1.1" 500 20 "-" "Mozilla/5.0 AppleWebKit/537.36 (KHTML, like Gecko; compatible; ClaudeBot/1.0; +claudebot@anthropic.com)"
216.73.216.143 - - [24/Feb/2026:18:44:52 +0300] "GET /app/controllers/admin/index.php HTTP/1.1" 404 36 "-" "Mozilla/5.0 AppleWebKit/537.36 (KHTML, like Gecko; compatible; ClaudeBot/1.0; +claudebot@anthropic.com)"
216.73.216.143 - - [24/Feb/2026:18:44:52 +0300] "GET /app/controllers/admin/css/main.css HTTP/1.1" 404 36 "-" "Mozilla/5.0 AppleWebKit/537.36 (KHTML, like Gecko; compatible; ClaudeBot/1.0; +claudebot@anthropic.com)"
216.73.216.143 - - [24/Feb/2026:18:44:53 +0300] "GET /htmlpurifier/library/HTMLPurifier/DefinitionCache/Serializer/CSS HTTP/1.1" 301 331 "-" "Mozilla/5.0 AppleWebKit/537.36 (KHTML, like Gecko; compatible; ClaudeBot/1.0; +claudebot@anthropic.com)"
216.73.216.143 - - [24/Feb/2026:18:44:53 +0300] "GET /htmlpurifier/library/HTMLPurifier/DefinitionCache/Serializer/CSS/ HTTP/1.1" 200 419 "https://zkteco.jo/htmlpurifier/library/HTMLPurifier/DefinitionCache/Serializer/CSS" "Mozilla/5.0 AppleWebKit/537.36 (KHTML, like Gecko; compatible; ClaudeBot/1.0; +claudebot@anthropic.com)"
216.73.216.143 - - [24/Feb/2026:18:44:53 +0300] "GET /htmlpurifier/library/HTMLPurifier/TagTransform/Simple.php HTTP/1.1" 500 20 "-" "Mozilla/5.0 AppleWebKit/537.36 (KHTML, like Gecko; compatible; ClaudeBot/1.0; +claudebot@anthropic.com)"
216.73.216.143 - - [24/Feb/2026:18:44:54 +0300] "GET /htmlpurifier/library/HTMLPurifier/Node/Comment.php HTTP/1.1" 500 20 "-" "Mozilla/5.0 AppleWebKit/537.36 (KHTML, like Gecko; compatible; ClaudeBot/1.0; +claudebot@anthropic.com)"
216.73.216.143 - - [24/Feb/2026:18:44:54 +0300] "GET /htmlpurifier/library/HTMLPurifier/DefinitionCache/Serializer.php HTTP/1.1" 500 20 "-" "Mozilla/5.0 AppleWebKit/537.36 (KHTML, like Gecko; compatible; ClaudeBot/1.0; +claudebot@anthropic.com)"
216.73.216.143 - - [24/Feb/2026:18:44:55 +0300] "GET /htmlpurifier/library/HTMLPurifier/DefinitionCache/Serializer/HTML HTTP/1.1" 301 332 "-" "Mozilla/5.0 AppleWebKit/537.36 (KHTML, like Gecko; compatible; ClaudeBot/1.0; +claudebot@anthropic.com)"
216.73.216.143 - - [24/Feb/2026:18:44:55 +0300] "GET /htmlpurifier/library/HTMLPurifier/DefinitionCache/Serializer/HTML/ HTTP/1.1" 200 531 "https://zkteco.jo/htmlpurifier/library/HTMLPurifier/DefinitionCache/Serializer/HTML" "Mozilla/5.0 AppleWebKit/537.36 (KHTML, like Gecko; compatible; ClaudeBot/1.0; +claudebot@anthropic.com)"
216.73.216.143 - - [24/Feb/2026:18:45:00 +0300] "GET /app/controllers/admin/css/responsive.css HTTP/1.1" 404 36 "-" "Mozilla/5.0 AppleWebKit/537.36 (KHTML, like Gecko; compatible; ClaudeBot/1.0; +claudebot@anthropic.com)"
114.119.156.134 - - [24/Feb/2026:18:45:03 +0300] "GET /product-details/RFID/sc403 HTTP/1.1" 404 36 "https://zkteco.jo/product-details/RFID/sc403" "Mozilla/5.0 (Linux; Android 7.0;) AppleWebKit/537.36 (KHTML, like Gecko) Mobile Safari/537.36 (compatible; PetalBot;+https://webmaster.petalsearch.com/site/petalbot)"
216.73.216.143 - - [24/Feb/2026:18:45:06 +0300] "GET /vendor/nikic/php-parser/lib/PHPParser/NodeVisitorAbstract.php HTTP/1.1" 500 20 "-" "Mozilla/5.0 AppleWebKit/537.36 (KHTML, like Gecko; compatible; ClaudeBot/1.0; +claudebot@anthropic.com)"
216.73.216.143 - - [24/Feb/2026:18:45:10 +0300] "GET /htmlpurifier/library/HTMLPurifier/ConfigSchema/schema/Filter.ExtractStyleBlocks.txt HTTP/1.1" 200 1298 "-" "Mozilla/5.0 AppleWebKit/537.36 (KHTML, like Gecko; compatible; ClaudeBot/1.0; +claudebot@anthropic.com)"
216.73.216.143 - - [24/Feb/2026:18:45:15 +0300] "GET /vendor/simplesoftwareio/simple-qrcode/src/SimpleSoftwareIO HTTP/1.1" 301 325 "-" "Mozilla/5.0 AppleWebKit/537.36 (KHTML, like Gecko; compatible; ClaudeBot/1.0; +claudebot@anthropic.com)"
216.73.216.143 - - [24/Feb/2026:18:45:15 +0300] "GET /vendor/simplesoftwareio/simple-qrcode/src/SimpleSoftwareIO/ HTTP/1.1" 200 317 "https://zkteco.jo/vendor/simplesoftwareio/simple-qrcode/src/SimpleSoftwareIO" "Mozilla/5.0 AppleWebKit/537.36 (KHTML, like Gecko; compatible; ClaudeBot/1.0; +claudebot@anthropic.com)"
216.73.216.143 - - [24/Feb/2026:18:45:20 +0300] "GET /htmlpurifier/library/HTMLPurifier/ConfigSchema/schema/Core.RemoveProcessingInstructions.txt HTTP/1.1" 200 280 "-" "Mozilla/5.0 AppleWebKit/537.36 (KHTML, like Gecko; compatible; ClaudeBot/1.0; +claudebot@anthropic.com)"
216.73.216.143 - - [24/Feb/2026:18:45:25 +0300] "GET /htmlpurifier/library/HTMLPurifier/HTMLModule/?C=S&O=D HTTP/1.1" 200 707 "-" "Mozilla/5.0 AppleWebKit/537.36 (KHTML, like Gecko; compatible; ClaudeBot/1.0; +claudebot@anthropic.com)"
216.73.216.143 - - [24/Feb/2026:18:45:30 +0300] "GET /htmlpurifier/library/HTMLPurifier/ConfigSchema/schema/HTML.TidyRemove.txt HTTP/1.1" 200 149 "-" "Mozilla/5.0 AppleWebKit/537.36 (KHTML, like Gecko; compatible; ClaudeBot/1.0; +claudebot@anthropic.com)"
216.73.216.143 - - [24/Feb/2026:18:45:35 +0300] "GET /htmlpurifier/library/HTMLPurifier/ConfigSchema/schema/AutoFormat.PurifierLinkify.txt HTTP/1.1" 200 233 "-" "Mozilla/5.0 AppleWebKit/537.36 (KHTML, like Gecko; compatible; ClaudeBot/1.0; +claudebot@anthropic.com)"
216.73.216.143 - - [24/Feb/2026:18:45:40 +0300] "GET /vendor/nikic/php-parser/lib/PHPParser/PrettyPrinterAbstract.php HTTP/1.1" 200 20 "-" "Mozilla/5.0 AppleWebKit/537.36 (KHTML, like Gecko; compatible; ClaudeBot/1.0; +claudebot@anthropic.com)"
216.73.216.143 - - [24/Feb/2026:18:45:45 +0300] "GET /htmlpurifier/library/HTMLPurifier/ConfigSchema/schema/HTML.Trusted.txt HTTP/1.1" 200 195 "-" "Mozilla/5.0 AppleWebKit/537.36 (KHTML, like Gecko; compatible; ClaudeBot/1.0; +claudebot@anthropic.com)"
74.7.242.0 - - [24/Feb/2026:18:45:45 +0300] "GET /htmlpurifier/library/HTMLPurifier/AttrTransform/ImgRequired.php HTTP/1.1" 500 20 "https://mail.zkteco.jo/htmlpurifier/library/HTMLPurifier/AttrTransform/" "Mozilla/5.0 AppleWebKit/537.36 (KHTML, like Gecko; compatible; GPTBot/1.3; +https://openai.com/gptbot)"
216.73.216.143 - - [24/Feb/2026:18:45:50 +0300] "GET /htmlpurifier/library/HTMLPurifier/ConfigSchema/schema/HTML.TidyLevel.txt HTTP/1.1" 200 358 "-" "Mozilla/5.0 AppleWebKit/537.36 (KHTML, like Gecko; compatible; ClaudeBot/1.0; +claudebot@anthropic.com)"
216.73.216.143 - - [24/Feb/2026:18:45:55 +0300] "GET /htmlpurifier/library/HTMLPurifier/ConfigSchema/schema/HTML.DefinitionRev.txt HTTP/1.1" 200 322 "-" "Mozilla/5.0 AppleWebKit/537.36 (KHTML, like Gecko; compatible; ClaudeBot/1.0; +claudebot@anthropic.com)"
216.73.216.143 - - [24/Feb/2026:18:46:00 +0300] "GET /htmlpurifier/library/HTMLPurifier/AttrTransform/BdoDir.php HTTP/1.1" 500 20 "-" "Mozilla/5.0 AppleWebKit/537.36 (KHTML, like Gecko; compatible; ClaudeBot/1.0; +claudebot@anthropic.com)"
216.73.216.143 - - [24/Feb/2026:18:46:05 +0300] "GET /htmlpurifier/library/HTMLPurifier/ConfigSchema/schema/HTML.ForbiddenElements.txt HTTP/1.1" 200 439 "-" "Mozilla/5.0 AppleWebKit/537.36 (KHTML, like Gecko; compatible; ClaudeBot/1.0; +claudebot@anthropic.com)"
216.73.216.143 - - [24/Feb/2026:18:46:10 +0300] "GET /htmlpurifier/library/HTMLPurifier/ConfigSchema/schema/Core.MaintainLineNumbers.txt HTTP/1.1" 200 346 "-" "Mozilla/5.0 AppleWebKit/537.36 (KHTML, like Gecko; compatible; ClaudeBot/1.0; +claudebot@anthropic.com)"
216.73.216.143 - - [24/Feb/2026:18:46:15 +0300] "GET /htmlpurifier/library/HTMLPurifier/ConfigSchema/schema/HTML.TargetBlank.txt HTTP/1.1" 200 206 "-" "Mozilla/5.0 AppleWebKit/537.36 (KHTML, like Gecko; compatible; ClaudeBot/1.0; +claudebot@anthropic.com)"
216.73.216.143 - - [24/Feb/2026:18:46:20 +0300] "GET /htmlpurifier/library/HTMLPurifier/AttrTransform/Lang.php HTTP/1.1" 500 20 "-" "Mozilla/5.0 AppleWebKit/537.36 (KHTML, like Gecko; compatible; ClaudeBot/1.0; +claudebot@anthropic.com)"
216.73.216.143 - - [24/Feb/2026:18:46:25 +0300] "GET /vendor/patchwork/utf8/class/Patchwork/Utf8/Bootup/utf8_encode.php HTTP/1.1" 500 20 "-" "Mozilla/5.0 AppleWebKit/537.36 (KHTML, like Gecko; compatible; ClaudeBot/1.0; +claudebot@anthropic.com)"
114.119.153.169 - - [24/Feb/2026:18:46:29 +0300] "GET /product-details/Entrance%20Control/plock-2 HTTP/1.1" 404 36 "https://zkteco.jo/entrance-control-1" "Mozilla/5.0 (Linux; Android 7.0;) AppleWebKit/537.36 (KHTML, like Gecko) Mobile Safari/537.36 (compatible; PetalBot;+https://webmaster.petalsearch.com/site/petalbot)"
216.73.216.143 - - [24/Feb/2026:18:46:30 +0300] "GET /htmlpurifier/library/HTMLPurifier/ConfigSchema/schema/Core.Language.txt HTTP/1.1" 200 217 "-" "Mozilla/5.0 AppleWebKit/537.36 (KHTML, like Gecko; compatible; ClaudeBot/1.0; +claudebot@anthropic.com)"
216.73.216.143 - - [24/Feb/2026:18:46:35 +0300] "GET /vendor/nikic/php-parser/lib/PHPParser/Comment.php HTTP/1.1" 200 20 "-" "Mozilla/5.0 AppleWebKit/537.36 (KHTML, like Gecko; compatible; ClaudeBot/1.0; +claudebot@anthropic.com)"
216.73.216.143 - - [24/Feb/2026:18:46:40 +0300] "GET /htmlpurifier/library/HTMLPurifier/ConfigSchema/schema/HTML.Strict.txt HTTP/1.1" 200 177 "-" "Mozilla/5.0 AppleWebKit/537.36 (KHTML, like Gecko; compatible; ClaudeBot/1.0; +claudebot@anthropic.com)"
216.73.216.143 - - [24/Feb/2026:18:46:45 +0300] "GET /htmlpurifier/library/HTMLPurifier/AttrDef/Enum.php HTTP/1.1" 500 20 "-" "Mozilla/5.0 AppleWebKit/537.36 (KHTML, like Gecko; compatible; ClaudeBot/1.0; +claudebot@anthropic.com)"
216.73.216.143 - - [24/Feb/2026:18:46:50 +0300] "GET /htmlpurifier/library/HTMLPurifier/ConfigSchema/schema/Core.DirectLexLineNumberSyncInterval.txt HTTP/1.1" 200 374 "-" "Mozilla/5.0 AppleWebKit/537.36 (KHTML, like Gecko; compatible; ClaudeBot/1.0; +claudebot@anthropic.com)"
74.7.242.0 - - [24/Feb/2026:18:46:51 +0300] "GET /htmlpurifier/library/HTMLPurifier/ChildDef/StrictBlockquote.php HTTP/1.1" 500 20 "https://mail.zkteco.jo/htmlpurifier/library/HTMLPurifier/ChildDef/" "Mozilla/5.0 AppleWebKit/537.36 (KHTML, like Gecko; compatible; GPTBot/1.3; +https://openai.com/gptbot)"
216.73.216.143 - - [24/Feb/2026:18:46:55 +0300] "GET /htmlpurifier/library/HTMLPurifier/AttrDef/URI HTTP/1.1" 301 312 "-" "Mozilla/5.0 AppleWebKit/537.36 (KHTML, like Gecko; compatible; ClaudeBot/1.0; +claudebot@anthropic.com)"
216.73.216.143 - - [24/Feb/2026:18:46:55 +0300] "GET /htmlpurifier/library/HTMLPurifier/AttrDef/URI/ HTTP/1.1" 200 373 "https://zkteco.jo/htmlpurifier/library/HTMLPurifier/AttrDef/URI" "Mozilla/5.0 AppleWebKit/537.36 (KHTML, like Gecko; compatible; ClaudeBot/1.0; +claudebot@anthropic.com)"
216.73.216.143 - - [24/Feb/2026:18:47:00 +0300] "GET /htmlpurifier/library/HTMLPurifier/ConfigSchema/schema/AutoFormat.Custom.txt HTTP/1.1" 200 223 "-" "Mozilla/5.0 AppleWebKit/537.36 (KHTML, like Gecko; compatible; ClaudeBot/1.0; +claudebot@anthropic.com)"
216.73.216.143 - - [24/Feb/2026:18:47:05 +0300] "GET /app/views/admin/training/document/edit.blade.php HTTP/1.1" 500 351 "-" "Mozilla/5.0 AppleWebKit/537.36 (KHTML, like Gecko; compatible; ClaudeBot/1.0; +claudebot@anthropic.com)"
216.73.216.143 - - [24/Feb/2026:18:47:11 +0300] "GET /app/views/frontend/design_layout/enquiry.blade.php HTTP/1.1" 500 337 "-" "Mozilla/5.0 AppleWebKit/537.36 (KHTML, like Gecko; compatible; ClaudeBot/1.0; +claudebot@anthropic.com)"
216.73.216.143 - - [24/Feb/2026:18:47:15 +0300] "GET /htmlpurifier/library/HTMLPurifier/Node/?C=D&O=D HTTP/1.1" 200 339 "-" "Mozilla/5.0 AppleWebKit/537.36 (KHTML, like Gecko; compatible; ClaudeBot/1.0; +claudebot@anthropic.com)"
216.73.216.143 - - [24/Feb/2026:18:47:20 +0300] "GET /vendor/laravel/framework/src/Illuminate/Remote/SecLibGateway.php HTTP/1.1" 500 20 "-" "Mozilla/5.0 AppleWebKit/537.36 (KHTML, like Gecko; compatible; ClaudeBot/1.0; +claudebot@anthropic.com)"
216.73.216.143 - - [24/Feb/2026:18:47:25 +0300] "GET /htmlpurifier/library/HTMLPurifier/Node/?C=M&O=D HTTP/1.1" 200 339 "-" "Mozilla/5.0 AppleWebKit/537.36 (KHTML, like Gecko; compatible; ClaudeBot/1.0; +claudebot@anthropic.com)"
216.73.216.143 - - [24/Feb/2026:18:47:30 +0300] "GET /vendor/laravel/framework/src/Illuminate/Cache HTTP/1.1" 301 312 "-" "Mozilla/5.0 AppleWebKit/537.36 (KHTML, like Gecko; compatible; ClaudeBot/1.0; +claudebot@anthropic.com)"
216.73.216.143 - - [24/Feb/2026:18:47:30 +0300] "GET /vendor/laravel/framework/src/Illuminate/Cache/ HTTP/1.1" 200 665 "https://zkteco.jo/vendor/laravel/framework/src/Illuminate/Cache" "Mozilla/5.0 AppleWebKit/537.36 (KHTML, like Gecko; compatible; ClaudeBot/1.0; +claudebot@anthropic.com)"
216.73.216.143 - - [24/Feb/2026:18:47:35 +0300] "GET /vendor/laravel/framework/src/Illuminate/Console/Application.php HTTP/1.1" 500 20 "-" "Mozilla/5.0 AppleWebKit/537.36 (KHTML, like Gecko; compatible; ClaudeBot/1.0; +claudebot@anthropic.com)"
216.73.216.143 - - [24/Feb/2026:18:47:41 +0300] "GET /vendor/laravel/framework/src/Illuminate/Auth/Console/ClearRemindersCommand.php HTTP/1.1" 500 20 "-" "Mozilla/5.0 AppleWebKit/537.36 (KHTML, like Gecko; compatible; ClaudeBot/1.0; +claudebot@anthropic.com)"
216.73.216.143 - - [24/Feb/2026:18:47:46 +0300] "GET /vendor/laravel/framework/src/Illuminate/Translation/TranslationServiceProvider.php HTTP/1.1" 500 20 "-" "Mozilla/5.0 AppleWebKit/537.36 (KHTML, like Gecko; compatible; ClaudeBot/1.0; +claudebot@anthropic.com)"
216.73.216.143 - - [24/Feb/2026:18:47:51 +0300] "GET /htmlpurifier/smoketests/basic.php?d=0&p=allElements HTTP/1.1" 404 36 "-" "Mozilla/5.0 AppleWebKit/537.36 (KHTML, like Gecko; compatible; ClaudeBot/1.0; +claudebot@anthropic.com)"
74.7.242.0 - - [24/Feb/2026:18:47:53 +0300] "GET /htmlpurifier/library/HTMLPurifier/URIFilter/DisableResources.php HTTP/1.1" 500 20 "https://mail.zkteco.jo/htmlpurifier/library/HTMLPurifier/URIFilter/" "Mozilla/5.0 AppleWebKit/537.36 (KHTML, like Gecko; compatible; GPTBot/1.3; +https://openai.com/gptbot)"
216.73.216.143 - - [24/Feb/2026:18:47:55 +0300] "GET /vendor/laravel/framework/src/Illuminate/Support/MessageBag.php HTTP/1.1" 500 20 "-" "Mozilla/5.0 AppleWebKit/537.36 (KHTML, like Gecko; compatible; ClaudeBot/1.0; +claudebot@anthropic.com)"
114.119.156.134 - - [24/Feb/2026:18:47:59 +0300] "GET /download-file/1276 HTTP/1.1" 404 36 "https://zkteco.jo/data-sheet" "Mozilla/5.0 (Linux; Android 7.0;) AppleWebKit/537.36 (KHTML, like Gecko) Mobile Safari/537.36 (compatible; PetalBot;+https://webmaster.petalsearch.com/site/petalbot)"
216.73.216.143 - - [24/Feb/2026:18:48:01 +0300] "GET /vendor/laravel/framework/src/Illuminate/Session/TokenMismatchException.php HTTP/1.1" 200 20 "-" "Mozilla/5.0 AppleWebKit/537.36 (KHTML, like Gecko; compatible; ClaudeBot/1.0; +claudebot@anthropic.com)"
216.73.216.143 - - [24/Feb/2026:18:48:05 +0300] "GET /vendor/laravel/framework/src/Illuminate/Support/Fluent.php HTTP/1.1" 500 20 "-" "Mozilla/5.0 AppleWebKit/537.36 (KHTML, like Gecko; compatible; ClaudeBot/1.0; +claudebot@anthropic.com)"
216.73.216.143 - - [24/Feb/2026:18:48:11 +0300] "GET /htmlpurifier/library/HTMLPurifier/Language/?C=S&O=D HTTP/1.1" 200 314 "-" "Mozilla/5.0 AppleWebKit/537.36 (KHTML, like Gecko; compatible; ClaudeBot/1.0; +claudebot@anthropic.com)"
179.60.74.240 - - [24/Feb/2026:18:48:11 +0300] "GET /assets/uploads/case_study/?C=S;O=A HTTP/1.1" 200 426 "-" "Mozilla/5.0 (X11; Linux i686; rv:21.0) Gecko/20100101 Firefox/21.0"
216.73.216.143 - - [24/Feb/2026:18:48:15 +0300] "GET /vendor/laravel/framework/src/Illuminate/Log/Writer.php HTTP/1.1" 200 20 "-" "Mozilla/5.0 AppleWebKit/537.36 (KHTML, like Gecko; compatible; ClaudeBot/1.0; +claudebot@anthropic.com)"
216.73.216.143 - - [24/Feb/2026:18:48:20 +0300] "GET /htmlpurifier/library/HTMLPurifier/DefinitionCache/?C=N&O=A HTTP/1.1" 200 384 "-" "Mozilla/5.0 AppleWebKit/537.36 (KHTML, like Gecko; compatible; ClaudeBot/1.0; +claudebot@anthropic.com)"
216.73.216.143 - - [24/Feb/2026:18:48:25 +0300] "GET /vendor/patchwork/utf8/class/Patchwork/Utf8/data/caseFolding_full.ser HTTP/1.1" 200 788 "-" "Mozilla/5.0 AppleWebKit/537.36 (KHTML, like Gecko; compatible; ClaudeBot/1.0; +claudebot@anthropic.com)"
85.208.96.198 - - [24/Feb/2026:18:48:26 +0300] "GET /product-details/Video%20Surveillance%20/bl-852t48a-s6-s HTTP/1.1" 404 36 "-" "Mozilla/5.0 (compatible; SemrushBot/7~bl; +http://www.semrush.com/bot.html)"
216.73.216.143 - - [24/Feb/2026:18:48:30 +0300] "GET /vendor/laravel/framework/src/Illuminate/Redis/Database.php HTTP/1.1" 200 20 "-" "Mozilla/5.0 AppleWebKit/537.36 (KHTML, like Gecko; compatible; ClaudeBot/1.0; +claudebot@anthropic.com)"
216.73.216.143 - - [24/Feb/2026:18:48:35 +0300] "GET /htmlpurifier/library/HTMLPurifier/Language/?C=D&O=D HTTP/1.1" 200 314 "-" "Mozilla/5.0 AppleWebKit/537.36 (KHTML, like Gecko; compatible; ClaudeBot/1.0; +claudebot@anthropic.com)"
216.73.216.143 - - [24/Feb/2026:18:48:40 +0300] "GET /vendor/laravel/framework/src/Illuminate/Auth/UserTrait.php HTTP/1.1" 200 20 "-" "Mozilla/5.0 AppleWebKit/537.36 (KHTML, like Gecko; compatible; ClaudeBot/1.0; +claudebot@anthropic.com)"
216.73.216.143 - - [24/Feb/2026:18:48:45 +0300] "GET /vendor/laravel/framework/src/Illuminate/Mail/Message.php HTTP/1.1" 200 20 "-" "Mozilla/5.0 AppleWebKit/537.36 (KHTML, like Gecko; compatible; ClaudeBot/1.0; +claudebot@anthropic.com)"
216.73.216.143 - - [24/Feb/2026:18:48:50 +0300] "GET /app/views/frontend/emails/contactus.blade.php HTTP/1.1" 500 417 "-" "Mozilla/5.0 AppleWebKit/537.36 (KHTML, like Gecko; compatible; ClaudeBot/1.0; +claudebot@anthropic.com)"
128.199.212.128 - - [24/Feb/2026:18:48:52 +0300] "GET /assets/uploads/products/recomended/967eaf3091a63b5f6a09197d8d3610df.png HTTP/1.1" 200 59548 "https://zkteco.jo/" "Mozilla/5.0 (Windows NT 10.0; Win64; x64) AppleWebKit/537.36 (KHTML, like Gecko) Chrome/131.0.0.0 Safari/537.36"
216.73.216.143 - - [24/Feb/2026:18:48:56 +0300] "GET /vendor/laravel/framework/src/Illuminate/View/Factory.php HTTP/1.1" 200 20 "-" "Mozilla/5.0 AppleWebKit/537.36 (KHTML, like Gecko; compatible; ClaudeBot/1.0; +claudebot@anthropic.com)"
74.7.242.0 - - [24/Feb/2026:18:48:59 +0300] "GET /htmlpurifier/library/HTMLPurifier/AttrTransform/Background.php HTTP/1.1" 500 20 "https://mail.zkteco.jo/htmlpurifier/library/HTMLPurifier/AttrTransform/" "Mozilla/5.0 AppleWebKit/537.36 (KHTML, like Gecko; compatible; GPTBot/1.3; +https://openai.com/gptbot)"
216.73.216.143 - - [24/Feb/2026:18:49:00 +0300] "GET /htmlpurifier/library/HTMLPurifier/Language/?C=M&O=D HTTP/1.1" 200 314 "-" "Mozilla/5.0 AppleWebKit/537.36 (KHTML, like Gecko; compatible; ClaudeBot/1.0; +claudebot@anthropic.com)"
216.73.216.143 - - [24/Feb/2026:18:49:05 +0300] "GET /vendor/laravel/framework/src/Illuminate/Mail/MailServiceProvider.php HTTP/1.1" 500 20 "-" "Mozilla/5.0 AppleWebKit/537.36 (KHTML, like Gecko; compatible; ClaudeBot/1.0; +claudebot@anthropic.com)"
216.73.216.143 - - [24/Feb/2026:18:49:11 +0300] "GET /app/controllers/admin/images/logo.png HTTP/1.1" 404 36 "-" "Mozilla/5.0 AppleWebKit/537.36 (KHTML, like Gecko; compatible; ClaudeBot/1.0; +claudebot@anthropic.com)"
114.119.136.138 - - [24/Feb/2026:18:49:13 +0300] "GET /product-details/Hotel%20Lock/lh6800 HTTP/1.1" 404 36 "https://zkteco.jo/hotel-lock-1" "Mozilla/5.0 (Linux; Android 7.0;) AppleWebKit/537.36 (KHTML, like Gecko) Mobile Safari/537.36 (compatible; PetalBot;+https://webmaster.petalsearch.com/site/petalbot)"
216.73.216.143 - - [24/Feb/2026:18:49:16 +0300] "GET /vendor/laravel/framework/src/Illuminate/Session/CookieSessionHandler.php HTTP/1.1" 200 20 "-" "Mozilla/5.0 AppleWebKit/537.36 (KHTML, like Gecko; compatible; ClaudeBot/1.0; +claudebot@anthropic.com)"
216.73.216.143 - - [24/Feb/2026:18:49:20 +0300] "GET /vendor/laravel/framework/src/Illuminate/Support/Manager.php HTTP/1.1" 200 20 "-" "Mozilla/5.0 AppleWebKit/537.36 (KHTML, like Gecko; compatible; ClaudeBot/1.0; +claudebot@anthropic.com)"
216.73.216.143 - - [24/Feb/2026:18:49:25 +0300] "GET /app/views/frontend/news_small.blade.php HTTP/1.1" 500 142 "-" "Mozilla/5.0 AppleWebKit/537.36 (KHTML, like Gecko; compatible; ClaudeBot/1.0; +claudebot@anthropic.com)"
216.73.216.143 - - [24/Feb/2026:18:49:31 +0300] "GET /htmlpurifier/library/HTMLPurifier/AttrDef/?C=D&O=A HTTP/1.1" 200 458 "-" "Mozilla/5.0 AppleWebKit/537.36 (KHTML, like Gecko; compatible; ClaudeBot/1.0; +claudebot@anthropic.com)"
216.73.216.143 - - [24/Feb/2026:18:49:36 +0300] "GET /htmlpurifier/library/HTMLPurifier/Lexer/?C=N&O=A HTTP/1.1" 200 346 "-" "Mozilla/5.0 AppleWebKit/537.36 (KHTML, like Gecko; compatible; ClaudeBot/1.0; +claudebot@anthropic.com)"
216.73.216.143 - - [24/Feb/2026:18:49:41 +0300] "GET /htmlpurifier/library/HTMLPurifier/ConfigSchema/Builder/?C=M&O=A HTTP/1.1" 200 339 "-" "Mozilla/5.0 AppleWebKit/537.36 (KHTML, like Gecko; compatible; ClaudeBot/1.0; +claudebot@anthropic.com)"
216.73.216.143 - - [24/Feb/2026:18:49:46 +0300] "GET /htmlpurifier/library/HTMLPurifier/AttrTransform/?C=D&O=D HTTP/1.1" 200 619 "-" "Mozilla/5.0 AppleWebKit/537.36 (KHTML, like Gecko; compatible; ClaudeBot/1.0; +claudebot@anthropic.com)"
216.73.216.143 - - [24/Feb/2026:18:49:51 +0300] "GET /app/storage/views/test/d368600a6f44acb59cb080f774bc81c5 HTTP/1.1" 200 1123 "-" "Mozilla/5.0 AppleWebKit/537.36 (KHTML, like Gecko; compatible; ClaudeBot/1.0; +claudebot@anthropic.com)"
66.249.75.197 - - [24/Feb/2026:18:49:55 +0300] "GET /vendor/composer/platform_check.php HTTP/1.1" 200 20 "-" "Mozilla/5.0 (Linux; Android 6.0.1; Nexus 5X Build/MMB29P) AppleWebKit/537.36 (KHTML, like Gecko) Chrome/144.0.7559.132 Mobile Safari/537.36 (compatible; GoogleOther)"
216.73.216.143 - - [24/Feb/2026:18:49:56 +0300] "GET /htmlpurifier/library/HTMLPurifier/AttrDef/?C=M&O=A HTTP/1.1" 200 460 "-" "Mozilla/5.0 AppleWebKit/537.36 (KHTML, like Gecko; compatible; ClaudeBot/1.0; +claudebot@anthropic.com)"
185.191.171.10 - - [24/Feb/2026:18:49:57 +0300] "GET /product-details/Fingerprint%20Device/in01 HTTP/1.1" 404 36 "-" "Mozilla/5.0 (compatible; SemrushBot/7~bl; +http://www.semrush.com/bot.html)"
216.73.216.143 - - [24/Feb/2026:18:50:01 +0300] "GET /vendor/laravel/framework/src/Illuminate/Pagination/BootstrapPresenter.php HTTP/1.1" 500 20 "-" "Mozilla/5.0 AppleWebKit/537.36 (KHTML, like Gecko; compatible; ClaudeBot/1.0; +claudebot@anthropic.com)"
74.7.242.0 - - [24/Feb/2026:18:50:01 +0300] "GET /htmlpurifier/library/HTMLPurifier/HTMLModule/CommonAttributes.php HTTP/1.1" 500 20 "https://mail.zkteco.jo/htmlpurifier/library/HTMLPurifier/HTMLModule/" "Mozilla/5.0 AppleWebKit/537.36 (KHTML, like Gecko; compatible; GPTBot/1.3; +https://openai.com/gptbot)"
216.73.216.143 - - [24/Feb/2026:18:50:06 +0300] "GET /app/views-feb%2024/admin/innercontent HTTP/1.1" 301 304 "-" "Mozilla/5.0 AppleWebKit/537.36 (KHTML, like Gecko; compatible; ClaudeBot/1.0; +claudebot@anthropic.com)"
216.73.216.143 - - [24/Feb/2026:18:50:06 +0300] "GET /app/views-feb%2024/admin/innercontent/ HTTP/1.1" 200 354 "https://zkteco.jo/app/views-feb%2024/admin/innercontent" "Mozilla/5.0 AppleWebKit/537.36 (KHTML, like Gecko; compatible; ClaudeBot/1.0; +claudebot@anthropic.com)"
216.73.216.143 - - [24/Feb/2026:18:50:11 +0300] "GET /htmlpurifier/library/HTMLPurifier/ConfigSchema/Builder/?C=N&O=D HTTP/1.1" 200 339 "-" "Mozilla/5.0 AppleWebKit/537.36 (KHTML, like Gecko; compatible; ClaudeBot/1.0; +claudebot@anthropic.com)"
216.73.216.143 - - [24/Feb/2026:18:50:16 +0300] "GET /htmlpurifier/library/HTMLPurifier/AttrTransform/?C=M&O=D HTTP/1.1" 200 610 "-" "Mozilla/5.0 AppleWebKit/537.36 (KHTML, like Gecko; compatible; ClaudeBot/1.0; +claudebot@anthropic.com)"
216.73.216.143 - - [24/Feb/2026:18:50:21 +0300] "GET /app/views-feb%2024/admin/team/add.blade.php HTTP/1.1" 500 353 "-" "Mozilla/5.0 AppleWebKit/537.36 (KHTML, like Gecko; compatible; ClaudeBot/1.0; +claudebot@anthropic.com)"
216.73.216.143 - - [24/Feb/2026:18:50:26 +0300] "GET /htmlpurifier/library/HTMLPurifier/AttrDef/?C=N&O=D HTTP/1.1" 200 460 "-" "Mozilla/5.0 AppleWebKit/537.36 (KHTML, like Gecko; compatible; ClaudeBot/1.0; +claudebot@anthropic.com)"
216.73.216.143 - - [24/Feb/2026:18:50:31 +0300] "GET /htmlpurifier/library/HTMLPurifier/Lexer/?C=S&O=A HTTP/1.1" 200 346 "-" "Mozilla/5.0 AppleWebKit/537.36 (KHTML, like Gecko; compatible; ClaudeBot/1.0; +claudebot@anthropic.com)"
216.73.216.143 - - [24/Feb/2026:18:50:36 +0300] "GET /vendor/laravel/framework/src/Illuminate/Pagination/Factory.php HTTP/1.1" 200 20 "-" "Mozilla/5.0 AppleWebKit/537.36 (KHTML, like Gecko; compatible; ClaudeBot/1.0; +claudebot@anthropic.com)"
216.73.216.143 - - [24/Feb/2026:18:50:41 +0300] "GET /vendor/jenssegers/agent/composer.json HTTP/1.1" 200 360 "-" "Mozilla/5.0 AppleWebKit/537.36 (KHTML, like Gecko; compatible; ClaudeBot/1.0; +claudebot@anthropic.com)"
114.119.131.200 - - [24/Feb/2026:18:50:43 +0300] "GET /product-details/Access%20Control%20/ma500 HTTP/1.1" 404 36 "https://zkteco.jo/access-control" "Mozilla/5.0 (Linux; Android 7.0;) AppleWebKit/537.36 (KHTML, like Gecko) Mobile Safari/537.36 (compatible; PetalBot;+https://webmaster.petalsearch.com/site/petalbot)"
216.73.216.143 - - [24/Feb/2026:18:50:46 +0300] "GET /htmlpurifier/library/HTMLPurifier/EntityLookup/?C=N&O=A HTTP/1.1" 200 319 "-" "Mozilla/5.0 AppleWebKit/537.36 (KHTML, like Gecko; compatible; ClaudeBot/1.0; +claudebot@anthropic.com)"
216.73.216.143 - - [24/Feb/2026:18:50:51 +0300] "GET /app/views-feb%2024/admin/team/list.blade.php HTTP/1.1" 200 532 "-" "Mozilla/5.0 AppleWebKit/537.36 (KHTML, like Gecko; compatible; ClaudeBot/1.0; +claudebot@anthropic.com)"
216.73.216.143 - - [24/Feb/2026:18:50:56 +0300] "GET /htmlpurifier/library/HTMLPurifier/Lexer/?C=D&O=A HTTP/1.1" 200 346 "-" "Mozilla/5.0 AppleWebKit/537.36 (KHTML, like Gecko; compatible; ClaudeBot/1.0; +claudebot@anthropic.com)"
216.73.216.143 - - [24/Feb/2026:18:51:01 +0300] "GET /vendor/laravel/framework/src/Illuminate/Events/Dispatcher.php HTTP/1.1" 200 20 "-" "Mozilla/5.0 AppleWebKit/537.36 (KHTML, like Gecko; compatible; ClaudeBot/1.0; +claudebot@anthropic.com)"
74.7.242.0 - - [24/Feb/2026:18:51:01 +0300] "GET /htmlpurifier/library/HTMLPurifier/Filter/ExtractStyleBlocks.php HTTP/1.1" 500 20 "https://mail.zkteco.jo/htmlpurifier/library/HTMLPurifier/Filter/" "Mozilla/5.0 AppleWebKit/537.36 (KHTML, like Gecko; compatible; GPTBot/1.3; +https://openai.com/gptbot)"
52.167.144.156 - - [24/Feb/2026:18:51:03 +0300] "GET /assets/uploads/products/recomended/b39d1927134923d37bf37c8ea2fefc77.png HTTP/1.1" 200 46571 "-" "Mozilla/5.0 AppleWebKit/537.36 (KHTML, like Gecko; compatible; bingbot/2.0; +http://www.bing.com/bingbot.htm) Chrome/116.0.1938.76 Safari/537.36"
216.73.216.143 - - [24/Feb/2026:18:51:06 +0300] "GET /htmlpurifier/library/HTMLPurifier/Lexer/?C=M&O=A HTTP/1.1" 200 341 "-" "Mozilla/5.0 AppleWebKit/537.36 (KHTML, like Gecko; compatible; ClaudeBot/1.0; +claudebot@anthropic.com)"
216.73.216.143 - - [24/Feb/2026:18:51:11 +0300] "GET /vendor/mews/captcha/composer.lock HTTP/1.1" 200 730 "-" "Mozilla/5.0 AppleWebKit/537.36 (KHTML, like Gecko; compatible; ClaudeBot/1.0; +claudebot@anthropic.com)"
216.73.216.143 - - [24/Feb/2026:18:51:16 +0300] "GET /app/views-feb%2024/admin/users HTTP/1.1" 301 297 "-" "Mozilla/5.0 AppleWebKit/537.36 (KHTML, like Gecko; compatible; ClaudeBot/1.0; +claudebot@anthropic.com)"
216.73.216.143 - - [24/Feb/2026:18:51:16 +0300] "GET /app/views-feb%2024/admin/users/ HTTP/1.1" 200 346 "https://zkteco.jo/app/views-feb%2024/admin/users" "Mozilla/5.0 AppleWebKit/537.36 (KHTML, like Gecko; compatible; ClaudeBot/1.0; +claudebot@anthropic.com)"
216.73.216.143 - - [24/Feb/2026:18:51:21 +0300] "GET /vendor/laravel/framework/src/Illuminate/Console/?C=N&O=A HTTP/1.1" 200 397 "-" "Mozilla/5.0 AppleWebKit/537.36 (KHTML, like Gecko; compatible; ClaudeBot/1.0; +claudebot@anthropic.com)"
216.73.216.143 - - [24/Feb/2026:18:51:26 +0300] "GET /vendor/laravel/framework/src/Illuminate/Redis/?C=D&O=D HTTP/1.1" 200 377 "-" "Mozilla/5.0 AppleWebKit/537.36 (KHTML, like Gecko; compatible; ClaudeBot/1.0; +claudebot@anthropic.com)"
216.73.216.143 - - [24/Feb/2026:18:51:31 +0300] "GET /vendor/laravel/framework/src/Illuminate/Auth/?C=N&O=A HTTP/1.1" 200 550 "-" "Mozilla/5.0 AppleWebKit/537.36 (KHTML, like Gecko; compatible; ClaudeBot/1.0; +claudebot@anthropic.com)"
216.73.216.143 - - [24/Feb/2026:18:51:36 +0300] "GET /vendor/laravel/framework/src/Illuminate/Translation/?C=D&O=D HTTP/1.1" 200 418 "-" "Mozilla/5.0 AppleWebKit/537.36 (KHTML, like Gecko; compatible; ClaudeBot/1.0; +claudebot@anthropic.com)"
216.73.216.143 - - [24/Feb/2026:18:51:41 +0300] "GET /vendor/laravel/framework/src/Illuminate/Validation/?C=N&O=A HTTP/1.1" 200 449 "-" "Mozilla/5.0 AppleWebKit/537.36 (KHTML, like Gecko; compatible; ClaudeBot/1.0; +claudebot@anthropic.com)"
216.73.216.143 - - [24/Feb/2026:18:51:46 +0300] "GET /app/storage/sessions/test/?C=S&O=D HTTP/1.1" 200 265 "-" "Mozilla/5.0 AppleWebKit/537.36 (KHTML, like Gecko; compatible; ClaudeBot/1.0; +claudebot@anthropic.com)"
216.73.216.143 - - [24/Feb/2026:18:51:51 +0300] "GET /vendor/laravel/framework/src/Illuminate/Workbench/stubs/plain.provider.stub HTTP/1.1" 200 230 "-" "Mozilla/5.0 AppleWebKit/537.36 (KHTML, like Gecko; compatible; ClaudeBot/1.0; +claudebot@anthropic.com)"
216.73.216.143 - - [24/Feb/2026:18:51:56 +0300] "GET /app/views/frontend/common/?C=D&O=D HTTP/1.1" 200 404 "-" "Mozilla/5.0 AppleWebKit/537.36 (KHTML, like Gecko; compatible; ClaudeBot/1.0; +claudebot@anthropic.com)"
216.73.216.143 - - [24/Feb/2026:18:52:01 +0300] "GET /app/storage/sessions/test/?C=D&O=D HTTP/1.1" 200 265 "-" "Mozilla/5.0 AppleWebKit/537.36 (KHTML, like Gecko; compatible; ClaudeBot/1.0; +claudebot@anthropic.com)"
216.73.216.143 - - [24/Feb/2026:18:52:06 +0300] "GET /app/views/frontend/common/?C=M&O=D HTTP/1.1" 200 401 "-" "Mozilla/5.0 AppleWebKit/537.36 (KHTML, like Gecko; compatible; ClaudeBot/1.0; +claudebot@anthropic.com)"
74.7.242.0 - - [24/Feb/2026:18:52:06 +0300] "GET /vendor/intervention/image/tests/images/iptc.jpg HTTP/1.1" 200 10526 "https://mail.zkteco.jo/vendor/intervention/image/tests/images/" "Mozilla/5.0 AppleWebKit/537.36 (KHTML, like Gecko; compatible; GPTBot/1.3; +https://openai.com/gptbot)"
114.119.131.97 - - [24/Feb/2026:18:52:08 +0300] "GET /download-file/1204 HTTP/1.1" 404 36 "https://zkteco.jo/data-sheet" "Mozilla/5.0 (Linux; Android 7.0;) AppleWebKit/537.36 (KHTML, like Gecko) Mobile Safari/537.36 (compatible; PetalBot;+https://webmaster.petalsearch.com/site/petalbot)"
216.73.216.143 - - [24/Feb/2026:18:52:11 +0300] "GET /vendor/laravel/framework/src/Illuminate/Cookie/CookieJar.php HTTP/1.1" 200 20 "-" "Mozilla/5.0 AppleWebKit/537.36 (KHTML, like Gecko; compatible; ClaudeBot/1.0; +claudebot@anthropic.com)"
216.73.216.143 - - [24/Feb/2026:18:52:16 +0300] "GET /vendor/laravel/framework/src/Illuminate/Support/Facades HTTP/1.1" 301 322 "-" "Mozilla/5.0 AppleWebKit/537.36 (KHTML, like Gecko; compatible; ClaudeBot/1.0; +claudebot@anthropic.com)"
216.73.216.143 - - [24/Feb/2026:18:52:16 +0300] "GET /vendor/laravel/framework/src/Illuminate/Support/Facades/ HTTP/1.1" 200 754 "https://zkteco.jo/vendor/laravel/framework/src/Illuminate/Support/Facades" "Mozilla/5.0 AppleWebKit/537.36 (KHTML, like Gecko; compatible; ClaudeBot/1.0; +claudebot@anthropic.com)"
216.73.216.143 - - [24/Feb/2026:18:52:21 +0300] "GET /app/storage/sessions/test/?C=M&O=D HTTP/1.1" 200 265 "-" "Mozilla/5.0 AppleWebKit/537.36 (KHTML, like Gecko; compatible; ClaudeBot/1.0; +claudebot@anthropic.com)"
216.73.216.143 - - [24/Feb/2026:18:52:26 +0300] "GET /vendor/laravel/framework/src/Illuminate/Database/Query/?C=S&O=A HTTP/1.1" 200 415 "-" "Mozilla/5.0 AppleWebKit/537.36 (KHTML, like Gecko; compatible; ClaudeBot/1.0; +claudebot@anthropic.com)"
216.73.216.143 - - [24/Feb/2026:18:52:31 +0300] "GET /vendor/laravel/framework/src/Illuminate/Database/Query/?C=D&O=A HTTP/1.1" 200 418 "-" "Mozilla/5.0 AppleWebKit/537.36 (KHTML, like Gecko; compatible; ClaudeBot/1.0; +claudebot@anthropic.com)"
216.73.216.143 - - [24/Feb/2026:18:52:36 +0300] "GET /app/storage/sessions/0147d2789fd6d86b6d9e260c15bbeb2e79c77ec7 HTTP/1.1" 200 151 "-" "Mozilla/5.0 AppleWebKit/537.36 (KHTML, like Gecko; compatible; ClaudeBot/1.0; +claudebot@anthropic.com)"
216.73.216.143 - - [24/Feb/2026:18:52:41 +0300] "GET /vendor/laravel/framework/src/Illuminate/Database/Query/?C=M&O=A HTTP/1.1" 200 418 "-" "Mozilla/5.0 AppleWebKit/537.36 (KHTML, like Gecko; compatible; ClaudeBot/1.0; +claudebot@anthropic.com)"
216.73.216.143 - - [24/Feb/2026:18:52:46 +0300] "GET /app/storage/sessions/df0ee3ab785f2d2ac02d441ffe33472d8b4a8618 HTTP/1.1" 200 150 "-" "Mozilla/5.0 AppleWebKit/537.36 (KHTML, like Gecko; compatible; ClaudeBot/1.0; +claudebot@anthropic.com)"
74.125.208.65 - - [24/Feb/2026:18:52:50 +0300] "GET /.well-known/traffic-advice HTTP/1.1" 404 36 "-" "Chrome Privacy Preserving Prefetch Proxy"
2001:4860:7:1515::fc - - [24/Feb/2026:18:52:50 +0300] "GET /download HTTP/1.1" 404 36 "https://www.google.com/" "Mozilla/5.0 (Windows NT 10.0; Win64; x64) AppleWebKit/537.36 (KHTML, like Gecko) Chrome/145.0.0.0 Safari/537.36"
216.73.216.143 - - [24/Feb/2026:18:52:51 +0300] "GET /app/storage/sessions/6ed33459d9143768e30f1cebe14e0149f2fda33c HTTP/1.1" 200 151 "-" "Mozilla/5.0 AppleWebKit/537.36 (KHTML, like Gecko; compatible; ClaudeBot/1.0; +claudebot@anthropic.com)"
216.73.216.143 - - [24/Feb/2026:18:52:56 +0300] "GET /app/storage/sessions/3b2cfca139f832e921f2412edec795e4315ea66d HTTP/1.1" 200 150 "-" "Mozilla/5.0 AppleWebKit/537.36 (KHTML, like Gecko; compatible; ClaudeBot/1.0; +claudebot@anthropic.com)"
216.73.216.143 - - [24/Feb/2026:18:53:01 +0300] "GET /app/views/admin/login/?C=N&O=D HTTP/1.1" 200 356 "-" "Mozilla/5.0 AppleWebKit/537.36 (KHTML, like Gecko; compatible; ClaudeBot/1.0; +claudebot@anthropic.com)"
216.73.216.143 - - [24/Feb/2026:18:53:06 +0300] "GET /app/storage/sessions/7d7c8109f6a45a797863bddfaf7df1e666909f87 HTTP/1.1" 200 152 "-" "Mozilla/5.0 AppleWebKit/537.36 (KHTML, like Gecko; compatible; ClaudeBot/1.0; +claudebot@anthropic.com)"
74.7.242.0 - - [24/Feb/2026:18:53:10 +0300] "GET /vendor/intervention/image/tests/images/exif.jpg HTTP/1.1" 200 7791 "https://mail.zkteco.jo/vendor/intervention/image/tests/images/" "Mozilla/5.0 AppleWebKit/537.36 (KHTML, like Gecko; compatible; GPTBot/1.3; +https://openai.com/gptbot)"
216.73.216.143 - - [24/Feb/2026:18:53:11 +0300] "GET /app/storage/sessions/c9bfe9f9bd11d307044cc8b20d9d904e4bf5fce4 HTTP/1.1" 200 149 "-" "Mozilla/5.0 AppleWebKit/537.36 (KHTML, like Gecko; compatible; ClaudeBot/1.0; +claudebot@anthropic.com)"
216.73.216.143 - - [24/Feb/2026:18:53:16 +0300] "GET /app/storage/sessions/7273cc47be4c35f8948feb6d98c232d0894fdb8a HTTP/1.1" 200 151 "-" "Mozilla/5.0 AppleWebKit/537.36 (KHTML, like Gecko; compatible; ClaudeBot/1.0; +claudebot@anthropic.com)"
