var
/
log
/
apache2
/
domlogs
/
zktecojo
➕ New
📤 Upload
✎ Editing:
zkteco.jo-ssl_log
← Back
198.211.106.83 - - [24/Feb/2026:15:02:41 +0300] "GET /assets/uploads/products/recomended/c1c9932d117b78d449e4679e22af5f66.png HTTP/1.1" 200 44463 "https://www.zkteco.jo/" "Mozilla/5.0 (Windows NT 10.0; Win64; x64) AppleWebKit/537.36 (KHTML, like Gecko) Chrome/104.0.5112.81 Safari/537.36"
74.7.242.0 - - [24/Feb/2026:15:02:43 +0300] "GET /htmlpurifier/smoketests/basic/ HTTP/1.1" 200 360 "https://mail.zkteco.jo/htmlpurifier/smoketests/" "Mozilla/5.0 AppleWebKit/537.36 (KHTML, like Gecko; compatible; GPTBot/1.3; +https://openai.com/gptbot)"
113.189.133.12 - - [24/Feb/2026:15:02:57 +0300] "GET /product-details/Access%20Control%20/sc700 HTTP/1.1" 404 36 "-" "Mozilla/5.0 (Windows NT 6.1; WOW64) AppleWebKit/537.36 (KHTML, like Gecko) Chrome/75.0.3770.100 ADG/11.0.2566 AOLBUILD/11.0.2566 Safari/537.36"
74.7.242.0 - - [24/Feb/2026:15:03:10 +0300] "GET /vendor/composer/autoload_real.php HTTP/1.1" 200 20 "https://mail.zkteco.jo/vendor/composer/" "Mozilla/5.0 AppleWebKit/537.36 (KHTML, like Gecko; compatible; GPTBot/1.3; +https://openai.com/gptbot)"
14.239.106.123 - - [24/Feb/2026:15:03:20 +0300] "GET /product-details/Vehicle%20Inspection/bg1000 HTTP/1.1" 404 36 "-" "Mozilla/5.0 (Macintosh; Intel Mac OS X 10_15_7) AppleWebKit/537.36 (KHTML, like Gecko) Chrome/108.0.0.0 Safari/537.36"
207.46.13.64 - - [24/Feb/2026:15:03:32 +0300] "GET /assets/uploads/products/pdf/image/small/73e49703429cb5b801fd606cc2b84915.png HTTP/1.1" 200 6466 "-" "Mozilla/5.0 AppleWebKit/537.36 (KHTML, like Gecko; compatible; bingbot/2.0; +http://www.bing.com/bingbot.htm) Chrome/116.0.1938.76 Safari/537.36"
74.7.242.0 - - [24/Feb/2026:15:03:34 +0300] "GET /vendor/bin/classpreloader.php.bat HTTP/1.1" 200 87 "https://mail.zkteco.jo/vendor/bin/" "Mozilla/5.0 AppleWebKit/537.36 (KHTML, like Gecko; compatible; GPTBot/1.3; +https://openai.com/gptbot)"
216.73.216.143 - - [24/Feb/2026:15:03:42 +0300] "GET /app/views/admin/gallery/?C=N&O=A HTTP/1.1" 200 421 "-" "Mozilla/5.0 AppleWebKit/537.36 (KHTML, like Gecko; compatible; ClaudeBot/1.0; +claudebot@anthropic.com)"
74.7.242.0 - - [24/Feb/2026:15:03:55 +0300] "GET /vendor/nikic/php-parser/test/ HTTP/1.1" 200 324 "https://mail.zkteco.jo/vendor/nikic/php-parser/" "Mozilla/5.0 AppleWebKit/537.36 (KHTML, like Gecko; compatible; GPTBot/1.3; +https://openai.com/gptbot)"
74.7.242.0 - - [24/Feb/2026:15:04:14 +0300] "GET /htmlpurifier/smoketests/attrTransform.php HTTP/1.1" 404 36 "https://mail.zkteco.jo/htmlpurifier/smoketests/" "Mozilla/5.0 AppleWebKit/537.36 (KHTML, like Gecko; compatible; GPTBot/1.3; +https://openai.com/gptbot)"
74.7.242.0 - - [24/Feb/2026:15:04:31 +0300] "GET /vendor/mobiledetect/mobiledetectlib/examples/session_example.php?page=two HTTP/1.1" 200 273 "https://mail.zkteco.jo/vendor/mobiledetect/mobiledetectlib/examples/session_example.php" "Mozilla/5.0 AppleWebKit/537.36 (KHTML, like Gecko; compatible; GPTBot/1.3; +https://openai.com/gptbot)"
40.77.167.61 - - [24/Feb/2026:15:04:31 +0300] "GET /assets/uploads/products/pdf/image/small/002c706de8666f9bc2c483ddc757a320.jpg HTTP/1.1" 200 4318 "-" "Mozilla/5.0 AppleWebKit/537.36 (KHTML, like Gecko; compatible; bingbot/2.0; +http://www.bing.com/bingbot.htm) Chrome/116.0.1938.76 Safari/537.36"
207.46.13.64 - - [24/Feb/2026:15:04:42 +0300] "GET /search?_token=68XC1cRnbd81gLQdNTX3BQGj98ez4u887no1hJqe&searchterm= HTTP/1.1" 404 36 "-" "Mozilla/5.0 AppleWebKit/537.36 (KHTML, like Gecko; compatible; bingbot/2.0; +http://www.bing.com/bingbot.htm) Chrome/116.0.1938.76 Safari/537.36"
2001:4860:7:232::fe - - [24/Feb/2026:15:04:48 +0300] "GET /product-details/Products/vf700 HTTP/1.1" 404 36 "https://www.google.com/" "Mozilla/5.0 (Windows NT 10.0; Win64; x64) AppleWebKit/537.36 (KHTML, like Gecko) Chrome/145.0.0.0 Safari/537.36"
74.7.242.0 - - [24/Feb/2026:15:04:48 +0300] "GET /htmlpurifier/smoketests/printDefinition.php HTTP/1.1" 200 6782 "https://mail.zkteco.jo/htmlpurifier/smoketests/" "Mozilla/5.0 AppleWebKit/537.36 (KHTML, like Gecko; compatible; GPTBot/1.3; +https://openai.com/gptbot)"
74.7.242.0 - - [24/Feb/2026:15:05:02 +0300] "GET /htmlpurifier/smoketests/preserveYouTube.php HTTP/1.1" 200 921 "https://mail.zkteco.jo/htmlpurifier/smoketests/" "Mozilla/5.0 AppleWebKit/537.36 (KHTML, like Gecko; compatible; GPTBot/1.3; +https://openai.com/gptbot)"
216.73.216.143 - - [24/Feb/2026:15:05:09 +0300] "GET /vendor/symfony/debug/?C=M&O=D HTTP/1.1" 200 299 "-" "Mozilla/5.0 AppleWebKit/537.36 (KHTML, like Gecko; compatible; ClaudeBot/1.0; +claudebot@anthropic.com)"
74.7.242.0 - - [24/Feb/2026:15:05:16 +0300] "GET /app/views/admin/pages-old/add_image.blade.php HTTP/1.1" 500 634 "https://mail.zkteco.jo/app/views/admin/pages-old/" "Mozilla/5.0 AppleWebKit/537.36 (KHTML, like Gecko; compatible; GPTBot/1.3; +https://openai.com/gptbot)"
74.7.242.0 - - [24/Feb/2026:15:05:29 +0300] "GET /vendor/jenssegers/agent/ HTTP/1.1" 200 357 "https://mail.zkteco.jo/vendor/jenssegers/" "Mozilla/5.0 AppleWebKit/537.36 (KHTML, like Gecko; compatible; GPTBot/1.3; +https://openai.com/gptbot)"
52.167.144.194 - - [24/Feb/2026:15:05:51 +0300] "GET /search?_token=XNxZe0oed2M1KSA5JfdshF3mvkLstphqrhkvhiJD&searchterm=2026 HTTP/1.1" 404 36 "-" "Mozilla/5.0 AppleWebKit/537.36 (KHTML, like Gecko; compatible; bingbot/2.0; +http://www.bing.com/bingbot.htm) Chrome/116.0.1938.76 Safari/537.36"
74.7.242.0 - - [24/Feb/2026:15:06:05 +0300] "GET /app/database/migrations/ HTTP/1.1" 200 259 "https://mail.zkteco.jo/app/database/" "Mozilla/5.0 AppleWebKit/537.36 (KHTML, like Gecko; compatible; GPTBot/1.3; +https://openai.com/gptbot)"
43.173.180.41 - - [24/Feb/2026:15:06:18 +0300] "GET /news/zkteco-middle-east-in-gitex-technology-week-2018-11-14 HTTP/1.1" 404 36 "-" "Mozilla/5.0 (Windows NT 10.0; Win64; x64) AppleWebKit/537.36 (KHTML, like Gecko) Chrome/110.0.0.0 Safari/537.36"
207.46.13.64 - - [24/Feb/2026:15:06:21 +0300] "GET /search?_token=68XC1cRnbd81gLQdNTX3BQGj98ez4u887no1hJqe&searchterm= HTTP/1.1" 404 36 "-" "Mozilla/5.0 AppleWebKit/537.36 (KHTML, like Gecko; compatible; bingbot/2.0; +http://www.bing.com/bingbot.htm) Chrome/116.0.1938.76 Safari/537.36"
2a03:2880:f800:19:: - - [24/Feb/2026:15:06:23 +0300] "GET /sitemap.xml HTTP/1.1" 404 36 "-" "meta-externalagent/1.1 (+https://developers.facebook.com/docs/sharing/webmasters/crawler)"
74.7.242.0 - - [24/Feb/2026:15:06:39 +0300] "GET /htmlpurifier/smoketests/basic/legacy.html HTTP/1.1" 200 1025 "https://mail.zkteco.jo/htmlpurifier/smoketests/basic/" "Mozilla/5.0 AppleWebKit/537.36 (KHTML, like Gecko; compatible; GPTBot/1.3; +https://openai.com/gptbot)"
114.119.131.200 - - [24/Feb/2026:15:06:56 +0300] "GET /download-file/2190 HTTP/1.1" 404 36 "https://zkteco.jo/data-sheet" "Mozilla/5.0 (Linux; Android 7.0;) AppleWebKit/537.36 (KHTML, like Gecko) Mobile Safari/537.36 (compatible; PetalBot;+https://webmaster.petalsearch.com/site/petalbot)"
74.7.242.0 - - [24/Feb/2026:15:07:08 +0300] "GET /htmlpurifier/smoketests/basic/allElements.html HTTP/1.1" 200 868 "https://mail.zkteco.jo/htmlpurifier/smoketests/basic/" "Mozilla/5.0 AppleWebKit/537.36 (KHTML, like Gecko; compatible; GPTBot/1.3; +https://openai.com/gptbot)"
52.167.144.157 - - [24/Feb/2026:15:07:30 +0300] "GET /search?_token=BKb69YKpXCWixdQul60dQ30ng4JQCzcrkVZuPy8J&searchterm=2026 HTTP/1.1" 404 36 "-" "Mozilla/5.0 AppleWebKit/537.36 (KHTML, like Gecko; compatible; bingbot/2.0; +http://www.bing.com/bingbot.htm) Chrome/116.0.1938.76 Safari/537.36"
74.7.242.0 - - [24/Feb/2026:15:07:35 +0300] "GET /vendor/composer/platform_check.php HTTP/1.1" 200 20 "https://mail.zkteco.jo/vendor/composer/" "Mozilla/5.0 AppleWebKit/537.36 (KHTML, like Gecko; compatible; GPTBot/1.3; +https://openai.com/gptbot)"
74.7.242.0 - - [24/Feb/2026:15:07:59 +0300] "GET /app/views/frontend/careers.blade.php HTTP/1.1" 200 654 "https://mail.zkteco.jo/app/views/frontend/" "Mozilla/5.0 AppleWebKit/537.36 (KHTML, like Gecko; compatible; GPTBot/1.3; +https://openai.com/gptbot)"
40.77.167.61 - - [24/Feb/2026:15:08:12 +0300] "GET /assets/uploads/products/pdf/image/small/cca847d891bd6b5f1c2611103264d711.png HTTP/1.1" 200 7882 "-" "Mozilla/5.0 AppleWebKit/537.36 (KHTML, like Gecko; compatible; bingbot/2.0; +http://www.bing.com/bingbot.htm) Chrome/116.0.1938.76 Safari/537.36"
74.7.242.0 - - [24/Feb/2026:15:08:21 +0300] "GET /app/config/compile.php HTTP/1.1" 200 20 "https://mail.zkteco.jo/app/config/" "Mozilla/5.0 AppleWebKit/537.36 (KHTML, like Gecko; compatible; GPTBot/1.3; +https://openai.com/gptbot)"
114.119.131.200 - - [24/Feb/2026:15:08:28 +0300] "GET /download-file/1221 HTTP/1.1" 404 36 "https://zkteco.jo/data-sheet" "Mozilla/5.0 (Linux; Android 7.0;) AppleWebKit/537.36 (KHTML, like Gecko) Mobile Safari/537.36 (compatible; PetalBot;+https://webmaster.petalsearch.com/site/petalbot)"
74.7.242.0 - - [24/Feb/2026:15:08:40 +0300] "GET /library/SimpleImage.php HTTP/1.1" 404 36 "https://mail.zkteco.jo/library/" "Mozilla/5.0 AppleWebKit/537.36 (KHTML, like Gecko; compatible; GPTBot/1.3; +https://openai.com/gptbot)"
40.77.167.63 - - [24/Feb/2026:15:08:45 +0300] "GET /search?_token=8AWTirPUsOecySRbbVcoAprH35QxMk8McYUVm5sC&searchterm= HTTP/1.1" 404 36 "-" "Mozilla/5.0 AppleWebKit/537.36 (KHTML, like Gecko; compatible; bingbot/2.0; +http://www.bing.com/bingbot.htm) Chrome/116.0.1938.76 Safari/537.36"
40.77.167.63 - - [24/Feb/2026:15:08:45 +0300] "GET /software-4 HTTP/1.1" 404 36 "-" "Mozilla/5.0 AppleWebKit/537.36 (KHTML, like Gecko; compatible; bingbot/2.0; +http://www.bing.com/bingbot.htm) Chrome/116.0.1938.76 Safari/537.36"
40.77.167.63 - - [24/Feb/2026:15:08:47 +0300] "GET /assets/uploads/products/small/92c792d7423bb57c29598751e3d9dbc2.png HTTP/1.1" 200 21876 "-" "Mozilla/5.0 AppleWebKit/537.36 (KHTML, like Gecko; compatible; bingbot/2.0; +http://www.bing.com/bingbot.htm) Chrome/116.0.1938.76 Safari/537.36"
107.175.114.19 - - [24/Feb/2026:15:08:48 +0300] "GET /download-file/2076 HTTP/1.1" 404 36 "-" "Mozilla/5.0 (Macintosh; Intel Mac OS X 10_15_7) AppleWebKit/537.36 (KHTML, like Gecko) Chrome/134.0.0.0 Safari/537.36"
74.7.242.0 - - [24/Feb/2026:15:08:57 +0300] "GET /vendor/intervention/image/src/ HTTP/1.1" 200 321 "https://mail.zkteco.jo/vendor/intervention/image/" "Mozilla/5.0 AppleWebKit/537.36 (KHTML, like Gecko; compatible; GPTBot/1.3; +https://openai.com/gptbot)"
216.73.216.143 - - [24/Feb/2026:15:08:57 +0300] "GET /vendor/symfony/debug/?C=N&O=A HTTP/1.1" 200 301 "-" "Mozilla/5.0 AppleWebKit/537.36 (KHTML, like Gecko; compatible; ClaudeBot/1.0; +claudebot@anthropic.com)"
74.7.242.0 - - [24/Feb/2026:15:09:15 +0300] "GET /app/config/testing/session.php HTTP/1.1" 200 20 "https://mail.zkteco.jo/app/config/testing/" "Mozilla/5.0 AppleWebKit/537.36 (KHTML, like Gecko; compatible; GPTBot/1.3; +https://openai.com/gptbot)"
74.7.242.0 - - [24/Feb/2026:15:09:31 +0300] "GET /vendor/laravel/framework/ HTTP/1.1" 200 429 "https://mail.zkteco.jo/vendor/laravel/" "Mozilla/5.0 AppleWebKit/537.36 (KHTML, like Gecko; compatible; GPTBot/1.3; +https://openai.com/gptbot)"
114.119.138.210 - - [24/Feb/2026:15:09:42 +0300] "GET /product-details/Entrance%20Control/zk-d3180v-1 HTTP/1.1" 404 36 "https://zkteco.jo/product-details/Entrance%20Control/zk-d3180v-1" "Mozilla/5.0 (Linux; Android 7.0;) AppleWebKit/537.36 (KHTML, like Gecko) Mobile Safari/537.36 (compatible; PetalBot;+https://webmaster.petalsearch.com/site/petalbot)"
216.73.216.143 - - [24/Feb/2026:15:09:44 +0300] "GET /app/views/admin/gallery/?C=D&O=D HTTP/1.1" 200 419 "-" "Mozilla/5.0 AppleWebKit/537.36 (KHTML, like Gecko; compatible; ClaudeBot/1.0; +claudebot@anthropic.com)"
74.7.242.0 - - [24/Feb/2026:15:09:46 +0300] "GET /app/views-feb%2024/frontend/emails/bookNow.blade.php HTTP/1.1" 200 562 "https://mail.zkteco.jo/app/views-feb%2024/frontend/emails/" "Mozilla/5.0 AppleWebKit/537.36 (KHTML, like Gecko; compatible; GPTBot/1.3; +https://openai.com/gptbot)"
74.7.242.0 - - [24/Feb/2026:15:09:58 +0300] "GET /vendor/nesbot/carbon/readme.md HTTP/1.1" 200 11262 "https://mail.zkteco.jo/vendor/nesbot/carbon/" "Mozilla/5.0 AppleWebKit/537.36 (KHTML, like Gecko; compatible; GPTBot/1.3; +https://openai.com/gptbot)"
74.7.242.0 - - [24/Feb/2026:15:10:10 +0300] "GET /htmlpurifier/smoketests/dataScheme.php HTTP/1.1" 200 591 "https://mail.zkteco.jo/htmlpurifier/smoketests/" "Mozilla/5.0 AppleWebKit/537.36 (KHTML, like Gecko; compatible; GPTBot/1.3; +https://openai.com/gptbot)"
74.7.242.0 - - [24/Feb/2026:15:10:21 +0300] "GET /Catalogue/companyprofile.pdf HTTP/1.1" 200 6204375 "https://mail.zkteco.jo/Catalogue/" "Mozilla/5.0 AppleWebKit/537.36 (KHTML, like Gecko; compatible; GPTBot/1.3; +https://openai.com/gptbot)"
74.7.242.0 - - [24/Feb/2026:15:10:29 +0300] "GET /htmlpurifier/extras/HTMLPurifierExtras.auto.php HTTP/1.1" 404 36 "https://mail.zkteco.jo/htmlpurifier/extras/" "Mozilla/5.0 AppleWebKit/537.36 (KHTML, like Gecko; compatible; GPTBot/1.3; +https://openai.com/gptbot)"
74.7.242.0 - - [24/Feb/2026:15:10:38 +0300] "GET /app/views/frontend/%7B%7B%7Basset('assets/images/career2.jpg')%7D%7D%7D HTTP/1.1" 404 36 "https://mail.zkteco.jo/app/views/frontend/careers.blade.php" "Mozilla/5.0 AppleWebKit/537.36 (KHTML, like Gecko; compatible; GPTBot/1.3; +https://openai.com/gptbot)"
74.7.242.0 - - [24/Feb/2026:15:10:46 +0300] "GET /app/views/frontend/%7B%7B%7Basset('assets/images/career1.jpg')%7D%7D%7D HTTP/1.1" 404 36 "https://mail.zkteco.jo/app/views/frontend/careers.blade.php" "Mozilla/5.0 AppleWebKit/537.36 (KHTML, like Gecko; compatible; GPTBot/1.3; +https://openai.com/gptbot)"
74.7.242.0 - - [24/Feb/2026:15:10:55 +0300] "GET /htmlpurifier/art/logo.svg HTTP/1.1" 404 36 "https://mail.zkteco.jo/htmlpurifier/art/" "Mozilla/5.0 AppleWebKit/537.36 (KHTML, like Gecko; compatible; GPTBot/1.3; +https://openai.com/gptbot)"
216.73.216.143 - - [24/Feb/2026:15:10:55 +0300] "GET /app/views/admin/pages/?C=S&O=D HTTP/1.1" 200 373 "-" "Mozilla/5.0 AppleWebKit/537.36 (KHTML, like Gecko; compatible; ClaudeBot/1.0; +claudebot@anthropic.com)"
74.7.242.0 - - [24/Feb/2026:15:11:03 +0300] "GET /htmlpurifier/art/logo.png HTTP/1.1" 200 2658 "https://mail.zkteco.jo/htmlpurifier/art/" "Mozilla/5.0 AppleWebKit/537.36 (KHTML, like Gecko; compatible; GPTBot/1.3; +https://openai.com/gptbot)"
74.7.242.0 - - [24/Feb/2026:15:11:12 +0300] "GET /vendor/nikic/php-parser/grammar/ HTTP/1.1" 200 387 "https://mail.zkteco.jo/vendor/nikic/php-parser/" "Mozilla/5.0 AppleWebKit/537.36 (KHTML, like Gecko; compatible; GPTBot/1.3; +https://openai.com/gptbot)"
74.7.242.0 - - [24/Feb/2026:15:11:19 +0300] "GET /htmlpurifier/smoketests/test-schema/Directive.txt HTTP/1.1" 200 82 "https://mail.zkteco.jo/htmlpurifier/smoketests/test-schema/" "Mozilla/5.0 AppleWebKit/537.36 (KHTML, like Gecko; compatible; GPTBot/1.3; +https://openai.com/gptbot)"
74.7.242.0 - - [24/Feb/2026:15:11:26 +0300] "GET /vendor/mobiledetect/mobiledetectlib/tests/providers/ HTTP/1.1" 200 311 "https://mail.zkteco.jo/vendor/mobiledetect/mobiledetectlib/tests/" "Mozilla/5.0 AppleWebKit/537.36 (KHTML, like Gecko; compatible; GPTBot/1.3; +https://openai.com/gptbot)"
74.7.242.0 - - [24/Feb/2026:15:11:32 +0300] "GET /vendor/laravel/framework/phpunit.php HTTP/1.1" 500 20 "https://mail.zkteco.jo/vendor/laravel/framework/" "Mozilla/5.0 AppleWebKit/537.36 (KHTML, like Gecko; compatible; GPTBot/1.3; +https://openai.com/gptbot)"
74.7.242.0 - - [24/Feb/2026:15:11:38 +0300] "GET /app/config/packages/mews/ HTTP/1.1" 200 299 "https://mail.zkteco.jo/app/config/packages/" "Mozilla/5.0 AppleWebKit/537.36 (KHTML, like Gecko; compatible; GPTBot/1.3; +https://openai.com/gptbot)"
74.7.242.0 - - [24/Feb/2026:15:11:54 +0300] "GET /vendor/mews/captcha/test/ HTTP/1.1" 200 340 "https://mail.zkteco.jo/vendor/mews/captcha/" "Mozilla/5.0 AppleWebKit/537.36 (KHTML, like Gecko; compatible; GPTBot/1.3; +https://openai.com/gptbot)"
74.7.242.0 - - [24/Feb/2026:15:12:09 +0300] "GET /vendor/nesbot/carbon/src/ HTTP/1.1" 200 304 "https://mail.zkteco.jo/vendor/nesbot/carbon/" "Mozilla/5.0 AppleWebKit/537.36 (KHTML, like Gecko; compatible; GPTBot/1.3; +https://openai.com/gptbot)"
2409:8c5c:110:1601:35:: - - [24/Feb/2026:15:12:16 +0300] "GET /download-file/2117 HTTP/1.1" 404 36 "-" "Mozilla/5.0 (Windows NT 10.0; Win64; x64) AppleWebKit/537.36 (KHTML, like Gecko) Chrome/139.0.0.0 Safari/537.36"
178.80.50.177 - - [24/Feb/2026:15:12:19 +0300] "GET /download-file/1915 HTTP/1.1" 404 36 "-" "Mozilla/5.0 (Macintosh; Intel Mac OS X 10_14_6) AppleWebKit/537.36 (KHTML, like Gecko) Chrome/89.0.4389.128 Safari/537.36"
74.7.242.0 - - [24/Feb/2026:15:12:23 +0300] "GET /app/config/testing/cache.php HTTP/1.1" 200 20 "https://mail.zkteco.jo/app/config/testing/" "Mozilla/5.0 AppleWebKit/537.36 (KHTML, like Gecko; compatible; GPTBot/1.3; +https://openai.com/gptbot)"
113.191.51.158 - - [24/Feb/2026:15:12:29 +0300] "GET /download-file/2254 HTTP/1.1" 404 36 "-" "Mozilla/5.0 (Windows NT 10.0; WOW64) AppleWebKit/537.36 (KHTML, like Gecko) Chrome/75.0.3770.100 Safari/537.36"
74.7.242.0 - - [24/Feb/2026:15:12:34 +0300] "GET /htmlpurifier/art/powered.png HTTP/1.1" 200 297 "https://mail.zkteco.jo/htmlpurifier/art/" "Mozilla/5.0 AppleWebKit/537.36 (KHTML, like Gecko; compatible; GPTBot/1.3; +https://openai.com/gptbot)"
74.7.242.0 - - [24/Feb/2026:15:12:46 +0300] "GET /app/views-feb%2024/admin/innercontent/list.blade.php HTTP/1.1" 200 529 "https://mail.zkteco.jo/app/views-feb%2024/admin/innercontent/" "Mozilla/5.0 AppleWebKit/537.36 (KHTML, like Gecko; compatible; GPTBot/1.3; +https://openai.com/gptbot)"
74.7.242.0 - - [24/Feb/2026:15:12:55 +0300] "GET /vendor/simplesoftwareio/simple-qrcode/CHANGELOG.md HTTP/1.1" 200 218 "https://mail.zkteco.jo/vendor/simplesoftwareio/simple-qrcode/" "Mozilla/5.0 AppleWebKit/537.36 (KHTML, like Gecko; compatible; GPTBot/1.3; +https://openai.com/gptbot)"
74.7.242.0 - - [24/Feb/2026:15:13:04 +0300] "GET /vendor/mews/captcha/public/ HTTP/1.1" 200 306 "https://mail.zkteco.jo/vendor/mews/captcha/" "Mozilla/5.0 AppleWebKit/537.36 (KHTML, like Gecko; compatible; GPTBot/1.3; +https://openai.com/gptbot)"
74.7.242.0 - - [24/Feb/2026:15:13:12 +0300] "GET /vendor/bin/classpreloader.php HTTP/1.1" 200 130 "https://mail.zkteco.jo/vendor/bin/" "Mozilla/5.0 AppleWebKit/537.36 (KHTML, like Gecko; compatible; GPTBot/1.3; +https://openai.com/gptbot)"
216.73.216.143 - - [24/Feb/2026:15:13:16 +0300] "GET /htmlpurifier/library/HTMLPurifier/ConfigSchema/schema/AutoFormat.PurifierLinkify.DocURL.txt HTTP/1.1" 200 239 "-" "Mozilla/5.0 AppleWebKit/537.36 (KHTML, like Gecko; compatible; ClaudeBot/1.0; +claudebot@anthropic.com)"
74.7.242.0 - - [24/Feb/2026:15:13:19 +0300] "GET /vendor/mews/captcha/src/ HTTP/1.1" 200 361 "https://mail.zkteco.jo/vendor/mews/captcha/" "Mozilla/5.0 AppleWebKit/537.36 (KHTML, like Gecko; compatible; GPTBot/1.3; +https://openai.com/gptbot)"
216.73.216.143 - - [24/Feb/2026:15:13:21 +0300] "GET /htmlpurifier/library/HTMLPurifier/AttrTransform/NameSync.php HTTP/1.1" 500 20 "-" "Mozilla/5.0 AppleWebKit/537.36 (KHTML, like Gecko; compatible; ClaudeBot/1.0; +claudebot@anthropic.com)"
74.7.242.0 - - [24/Feb/2026:15:13:25 +0300] "GET /vendor/filp/whoops/src/ HTTP/1.1" 200 324 "https://mail.zkteco.jo/vendor/filp/whoops/" "Mozilla/5.0 AppleWebKit/537.36 (KHTML, like Gecko; compatible; GPTBot/1.3; +https://openai.com/gptbot)"
216.73.216.143 - - [24/Feb/2026:15:13:26 +0300] "GET /htmlpurifier/library/HTMLPurifier/Language/classes/en-x-test.php HTTP/1.1" 500 20 "-" "Mozilla/5.0 AppleWebKit/537.36 (KHTML, like Gecko; compatible; ClaudeBot/1.0; +claudebot@anthropic.com)"
74.7.242.0 - - [24/Feb/2026:15:13:31 +0300] "GET /app/views/frontend/old/ HTTP/1.1" 200 428 "https://mail.zkteco.jo/app/views/frontend/" "Mozilla/5.0 AppleWebKit/537.36 (KHTML, like Gecko; compatible; GPTBot/1.3; +https://openai.com/gptbot)"
216.73.216.143 - - [24/Feb/2026:15:13:31 +0300] "GET /vendor/nikic/php-parser/lib/PHPParser/NodeAbstract.php HTTP/1.1" 500 20 "-" "Mozilla/5.0 AppleWebKit/537.36 (KHTML, like Gecko; compatible; ClaudeBot/1.0; +claudebot@anthropic.com)"
2001:41d0:303:58c0::1 - - [24/Feb/2026:15:13:35 +0300] "GET /app/config/?C=D;O=D HTTP/1.1" 200 518 "-" "Mozilla/5.0 (compatible; MJ12bot/v1.4.8; http://mj12bot.com/)"
74.7.242.0 - - [24/Feb/2026:15:13:36 +0300] "GET /vendor/nikic/php-parser/doc/ HTTP/1.1" 200 448 "https://mail.zkteco.jo/vendor/nikic/php-parser/" "Mozilla/5.0 AppleWebKit/537.36 (KHTML, like Gecko; compatible; GPTBot/1.3; +https://openai.com/gptbot)"
216.73.216.143 - - [24/Feb/2026:15:13:36 +0300] "GET /htmlpurifier/library/HTMLPurifier/Lexer/PH5P.php HTTP/1.1" 500 20 "-" "Mozilla/5.0 AppleWebKit/537.36 (KHTML, like Gecko; compatible; ClaudeBot/1.0; +claudebot@anthropic.com)"
2001:41d0:303:58c0::1 - - [24/Feb/2026:15:13:37 +0300] "GET /app/config/?C=N;O=A HTTP/1.1" 200 515 "-" "Mozilla/5.0 (compatible; MJ12bot/v1.4.8; http://mj12bot.com/)"
2001:41d0:303:58c0::1 - - [24/Feb/2026:15:13:40 +0300] "GET /app/config/?C=N;O=D HTTP/1.1" 200 518 "-" "Mozilla/5.0 (compatible; MJ12bot/v1.4.8; http://mj12bot.com/)"
74.7.242.0 - - [24/Feb/2026:15:13:41 +0300] "GET /vendor/nikic/php-parser/lib/ HTTP/1.1" 200 339 "https://mail.zkteco.jo/vendor/nikic/php-parser/" "Mozilla/5.0 AppleWebKit/537.36 (KHTML, like Gecko; compatible; GPTBot/1.3; +https://openai.com/gptbot)"
216.73.216.143 - - [24/Feb/2026:15:13:41 +0300] "GET /vendor/nikic/php-parser/test/code/prettyPrinter HTTP/1.1" 301 314 "-" "Mozilla/5.0 AppleWebKit/537.36 (KHTML, like Gecko; compatible; ClaudeBot/1.0; +claudebot@anthropic.com)"
216.73.216.143 - - [24/Feb/2026:15:13:41 +0300] "GET /vendor/nikic/php-parser/test/code/prettyPrinter/ HTTP/1.1" 200 483 "https://zkteco.jo/vendor/nikic/php-parser/test/code/prettyPrinter" "Mozilla/5.0 AppleWebKit/537.36 (KHTML, like Gecko; compatible; ClaudeBot/1.0; +claudebot@anthropic.com)"
2001:41d0:303:58c0::1 - - [24/Feb/2026:15:13:43 +0300] "GET /app/config/?C=S;O=A HTTP/1.1" 200 520 "-" "Mozilla/5.0 (compatible; MJ12bot/v1.4.8; http://mj12bot.com/)"
74.7.242.0 - - [24/Feb/2026:15:13:45 +0300] "GET /vendor/mobiledetect/mobiledetectlib/examples/test.php HTTP/1.1" 200 37 "https://mail.zkteco.jo/vendor/mobiledetect/mobiledetectlib/examples/" "Mozilla/5.0 AppleWebKit/537.36 (KHTML, like Gecko; compatible; GPTBot/1.3; +https://openai.com/gptbot)"
216.73.216.143 - - [24/Feb/2026:15:13:46 +0300] "GET /app/controllers/admin/js/main.js HTTP/1.1" 404 36 "-" "Mozilla/5.0 AppleWebKit/537.36 (KHTML, like Gecko; compatible; ClaudeBot/1.0; +claudebot@anthropic.com)"
2001:41d0:303:58c0::1 - - [24/Feb/2026:15:13:47 +0300] "GET /app/config/app.php HTTP/1.1" 500 20 "-" "Mozilla/5.0 (compatible; MJ12bot/v1.4.8; http://mj12bot.com/)"
74.7.242.0 - - [24/Feb/2026:15:13:49 +0300] "GET /vendor/mobiledetect/mobiledetectlib/examples/demo.php HTTP/1.1" 200 3668 "https://mail.zkteco.jo/vendor/mobiledetect/mobiledetectlib/examples/" "Mozilla/5.0 AppleWebKit/537.36 (KHTML, like Gecko; compatible; GPTBot/1.3; +https://openai.com/gptbot)"
2001:41d0:303:58c0::1 - - [24/Feb/2026:15:13:51 +0300] "GET /app/config/auth.php HTTP/1.1" 200 20 "-" "Mozilla/5.0 (compatible; MJ12bot/v1.4.8; http://mj12bot.com/)"
216.73.216.143 - - [24/Feb/2026:15:13:51 +0300] "GET /app/controllers/admin/css/owl.transitions.css HTTP/1.1" 404 36 "-" "Mozilla/5.0 AppleWebKit/537.36 (KHTML, like Gecko; compatible; ClaudeBot/1.0; +claudebot@anthropic.com)"
74.7.242.0 - - [24/Feb/2026:15:13:52 +0300] "GET /app/config/local/database.php HTTP/1.1" 200 20 "https://mail.zkteco.jo/app/config/local/" "Mozilla/5.0 AppleWebKit/537.36 (KHTML, like Gecko; compatible; GPTBot/1.3; +https://openai.com/gptbot)"
2001:41d0:303:58c0::1 - - [24/Feb/2026:15:13:55 +0300] "GET /app/config/cache.php HTTP/1.1" 500 20 "-" "Mozilla/5.0 (compatible; MJ12bot/v1.4.8; http://mj12bot.com/)"
74.7.242.0 - - [24/Feb/2026:15:13:55 +0300] "GET /vendor/jenssegers/agent/src/ HTTP/1.1" 200 363 "https://mail.zkteco.jo/vendor/jenssegers/agent/" "Mozilla/5.0 AppleWebKit/537.36 (KHTML, like Gecko; compatible; GPTBot/1.3; +https://openai.com/gptbot)"
216.73.216.143 - - [24/Feb/2026:15:13:56 +0300] "GET /app/lang/en/validation.php HTTP/1.1" 200 20 "-" "Mozilla/5.0 AppleWebKit/537.36 (KHTML, like Gecko; compatible; ClaudeBot/1.0; +claudebot@anthropic.com)"
74.7.242.0 - - [24/Feb/2026:15:13:58 +0300] "GET /vendor/laravel/framework/src/ HTTP/1.1" 200 316 "https://mail.zkteco.jo/vendor/laravel/framework/" "Mozilla/5.0 AppleWebKit/537.36 (KHTML, like Gecko; compatible; GPTBot/1.3; +https://openai.com/gptbot)"
74.7.242.0 - - [24/Feb/2026:15:14:01 +0300] "GET /htmlpurifier/NEWS HTTP/1.1" 200 21478 "https://mail.zkteco.jo/htmlpurifier/" "Mozilla/5.0 AppleWebKit/537.36 (KHTML, like Gecko; compatible; GPTBot/1.3; +https://openai.com/gptbot)"
216.73.216.143 - - [24/Feb/2026:15:14:01 +0300] "GET /htmlpurifier/library/HTMLPurifier/ConfigSchema/Interchange/Id.php HTTP/1.1" 200 20 "-" "Mozilla/5.0 AppleWebKit/537.36 (KHTML, like Gecko; compatible; ClaudeBot/1.0; +claudebot@anthropic.com)"
74.7.242.0 - - [24/Feb/2026:15:14:03 +0300] "GET /app/models/Pages.php HTTP/1.1" 500 20 "https://mail.zkteco.jo/app/models/" "Mozilla/5.0 AppleWebKit/537.36 (KHTML, like Gecko; compatible; GPTBot/1.3; +https://openai.com/gptbot)"
68.221.75.27 - - [24/Feb/2026:15:14:05 +0300] "GET /product-details/Software/biotime-95 HTTP/1.1" 404 36 "-" "Mozilla/5.0 AppleWebKit/537.36 (KHTML, like Gecko); compatible; ChatGPT-User/1.0; +https://openai.com/bot"
74.7.242.0 - - [24/Feb/2026:15:14:05 +0300] "GET /app/models/Menus.php HTTP/1.1" 500 20 "https://mail.zkteco.jo/app/models/" "Mozilla/5.0 AppleWebKit/537.36 (KHTML, like Gecko; compatible; GPTBot/1.3; +https://openai.com/gptbot)"
2001:41d0:303:58c0::1 - - [24/Feb/2026:15:14:06 +0300] "GET /app/config/compile.php HTTP/1.1" 200 20 "-" "Mozilla/5.0 (compatible; MJ12bot/v1.4.8; http://mj12bot.com/)"
216.73.216.143 - - [24/Feb/2026:15:14:06 +0300] "GET /htmlpurifier/library/HTMLPurifier/AttrTransform/TargetBlank.php HTTP/1.1" 500 20 "-" "Mozilla/5.0 AppleWebKit/537.36 (KHTML, like Gecko; compatible; ClaudeBot/1.0; +claudebot@anthropic.com)"
74.7.242.0 - - [24/Feb/2026:15:14:11 +0300] "GET /app/views/frontend/old/content.blade.php HTTP/1.1" 200 309 "https://mail.zkteco.jo/app/views/frontend/old/" "Mozilla/5.0 AppleWebKit/537.36 (KHTML, like Gecko; compatible; GPTBot/1.3; +https://openai.com/gptbot)"
216.73.216.143 - - [24/Feb/2026:15:14:11 +0300] "GET /htmlpurifier/library/HTMLPurifier/AttrTransform/Name.php HTTP/1.1" 500 20 "-" "Mozilla/5.0 AppleWebKit/537.36 (KHTML, like Gecko; compatible; ClaudeBot/1.0; +claudebot@anthropic.com)"
216.73.216.143 - - [24/Feb/2026:15:14:16 +0300] "GET /htmlpurifier/library/HTMLPurifier/ConfigSchema/schema/HTML.BlockWrapper.txt HTTP/1.1" 200 313 "-" "Mozilla/5.0 AppleWebKit/537.36 (KHTML, like Gecko; compatible; ClaudeBot/1.0; +claudebot@anthropic.com)"
2001:41d0:303:58c0::1 - - [24/Feb/2026:15:14:19 +0300] "GET /app/controllers/ParentsController.php HTTP/1.1" 500 20 "-" "Mozilla/5.0 (compatible; MJ12bot/v1.4.8; http://mj12bot.com/)"
216.73.216.143 - - [24/Feb/2026:15:14:21 +0300] "GET /app/controllers/admin/js/smoothscroll.js HTTP/1.1" 404 36 "-" "Mozilla/5.0 AppleWebKit/537.36 (KHTML, like Gecko; compatible; ClaudeBot/1.0; +claudebot@anthropic.com)"
216.73.216.143 - - [24/Feb/2026:15:14:26 +0300] "GET /htmlpurifier/library/HTMLPurifier/ConfigSchema/Builder/ConfigSchema.php HTTP/1.1" 200 20 "-" "Mozilla/5.0 AppleWebKit/537.36 (KHTML, like Gecko; compatible; ClaudeBot/1.0; +claudebot@anthropic.com)"
74.7.242.0 - - [24/Feb/2026:15:14:30 +0300] "GET /vendor/stack/builder/CHANGELOG.md HTTP/1.1" 200 162 "https://mail.zkteco.jo/vendor/stack/builder/" "Mozilla/5.0 AppleWebKit/537.36 (KHTML, like Gecko; compatible; GPTBot/1.3; +https://openai.com/gptbot)"
216.73.216.143 - - [24/Feb/2026:15:14:31 +0300] "GET /htmlpurifier/library/HTMLPurifier/ConfigSchema/schema/Cache.SerializerPath.txt HTTP/1.1" 200 237 "-" "Mozilla/5.0 AppleWebKit/537.36 (KHTML, like Gecko; compatible; ClaudeBot/1.0; +claudebot@anthropic.com)"
2001:41d0:303:58c0::1 - - [24/Feb/2026:15:14:32 +0300] "GET /app/controllers/main.js HTTP/1.1" 200 1888 "-" "Mozilla/5.0 (compatible; MJ12bot/v1.4.8; http://mj12bot.com/)"
216.73.216.143 - - [24/Feb/2026:15:14:36 +0300] "GET /htmlpurifier/library/HTMLPurifier/AttrTransform/SafeParam.php HTTP/1.1" 500 20 "-" "Mozilla/5.0 AppleWebKit/537.36 (KHTML, like Gecko; compatible; ClaudeBot/1.0; +claudebot@anthropic.com)"
216.73.216.143 - - [24/Feb/2026:15:14:41 +0300] "GET /htmlpurifier/library/HTMLPurifier/AttrTransform/BgColor.php HTTP/1.1" 500 20 "-" "Mozilla/5.0 AppleWebKit/537.36 (KHTML, like Gecko; compatible; ClaudeBot/1.0; +claudebot@anthropic.com)"
74.7.242.0 - - [24/Feb/2026:15:14:46 +0300] "GET /vendor/simplesoftwareio/simple-qrcode/LICENSE HTTP/1.1" 200 624 "https://mail.zkteco.jo/vendor/simplesoftwareio/simple-qrcode/" "Mozilla/5.0 AppleWebKit/537.36 (KHTML, like Gecko; compatible; GPTBot/1.3; +https://openai.com/gptbot)"
216.73.216.143 - - [24/Feb/2026:15:14:46 +0300] "GET /htmlpurifier/library/HTMLPurifier/AttrTransform/Background.php HTTP/1.1" 500 20 "-" "Mozilla/5.0 AppleWebKit/537.36 (KHTML, like Gecko; compatible; ClaudeBot/1.0; +claudebot@anthropic.com)"
216.73.216.143 - - [24/Feb/2026:15:14:51 +0300] "GET /htmlpurifier/library/HTMLPurifier/ConfigSchema/schema/Output.FixInnerHTML.txt HTTP/1.1" 200 335 "-" "Mozilla/5.0 AppleWebKit/537.36 (KHTML, like Gecko; compatible; ClaudeBot/1.0; +claudebot@anthropic.com)"
216.73.216.143 - - [24/Feb/2026:15:14:56 +0300] "GET /htmlpurifier/library/HTMLPurifier/AttrTransform/Textarea.php HTTP/1.1" 500 20 "-" "Mozilla/5.0 AppleWebKit/537.36 (KHTML, like Gecko; compatible; ClaudeBot/1.0; +claudebot@anthropic.com)"
74.7.242.0 - - [24/Feb/2026:15:15:01 +0300] "GET /library/?C=N;O=D HTTP/1.1" 200 357 "https://mail.zkteco.jo/library/" "Mozilla/5.0 AppleWebKit/537.36 (KHTML, like Gecko; compatible; GPTBot/1.3; +https://openai.com/gptbot)"
216.73.216.143 - - [24/Feb/2026:15:15:01 +0300] "GET /app/controllers/admin/css/search_button_style.css HTTP/1.1" 404 36 "-" "Mozilla/5.0 AppleWebKit/537.36 (KHTML, like Gecko; compatible; ClaudeBot/1.0; +claudebot@anthropic.com)"
216.73.216.143 - - [24/Feb/2026:15:15:06 +0300] "GET /app/controllers/admin/contact-us.php HTTP/1.1" 404 36 "-" "Mozilla/5.0 AppleWebKit/537.36 (KHTML, like Gecko; compatible; ClaudeBot/1.0; +claudebot@anthropic.com)"
216.73.216.143 - - [24/Feb/2026:15:15:11 +0300] "GET /htmlpurifier/library/HTMLPurifier/Injector/PurifierLinkify.php HTTP/1.1" 500 20 "-" "Mozilla/5.0 AppleWebKit/537.36 (KHTML, like Gecko; compatible; ClaudeBot/1.0; +claudebot@anthropic.com)"
74.7.242.0 - - [24/Feb/2026:15:15:15 +0300] "GET /library/?C=M;O=A HTTP/1.1" 200 361 "https://mail.zkteco.jo/library/" "Mozilla/5.0 AppleWebKit/537.36 (KHTML, like Gecko; compatible; GPTBot/1.3; +https://openai.com/gptbot)"
216.73.216.143 - - [24/Feb/2026:15:15:16 +0300] "GET /htmlpurifier/library/HTMLPurifier/AttrTransform/Length.php HTTP/1.1" 500 20 "-" "Mozilla/5.0 AppleWebKit/537.36 (KHTML, like Gecko; compatible; ClaudeBot/1.0; +claudebot@anthropic.com)"
216.73.216.143 - - [24/Feb/2026:15:15:22 +0300] "GET /vendor/nikic/php-parser/lib/PHPParser/Node/Scalar/ClassConst.php HTTP/1.1" 500 20 "-" "Mozilla/5.0 AppleWebKit/537.36 (KHTML, like Gecko; compatible; ClaudeBot/1.0; +claudebot@anthropic.com)"
74.7.242.0 - - [24/Feb/2026:15:15:26 +0300] "GET /library/?C=D;O=A HTTP/1.1" 200 358 "https://mail.zkteco.jo/library/" "Mozilla/5.0 AppleWebKit/537.36 (KHTML, like Gecko; compatible; GPTBot/1.3; +https://openai.com/gptbot)"
216.73.216.143 - - [24/Feb/2026:15:15:26 +0300] "GET /htmlpurifier/library/HTMLPurifier/ConfigSchema/schema/Attr.IDPrefixLocal.txt HTTP/1.1" 200 402 "-" "Mozilla/5.0 AppleWebKit/537.36 (KHTML, like Gecko; compatible; ClaudeBot/1.0; +claudebot@anthropic.com)"
216.73.216.143 - - [24/Feb/2026:15:15:31 +0300] "GET /htmlpurifier/library/HTMLPurifier/ConfigSchema/schema/URI.MungeSecretKey.txt HTTP/1.1" 200 518 "-" "Mozilla/5.0 AppleWebKit/537.36 (KHTML, like Gecko; compatible; ClaudeBot/1.0; +claudebot@anthropic.com)"
216.73.216.143 - - [24/Feb/2026:15:15:36 +0300] "GET /htmlpurifier/library/HTMLPurifier/ConfigSchema/schema/Attr.DefaultTextDir.txt HTTP/1.1" 200 219 "-" "Mozilla/5.0 AppleWebKit/537.36 (KHTML, like Gecko; compatible; ClaudeBot/1.0; +claudebot@anthropic.com)"
74.7.242.0 - - [24/Feb/2026:15:15:37 +0300] "GET /library/?C=S;O=A HTTP/1.1" 200 358 "https://mail.zkteco.jo/library/" "Mozilla/5.0 AppleWebKit/537.36 (KHTML, like Gecko; compatible; GPTBot/1.3; +https://openai.com/gptbot)"
216.73.216.143 - - [24/Feb/2026:15:15:42 +0300] "GET /htmlpurifier/library/HTMLPurifier/ConfigSchema/?C=D&O=A HTTP/1.1" 200 449 "-" "Mozilla/5.0 AppleWebKit/537.36 (KHTML, like Gecko; compatible; ClaudeBot/1.0; +claudebot@anthropic.com)"
74.7.242.0 - - [24/Feb/2026:15:15:47 +0300] "GET /app/views/frontend/ajax_design_layout/news_events.blade.php HTTP/1.1" 500 269 "https://mail.zkteco.jo/app/views/frontend/ajax_design_layout/" "Mozilla/5.0 AppleWebKit/537.36 (KHTML, like Gecko; compatible; GPTBot/1.3; +https://openai.com/gptbot)"
216.73.216.143 - - [24/Feb/2026:15:15:47 +0300] "GET /app/storage/views/test/assets/js/bootstrap.min.js HTTP/1.1" 404 36 "-" "Mozilla/5.0 AppleWebKit/537.36 (KHTML, like Gecko; compatible; ClaudeBot/1.0; +claudebot@anthropic.com)"
216.73.216.143 - - [24/Feb/2026:15:15:52 +0300] "GET /app/views/errors/?C=M&O=D HTTP/1.1" 200 333 "-" "Mozilla/5.0 AppleWebKit/537.36 (KHTML, like Gecko; compatible; ClaudeBot/1.0; +claudebot@anthropic.com)"
74.7.242.0 - - [24/Feb/2026:15:15:55 +0300] "GET /app/lang/ar/messages.php HTTP/1.1" 200 20 "https://mail.zkteco.jo/app/lang/ar/" "Mozilla/5.0 AppleWebKit/537.36 (KHTML, like Gecko; compatible; GPTBot/1.3; +https://openai.com/gptbot)"
216.73.216.143 - - [24/Feb/2026:15:15:57 +0300] "GET /vendor/nikic/php-parser/test/code/?C=D&O=D HTTP/1.1" 200 328 "-" "Mozilla/5.0 AppleWebKit/537.36 (KHTML, like Gecko; compatible; ClaudeBot/1.0; +claudebot@anthropic.com)"
216.73.216.143 - - [24/Feb/2026:15:16:02 +0300] "GET /app/views-feb%2024/admin/create HTTP/1.1" 301 298 "-" "Mozilla/5.0 AppleWebKit/537.36 (KHTML, like Gecko; compatible; ClaudeBot/1.0; +claudebot@anthropic.com)"
216.73.216.143 - - [24/Feb/2026:15:16:02 +0300] "GET /app/views-feb%2024/admin/create/ HTTP/1.1" 200 317 "https://zkteco.jo/app/views-feb%2024/admin/create" "Mozilla/5.0 AppleWebKit/537.36 (KHTML, like Gecko; compatible; ClaudeBot/1.0; +claudebot@anthropic.com)"
216.73.216.143 - - [24/Feb/2026:15:16:07 +0300] "GET /vendor/stack/builder/tests/unit/Stack/?C=S&O=A HTTP/1.1" 200 352 "-" "Mozilla/5.0 AppleWebKit/537.36 (KHTML, like Gecko; compatible; ClaudeBot/1.0; +claudebot@anthropic.com)"
216.73.216.143 - - [24/Feb/2026:15:16:12 +0300] "GET /htmlpurifier/library/HTMLPurifier/ConfigSchema/?C=M&O=A HTTP/1.1" 200 456 "-" "Mozilla/5.0 AppleWebKit/537.36 (KHTML, like Gecko; compatible; ClaudeBot/1.0; +claudebot@anthropic.com)"
216.73.216.143 - - [24/Feb/2026:15:16:17 +0300] "GET /htmlpurifier/library/HTMLPurifier/Node/?C=S&O=D HTTP/1.1" 200 337 "-" "Mozilla/5.0 AppleWebKit/537.36 (KHTML, like Gecko; compatible; ClaudeBot/1.0; +claudebot@anthropic.com)"
74.7.242.0 - - [24/Feb/2026:15:16:22 +0300] "GET /app/views/admin/team/list.blade.php HTTP/1.1" 200 532 "https://mail.zkteco.jo/app/views/admin/team/" "Mozilla/5.0 AppleWebKit/537.36 (KHTML, like Gecko; compatible; GPTBot/1.3; +https://openai.com/gptbot)"
216.73.216.143 - - [24/Feb/2026:15:16:22 +0300] "GET /vendor/nikic/php-parser/test/code/?C=M&O=D HTTP/1.1" 200 328 "-" "Mozilla/5.0 AppleWebKit/537.36 (KHTML, like Gecko; compatible; ClaudeBot/1.0; +claudebot@anthropic.com)"
216.73.216.143 - - [24/Feb/2026:15:16:27 +0300] "GET /vendor/stack/builder/tests/unit/Stack/?C=D&O=A HTTP/1.1" 200 350 "-" "Mozilla/5.0 AppleWebKit/537.36 (KHTML, like Gecko; compatible; ClaudeBot/1.0; +claudebot@anthropic.com)"
216.73.216.143 - - [24/Feb/2026:15:16:32 +0300] "GET /vendor/jenssegers/agent HTTP/1.1" 301 290 "-" "Mozilla/5.0 AppleWebKit/537.36 (KHTML, like Gecko; compatible; ClaudeBot/1.0; +claudebot@anthropic.com)"
216.73.216.143 - - [24/Feb/2026:15:16:32 +0300] "GET /vendor/jenssegers/agent/ HTTP/1.1" 200 357 "https://zkteco.jo/vendor/jenssegers/agent" "Mozilla/5.0 AppleWebKit/537.36 (KHTML, like Gecko; compatible; ClaudeBot/1.0; +claudebot@anthropic.com)"
216.73.216.143 - - [24/Feb/2026:15:16:37 +0300] "GET /htmlpurifier/library/HTMLPurifier/ConfigSchema/?C=N&O=D HTTP/1.1" 200 444 "-" "Mozilla/5.0 AppleWebKit/537.36 (KHTML, like Gecko; compatible; ClaudeBot/1.0; +claudebot@anthropic.com)"
216.73.216.143 - - [24/Feb/2026:15:16:42 +0300] "GET /htmlpurifier/library/HTMLPurifier/Strategy/?C=S&O=D HTTP/1.1" 200 424 "-" "Mozilla/5.0 AppleWebKit/537.36 (KHTML, like Gecko; compatible; ClaudeBot/1.0; +claudebot@anthropic.com)"
74.7.242.0 - - [24/Feb/2026:15:16:45 +0300] "GET /vendor/symfony/event-dispatcher/ HTTP/1.1" 200 309 "https://mail.zkteco.jo/vendor/symfony/" "Mozilla/5.0 AppleWebKit/537.36 (KHTML, like Gecko; compatible; GPTBot/1.3; +https://openai.com/gptbot)"
216.73.216.143 - - [24/Feb/2026:15:16:47 +0300] "GET /htmlpurifier/library/HTMLPurifier/ChildDef/?C=S&O=D HTTP/1.1" 200 429 "-" "Mozilla/5.0 AppleWebKit/537.36 (KHTML, like Gecko; compatible; ClaudeBot/1.0; +claudebot@anthropic.com)"
216.73.216.143 - - [24/Feb/2026:15:16:52 +0300] "GET /vendor/stack/builder/tests/unit/Stack/?C=M&O=A HTTP/1.1" 200 352 "-" "Mozilla/5.0 AppleWebKit/537.36 (KHTML, like Gecko; compatible; ClaudeBot/1.0; +claudebot@anthropic.com)"
216.73.216.143 - - [24/Feb/2026:15:16:57 +0300] "GET /vendor/symfony/console/Symfony/Component HTTP/1.1" 301 307 "-" "Mozilla/5.0 AppleWebKit/537.36 (KHTML, like Gecko; compatible; ClaudeBot/1.0; +claudebot@anthropic.com)"
216.73.216.143 - - [24/Feb/2026:15:16:57 +0300] "GET /vendor/symfony/console/Symfony/Component/ HTTP/1.1" 200 313 "https://zkteco.jo/vendor/symfony/console/Symfony/Component" "Mozilla/5.0 AppleWebKit/537.36 (KHTML, like Gecko; compatible; ClaudeBot/1.0; +claudebot@anthropic.com)"
216.73.216.143 - - [24/Feb/2026:15:17:02 +0300] "GET /vendor/d11wtq/boris HTTP/1.1" 301 286 "-" "Mozilla/5.0 AppleWebKit/537.36 (KHTML, like Gecko; compatible; ClaudeBot/1.0; +claudebot@anthropic.com)"
216.73.216.143 - - [24/Feb/2026:15:17:02 +0300] "GET /vendor/d11wtq/boris/ HTTP/1.1" 200 378 "https://zkteco.jo/vendor/d11wtq/boris" "Mozilla/5.0 AppleWebKit/537.36 (KHTML, like Gecko; compatible; ClaudeBot/1.0; +claudebot@anthropic.com)"
74.7.242.0 - - [24/Feb/2026:15:17:06 +0300] "GET /vendor/symfony/filesystem/ HTTP/1.1" 200 306 "https://mail.zkteco.jo/vendor/symfony/" "Mozilla/5.0 AppleWebKit/537.36 (KHTML, like Gecko; compatible; GPTBot/1.3; +https://openai.com/gptbot)"
216.73.216.143 - - [24/Feb/2026:15:17:07 +0300] "GET /htmlpurifier/library/HTMLPurifier/Strategy/?C=D&O=D HTTP/1.1" 200 428 "-" "Mozilla/5.0 AppleWebKit/537.36 (KHTML, like Gecko; compatible; ClaudeBot/1.0; +claudebot@anthropic.com)"
216.73.216.143 - - [24/Feb/2026:15:17:12 +0300] "GET /vendor/stack/builder/tests/unit/Stack/?C=N&O=D HTTP/1.1" 200 351 "-" "Mozilla/5.0 AppleWebKit/537.36 (KHTML, like Gecko; compatible; ClaudeBot/1.0; +claudebot@anthropic.com)"
216.73.216.143 - - [24/Feb/2026:15:17:17 +0300] "GET /htmlpurifier/library/HTMLPurifier/ChildDef/?C=D&O=D HTTP/1.1" 200 431 "-" "Mozilla/5.0 AppleWebKit/537.36 (KHTML, like Gecko; compatible; ClaudeBot/1.0; +claudebot@anthropic.com)"
216.73.216.143 - - [24/Feb/2026:15:17:22 +0300] "GET /htmlpurifier/smoketests/test-schema/Directive.Deprecated.txt HTTP/1.1" 200 159 "-" "Mozilla/5.0 AppleWebKit/537.36 (KHTML, like Gecko; compatible; ClaudeBot/1.0; +claudebot@anthropic.com)"
74.7.242.0 - - [24/Feb/2026:15:17:25 +0300] "GET /app/controllers/admin/CareerController.php HTTP/1.1" 500 20 "https://mail.zkteco.jo/app/controllers/admin/" "Mozilla/5.0 AppleWebKit/537.36 (KHTML, like Gecko; compatible; GPTBot/1.3; +https://openai.com/gptbot)"
216.73.216.143 - - [24/Feb/2026:15:17:27 +0300] "GET /vendor/symfony/routing HTTP/1.1" 301 289 "-" "Mozilla/5.0 AppleWebKit/537.36 (KHTML, like Gecko; compatible; ClaudeBot/1.0; +claudebot@anthropic.com)"
216.73.216.143 - - [24/Feb/2026:15:17:27 +0300] "GET /vendor/symfony/routing/ HTTP/1.1" 200 304 "https://zkteco.jo/vendor/symfony/routing" "Mozilla/5.0 AppleWebKit/537.36 (KHTML, like Gecko; compatible; ClaudeBot/1.0; +claudebot@anthropic.com)"
216.73.216.143 - - [24/Feb/2026:15:17:32 +0300] "GET /htmlpurifier/smoketests/test-schema/Type.text.txt HTTP/1.1" 200 136 "-" "Mozilla/5.0 AppleWebKit/537.36 (KHTML, like Gecko; compatible; ClaudeBot/1.0; +claudebot@anthropic.com)"
216.73.216.143 - - [24/Feb/2026:15:17:37 +0300] "GET /vendor/bacon/bacon-qr-code/composer.json HTTP/1.1" 200 292 "-" "Mozilla/5.0 AppleWebKit/537.36 (KHTML, like Gecko; compatible; ClaudeBot/1.0; +claudebot@anthropic.com)"
216.73.216.143 - - [24/Feb/2026:15:17:42 +0300] "GET /vendor/nikic/php-parser/CHANGELOG.md HTTP/1.1" 200 2929 "-" "Mozilla/5.0 AppleWebKit/537.36 (KHTML, like Gecko; compatible; ClaudeBot/1.0; +claudebot@anthropic.com)"
74.7.242.0 - - [24/Feb/2026:15:17:42 +0300] "GET /htmlpurifier/extras/FSTools.php HTTP/1.1" 200 20 "https://mail.zkteco.jo/htmlpurifier/extras/" "Mozilla/5.0 AppleWebKit/537.36 (KHTML, like Gecko; compatible; GPTBot/1.3; +https://openai.com/gptbot)"
216.73.216.143 - - [24/Feb/2026:15:17:47 +0300] "GET /vendor/mobiledetect/mobiledetectlib/tests HTTP/1.1" 301 308 "-" "Mozilla/5.0 AppleWebKit/537.36 (KHTML, like Gecko; compatible; ClaudeBot/1.0; +claudebot@anthropic.com)"
216.73.216.143 - - [24/Feb/2026:15:17:47 +0300] "GET /vendor/mobiledetect/mobiledetectlib/tests/ HTTP/1.1" 200 489 "https://zkteco.jo/vendor/mobiledetect/mobiledetectlib/tests" "Mozilla/5.0 AppleWebKit/537.36 (KHTML, like Gecko; compatible; ClaudeBot/1.0; +claudebot@anthropic.com)"
216.73.216.143 - - [24/Feb/2026:15:17:52 +0300] "GET /vendor/symfony/browser-kit/Symfony HTTP/1.1" 301 301 "-" "Mozilla/5.0 AppleWebKit/537.36 (KHTML, like Gecko; compatible; ClaudeBot/1.0; +claudebot@anthropic.com)"
216.73.216.143 - - [24/Feb/2026:15:17:52 +0300] "GET /vendor/symfony/browser-kit/Symfony/ HTTP/1.1" 200 311 "https://zkteco.jo/vendor/symfony/browser-kit/Symfony" "Mozilla/5.0 AppleWebKit/537.36 (KHTML, like Gecko; compatible; ClaudeBot/1.0; +claudebot@anthropic.com)"
216.73.216.143 - - [24/Feb/2026:15:17:57 +0300] "GET /app/views-feb%2024/admin/faq HTTP/1.1" 301 295 "-" "Mozilla/5.0 AppleWebKit/537.36 (KHTML, like Gecko; compatible; ClaudeBot/1.0; +claudebot@anthropic.com)"
216.73.216.143 - - [24/Feb/2026:15:17:57 +0300] "GET /app/views-feb%2024/admin/faq/ HTTP/1.1" 200 348 "https://zkteco.jo/app/views-feb%2024/admin/faq" "Mozilla/5.0 AppleWebKit/537.36 (KHTML, like Gecko; compatible; ClaudeBot/1.0; +claudebot@anthropic.com)"
216.73.216.143 - - [24/Feb/2026:15:18:02 +0300] "GET /htmlpurifier/library/HTMLPurifier/AttrTransform/?C=D&O=A HTTP/1.1" 200 615 "-" "Mozilla/5.0 AppleWebKit/537.36 (KHTML, like Gecko; compatible; ClaudeBot/1.0; +claudebot@anthropic.com)"
216.73.216.143 - - [24/Feb/2026:15:18:07 +0300] "GET /app/views-feb%2024/admin/pdfDownload HTTP/1.1" 301 303 "-" "Mozilla/5.0 AppleWebKit/537.36 (KHTML, like Gecko; compatible; ClaudeBot/1.0; +claudebot@anthropic.com)"
216.73.216.143 - - [24/Feb/2026:15:18:07 +0300] "GET /app/views-feb%2024/admin/pdfDownload/ HTTP/1.1" 200 350 "https://zkteco.jo/app/views-feb%2024/admin/pdfDownload" "Mozilla/5.0 AppleWebKit/537.36 (KHTML, like Gecko; compatible; ClaudeBot/1.0; +claudebot@anthropic.com)"
216.73.216.143 - - [24/Feb/2026:15:18:12 +0300] "GET /app/views-feb%2024/admin/location/add.blade.php HTTP/1.1" 500 351 "-" "Mozilla/5.0 AppleWebKit/537.36 (KHTML, like Gecko; compatible; ClaudeBot/1.0; +claudebot@anthropic.com)"
216.73.216.143 - - [24/Feb/2026:15:18:17 +0300] "GET /htmlpurifier/library/HTMLPurifier/AttrTransform/?C=M&O=A HTTP/1.1" 200 617 "-" "Mozilla/5.0 AppleWebKit/537.36 (KHTML, like Gecko; compatible; ClaudeBot/1.0; +claudebot@anthropic.com)"
216.75.132.14 - - [24/Feb/2026:15:18:22 +0300] "GET /assets/uploads/products/b34b5f9107c049ab81daedf8e1ff4a48.JPG HTTP/1.1" 200 117502 "https://zkteco.jo/" "Mozilla/5.0 (Windows NT 10.0; Win64; x64) AppleWebKit/537.36 (KHTML, like Gecko) Chrome/106.0.5249.119 Safari/537.36"
216.73.216.143 - - [24/Feb/2026:15:18:22 +0300] "GET /app/views-feb%2024/admin/location/list.blade.php HTTP/1.1" 200 531 "-" "Mozilla/5.0 AppleWebKit/537.36 (KHTML, like Gecko; compatible; ClaudeBot/1.0; +claudebot@anthropic.com)"
216.73.216.143 - - [24/Feb/2026:15:18:27 +0300] "GET /app/storage/views/3d5fe24bdfb6073b5a644e26c8a8a76f HTTP/1.1" 200 990 "-" "Mozilla/5.0 AppleWebKit/537.36 (KHTML, like Gecko; compatible; ClaudeBot/1.0; +claudebot@anthropic.com)"
216.73.216.143 - - [24/Feb/2026:15:18:32 +0300] "GET /app/storage/views/test/d162c99eabbfc0220fe019fefecb95c7 HTTP/1.1" 200 1440 "-" "Mozilla/5.0 AppleWebKit/537.36 (KHTML, like Gecko; compatible; ClaudeBot/1.0; +claudebot@anthropic.com)"
74.7.242.0 - - [24/Feb/2026:15:18:32 +0300] "GET /library/?C=N;O=A HTTP/1.1" 200 358 "https://mail.zkteco.jo/library/?C=N;O=D" "Mozilla/5.0 AppleWebKit/537.36 (KHTML, like Gecko; compatible; GPTBot/1.3; +https://openai.com/gptbot)"
216.73.216.143 - - [24/Feb/2026:15:18:37 +0300] "GET /app/views-feb%2024/email_template/email_message.php HTTP/1.1" 500 335 "-" "Mozilla/5.0 AppleWebKit/537.36 (KHTML, like Gecko; compatible; ClaudeBot/1.0; +claudebot@anthropic.com)"
216.73.216.143 - - [24/Feb/2026:15:18:42 +0300] "GET /htmlpurifier/library/HTMLPurifier/AttrTransform/?C=N&O=D HTTP/1.1" 200 619 "-" "Mozilla/5.0 AppleWebKit/537.36 (KHTML, like Gecko; compatible; ClaudeBot/1.0; +claudebot@anthropic.com)"
216.73.216.143 - - [24/Feb/2026:15:18:47 +0300] "GET /app/controllers/admin/images/about-us.jpg HTTP/1.1" 404 36 "-" "Mozilla/5.0 AppleWebKit/537.36 (KHTML, like Gecko; compatible; ClaudeBot/1.0; +claudebot@anthropic.com)"
216.73.216.143 - - [24/Feb/2026:15:18:52 +0300] "GET /vendor/jeremeamia/SuperClosure/composer.json HTTP/1.1" 200 310 "-" "Mozilla/5.0 AppleWebKit/537.36 (KHTML, like Gecko; compatible; ClaudeBot/1.0; +claudebot@anthropic.com)"
216.73.216.143 - - [24/Feb/2026:15:18:57 +0300] "GET /app/storage/views/test/33dff54d875a58ba1f3f525f420ddc7e HTTP/1.1" 200 392 "-" "Mozilla/5.0 AppleWebKit/537.36 (KHTML, like Gecko; compatible; ClaudeBot/1.0; +claudebot@anthropic.com)"
216.73.216.143 - - [24/Feb/2026:15:19:02 +0300] "GET /app/storage/views/test/99011c8b726601bf413b7c039fc055d8 HTTP/1.1" 200 1014 "-" "Mozilla/5.0 AppleWebKit/537.36 (KHTML, like Gecko; compatible; ClaudeBot/1.0; +claudebot@anthropic.com)"
216.73.216.143 - - [24/Feb/2026:15:19:07 +0300] "GET /app/storage/views/test/19fe02a5a44e881ab1bee96c502f63ed HTTP/1.1" 200 1421 "-" "Mozilla/5.0 AppleWebKit/537.36 (KHTML, like Gecko; compatible; ClaudeBot/1.0; +claudebot@anthropic.com)"
216.73.216.143 - - [24/Feb/2026:15:19:12 +0300] "GET /app/storage/views/test/29497e62aac89f36472ec2b18c6aa413 HTTP/1.1" 200 1511 "-" "Mozilla/5.0 AppleWebKit/537.36 (KHTML, like Gecko; compatible; ClaudeBot/1.0; +claudebot@anthropic.com)"
85.208.96.209 - - [24/Feb/2026:15:19:15 +0300] "GET /product-details/Metal%20Detector/zk-d1065 HTTP/1.1" 404 36 "-" "Mozilla/5.0 (compatible; SemrushBot/7~bl; +http://www.semrush.com/bot.html)"
74.7.242.0 - - [24/Feb/2026:15:19:17 +0300] "GET /library/?C=M;O=D HTTP/1.1" 200 353 "https://mail.zkteco.jo/library/?C=M;O=A" "Mozilla/5.0 AppleWebKit/537.36 (KHTML, like Gecko; compatible; GPTBot/1.3; +https://openai.com/gptbot)"
216.73.216.143 - - [24/Feb/2026:15:19:17 +0300] "GET /app/storage/views/test/0c0ec7e5a6b10cf4a096ba9f43f64afb HTTP/1.1" 200 1653 "-" "Mozilla/5.0 AppleWebKit/537.36 (KHTML, like Gecko; compatible; ClaudeBot/1.0; +claudebot@anthropic.com)"
216.73.216.143 - - [24/Feb/2026:15:19:22 +0300] "GET /app/storage/views/test/63f011371d4f4f09c7110a829ed7e854 HTTP/1.1" 200 838 "-" "Mozilla/5.0 AppleWebKit/537.36 (KHTML, like Gecko; compatible; ClaudeBot/1.0; +claudebot@anthropic.com)"
216.73.216.143 - - [24/Feb/2026:15:19:27 +0300] "GET /app/storage/views/test/70cc504c52ad0e17a114377ca098ca62 HTTP/1.1" 200 2937 "-" "Mozilla/5.0 AppleWebKit/537.36 (KHTML, like Gecko; compatible; ClaudeBot/1.0; +claudebot@anthropic.com)"
216.73.216.143 - - [24/Feb/2026:15:19:32 +0300] "GET /app/views/admin/location/?C=M&O=A HTTP/1.1" 200 340 "-" "Mozilla/5.0 AppleWebKit/537.36 (KHTML, like Gecko; compatible; ClaudeBot/1.0; +claudebot@anthropic.com)"
216.73.216.143 - - [24/Feb/2026:15:19:37 +0300] "GET /app/storage/views/test/16683eba88b86ebc78b9c68b63852ca5 HTTP/1.1" 200 932 "-" "Mozilla/5.0 AppleWebKit/537.36 (KHTML, like Gecko; compatible; ClaudeBot/1.0; +claudebot@anthropic.com)"
216.73.216.143 - - [24/Feb/2026:15:19:42 +0300] "GET /app/storage/views/test/158c2648faaedd250032d4682ea4c4c0 HTTP/1.1" 200 1366 "-" "Mozilla/5.0 AppleWebKit/537.36 (KHTML, like Gecko; compatible; ClaudeBot/1.0; +claudebot@anthropic.com)"
216.73.216.143 - - [24/Feb/2026:15:19:47 +0300] "GET /vendor/nikic/php-parser/lib/PHPParser/Node/Scalar/?C=N&O=D HTTP/1.1" 200 487 "-" "Mozilla/5.0 AppleWebKit/537.36 (KHTML, like Gecko; compatible; ClaudeBot/1.0; +claudebot@anthropic.com)"
216.73.216.143 - - [24/Feb/2026:15:19:52 +0300] "GET /app/storage/views/test/f6160fff10b043c9db4032e4ebaf9357 HTTP/1.1" 200 317 "-" "Mozilla/5.0 AppleWebKit/537.36 (KHTML, like Gecko; compatible; ClaudeBot/1.0; +claudebot@anthropic.com)"
74.7.242.0 - - [24/Feb/2026:15:19:56 +0300] "GET /library/?C=D;O=D HTTP/1.1" 200 357 "https://mail.zkteco.jo/library/?C=D;O=A" "Mozilla/5.0 AppleWebKit/537.36 (KHTML, like Gecko; compatible; GPTBot/1.3; +https://openai.com/gptbot)"
216.73.216.143 - - [24/Feb/2026:15:19:57 +0300] "GET /app/storage/views/test/25c1622ac1498edd244c92ea7de8245e HTTP/1.1" 200 945 "-" "Mozilla/5.0 AppleWebKit/537.36 (KHTML, like Gecko; compatible; ClaudeBot/1.0; +claudebot@anthropic.com)"
216.73.216.143 - - [24/Feb/2026:15:20:02 +0300] "GET /app/storage/views/test/3fc892b3bf8eed8ede8172636145f740 HTTP/1.1" 200 425 "-" "Mozilla/5.0 AppleWebKit/537.36 (KHTML, like Gecko; compatible; ClaudeBot/1.0; +claudebot@anthropic.com)"
