20.89.40.149 - - [24/Feb/2026:19:45:39 +0300] "GET /xleet.php HTTP/1.1" 404 36 "-" "Mozilla/5.0 (Windows NT 10.0; Win64; x64) AppleWebKit/537.36 (KHTML, like Gecko) Chrome/120.0.0.0 Safari/537.36"
20.89.40.149 - - [24/Feb/2026:19:45:39 +0300] "GET /spip.php HTTP/1.1" 404 36 "-" "Mozilla/5.0 (Windows NT 10.0; Win64; x64) AppleWebKit/537.36 (KHTML, like Gecko) Chrome/120.0.0.0 Safari/537.36"
20.89.40.149 - - [24/Feb/2026:19:45:40 +0300] "GET /22.php HTTP/1.1" 404 36 "-" "Mozilla/5.0 (Windows NT 10.0; Win64; x64) AppleWebKit/537.36 (KHTML, like Gecko) Chrome/120.0.0.0 Safari/537.36"
20.89.40.149 - - [24/Feb/2026:19:45:40 +0300] "GET /room.php HTTP/1.1" 404 36 "-" "Mozilla/5.0 (Windows NT 10.0; Win64; x64) AppleWebKit/537.36 (KHTML, like Gecko) Chrome/120.0.0.0 Safari/537.36"
20.89.40.149 - - [24/Feb/2026:19:45:40 +0300] "GET /disagreed.php HTTP/1.1" 404 36 "-" "Mozilla/5.0 (Windows NT 10.0; Win64; x64) AppleWebKit/537.36 (KHTML, like Gecko) Chrome/120.0.0.0 Safari/537.36"
20.89.40.149 - - [24/Feb/2026:19:45:40 +0300] "GET /text.php HTTP/1.1" 404 36 "-" "Mozilla/5.0 (Windows NT 10.0; Win64; x64) AppleWebKit/537.36 (KHTML, like Gecko) Chrome/120.0.0.0 Safari/537.36"
20.89.40.149 - - [24/Feb/2026:19:45:41 +0300] "GET /alfa-rex.php HTTP/1.1" 404 36 "-" "Mozilla/5.0 (Windows NT 10.0; Win64; x64) AppleWebKit/537.36 (KHTML, like Gecko) Chrome/120.0.0.0 Safari/537.36"
20.89.40.149 - - [24/Feb/2026:19:45:41 +0300] "GET /alfa-rex.php7 HTTP/1.1" 404 36 "-" "Mozilla/5.0 (Windows NT 10.0; Win64; x64) AppleWebKit/537.36 (KHTML, like Gecko) Chrome/120.0.0.0 Safari/537.36"
20.89.40.149 - - [24/Feb/2026:19:45:42 +0300] "GET /feeds.php HTTP/1.1" 404 36 "-" "Mozilla/5.0 (Windows NT 10.0; Win64; x64) AppleWebKit/537.36 (KHTML, like Gecko) Chrome/120.0.0.0 Safari/537.36"
20.89.40.149 - - [24/Feb/2026:19:45:42 +0300] "GET /radio.php HTTP/1.1" 404 36 "-" "Mozilla/5.0 (Windows NT 10.0; Win64; x64) AppleWebKit/537.36 (KHTML, like Gecko) Chrome/120.0.0.0 Safari/537.36"
20.89.40.149 - - [24/Feb/2026:19:45:42 +0300] "GET /dropdown.php HTTP/1.1" 404 36 "-" "Mozilla/5.0 (Windows NT 10.0; Win64; x64) AppleWebKit/537.36 (KHTML, like Gecko) Chrome/120.0.0.0 Safari/537.36"
20.89.40.149 - - [24/Feb/2026:19:45:42 +0300] "GET /system.php HTTP/1.1" 404 36 "-" "Mozilla/5.0 (Windows NT 10.0; Win64; x64) AppleWebKit/537.36 (KHTML, like Gecko) Chrome/120.0.0.0 Safari/537.36"
20.89.40.149 - - [24/Feb/2026:19:45:43 +0300] "GET /xmlrpc.php0 HTTP/1.1" 404 36 "-" "Mozilla/5.0 (Windows NT 10.0; Win64; x64) AppleWebKit/537.36 (KHTML, like Gecko) Chrome/120.0.0.0 Safari/537.36"
20.89.40.149 - - [24/Feb/2026:19:45:43 +0300] "GET /colors.php HTTP/1.1" 404 36 "-" "Mozilla/5.0 (Windows NT 10.0; Win64; x64) AppleWebKit/537.36 (KHTML, like Gecko) Chrome/120.0.0.0 Safari/537.36"
20.89.40.149 - - [24/Feb/2026:19:45:43 +0300] "GET /updates.php HTTP/1.1" 404 36 "-" "Mozilla/5.0 (Windows NT 10.0; Win64; x64) AppleWebKit/537.36 (KHTML, like Gecko) Chrome/120.0.0.0 Safari/537.36"
20.89.40.149 - - [24/Feb/2026:19:45:44 +0300] "GET /alfa-rex1.php HTTP/1.1" 404 36 "-" "Mozilla/5.0 (Windows NT 10.0; Win64; x64) AppleWebKit/537.36 (KHTML, like Gecko) Chrome/120.0.0.0 Safari/537.36"
20.89.40.149 - - [24/Feb/2026:19:45:44 +0300] "GET /wp-index.php HTTP/1.1" 404 36 "-" "Mozilla/5.0 (Windows NT 10.0; Win64; x64) AppleWebKit/537.36 (KHTML, like Gecko) Chrome/120.0.0.0 Safari/537.36"
20.89.40.149 - - [24/Feb/2026:19:45:44 +0300] "GET /wp-admin.php HTTP/1.1" 404 36 "-" "Mozilla/5.0 (Windows NT 10.0; Win64; x64) AppleWebKit/537.36 (KHTML, like Gecko) Chrome/120.0.0.0 Safari/537.36"
20.89.40.149 - - [24/Feb/2026:19:45:44 +0300] "GET /alfa.php HTTP/1.1" 404 36 "-" "Mozilla/5.0 (Windows NT 10.0; Win64; x64) AppleWebKit/537.36 (KHTML, like Gecko) Chrome/120.0.0.0 Safari/537.36"
20.89.40.149 - - [24/Feb/2026:19:45:45 +0300] "GET /alfanew.php7 HTTP/1.1" 404 36 "-" "Mozilla/5.0 (Windows NT 10.0; Win64; x64) AppleWebKit/537.36 (KHTML, like Gecko) Chrome/120.0.0.0 Safari/537.36"
114.119.156.134 - - [24/Feb/2026:19:45:45 +0300] "GET /download-file/1878 HTTP/1.1" 404 36 "https://zkteco.jo/data-sheet" "Mozilla/5.0 (Linux; Android 7.0;) AppleWebKit/537.36 (KHTML, like Gecko) Mobile Safari/537.36 (compatible; PetalBot;+https://webmaster.petalsearch.com/site/petalbot)"
20.89.40.149 - - [24/Feb/2026:19:45:45 +0300] "GET /locale.php HTTP/1.1" 404 36 "-" "Mozilla/5.0 (Windows NT 10.0; Win64; x64) AppleWebKit/537.36 (KHTML, like Gecko) Chrome/120.0.0.0 Safari/537.36"
20.89.40.149 - - [24/Feb/2026:19:45:45 +0300] "GET /wxo.php HTTP/1.1" 404 36 "-" "Mozilla/5.0 (Windows NT 10.0; Win64; x64) AppleWebKit/537.36 (KHTML, like Gecko) Chrome/120.0.0.0 Safari/537.36"
20.89.40.149 - - [24/Feb/2026:19:45:45 +0300] "GET /colour.php HTTP/1.1" 404 36 "-" "Mozilla/5.0 (Windows NT 10.0; Win64; x64) AppleWebKit/537.36 (KHTML, like Gecko) Chrome/120.0.0.0 Safari/537.36"
20.89.40.149 - - [24/Feb/2026:19:45:46 +0300] "GET /files.php HTTP/1.1" 404 36 "-" "Mozilla/5.0 (Windows NT 10.0; Win64; x64) AppleWebKit/537.36 (KHTML, like Gecko) Chrome/120.0.0.0 Safari/537.36"
20.89.40.149 - - [24/Feb/2026:19:45:46 +0300] "GET /install.php HTTP/1.1" 404 36 "-" "Mozilla/5.0 (Windows NT 10.0; Win64; x64) AppleWebKit/537.36 (KHTML, like Gecko) Chrome/120.0.0.0 Safari/537.36"
20.89.40.149 - - [24/Feb/2026:19:45:46 +0300] "GET /wp-contentt.php HTTP/1.1" 404 36 "-" "Mozilla/5.0 (Windows NT 10.0; Win64; x64) AppleWebKit/537.36 (KHTML, like Gecko) Chrome/120.0.0.0 Safari/537.36"
20.89.40.149 - - [24/Feb/2026:19:45:47 +0300] "GET /config.php7 HTTP/1.1" 404 36 "-" "Mozilla/5.0 (Windows NT 10.0; Win64; x64) AppleWebKit/537.36 (KHTML, like Gecko) Chrome/120.0.0.0 Safari/537.36"
20.89.40.149 - - [24/Feb/2026:19:45:47 +0300] "GET /config.php HTTP/1.1" 404 36 "-" "Mozilla/5.0 (Windows NT 10.0; Win64; x64) AppleWebKit/537.36 (KHTML, like Gecko) Chrome/120.0.0.0 Safari/537.36"
20.89.40.149 - - [24/Feb/2026:19:45:47 +0300] "GET /theme.php HTTP/1.1" 404 36 "-" "Mozilla/5.0 (Windows NT 10.0; Win64; x64) AppleWebKit/537.36 (KHTML, like Gecko) Chrome/120.0.0.0 Safari/537.36"
20.89.40.149 - - [24/Feb/2026:19:45:48 +0300] "GET /block-bindings.php HTTP/1.1" 404 36 "-" "Mozilla/5.0 (Windows NT 10.0; Win64; x64) AppleWebKit/537.36 (KHTML, like Gecko) Chrome/120.0.0.0 Safari/537.36"
20.89.40.149 - - [24/Feb/2026:19:45:48 +0300] "GET /class_api.php HTTP/1.1" 404 36 "-" "Mozilla/5.0 (Windows NT 10.0; Win64; x64) AppleWebKit/537.36 (KHTML, like Gecko) Chrome/120.0.0.0 Safari/537.36"
20.89.40.149 - - [24/Feb/2026:19:45:48 +0300] "GET /inputs.php HTTP/1.1" 404 36 "-" "Mozilla/5.0 (Windows NT 10.0; Win64; x64) AppleWebKit/537.36 (KHTML, like Gecko) Chrome/120.0.0.0 Safari/537.36"
20.89.40.149 - - [24/Feb/2026:19:45:48 +0300] "GET /root.php HTTP/1.1" 404 36 "-" "Mozilla/5.0 (Windows NT 10.0; Win64; x64) AppleWebKit/537.36 (KHTML, like Gecko) Chrome/120.0.0.0 Safari/537.36"
20.89.40.149 - - [24/Feb/2026:19:45:49 +0300] "GET /menu.php HTTP/1.1" 404 36 "-" "Mozilla/5.0 (Windows NT 10.0; Win64; x64) AppleWebKit/537.36 (KHTML, like Gecko) Chrome/120.0.0.0 Safari/537.36"
20.89.40.149 - - [24/Feb/2026:19:45:49 +0300] "GET /plugin.php HTTP/1.1" 404 36 "-" "Mozilla/5.0 (Windows NT 10.0; Win64; x64) AppleWebKit/537.36 (KHTML, like Gecko) Chrome/120.0.0.0 Safari/537.36"
20.89.40.149 - - [24/Feb/2026:19:45:49 +0300] "GET /cloud.php HTTP/1.1" 404 36 "-" "Mozilla/5.0 (Windows NT 10.0; Win64; x64) AppleWebKit/537.36 (KHTML, like Gecko) Chrome/120.0.0.0 Safari/537.36"
20.89.40.149 - - [24/Feb/2026:19:45:49 +0300] "GET /configs.php HTTP/1.1" 404 36 "-" "Mozilla/5.0 (Windows NT 10.0; Win64; x64) AppleWebKit/537.36 (KHTML, like Gecko) Chrome/120.0.0.0 Safari/537.36"
20.89.40.149 - - [24/Feb/2026:19:45:50 +0300] "GET /wp-configs.php HTTP/1.1" 404 36 "-" "Mozilla/5.0 (Windows NT 10.0; Win64; x64) AppleWebKit/537.36 (KHTML, like Gecko) Chrome/120.0.0.0 Safari/537.36"
20.89.40.149 - - [24/Feb/2026:19:45:50 +0300] "GET /update.php HTTP/1.1" 404 36 "-" "Mozilla/5.0 (Windows NT 10.0; Win64; x64) AppleWebKit/537.36 (KHTML, like Gecko) Chrome/120.0.0.0 Safari/537.36"
20.89.40.149 - - [24/Feb/2026:19:45:50 +0300] "GET /2.php HTTP/1.1" 404 36 "-" "Mozilla/5.0 (Windows NT 10.0; Win64; x64) AppleWebKit/537.36 (KHTML, like Gecko) Chrome/120.0.0.0 Safari/537.36"
20.89.40.149 - - [24/Feb/2026:19:45:51 +0300] "GET /input.php HTTP/1.1" 404 36 "-" "Mozilla/5.0 (Windows NT 10.0; Win64; x64) AppleWebKit/537.36 (KHTML, like Gecko) Chrome/120.0.0.0 Safari/537.36"
74.7.242.0 - - [24/Feb/2026:19:46:13 +0300] "GET /library/SimpleImage-master/src/ HTTP/1.1" 200 301 "https://mail.zkteco.jo/library/SimpleImage-master/" "Mozilla/5.0 AppleWebKit/537.36 (KHTML, like Gecko; compatible; GPTBot/1.3; +https://openai.com/gptbot)"
143.105.152.109 - - [24/Feb/2026:19:46:26 +0300] "GET /product-details/Reader/kr200em HTTP/1.1" 404 36 "https://www.google.com/" "Mozilla/5.0 (Windows NT 10.0; Win64; x64; rv:147.0) Gecko/20100101 Firefox/147.0"
2605:59c0:1e05:aa10:999f:4a96:86ce:539b - - [24/Feb/2026:19:46:53 +0300] "GET /product-details/Reader/kr200em HTTP/1.1" 404 36 "https://www.google.com/" "Mozilla/5.0 (Windows NT 10.0; Win64; x64; rv:147.0) Gecko/20100101 Firefox/147.0"
114.119.153.169 - - [24/Feb/2026:19:47:15 +0300] "GET /download-file/1846 HTTP/1.1" 404 36 "https://zkteco.jo/data-sheet" "Mozilla/5.0 (Linux; Android 7.0;) AppleWebKit/537.36 (KHTML, like Gecko) Mobile Safari/537.36 (compatible; PetalBot;+https://webmaster.petalsearch.com/site/petalbot)"
74.7.242.0 - - [24/Feb/2026:19:47:17 +0300] "GET /app/views-feb%2024/admin/pdfDownload/list.blade.php HTTP/1.1" 200 535 "https://mail.zkteco.jo/app/views-feb%2024/admin/pdfDownload/" "Mozilla/5.0 AppleWebKit/537.36 (KHTML, like Gecko; compatible; GPTBot/1.3; +https://openai.com/gptbot)"
113.183.10.221 - - [24/Feb/2026:19:47:37 +0300] "GET /product-details/POS%20Accesories/zkb106zkb108-1 HTTP/1.1" 404 36 "-" "Mozilla/5.0 (Macintosh; Intel Mac OS X 10_15_7) AppleWebKit/537.36 (KHTML, like Gecko) Chrome/96.0.4664.110 Safari/537.36"
52.167.144.159 - - [24/Feb/2026:19:47:51 +0300] "GET /product-details/Products/zkc0508 HTTP/1.1" 404 36 "-" "Mozilla/5.0 AppleWebKit/537.36 (KHTML, like Gecko; compatible; bingbot/2.0; +http://www.bing.com/bingbot.htm) Chrome/116.0.1938.76 Safari/537.36"
85.208.96.210 - - [24/Feb/2026:19:48:03 +0300] "GET /parking-management-1 HTTP/1.1" 404 36 "-" "Mozilla/5.0 (compatible; SemrushBot/7~bl; +http://www.semrush.com/bot.html)"
74.7.242.0 - - [24/Feb/2026:19:48:14 +0300] "GET /vendor/nikic/php-parser/LICENSE HTTP/1.1" 200 749 "https://mail.zkteco.jo/vendor/nikic/php-parser/" "Mozilla/5.0 AppleWebKit/537.36 (KHTML, like Gecko; compatible; GPTBot/1.3; +https://openai.com/gptbot)"
14.191.87.81 - - [24/Feb/2026:19:48:32 +0300] "GET /download-file/1213 HTTP/1.1" 404 36 "-" "Mozilla/5.0 (Macintosh; Intel Mac OS X 10_11) AppleWebKit/537.36 (KHTML, like Gecko) Chrome/99.0.4886.93 Safari/537.36"
114.119.136.138 - - [24/Feb/2026:19:48:33 +0300] "GET /news/congratulations-for-zkaccess-first-annual-manufacturers-rep-conference-held-on-august-16th-in-our-silicon-valley-usa-innovation-center-2017-10-03 HTTP/1.1" 404 36 "https://zkteco.jo/news" "Mozilla/5.0 (Linux; Android 7.0;) AppleWebKit/537.36 (KHTML, like Gecko) Mobile Safari/537.36 (compatible; PetalBot;+https://webmaster.petalsearch.com/site/petalbot)"
52.255.111.59 - - [24/Feb/2026:19:48:44 +0300] "GET /product-details/Control%20Panel/inbio-pro-plus-series HTTP/1.1" 404 36 "-" "Mozilla/5.0 AppleWebKit/537.36 (KHTML, like Gecko); compatible; ChatGPT-User/1.0; +https://openai.com/bot"
2a03:2880:f800:13:: - - [24/Feb/2026:19:48:56 +0300] "GET /product-details/zkaio1000w HTTP/1.1" 404 36 "-" "meta-externalagent/1.1 (+https://developers.facebook.com/docs/sharing/webmasters/crawler)"
157.230.58.74 - - [24/Feb/2026:19:49:01 +0300] "GET /assets/uploads/products/recomended/125a44284f526cb39abe73d7b5167879.png HTTP/1.1" 200 43595 "https://www.zkteco.jo/" "Mozilla/5.0 (Windows NT 10.0; Win64; x64) AppleWebKit/537.36 (KHTML, like Gecko) Chrome/108.0.0.0 Safari/537.36"
74.7.242.0 - - [24/Feb/2026:19:49:04 +0300] "GET /vendor/d11wtq/boris/lib/autoload.php HTTP/1.1" 200 20 "https://mail.zkteco.jo/vendor/d11wtq/boris/lib/" "Mozilla/5.0 AppleWebKit/537.36 (KHTML, like Gecko; compatible; GPTBot/1.3; +https://openai.com/gptbot)"
216.73.216.143 - - [24/Feb/2026:19:49:04 +0300] "GET /assets/uploads/products/pdf/image/small HTTP/1.1" 301 306 "-" "Mozilla/5.0 AppleWebKit/537.36 (KHTML, like Gecko; compatible; ClaudeBot/1.0; +claudebot@anthropic.com)"
216.73.216.143 - - [24/Feb/2026:19:49:05 +0300] "GET /assets/uploads/products/pdf/image/small/ HTTP/1.1" 200 53338 "https://zkteco.jo/assets/uploads/products/pdf/image/small" "Mozilla/5.0 AppleWebKit/537.36 (KHTML, like Gecko; compatible; ClaudeBot/1.0; +claudebot@anthropic.com)"
34.222.187.61 - - [24/Feb/2026:19:49:09 +0300] "GET /enhancecp HTTP/1.1" 404 36 "-" "Mozilla/5.0 (compatible; wpbot/1.4; +https://forms.gle/ajBaxygz9jSR8p8G9)"
74.7.242.0 - - [24/Feb/2026:19:49:51 +0300] "GET /app/views-feb%2024/admin/homeimagesections/edit.blade.php HTTP/1.1" 200 391 "https://mail.zkteco.jo/app/views-feb%2024/admin/homeimagesections/" "Mozilla/5.0 AppleWebKit/537.36 (KHTML, like Gecko; compatible; GPTBot/1.3; +https://openai.com/gptbot)"
114.119.153.169 - - [24/Feb/2026:19:49:58 +0300] "GET /download-file/1709 HTTP/1.1" 404 36 "https://zkteco.jo/data-sheet" "Mozilla/5.0 (Linux; Android 7.0;) AppleWebKit/537.36 (KHTML, like Gecko) Mobile Safari/537.36 (compatible; PetalBot;+https://webmaster.petalsearch.com/site/petalbot)"
40.77.167.67 - - [24/Feb/2026:19:50:21 +0300] "GET /product-details/Access%20Control%20/kr100em-1 HTTP/1.1" 404 36 "-" "Mozilla/5.0 AppleWebKit/537.36 (KHTML, like Gecko; compatible; bingbot/2.0; +http://www.bing.com/bingbot.htm) Chrome/116.0.1938.76 Safari/537.36"
74.7.242.0 - - [24/Feb/2026:19:50:31 +0300] "GET /htmlpurifier/plugins/phorum/Changelog HTTP/1.1" 200 453 "https://mail.zkteco.jo/htmlpurifier/plugins/phorum/" "Mozilla/5.0 AppleWebKit/537.36 (KHTML, like Gecko; compatible; GPTBot/1.3; +https://openai.com/gptbot)"
157.55.39.59 - - [24/Feb/2026:19:50:44 +0300] "GET /product-details/Products/g4l-1 HTTP/1.1" 404 36 "-" "Mozilla/5.0 AppleWebKit/537.36 (KHTML, like Gecko; compatible; bingbot/2.0; +http://www.bing.com/bingbot.htm) Chrome/116.0.1938.76 Safari/537.36"
74.7.242.0 - - [24/Feb/2026:19:51:07 +0300] "GET /app/views/frontend/design_layout/product_layout.blade.php HTTP/1.1" 200 491 "https://mail.zkteco.jo/app/views/frontend/design_layout/" "Mozilla/5.0 AppleWebKit/537.36 (KHTML, like Gecko; compatible; GPTBot/1.3; +https://openai.com/gptbot)"
67.207.83.101 - - [24/Feb/2026:19:51:14 +0300] "GET /assets/uploads/products/recomended/94cd1a764d212810435a138cbad91cee.png HTTP/1.1" 200 36237 "https://www.zkteco.jo/" "Mozilla/5.0 (Windows NT 10.0; Win64; x64) AppleWebKit/537.36 (KHTML, like Gecko) Chrome/105.0.0.0 Safari/537.3"
114.119.136.138 - - [24/Feb/2026:19:51:20 +0300] "GET /download-file/1403 HTTP/1.1" 404 36 "https://zkteco.jo/data-sheet" "Mozilla/5.0 (Linux; Android 7.0;) AppleWebKit/537.36 (KHTML, like Gecko) Mobile Safari/537.36 (compatible; PetalBot;+https://webmaster.petalsearch.com/site/petalbot)"
2a03:2880:f800:b:: - - [24/Feb/2026:19:51:39 +0300] "GET /product-details/slk20r-1 HTTP/1.1" 404 36 "-" "meta-externalagent/1.1 (+https://developers.facebook.com/docs/sharing/webmasters/crawler)"
74.7.242.0 - - [24/Feb/2026:19:51:41 +0300] "GET /vendor/simplesoftwareio/simple-qrcode/CONTRIBUTING.md HTTP/1.1" 200 110 "https://mail.zkteco.jo/vendor/simplesoftwareio/simple-qrcode/" "Mozilla/5.0 AppleWebKit/537.36 (KHTML, like Gecko; compatible; GPTBot/1.3; +https://openai.com/gptbot)"
206.81.12.173 - - [24/Feb/2026:19:52:06 +0300] "GET /assets/uploads/products/recomended/0973ad0a36d8820c5601c12827d35d00.png HTTP/1.1" 200 26158 "https://www.zkteco.jo/" "Mozilla/5.0 (Windows NT 10.0; Win64; x64) AppleWebKit/537.36 (KHTML, like Gecko) Chrome/111.0.0.0 Safari/537.36"
150.241.237.215 - - [24/Feb/2026:19:52:07 +0300] "GET /assets/uploads/products/recomended/0b5acf4ceecda815559ab529cc025270.png HTTP/1.1" 200 32779 "https://www.zkteco.jo/" "Mozilla/5.0 (Windows NT 10.0; Win64; x64) AppleWebKit/537.36 (KHTML, like Gecko) Chrome/110.0.0.0 Safari/537.36"
216.73.216.143 - - [24/Feb/2026:19:52:09 +0300] "GET /assets/uploads/products/pdf/image/recomended HTTP/1.1" 301 311 "-" "Mozilla/5.0 AppleWebKit/537.36 (KHTML, like Gecko; compatible; ClaudeBot/1.0; +claudebot@anthropic.com)"
216.73.216.143 - - [24/Feb/2026:19:52:09 +0300] "GET /assets/uploads/products/pdf/image/recomended/ HTTP/1.1" 200 54441 "https://zkteco.jo/assets/uploads/products/pdf/image/recomended" "Mozilla/5.0 AppleWebKit/537.36 (KHTML, like Gecko; compatible; ClaudeBot/1.0; +claudebot@anthropic.com)"
74.7.242.0 - - [24/Feb/2026:19:52:11 +0300] "GET /vendor/intervention/image/tests/images/gradient.png HTTP/1.1" 200 531 "https://mail.zkteco.jo/vendor/intervention/image/tests/images/" "Mozilla/5.0 AppleWebKit/537.36 (KHTML, like Gecko; compatible; GPTBot/1.3; +https://openai.com/gptbot)"
74.7.242.0 - - [24/Feb/2026:19:52:39 +0300] "GET /vendor/patchwork/utf8/class/Normalizer.php HTTP/1.1" 500 20 "https://mail.zkteco.jo/vendor/patchwork/utf8/class/" "Mozilla/5.0 AppleWebKit/537.36 (KHTML, like Gecko; compatible; GPTBot/1.3; +https://openai.com/gptbot)"
40.77.167.28 - - [24/Feb/2026:19:52:48 +0300] "GET /search?_token=wnumDKgzlIMgU1Had9kEZW1CbpWaA80Y35RaWw09&searchterm= HTTP/1.1" 404 36 "-" "Mozilla/5.0 AppleWebKit/537.36 (KHTML, like Gecko; compatible; bingbot/2.0; +http://www.bing.com/bingbot.htm) Chrome/116.0.1938.76 Safari/537.36"
40.77.167.67 - - [24/Feb/2026:19:52:52 +0300] "GET /assets/uploads/products/pdf/572f72f109eaa4bc632488553abc872a.pdf HTTP/1.1" 200 6483405 "-" "Mozilla/5.0 AppleWebKit/537.36 (KHTML, like Gecko; compatible; bingbot/2.0; +http://www.bing.com/bingbot.htm) Chrome/116.0.1938.76 Safari/537.36"
74.7.242.0 - - [24/Feb/2026:19:53:05 +0300] "GET /app/views/admin/innercontent/edit.blade.php HTTP/1.1" 500 354 "https://mail.zkteco.jo/app/views/admin/innercontent/" "Mozilla/5.0 AppleWebKit/537.36 (KHTML, like Gecko; compatible; GPTBot/1.3; +https://openai.com/gptbot)"
134.122.21.42 - - [24/Feb/2026:19:53:13 +0300] "GET /assets/uploads/products/recomended/94c1129f13c394213ab69f3816b13a88.png HTTP/1.1" 200 24200 "https://www.zkteco.jo/" "Mozilla/5.0 (Windows NT 10.0; Win64; x64) AppleWebKit/537.36 (KHTML, like Gecko) Chrome/116.0.0.0 Safari/537.36"
147.182.210.99 - - [24/Feb/2026:19:53:13 +0300] "GET /assets/uploads/products/recomended/c5c785b6d77f8ce1b320e94c02db2232.png HTTP/1.1" 200 66809 "https://www.zkteco.jo/" "Mozilla/5.0 (Windows NT 10.0; Win64; x64) AppleWebKit/537.36 (KHTML, like Gecko) Chrome/124.0.0.0 Safari/537.36"
143.244.172.137 - - [24/Feb/2026:19:54:06 +0300] "GET /assets/uploads/products/recomended/5228357f675dc3710536e61a797fb306.png HTTP/1.1" 200 49023 "https://www.zkteco.jo/" "Mozilla/5.0 (Windows NT 10.0; Win64; x64) AppleWebKit/537.36 (KHTML, like Gecko) Chrome/124.0.0.0 Safari/537.36"
159.89.95.98 - - [24/Feb/2026:19:54:06 +0300] "GET /assets/uploads/products/recomended/7c2b0de6cdfb9f7997604ff0bcb0c376.png HTTP/1.1" 200 33238 "https://www.zkteco.jo/" "Mozilla/5.0 (Windows NT 10.0; Win64; x64) AppleWebKit/537.36 (KHTML, like Gecko) Chrome/105.0.0.0 Safari/537.3"
143.198.163.203 - - [24/Feb/2026:19:54:06 +0300] "GET /assets/uploads/products/recomended/a72e2252045aa0e5e55eb683bf81645c.png HTTP/1.1" 200 49156 "https://www.zkteco.jo/" "Mozilla/5.0 (Windows NT 10.0; Win64; x64) AppleWebKit/537.36 (KHTML, like Gecko) Chrome/108.0.0.0 Safari/537.36"
143.198.163.203 - - [24/Feb/2026:19:54:06 +0300] "GET /assets/uploads/products/recomended/ce88d095d6df895fdc54fd8d6133913d.png HTTP/1.1" 200 50279 "https://www.zkteco.jo/" "Mozilla/5.0 (Windows NT 10.0; Win64; x64) AppleWebKit/537.36 (KHTML, like Gecko) Chrome/131.0.0.0 Safari/537.36"
74.7.242.0 - - [24/Feb/2026:19:54:09 +0300] "GET /library/SimpleImage-master/src/abeautifulsite/ HTTP/1.1" 200 308 "https://mail.zkteco.jo/library/SimpleImage-master/src/" "Mozilla/5.0 AppleWebKit/537.36 (KHTML, like Gecko; compatible; GPTBot/1.3; +https://openai.com/gptbot)"
74.7.242.0 - - [24/Feb/2026:19:55:11 +0300] "GET /app/views/frontend/old/errorpage.blade.php HTTP/1.1" 200 233 "https://mail.zkteco.jo/app/views/frontend/old/" "Mozilla/5.0 AppleWebKit/537.36 (KHTML, like Gecko; compatible; GPTBot/1.3; +https://openai.com/gptbot)"
20.212.104.201 - - [24/Feb/2026:19:55:20 +0300] "GET /wp-content/plugins/hellopress/wp_filemanager.php HTTP/1.1" 404 36 "-" "-"
20.212.104.201 - - [24/Feb/2026:19:55:20 +0300] "GET /w3llstore.php HTTP/1.1" 404 36 "-" "-"
20.212.104.201 - - [24/Feb/2026:19:55:21 +0300] "GET /makeasmtp.php HTTP/1.1" 404 36 "-" "-"
20.212.104.201 - - [24/Feb/2026:19:55:21 +0300] "GET /pp.php HTTP/1.1" 404 36 "-" "-"
20.212.104.201 - - [24/Feb/2026:19:55:22 +0300] "GET /aw.php HTTP/1.1" 404 36 "-" "-"
20.212.104.201 - - [24/Feb/2026:19:55:22 +0300] "GET /ggs.php HTTP/1.1" 404 36 "-" "-"
20.212.104.201 - - [24/Feb/2026:19:55:22 +0300] "GET /atomlib.php HTTP/1.1" 404 36 "-" "-"
20.212.104.201 - - [24/Feb/2026:19:55:23 +0300] "GET /wander.php HTTP/1.1" 404 36 "-" "-"
20.212.104.201 - - [24/Feb/2026:19:55:24 +0300] "GET /file2.php HTTP/1.1" 404 36 "-" "-"
20.212.104.201 - - [24/Feb/2026:19:55:24 +0300] "GET /jga.php HTTP/1.1" 404 36 "-" "-"
20.212.104.201 - - [24/Feb/2026:19:55:25 +0300] "GET /ioxi-o.php HTTP/1.1" 404 36 "-" "-"
20.212.104.201 - - [24/Feb/2026:19:55:25 +0300] "GET /gg.php HTTP/1.1" 404 36 "-" "-"
20.212.104.201 - - [24/Feb/2026:19:55:26 +0300] "GET /x.php HTTP/1.1" 404 36 "-" "-"
20.212.104.201 - - [24/Feb/2026:19:55:26 +0300] "GET /akc.php HTTP/1.1" 404 36 "-" "-"
20.212.104.201 - - [24/Feb/2026:19:55:26 +0300] "GET /slo.php HTTP/1.1" 404 36 "-" "-"
66.249.93.9 - - [24/Feb/2026:19:55:31 +0300] "GET /.well-known/traffic-advice HTTP/1.1" 404 36 "-" "Chrome Privacy Preserving Prefetch Proxy"
2001:4860:7:632::fa - - [24/Feb/2026:19:55:32 +0300] "GET /product-details/RFID/scr100 HTTP/1.1" 404 36 "https://www.google.com/" "Mozilla/5.0 (Macintosh; Intel Mac OS X 10_15_7) AppleWebKit/537.36 (KHTML, like Gecko) Chrome/145.0.0.0 Safari/537.36"
2001:4860:7:1432::ff - - [24/Feb/2026:19:55:33 +0300] "GET /product-details/RFID/scr100 HTTP/1.1" 404 36 "https://www.google.com/" "Mozilla/5.0 (Macintosh; Intel Mac OS X 10_15_7) AppleWebKit/537.36 (KHTML, like Gecko) Chrome/145.0.0.0 Safari/537.36"
68.183.132.108 - - [24/Feb/2026:19:55:56 +0300] "GET /assets/uploads/products/recomended/fb285837a5115d4ae42bb87acf8bbe0c.png HTTP/1.1" 200 45425 "https://www.zkteco.jo/" "Mozilla/5.0 (Windows NT 10.0; Win64; x64) AppleWebKit/537.36 (KHTML, like Gecko) Chrome/112.0.0.0 Safari/537.36"
74.7.242.0 - - [24/Feb/2026:19:56:08 +0300] "GET /app/views/admin/location/list.blade.php HTTP/1.1" 200 528 "https://mail.zkteco.jo/app/views/admin/location/" "Mozilla/5.0 AppleWebKit/537.36 (KHTML, like Gecko; compatible; GPTBot/1.3; +https://openai.com/gptbot)"
74.7.242.0 - - [24/Feb/2026:19:56:59 +0300] "GET /app/tests/TestCase.php HTTP/1.1" 500 20 "https://mail.zkteco.jo/app/tests/" "Mozilla/5.0 AppleWebKit/537.36 (KHTML, like Gecko; compatible; GPTBot/1.3; +https://openai.com/gptbot)"
37.228.205.230 - - [24/Feb/2026:19:56:59 +0300] "GET /download-file/1825 HTTP/1.1" 404 36 "-" "Mozilla/5.0 (Windows NT 10.0; WOW64) AppleWebKit/537.36 (KHTML, like Gecko) Chrome/94.0.4606.54 Safari/537.36"
113.191.28.220 - - [24/Feb/2026:19:57:01 +0300] "GET /product-details/Products/facekiosk-v43-1 HTTP/1.1" 404 36 "-" "Mozilla/5.0 (Windows NT 6.1; WOW64) AppleWebKit/537.36 (KHTML, like Gecko) Chrome/69.0.0.3016 Safari/537.36"
194.247.173.99 - - [24/Feb/2026:19:57:27 +0300] "GET /robots.txt HTTP/1.1" 404 36 "-" "Mozilla/5.0 (compatible; MJ12bot/v1.4.8; http://mj12bot.com/)"
194.247.173.99 - - [24/Feb/2026:19:57:29 +0300] "GET /app/config/local/?C=D;O=A HTTP/1.1" 200 314 "-" "Mozilla/5.0 (compatible; MJ12bot/v1.4.8; http://mj12bot.com/)"
194.247.173.99 - - [24/Feb/2026:19:57:30 +0300] "GET /assets/admin/css/bootstrap.min.css HTTP/1.1" 200 15473 "-" "Mozilla/5.0 (compatible; MJ12bot/v1.4.8; http://mj12bot.com/)"
194.247.173.99 - - [24/Feb/2026:19:57:32 +0300] "GET /assets/admin/css/font-awesome.min.css HTTP/1.1" 200 3759 "-" "Mozilla/5.0 (compatible; MJ12bot/v1.4.8; http://mj12bot.com/)"
194.247.173.99 - - [24/Feb/2026:19:57:33 +0300] "GET /assets/uploads/articles/?C=D;O=A HTTP/1.1" 200 914 "-" "Mozilla/5.0 (compatible; MJ12bot/v1.4.8; http://mj12bot.com/)"
194.247.173.99 - - [24/Feb/2026:19:57:35 +0300] "GET /assets/uploads/articles/?C=S;O=A HTTP/1.1" 200 905 "-" "Mozilla/5.0 (compatible; MJ12bot/v1.4.8; http://mj12bot.com/)"
194.247.173.99 - - [24/Feb/2026:19:57:36 +0300] "GET /assets/uploads/case_study/?C=D;O=A HTTP/1.1" 200 428 "-" "Mozilla/5.0 (compatible; MJ12bot/v1.4.8; http://mj12bot.com/)"
194.247.173.99 - - [24/Feb/2026:19:57:37 +0300] "GET /assets/uploads/case_study/?C=M;O=A HTTP/1.1" 200 429 "-" "Mozilla/5.0 (compatible; MJ12bot/v1.4.8; http://mj12bot.com/)"
194.247.173.99 - - [24/Feb/2026:19:57:39 +0300] "GET /assets/uploads/case_study/?C=S;O=A HTTP/1.1" 200 426 "-" "Mozilla/5.0 (compatible; MJ12bot/v1.4.8; http://mj12bot.com/)"
74.7.242.0 - - [24/Feb/2026:19:57:43 +0300] "GET /app/views/admin/homesection/editCaption.blade.php HTTP/1.1" 500 349 "https://mail.zkteco.jo/app/views/admin/homesection/" "Mozilla/5.0 AppleWebKit/537.36 (KHTML, like Gecko; compatible; GPTBot/1.3; +https://openai.com/gptbot)"
185.191.171.10 - - [24/Feb/2026:19:57:59 +0300] "GET /robots.txt HTTP/1.1" 404 36 "-" "Mozilla/5.0 (compatible; SemrushBot/7~bl; +http://www.semrush.com/bot.html)"
185.191.171.14 - - [24/Feb/2026:19:58:01 +0300] "GET /x-ray-luggage-inspection HTTP/1.1" 404 36 "-" "Mozilla/5.0 (compatible; SemrushBot/7~bl; +http://www.semrush.com/bot.html)"
74.7.242.0 - - [24/Feb/2026:19:58:45 +0300] "GET /library/SimpleImage-master/example/ HTTP/1.1" 500 20 "https://mail.zkteco.jo/library/SimpleImage-master/" "Mozilla/5.0 AppleWebKit/537.36 (KHTML, like Gecko; compatible; GPTBot/1.3; +https://openai.com/gptbot)"
113.163.91.64 - - [24/Feb/2026:19:59:37 +0300] "GET /news/zkteco-presented-16th-cpse-top-10-security-brands-in-china-2017-11-09 HTTP/1.1" 404 36 "-" "Mozilla/5.0 (Macintosh; Intel Mac OS X 10_13_6) AppleWebKit/537.36 (KHTML, like Gecko) Chrome/101.0.4951.54 Safari/537.36"
74.7.242.0 - - [24/Feb/2026:19:59:46 +0300] "GET /app/views/frontend/common/left_image.blade.php HTTP/1.1" 200 161 "https://mail.zkteco.jo/app/views/frontend/common/" "Mozilla/5.0 AppleWebKit/537.36 (KHTML, like Gecko; compatible; GPTBot/1.3; +https://openai.com/gptbot)"
2a03:2880:f800:3e:: - - [24/Feb/2026:19:59:58 +0300] "GET /product-details/kr702em HTTP/1.1" 404 36 "-" "meta-externalagent/1.1 (+https://developers.facebook.com/docs/sharing/webmasters/crawler)"
74.7.242.0 - - [24/Feb/2026:20:00:51 +0300] "GET /vendor/nikic/php-parser/doc/component/ HTTP/1.1" 200 325 "https://mail.zkteco.jo/vendor/nikic/php-parser/doc/" "Mozilla/5.0 AppleWebKit/537.36 (KHTML, like Gecko; compatible; GPTBot/1.3; +https://openai.com/gptbot)"
40.77.167.67 - - [24/Feb/2026:20:01:03 +0300] "GET /product-details/Products/bs-852e12c-s3-c-mi-se-1 HTTP/1.1" 404 36 "-" "Mozilla/5.0 AppleWebKit/537.36 (KHTML, like Gecko; compatible; bingbot/2.0; +http://www.bing.com/bingbot.htm) Chrome/116.0.1938.76 Safari/537.36"
114.119.131.97 - - [24/Feb/2026:20:01:25 +0300] "GET /product-details/Green%20Label%20Series/g1 HTTP/1.1" 404 36 "https://zkteco.jo/green-label-series" "Mozilla/5.0 (Linux; Android 7.0;) AppleWebKit/537.36 (KHTML, like Gecko) Mobile Safari/537.36 (compatible; PetalBot;+https://webmaster.petalsearch.com/site/petalbot)"
74.7.242.0 - - [24/Feb/2026:20:01:49 +0300] "GET /app/views-feb%2024/admin/homeimagesections/add.blade.php HTTP/1.1" 500 356 "https://mail.zkteco.jo/app/views-feb%2024/admin/homeimagesections/" "Mozilla/5.0 AppleWebKit/537.36 (KHTML, like Gecko; compatible; GPTBot/1.3; +https://openai.com/gptbot)"
74.7.242.0 - - [24/Feb/2026:20:02:42 +0300] "GET /public/?C=S;O=A HTTP/1.1" 200 354 "https://mail.zkteco.jo/public/" "Mozilla/5.0 AppleWebKit/537.36 (KHTML, like Gecko; compatible; GPTBot/1.3; +https://openai.com/gptbot)"
114.119.157.108 - - [24/Feb/2026:20:02:45 +0300] "GET /product-details/Hotel%20Lock/lh7500 HTTP/1.1" 404 36 "https://zkteco.jo/product-details/Hotel%20Lock/lh7500" "Mozilla/5.0 (Linux; Android 7.0;) AppleWebKit/537.36 (KHTML, like Gecko) Mobile Safari/537.36 (compatible; PetalBot;+https://webmaster.petalsearch.com/site/petalbot)"
2001:4860:7:232::fe - - [24/Feb/2026:20:02:57 +0300] "GET /software-2 HTTP/1.1" 404 36 "https://www.google.com/" "Mozilla/5.0 (Windows NT 10.0; Win64; x64) AppleWebKit/537.36 (KHTML, like Gecko) Chrome/144.0.0.0 Safari/537.36"
74.7.242.0 - - [24/Feb/2026:20:03:42 +0300] "GET /public/?C=N;O=D HTTP/1.1" 200 353 "https://mail.zkteco.jo/public/" "Mozilla/5.0 AppleWebKit/537.36 (KHTML, like Gecko; compatible; GPTBot/1.3; +https://openai.com/gptbot)"
74.7.242.0 - - [24/Feb/2026:20:04:40 +0300] "GET /library/SimpleImage-master/src/abeautifulsite/SimpleImage.php HTTP/1.1" 200 20 "https://mail.zkteco.jo/library/SimpleImage-master/src/abeautifulsite/" "Mozilla/5.0 AppleWebKit/537.36 (KHTML, like Gecko; compatible; GPTBot/1.3; +https://openai.com/gptbot)"
66.249.75.201 - - [24/Feb/2026:20:04:55 +0300] "GET /vendor/ HTTP/1.1" 200 685 "-" "Mozilla/5.0 (Linux; Android 6.0.1; Nexus 5X Build/MMB29P) AppleWebKit/537.36 (KHTML, like Gecko) Chrome/144.0.7559.132 Mobile Safari/537.36 (compatible; GoogleOther)"
74.7.242.0 - - [24/Feb/2026:20:05:32 +0300] "GET /public/?C=D;O=A HTTP/1.1" 200 353 "https://mail.zkteco.jo/public/" "Mozilla/5.0 AppleWebKit/537.36 (KHTML, like Gecko; compatible; GPTBot/1.3; +https://openai.com/gptbot)"
85.208.96.202 - - [24/Feb/2026:20:05:38 +0300] "GET /product-details/Premium%20Product%20Line/speedface-h5lp-1 HTTP/1.1" 404 36 "-" "Mozilla/5.0 (compatible; SemrushBot/7~bl; +http://www.semrush.com/bot.html)"
3.139.242.79 - - [24/Feb/2026:20:05:53 +0300] "GET / HTTP/1.1" 503 - "http://cpcalendars.zkteco.jo/" "visionheight.com/scan Mozilla/5.0 (Macintosh; Intel Mac OS X 10_15_7) Chrome/126.0.0.0 Safari/537.36"
85.208.96.212 - - [24/Feb/2026:20:06:04 +0300] "GET /support-1 HTTP/1.1" 404 36 "-" "Mozilla/5.0 (compatible; SemrushBot/7~bl; +http://www.semrush.com/bot.html)"
74.7.242.0 - - [24/Feb/2026:20:06:19 +0300] "GET /public/?C=M;O=A HTTP/1.1" 200 356 "https://mail.zkteco.jo/public/" "Mozilla/5.0 AppleWebKit/537.36 (KHTML, like Gecko; compatible; GPTBot/1.3; +https://openai.com/gptbot)"
74.7.242.0 - - [24/Feb/2026:20:07:02 +0300] "GET /vendor/symfony/security-core/Symfony/ HTTP/1.1" 200 313 "https://mail.zkteco.jo/vendor/symfony/security-core/" "Mozilla/5.0 AppleWebKit/537.36 (KHTML, like Gecko; compatible; GPTBot/1.3; +https://openai.com/gptbot)"
40.77.167.79 - - [24/Feb/2026:20:07:04 +0300] "GET /assets/uploads/products/small/63314d6d9c20586489fa1f704bc1216f.png HTTP/1.1" 200 25524 "-" "Mozilla/5.0 AppleWebKit/537.36 (KHTML, like Gecko; compatible; bingbot/2.0; +http://www.bing.com/bingbot.htm) Chrome/116.0.1938.76 Safari/537.36"
74.7.242.0 - - [24/Feb/2026:20:07:37 +0300] "GET /app/views/frontend/old/common/ HTTP/1.1" 200 406 "https://mail.zkteco.jo/app/views/frontend/old/" "Mozilla/5.0 AppleWebKit/537.36 (KHTML, like Gecko; compatible; GPTBot/1.3; +https://openai.com/gptbot)"
74.7.242.0 - - [24/Feb/2026:20:08:11 +0300] "GET /app/views/frontend/old/layout/ HTTP/1.1" 200 444 "https://mail.zkteco.jo/app/views/frontend/old/" "Mozilla/5.0 AppleWebKit/537.36 (KHTML, like Gecko; compatible; GPTBot/1.3; +https://openai.com/gptbot)"
74.7.242.0 - - [24/Feb/2026:20:08:40 +0300] "GET /app/views/frontend/old/emails/ HTTP/1.1" 200 381 "https://mail.zkteco.jo/app/views/frontend/old/" "Mozilla/5.0 AppleWebKit/537.36 (KHTML, like Gecko; compatible; GPTBot/1.3; +https://openai.com/gptbot)"
74.7.242.0 - - [24/Feb/2026:20:09:07 +0300] "GET /vendor/stack/builder/composer.json HTTP/1.1" 200 292 "https://mail.zkteco.jo/vendor/stack/builder/" "Mozilla/5.0 AppleWebKit/537.36 (KHTML, like Gecko; compatible; GPTBot/1.3; +https://openai.com/gptbot)"
74.7.242.0 - - [24/Feb/2026:20:09:31 +0300] "GET /images/?C=M;O=A HTTP/1.1" 200 339 "https://mail.zkteco.jo/images/" "Mozilla/5.0 AppleWebKit/537.36 (KHTML, like Gecko; compatible; GPTBot/1.3; +https://openai.com/gptbot)"
74.7.242.0 - - [24/Feb/2026:20:09:53 +0300] "GET /public/?C=N;O=A HTTP/1.1" 200 353 "https://mail.zkteco.jo/public/?C=S;O=A" "Mozilla/5.0 AppleWebKit/537.36 (KHTML, like Gecko; compatible; GPTBot/1.3; +https://openai.com/gptbot)"
68.220.62.103 - - [24/Feb/2026:20:10:04 +0300] "GET / HTTP/1.1" 200 674 "-" "Python/3.9 aiohttp/3.10.6"
74.7.242.0 - - [24/Feb/2026:20:10:14 +0300] "GET /public/?C=S;O=D HTTP/1.1" 200 351 "https://mail.zkteco.jo/public/?C=S;O=A" "Mozilla/5.0 AppleWebKit/537.36 (KHTML, like Gecko; compatible; GPTBot/1.3; +https://openai.com/gptbot)"
74.7.242.0 - - [24/Feb/2026:20:10:31 +0300] "GET /images/?C=S;O=A HTTP/1.1" 200 340 "https://mail.zkteco.jo/images/" "Mozilla/5.0 AppleWebKit/537.36 (KHTML, like Gecko; compatible; GPTBot/1.3; +https://openai.com/gptbot)"
74.7.242.0 - - [24/Feb/2026:20:10:47 +0300] "GET /public/?C=D;O=D HTTP/1.1" 200 353 "https://mail.zkteco.jo/public/?C=D;O=A" "Mozilla/5.0 AppleWebKit/537.36 (KHTML, like Gecko; compatible; GPTBot/1.3; +https://openai.com/gptbot)"
66.249.75.199 - - [24/Feb/2026:20:10:57 +0300] "GET /robots.txt HTTP/1.1" 404 36 "-" "Mozilla/5.0 (compatible; Googlebot/2.1; +http://www.google.com/bot.html)"
66.249.75.201 - - [24/Feb/2026:20:10:58 +0300] "GET / HTTP/1.1" 200 674 "-" "Mozilla/5.0 (Linux; Android 6.0.1; Nexus 5X Build/MMB29P) AppleWebKit/537.36 (KHTML, like Gecko) Chrome/144.0.7559.132 Mobile Safari/537.36 (compatible; Googlebot/2.1; +http://www.google.com/bot.html)"
74.7.242.0 - - [24/Feb/2026:20:11:01 +0300] "GET /public/?C=M;O=D HTTP/1.1" 200 353 "https://mail.zkteco.jo/public/?C=M;O=A" "Mozilla/5.0 AppleWebKit/537.36 (KHTML, like Gecko; compatible; GPTBot/1.3; +https://openai.com/gptbot)"
74.7.242.0 - - [24/Feb/2026:20:11:15 +0300] "GET /images/?C=N;O=D HTTP/1.1" 200 338 "https://mail.zkteco.jo/images/" "Mozilla/5.0 AppleWebKit/537.36 (KHTML, like Gecko; compatible; GPTBot/1.3; +https://openai.com/gptbot)"
66.249.75.200 - - [24/Feb/2026:20:11:26 +0300] "GET / HTTP/1.1" 200 674 "-" "Mozilla/5.0 (Linux; Android 6.0.1; Nexus 5X Build/MMB29P) AppleWebKit/537.36 (KHTML, like Gecko) Chrome/99.0.4844.84 Mobile Safari/537.36 (compatible; Googlebot/2.1; +http://www.google.com/bot.html)"
74.7.242.0 - - [24/Feb/2026:20:11:26 +0300] "GET /source/?C=S;O=A HTTP/1.1" 200 785 "https://mail.zkteco.jo/source/" "Mozilla/5.0 AppleWebKit/537.36 (KHTML, like Gecko; compatible; GPTBot/1.3; +https://openai.com/gptbot)"
66.249.75.201 - - [24/Feb/2026:20:11:26 +0300] "GET / HTTP/1.1" 200 674 "-" "Mozilla/5.0 (compatible; Googlebot/2.1; +http://www.google.com/bot.html)"
40.77.167.5 - - [24/Feb/2026:20:11:33 +0300] "GET /download-file/1606 HTTP/1.1" 404 36 "-" "Mozilla/5.0 AppleWebKit/537.36 (KHTML, like Gecko; compatible; bingbot/2.0; +http://www.bing.com/bingbot.htm) Chrome/116.0.1938.76 Safari/537.36"
74.7.242.0 - - [24/Feb/2026:20:11:37 +0300] "GET /app/views/frontend/old/layout/listingbullet.blade.php-orig HTTP/1.1" 200 451 "https://mail.zkteco.jo/app/views/frontend/old/layout/" "Mozilla/5.0 AppleWebKit/537.36 (KHTML, like Gecko; compatible; GPTBot/1.3; +https://openai.com/gptbot)"
74.7.242.0 - - [24/Feb/2026:20:11:46 +0300] "GET /app/views/frontend/old/layout/listingbullet_flat.blade.php HTTP/1.1" 200 204 "https://mail.zkteco.jo/app/views/frontend/old/layout/" "Mozilla/5.0 AppleWebKit/537.36 (KHTML, like Gecko; compatible; GPTBot/1.3; +https://openai.com/gptbot)"
74.7.242.0 - - [24/Feb/2026:20:11:55 +0300] "GET /app/views/frontend/old/emails/registerautoreply.blade.php HTTP/1.1" 200 659 "https://mail.zkteco.jo/app/views/frontend/old/emails/" "Mozilla/5.0 AppleWebKit/537.36 (KHTML, like Gecko; compatible; GPTBot/1.3; +https://openai.com/gptbot)"
84.54.73.128 - - [24/Feb/2026:20:11:59 +0300] "GET /download-file/1670 HTTP/1.1" 404 36 "-" "Mozilla/5.0 (Linux; Android 1.1) AppleWebKit/531.1 (KHTML, like Gecko) Chrome/39.0.861.0 Safari/531.1"
74.7.242.0 - - [24/Feb/2026:20:12:03 +0300] "GET /app/views/frontend/old/emails/contactusautoreply.blade.php HTTP/1.1" 200 173 "https://mail.zkteco.jo/app/views/frontend/old/emails/" "Mozilla/5.0 AppleWebKit/537.36 (KHTML, like Gecko; compatible; GPTBot/1.3; +https://openai.com/gptbot)"
74.7.242.0 - - [24/Feb/2026:20:12:10 +0300] "GET /app/views/frontend/old/layout/common_flat.blade.php HTTP/1.1" 200 209 "https://mail.zkteco.jo/app/views/frontend/old/layout/" "Mozilla/5.0 AppleWebKit/537.36 (KHTML, like Gecko; compatible; GPTBot/1.3; +https://openai.com/gptbot)"
74.7.242.0 - - [24/Feb/2026:20:12:16 +0300] "GET /vendor/?C=N;O=D HTTP/1.1" 200 681 "https://mail.zkteco.jo/vendor/" "Mozilla/5.0 AppleWebKit/537.36 (KHTML, like Gecko; compatible; GPTBot/1.3; +https://openai.com/gptbot)"
74.7.242.0 - - [24/Feb/2026:20:12:22 +0300] "GET /images/?C=S;O=D HTTP/1.1" 200 340 "https://mail.zkteco.jo/images/?C=S;O=A" "Mozilla/5.0 AppleWebKit/537.36 (KHTML, like Gecko; compatible; GPTBot/1.3; +https://openai.com/gptbot)"
74.7.242.0 - - [24/Feb/2026:20:12:26 +0300] "GET /source/?C=D;O=A HTTP/1.1" 200 788 "https://mail.zkteco.jo/source/" "Mozilla/5.0 AppleWebKit/537.36 (KHTML, like Gecko; compatible; GPTBot/1.3; +https://openai.com/gptbot)"
74.7.242.0 - - [24/Feb/2026:20:12:31 +0300] "GET /vendor/?C=D;O=A HTTP/1.1" 200 685 "https://mail.zkteco.jo/vendor/" "Mozilla/5.0 AppleWebKit/537.36 (KHTML, like Gecko; compatible; GPTBot/1.3; +https://openai.com/gptbot)"
74.7.242.0 - - [24/Feb/2026:20:12:35 +0300] "GET /source/?C=M;O=A HTTP/1.1" 200 793 "https://mail.zkteco.jo/source/" "Mozilla/5.0 AppleWebKit/537.36 (KHTML, like Gecko; compatible; GPTBot/1.3; +https://openai.com/gptbot)"
74.7.242.0 - - [24/Feb/2026:20:12:39 +0300] "GET /source/?C=S;O=D HTTP/1.1" 200 803 "https://mail.zkteco.jo/source/?C=S;O=A" "Mozilla/5.0 AppleWebKit/537.36 (KHTML, like Gecko; compatible; GPTBot/1.3; +https://openai.com/gptbot)"
14.231.163.237 - - [24/Feb/2026:20:12:39 +0300] "GET /product-details/Reader/uhf5-pro-uhf10-pro HTTP/1.1" 404 36 "-" "Mozilla/5.0 (Macintosh; Intel Mac OS X 10_15_5) AppleWebKit/537.36 (KHTML, like Gecko) Chrome/88.0.4324.150 Safari/537.36"
74.7.242.0 - - [24/Feb/2026:20:12:42 +0300] "GET /images/?C=D;O=A HTTP/1.1" 200 341 "https://mail.zkteco.jo/images/" "Mozilla/5.0 AppleWebKit/537.36 (KHTML, like Gecko; compatible; GPTBot/1.3; +https://openai.com/gptbot)"
74.7.242.0 - - [24/Feb/2026:20:12:45 +0300] "GET /source/?C=N;O=A HTTP/1.1" 200 788 "https://mail.zkteco.jo/source/?C=S;O=A" "Mozilla/5.0 AppleWebKit/537.36 (KHTML, like Gecko; compatible; GPTBot/1.3; +https://openai.com/gptbot)"
14.191.139.180 - - [24/Feb/2026:20:12:48 +0300] "GET /download-file/1847 HTTP/1.1" 404 36 "-" "Mozilla/5.0 (Macintosh; Intel Mac OS X 10_13_6) AppleWebKit/537.36 (KHTML, like Gecko) Chrome/86.0.4240.111 Safari/537.36"
74.7.242.0 - - [24/Feb/2026:20:12:48 +0300] "GET /images/?C=N;O=A HTTP/1.1" 200 341 "https://mail.zkteco.jo/images/?C=M;O=A" "Mozilla/5.0 AppleWebKit/537.36 (KHTML, like Gecko; compatible; GPTBot/1.3; +https://openai.com/gptbot)"
74.7.242.0 - - [24/Feb/2026:20:12:50 +0300] "GET /images/?C=M;O=D HTTP/1.1" 200 339 "https://mail.zkteco.jo/images/?C=M;O=A" "Mozilla/5.0 AppleWebKit/537.36 (KHTML, like Gecko; compatible; GPTBot/1.3; +https://openai.com/gptbot)"
74.7.242.0 - - [24/Feb/2026:20:12:52 +0300] "GET /source/?C=N;O=D HTTP/1.1" 200 786 "https://mail.zkteco.jo/source/" "Mozilla/5.0 AppleWebKit/537.36 (KHTML, like Gecko; compatible; GPTBot/1.3; +https://openai.com/gptbot)"
74.7.242.0 - - [24/Feb/2026:20:12:54 +0300] "GET /vendor/?C=S;O=A HTTP/1.1" 200 677 "https://mail.zkteco.jo/vendor/" "Mozilla/5.0 AppleWebKit/537.36 (KHTML, like Gecko; compatible; GPTBot/1.3; +https://openai.com/gptbot)"
74.7.242.0 - - [24/Feb/2026:20:12:56 +0300] "GET /vendor/?C=M;O=A HTTP/1.1" 200 677 "https://mail.zkteco.jo/vendor/" "Mozilla/5.0 AppleWebKit/537.36 (KHTML, like Gecko; compatible; GPTBot/1.3; +https://openai.com/gptbot)"
74.7.242.0 - - [24/Feb/2026:20:12:58 +0300] "GET /source/?C=D;O=D HTTP/1.1" 200 786 "https://mail.zkteco.jo/source/?C=D;O=A" "Mozilla/5.0 AppleWebKit/537.36 (KHTML, like Gecko; compatible; GPTBot/1.3; +https://openai.com/gptbot)"
74.7.242.0 - - [24/Feb/2026:20:12:59 +0300] "GET /vendor/?C=D;O=D HTTP/1.1" 200 681 "https://mail.zkteco.jo/vendor/?C=D;O=A" "Mozilla/5.0 AppleWebKit/537.36 (KHTML, like Gecko; compatible; GPTBot/1.3; +https://openai.com/gptbot)"
74.7.242.0 - - [24/Feb/2026:20:13:00 +0300] "GET /source/?C=M;O=D HTTP/1.1" 200 791 "https://mail.zkteco.jo/source/?C=M;O=A" "Mozilla/5.0 AppleWebKit/537.36 (KHTML, like Gecko; compatible; GPTBot/1.3; +https://openai.com/gptbot)"
40.77.167.156 - - [24/Feb/2026:20:13:00 +0300] "GET /biotime-95 HTTP/1.1" 404 36 "-" "Mozilla/5.0 AppleWebKit/537.36 (KHTML, like Gecko; compatible; bingbot/2.0; +http://www.bing.com/bingbot.htm) Chrome/116.0.1938.76 Safari/537.36"
74.7.242.0 - - [24/Feb/2026:20:13:01 +0300] "GET /vendor/?C=N;O=A HTTP/1.1" 200 685 "https://mail.zkteco.jo/vendor/?C=N;O=D" "Mozilla/5.0 AppleWebKit/537.36 (KHTML, like Gecko; compatible; GPTBot/1.3; +https://openai.com/gptbot)"
74.7.242.0 - - [24/Feb/2026:20:13:03 +0300] "GET /images/?C=D;O=D HTTP/1.1" 200 338 "https://mail.zkteco.jo/images/?C=D;O=A" "Mozilla/5.0 AppleWebKit/537.36 (KHTML, like Gecko; compatible; GPTBot/1.3; +https://openai.com/gptbot)"
74.7.242.0 - - [24/Feb/2026:20:13:03 +0300] "GET /app/database/?C=N;O=D HTTP/1.1" 200 302 "https://mail.zkteco.jo/app/database/" "Mozilla/5.0 AppleWebKit/537.36 (KHTML, like Gecko; compatible; GPTBot/1.3; +https://openai.com/gptbot)"
74.7.242.0 - - [24/Feb/2026:20:13:04 +0300] "GET /app/database/?C=S;O=A HTTP/1.1" 200 305 "https://mail.zkteco.jo/app/database/" "Mozilla/5.0 AppleWebKit/537.36 (KHTML, like Gecko; compatible; GPTBot/1.3; +https://openai.com/gptbot)"
74.7.242.0 - - [24/Feb/2026:20:13:05 +0300] "GET /app/database/?C=D;O=A HTTP/1.1" 200 305 "https://mail.zkteco.jo/app/database/" "Mozilla/5.0 AppleWebKit/537.36 (KHTML, like Gecko; compatible; GPTBot/1.3; +https://openai.com/gptbot)"
74.7.242.0 - - [24/Feb/2026:20:13:06 +0300] "GET /app/database/?C=M;O=A HTTP/1.1" 200 305 "https://mail.zkteco.jo/app/database/" "Mozilla/5.0 AppleWebKit/537.36 (KHTML, like Gecko; compatible; GPTBot/1.3; +https://openai.com/gptbot)"
74.7.242.0 - - [24/Feb/2026:20:13:06 +0300] "GET /vendor/?C=S;O=D HTTP/1.1" 200 686 "https://mail.zkteco.jo/vendor/?C=S;O=A" "Mozilla/5.0 AppleWebKit/537.36 (KHTML, like Gecko; compatible; GPTBot/1.3; +https://openai.com/gptbot)"
74.7.242.0 - - [24/Feb/2026:20:13:07 +0300] "GET /vendor/?C=M;O=D HTTP/1.1" 200 685 "https://mail.zkteco.jo/vendor/?C=M;O=A" "Mozilla/5.0 AppleWebKit/537.36 (KHTML, like Gecko; compatible; GPTBot/1.3; +https://openai.com/gptbot)"
74.7.242.0 - - [24/Feb/2026:20:13:07 +0300] "GET /app/tests/ExampleTest.php HTTP/1.1" 500 20 "https://mail.zkteco.jo/app/tests/" "Mozilla/5.0 AppleWebKit/537.36 (KHTML, like Gecko; compatible; GPTBot/1.3; +https://openai.com/gptbot)"
74.7.242.0 - - [24/Feb/2026:20:13:08 +0300] "GET /app/lang/en/reminders.php HTTP/1.1" 200 20 "https://mail.zkteco.jo/app/lang/en/" "Mozilla/5.0 AppleWebKit/537.36 (KHTML, like Gecko; compatible; GPTBot/1.3; +https://openai.com/gptbot)"
74.7.242.0 - - [24/Feb/2026:20:13:09 +0300] "GET /vendor/patchwork/utf8/composer.json HTTP/1.1" 200 399 "https://mail.zkteco.jo/vendor/patchwork/utf8/" "Mozilla/5.0 AppleWebKit/537.36 (KHTML, like Gecko; compatible; GPTBot/1.3; +https://openai.com/gptbot)"
74.7.242.0 - - [24/Feb/2026:20:13:11 +0300] "GET /vendor/symfony/console/Symfony/ HTTP/1.1" 200 309 "https://mail.zkteco.jo/vendor/symfony/console/" "Mozilla/5.0 AppleWebKit/537.36 (KHTML, like Gecko; compatible; GPTBot/1.3; +https://openai.com/gptbot)"
74.7.242.0 - - [24/Feb/2026:20:13:12 +0300] "GET /vendor/symfony/routing/Symfony/ HTTP/1.1" 200 313 "https://mail.zkteco.jo/vendor/symfony/routing/" "Mozilla/5.0 AppleWebKit/537.36 (KHTML, like Gecko; compatible; GPTBot/1.3; +https://openai.com/gptbot)"
74.7.242.0 - - [24/Feb/2026:20:13:13 +0300] "GET /app/database/?C=N;O=A HTTP/1.1" 200 305 "https://mail.zkteco.jo/app/database/?C=N;O=D" "Mozilla/5.0 AppleWebKit/537.36 (KHTML, like Gecko; compatible; GPTBot/1.3; +https://openai.com/gptbot)"
74.7.242.0 - - [24/Feb/2026:20:13:14 +0300] "GET /app/database/?C=S;O=D HTTP/1.1" 200 302 "https://mail.zkteco.jo/app/database/?C=S;O=A" "Mozilla/5.0 AppleWebKit/537.36 (KHTML, like Gecko; compatible; GPTBot/1.3; +https://openai.com/gptbot)"
74.7.242.0 - - [24/Feb/2026:20:13:15 +0300] "GET /app/database/?C=D;O=D HTTP/1.1" 200 302 "https://mail.zkteco.jo/app/database/?C=D;O=A" "Mozilla/5.0 AppleWebKit/537.36 (KHTML, like Gecko; compatible; GPTBot/1.3; +https://openai.com/gptbot)"
74.7.242.0 - - [24/Feb/2026:20:13:16 +0300] "GET /app/database/?C=M;O=D HTTP/1.1" 200 302 "https://mail.zkteco.jo/app/database/?C=M;O=A" "Mozilla/5.0 AppleWebKit/537.36 (KHTML, like Gecko; compatible; GPTBot/1.3; +https://openai.com/gptbot)"
74.7.242.0 - - [24/Feb/2026:20:13:17 +0300] "GET /vendor/symfony/process/Symfony/ HTTP/1.1" 200 309 "https://mail.zkteco.jo/vendor/symfony/process/" "Mozilla/5.0 AppleWebKit/537.36 (KHTML, like Gecko; compatible; GPTBot/1.3; +https://openai.com/gptbot)"
74.7.242.0 - - [24/Feb/2026:20:13:18 +0300] "GET /app/views-feb%2024/admin/users/list.blade.php HTTP/1.1" 200 527 "https://mail.zkteco.jo/app/views-feb%2024/admin/users/" "Mozilla/5.0 AppleWebKit/537.36 (KHTML, like Gecko; compatible; GPTBot/1.3; +https://openai.com/gptbot)"
74.7.242.0 - - [24/Feb/2026:20:13:18 +0300] "GET /app/views-feb%2024/admin/menus/list.blade.php HTTP/1.1" 200 554 "https://mail.zkteco.jo/app/views-feb%2024/admin/menus/" "Mozilla/5.0 AppleWebKit/537.36 (KHTML, like Gecko; compatible; GPTBot/1.3; +https://openai.com/gptbot)"
74.7.242.0 - - [24/Feb/2026:20:13:19 +0300] "GET /app/views/admin/banners/list.blade.php HTTP/1.1" 200 527 "https://mail.zkteco.jo/app/views/admin/banners/" "Mozilla/5.0 AppleWebKit/537.36 (KHTML, like Gecko; compatible; GPTBot/1.3; +https://openai.com/gptbot)"
74.7.242.0 - - [24/Feb/2026:20:13:19 +0300] "GET /app/controllers/admin/contact-us.php HTTP/1.1" 404 36 "https://mail.zkteco.jo/app/controllers/admin/news_details.php" "Mozilla/5.0 AppleWebKit/537.36 (KHTML, like Gecko; compatible; GPTBot/1.3; +https://openai.com/gptbot)"
74.7.242.0 - - [24/Feb/2026:20:13:20 +0300] "GET /vendor/mews/captcha/test/phpunit.xml.dist HTTP/1.1" 200 215 "https://mail.zkteco.jo/vendor/mews/captcha/test/" "Mozilla/5.0 AppleWebKit/537.36 (KHTML, like Gecko; compatible; GPTBot/1.3; +https://openai.com/gptbot)"
74.7.242.0 - - [24/Feb/2026:20:13:20 +0300] "GET /app/views-feb%2024/admin/pages/list.blade.php HTTP/1.1" 500 334 "https://mail.zkteco.jo/app/views-feb%2024/admin/pages/" "Mozilla/5.0 AppleWebKit/537.36 (KHTML, like Gecko; compatible; GPTBot/1.3; +https://openai.com/gptbot)"
74.7.242.0 - - [24/Feb/2026:20:13:21 +0300] "GET /Catalogue/1ZKDubaiProductCatalogue.pdf HTTP/1.1" 200 5467763 "https://mail.zkteco.jo/Catalogue/" "Mozilla/5.0 AppleWebKit/537.36 (KHTML, like Gecko; compatible; GPTBot/1.3; +https://openai.com/gptbot)"
74.7.242.0 - - [24/Feb/2026:20:13:23 +0300] "GET /vendor/bacon/bacon-qr-code/LICENSE HTTP/1.1" 200 686 "https://mail.zkteco.jo/vendor/bacon/bacon-qr-code/" "Mozilla/5.0 AppleWebKit/537.36 (KHTML, like Gecko; compatible; GPTBot/1.3; +https://openai.com/gptbot)"
74.7.242.0 - - [24/Feb/2026:20:13:24 +0300] "GET /htmlpurifier/plugins/phorum/settings/form.php HTTP/1.1" 200 20 "https://mail.zkteco.jo/htmlpurifier/plugins/phorum/settings/" "Mozilla/5.0 AppleWebKit/537.36 (KHTML, like Gecko; compatible; GPTBot/1.3; +https://openai.com/gptbot)"
74.7.242.0 - - [24/Feb/2026:20:13:25 +0300] "GET /htmlpurifier/plugins/phorum/settings/save.php HTTP/1.1" 200 20 "https://mail.zkteco.jo/htmlpurifier/plugins/phorum/settings/" "Mozilla/5.0 AppleWebKit/537.36 (KHTML, like Gecko; compatible; GPTBot/1.3; +https://openai.com/gptbot)"
74.7.242.0 - - [24/Feb/2026:20:13:26 +0300] "GET /vendor/stack/builder/LICENSE HTTP/1.1" 200 606 "https://mail.zkteco.jo/vendor/stack/builder/" "Mozilla/5.0 AppleWebKit/537.36 (KHTML, like Gecko; compatible; GPTBot/1.3; +https://openai.com/gptbot)"
74.7.242.0 - - [24/Feb/2026:20:13:27 +0300] "GET /vendor/symfony/dom-crawler/Symfony/ HTTP/1.1" 200 318 "https://mail.zkteco.jo/vendor/symfony/dom-crawler/" "Mozilla/5.0 AppleWebKit/537.36 (KHTML, like Gecko; compatible; GPTBot/1.3; +https://openai.com/gptbot)"
74.7.242.0 - - [24/Feb/2026:20:13:28 +0300] "GET /htmlpurifier/smoketests/%60javascript%3Aalert( HTTP/1.1" 404 36 "https://mail.zkteco.jo/htmlpurifier/smoketests/xssAttacks.php" "Mozilla/5.0 AppleWebKit/537.36 (KHTML, like Gecko; compatible; GPTBot/1.3; +https://openai.com/gptbot)"
74.7.242.0 - - [24/Feb/2026:20:13:29 +0300] "GET /vendor/symfony/http-foundation/Symfony/ HTTP/1.1" 200 315 "https://mail.zkteco.jo/vendor/symfony/http-foundation/" "Mozilla/5.0 AppleWebKit/537.36 (KHTML, like Gecko; compatible; GPTBot/1.3; +https://openai.com/gptbot)"
74.7.242.0 - - [24/Feb/2026:20:13:30 +0300] "GET /app/views/frontend/old/common/projectscripts.blade.php HTTP/1.1" 200 1121 "https://mail.zkteco.jo/app/views/frontend/old/common/" "Mozilla/5.0 AppleWebKit/537.36 (KHTML, like Gecko; compatible; GPTBot/1.3; +https://openai.com/gptbot)"
74.7.242.0 - - [24/Feb/2026:20:13:31 +0300] "GET /app/views/layouts/frontend/master.blade.php HTTP/1.1" 500 268 "https://mail.zkteco.jo/app/views/layouts/frontend/" "Mozilla/5.0 AppleWebKit/537.36 (KHTML, like Gecko; compatible; GPTBot/1.3; +https://openai.com/gptbot)"
74.7.242.0 - - [24/Feb/2026:20:13:32 +0300] "GET /app/views/layouts/frontend/social.blade.php HTTP/1.1" 200 95 "https://mail.zkteco.jo/app/views/layouts/frontend/" "Mozilla/5.0 AppleWebKit/537.36 (KHTML, like Gecko; compatible; GPTBot/1.3; +https://openai.com/gptbot)"
