216.73.216.143 - - [24/Feb/2026:20:42:21 +0300] "GET /app/storage/views/test/%22.$activeUrl.%22 HTTP/1.1" 404 36 "-" "Mozilla/5.0 AppleWebKit/537.36 (KHTML, like Gecko; compatible; ClaudeBot/1.0; +claudebot@anthropic.com)"
216.73.216.143 - - [24/Feb/2026:20:42:27 +0300] "GET /vendor/laravel/framework/src/Illuminate/Support/Collection.php HTTP/1.1" 500 20 "-" "Mozilla/5.0 AppleWebKit/537.36 (KHTML, like Gecko; compatible; ClaudeBot/1.0; +claudebot@anthropic.com)"
216.73.216.143 - - [24/Feb/2026:20:42:32 +0300] "GET /vendor/nesbot/carbon/tests/FluidSettersTest.php HTTP/1.1" 500 20 "-" "Mozilla/5.0 AppleWebKit/537.36 (KHTML, like Gecko; compatible; ClaudeBot/1.0; +claudebot@anthropic.com)"
216.73.216.143 - - [24/Feb/2026:20:42:37 +0300] "GET /vendor/nikic/php-parser/test/PHPParser/Tests HTTP/1.1" 301 311 "-" "Mozilla/5.0 AppleWebKit/537.36 (KHTML, like Gecko; compatible; ClaudeBot/1.0; +claudebot@anthropic.com)"
216.73.216.143 - - [24/Feb/2026:20:42:37 +0300] "GET /vendor/nikic/php-parser/test/PHPParser/Tests/ HTTP/1.1" 200 599 "https://zkteco.jo/vendor/nikic/php-parser/test/PHPParser/Tests" "Mozilla/5.0 AppleWebKit/537.36 (KHTML, like Gecko; compatible; ClaudeBot/1.0; +claudebot@anthropic.com)"
74.7.242.0 - - [24/Feb/2026:20:42:38 +0300] "GET /vendor/patchwork/utf8/class/Patchwork/ HTTP/1.1" 200 356 "https://mail.zkteco.jo/vendor/patchwork/utf8/class/" "Mozilla/5.0 AppleWebKit/537.36 (KHTML, like Gecko; compatible; GPTBot/1.3; +https://openai.com/gptbot)"
216.73.216.143 - - [24/Feb/2026:20:42:42 +0300] "GET /vendor/laravel/framework/src/Illuminate/Database/Connection.php HTTP/1.1" 500 20 "-" "Mozilla/5.0 AppleWebKit/537.36 (KHTML, like Gecko; compatible; ClaudeBot/1.0; +claudebot@anthropic.com)"
185.191.171.3 - - [24/Feb/2026:20:42:42 +0300] "GET /product-details/Access%20Control%20/electric-locks HTTP/1.1" 404 36 "-" "Mozilla/5.0 (compatible; SemrushBot/7~bl; +http://www.semrush.com/bot.html)"
216.73.216.143 - - [24/Feb/2026:20:42:47 +0300] "GET /app/views/admin/news/add.blade.php HTTP/1.1" 500 347 "-" "Mozilla/5.0 AppleWebKit/537.36 (KHTML, like Gecko; compatible; ClaudeBot/1.0; +claudebot@anthropic.com)"
216.73.216.143 - - [24/Feb/2026:20:42:52 +0300] "GET /vendor/laravel/framework/src/Illuminate/Config/Repository.php HTTP/1.1" 500 20 "-" "Mozilla/5.0 AppleWebKit/537.36 (KHTML, like Gecko; compatible; ClaudeBot/1.0; +claudebot@anthropic.com)"
216.73.216.143 - - [24/Feb/2026:20:42:57 +0300] "GET /app/views/frontend/common/left_sub_menu.blade.php HTTP/1.1" 200 157 "-" "Mozilla/5.0 AppleWebKit/537.36 (KHTML, like Gecko; compatible; ClaudeBot/1.0; +claudebot@anthropic.com)"
216.73.216.143 - - [24/Feb/2026:20:43:02 +0300] "GET /vendor/laravel/framework/src/Illuminate/Auth/UserInterface.php HTTP/1.1" 200 20 "-" "Mozilla/5.0 AppleWebKit/537.36 (KHTML, like Gecko; compatible; ClaudeBot/1.0; +claudebot@anthropic.com)"
20.223.240.16 - - [24/Feb/2026:20:43:04 +0300] "GET /wp-content/plugins/hellopress/wp_filemanager.php HTTP/1.1" 404 36 "-" "-"
20.223.240.16 - - [24/Feb/2026:20:43:04 +0300] "GET /nw.php HTTP/1.1" 404 36 "-" "-"
20.223.240.16 - - [24/Feb/2026:20:43:04 +0300] "GET /iu.php HTTP/1.1" 404 36 "-" "-"
20.223.240.16 - - [24/Feb/2026:20:43:04 +0300] "GET /bs.php HTTP/1.1" 404 36 "-" "-"
20.223.240.16 - - [24/Feb/2026:20:43:04 +0300] "GET /ba.php HTTP/1.1" 404 36 "-" "-"
20.223.240.16 - - [24/Feb/2026:20:43:04 +0300] "GET /uy.php HTTP/1.1" 404 36 "-" "-"
20.223.240.16 - - [24/Feb/2026:20:43:04 +0300] "GET /cs.php HTTP/1.1" 404 36 "-" "-"
20.223.240.16 - - [24/Feb/2026:20:43:04 +0300] "GET /am.php HTTP/1.1" 404 36 "-" "-"
20.223.240.16 - - [24/Feb/2026:20:43:04 +0300] "GET /lb.php HTTP/1.1" 404 36 "-" "-"
20.223.240.16 - - [24/Feb/2026:20:43:04 +0300] "GET /mn.php HTTP/1.1" 404 36 "-" "-"
20.223.240.16 - - [24/Feb/2026:20:43:05 +0300] "GET /zz.php HTTP/1.1" 404 36 "-" "-"
20.223.240.16 - - [24/Feb/2026:20:43:05 +0300] "GET /zn.php HTTP/1.1" 404 36 "-" "-"
20.223.240.16 - - [24/Feb/2026:20:43:05 +0300] "GET /xc.php HTTP/1.1" 404 36 "-" "-"
20.223.240.16 - - [24/Feb/2026:20:43:05 +0300] "GET /zb.php HTTP/1.1" 404 36 "-" "-"
216.73.216.143 - - [24/Feb/2026:20:43:07 +0300] "GET /vendor/nikic/php-parser/lib/PHPParser/Node/Scalar/DirConst.php HTTP/1.1" 500 20 "-" "Mozilla/5.0 AppleWebKit/537.36 (KHTML, like Gecko; compatible; ClaudeBot/1.0; +claudebot@anthropic.com)"
216.73.216.143 - - [24/Feb/2026:20:43:12 +0300] "GET /vendor/laravel/framework/src/Illuminate/Config/EnvironmentVariables.php HTTP/1.1" 200 20 "-" "Mozilla/5.0 AppleWebKit/537.36 (KHTML, like Gecko; compatible; ClaudeBot/1.0; +claudebot@anthropic.com)"
2408:872f:20:224:12:: - - [24/Feb/2026:20:43:14 +0300] "GET /product-details/RFID/u1000-u2000-1 HTTP/1.1" 404 36 "-" "Mozilla/5.0 (Windows NT 10.0; Win64; x64) AppleWebKit/537.36 (KHTML, like Gecko) Chrome/139.0.0.0 Safari/537.36"
2408:872f:20:224:12:: - - [24/Feb/2026:20:43:15 +0300] "GET /favicon.ico HTTP/1.1" 404 36 "https://zkteco.jo/product-details/RFID/u1000-u2000-1" "Mozilla/5.0 (Windows NT 10.0; Win64; x64) AppleWebKit/537.36 (KHTML, like Gecko) Chrome/139.0.0.0 Safari/537.36"
216.73.216.143 - - [24/Feb/2026:20:43:17 +0300] "GET /vendor/laravel/framework/src/Illuminate/Exception/ExceptionDisplayerInterface.php HTTP/1.1" 200 20 "-" "Mozilla/5.0 AppleWebKit/537.36 (KHTML, like Gecko; compatible; ClaudeBot/1.0; +claudebot@anthropic.com)"
216.73.216.143 - - [24/Feb/2026:20:43:22 +0300] "GET /vendor/nesbot/carbon/tests/GettersTest.php HTTP/1.1" 500 20 "-" "Mozilla/5.0 AppleWebKit/537.36 (KHTML, like Gecko; compatible; ClaudeBot/1.0; +claudebot@anthropic.com)"
216.73.216.143 - - [24/Feb/2026:20:43:27 +0300] "GET /vendor/nikic/php-parser/lib/PHPParser/Node/Scalar/FuncConst.php HTTP/1.1" 500 20 "-" "Mozilla/5.0 AppleWebKit/537.36 (KHTML, like Gecko; compatible; ClaudeBot/1.0; +claudebot@anthropic.com)"
216.73.216.143 - - [24/Feb/2026:20:43:32 +0300] "GET /app/views/admin/products/tabs HTTP/1.1" 301 296 "-" "Mozilla/5.0 AppleWebKit/537.36 (KHTML, like Gecko; compatible; ClaudeBot/1.0; +claudebot@anthropic.com)"
216.73.216.143 - - [24/Feb/2026:20:43:32 +0300] "GET /app/views/admin/products/tabs/ HTTP/1.1" 200 365 "https://zkteco.jo/app/views/admin/products/tabs" "Mozilla/5.0 AppleWebKit/537.36 (KHTML, like Gecko; compatible; ClaudeBot/1.0; +claudebot@anthropic.com)"
47.128.117.220 - - [24/Feb/2026:20:43:36 +0300] "GET /robots.txt HTTP/1.1" 404 36 "-" "Go-http-client/2.0"
216.73.216.143 - - [24/Feb/2026:20:43:37 +0300] "GET /app/storage/views/%22.$DeactiveUrl.%22 HTTP/1.1" 404 36 "-" "Mozilla/5.0 AppleWebKit/537.36 (KHTML, like Gecko; compatible; ClaudeBot/1.0; +claudebot@anthropic.com)"
216.73.216.143 - - [24/Feb/2026:20:43:42 +0300] "GET /app/config/packages/intervention/image/config.php HTTP/1.1" 200 20 "-" "Mozilla/5.0 AppleWebKit/537.36 (KHTML, like Gecko; compatible; ClaudeBot/1.0; +claudebot@anthropic.com)"
74.7.242.0 - - [24/Feb/2026:20:43:44 +0300] "GET /vendor/nikic/php-parser/doc/4_Code_generation.markdown HTTP/1.1" 200 1851 "https://mail.zkteco.jo/vendor/nikic/php-parser/doc/" "Mozilla/5.0 AppleWebKit/537.36 (KHTML, like Gecko; compatible; GPTBot/1.3; +https://openai.com/gptbot)"
216.73.216.143 - - [24/Feb/2026:20:43:47 +0300] "GET /htmlpurifier/library/HTMLPurifier/ConfigSchema/schema/Attr.ForbiddenClasses.txt HTTP/1.1" 200 203 "-" "Mozilla/5.0 AppleWebKit/537.36 (KHTML, like Gecko; compatible; ClaudeBot/1.0; +claudebot@anthropic.com)"
216.73.216.143 - - [24/Feb/2026:20:43:52 +0300] "GET /vendor/nikic/php-parser/lib/PHPParser/Node/Scalar/DNumber.php HTTP/1.1" 500 20 "-" "Mozilla/5.0 AppleWebKit/537.36 (KHTML, like Gecko; compatible; ClaudeBot/1.0; +claudebot@anthropic.com)"
40.77.167.67 - - [24/Feb/2026:20:43:53 +0300] "GET /search?_token=LWu423ggIMxHXKO1Oz9VNxtgGg5Cg44dRvTdf6wz&searchterm=2025 HTTP/1.1" 404 36 "-" "Mozilla/5.0 AppleWebKit/537.36 (KHTML, like Gecko; compatible; bingbot/2.0; +http://www.bing.com/bingbot.htm) Chrome/116.0.1938.76 Safari/537.36"
216.73.216.143 - - [24/Feb/2026:20:43:57 +0300] "GET /vendor/laravel/framework/src/Illuminate/Routing/Console/MakeControllerCommand.php HTTP/1.1" 500 20 "-" "Mozilla/5.0 AppleWebKit/537.36 (KHTML, like Gecko; compatible; ClaudeBot/1.0; +claudebot@anthropic.com)"
216.73.216.143 - - [24/Feb/2026:20:44:02 +0300] "GET /vendor/nikic/php-parser/lib/PHPParser/Node/Scalar/LNumber.php HTTP/1.1" 500 20 "-" "Mozilla/5.0 AppleWebKit/537.36 (KHTML, like Gecko; compatible; ClaudeBot/1.0; +claudebot@anthropic.com)"
216.73.216.143 - - [24/Feb/2026:20:44:07 +0300] "GET /app/views/admin/training/video/add.blade.php HTTP/1.1" 500 349 "-" "Mozilla/5.0 AppleWebKit/537.36 (KHTML, like Gecko; compatible; ClaudeBot/1.0; +claudebot@anthropic.com)"
216.73.216.143 - - [24/Feb/2026:20:44:12 +0300] "GET /vendor/mobiledetect/mobiledetectlib/tests/bootstrap.php HTTP/1.1" 200 20 "-" "Mozilla/5.0 AppleWebKit/537.36 (KHTML, like Gecko; compatible; ClaudeBot/1.0; +claudebot@anthropic.com)"
216.73.216.143 - - [24/Feb/2026:20:44:17 +0300] "GET /htmlpurifier/library/HTMLPurifier/ConfigSchema/schema/Attr.DefaultInvalidImage.txt HTTP/1.1" 200 207 "-" "Mozilla/5.0 AppleWebKit/537.36 (KHTML, like Gecko; compatible; ClaudeBot/1.0; +claudebot@anthropic.com)"
216.73.216.143 - - [24/Feb/2026:20:44:22 +0300] "GET /vendor/mobiledetect/mobiledetectlib/Mobile_Detect.php HTTP/1.1" 200 20 "-" "Mozilla/5.0 AppleWebKit/537.36 (KHTML, like Gecko; compatible; ClaudeBot/1.0; +claudebot@anthropic.com)"
216.73.216.143 - - [24/Feb/2026:20:44:27 +0300] "GET /vendor/nikic/php-parser/lib/PHPParser/Node/Scalar/TraitConst.php HTTP/1.1" 500 20 "-" "Mozilla/5.0 AppleWebKit/537.36 (KHTML, like Gecko; compatible; ClaudeBot/1.0; +claudebot@anthropic.com)"
216.73.216.143 - - [24/Feb/2026:20:44:32 +0300] "GET /vendor/nikic/php-parser/lib/PHPParser/Unserializer HTTP/1.1" 301 317 "-" "Mozilla/5.0 AppleWebKit/537.36 (KHTML, like Gecko; compatible; ClaudeBot/1.0; +claudebot@anthropic.com)"
216.73.216.143 - - [24/Feb/2026:20:44:32 +0300] "GET /vendor/nikic/php-parser/lib/PHPParser/Unserializer/ HTTP/1.1" 200 327 "https://zkteco.jo/vendor/nikic/php-parser/lib/PHPParser/Unserializer" "Mozilla/5.0 AppleWebKit/537.36 (KHTML, like Gecko; compatible; ClaudeBot/1.0; +claudebot@anthropic.com)"
40.77.167.20 - - [24/Feb/2026:20:44:36 +0300] "GET /product-details/Access%20Control%20/kr100em-1 HTTP/1.1" 404 36 "-" "Mozilla/5.0 AppleWebKit/537.36 (KHTML, like Gecko; compatible; bingbot/2.0; +http://www.bing.com/bingbot.htm) Chrome/116.0.1938.76 Safari/537.36"
216.73.216.143 - - [24/Feb/2026:20:44:37 +0300] "GET /vendor/intervention/image/src/config HTTP/1.1" 301 303 "-" "Mozilla/5.0 AppleWebKit/537.36 (KHTML, like Gecko; compatible; ClaudeBot/1.0; +claudebot@anthropic.com)"
216.73.216.143 - - [24/Feb/2026:20:44:37 +0300] "GET /vendor/intervention/image/src/config/ HTTP/1.1" 200 316 "https://zkteco.jo/vendor/intervention/image/src/config" "Mozilla/5.0 AppleWebKit/537.36 (KHTML, like Gecko; compatible; ClaudeBot/1.0; +claudebot@anthropic.com)"
74.7.242.0 - - [24/Feb/2026:20:44:41 +0300] "GET /vendor/d11wtq/boris/LICENSE HTTP/1.1" 200 605 "https://mail.zkteco.jo/vendor/d11wtq/boris/" "Mozilla/5.0 AppleWebKit/537.36 (KHTML, like Gecko; compatible; GPTBot/1.3; +https://openai.com/gptbot)"
216.73.216.143 - - [24/Feb/2026:20:44:42 +0300] "GET /vendor/mobiledetect/mobiledetectlib/tests/BasicsTest.php HTTP/1.1" 500 20 "-" "Mozilla/5.0 AppleWebKit/537.36 (KHTML, like Gecko; compatible; ClaudeBot/1.0; +claudebot@anthropic.com)"
216.73.216.143 - - [24/Feb/2026:20:44:47 +0300] "GET /vendor/laravel/framework/src/Illuminate/Routing/UrlGenerator.php HTTP/1.1" 200 20 "-" "Mozilla/5.0 AppleWebKit/537.36 (KHTML, like Gecko; compatible; ClaudeBot/1.0; +claudebot@anthropic.com)"
20.235.75.211 - - [24/Feb/2026:20:44:50 +0300] "GET /software-2 HTTP/1.1" 404 36 "-" "Mozilla/5.0 AppleWebKit/537.36 (KHTML, like Gecko); compatible; ChatGPT-User/1.0; +https://openai.com/bot"
216.73.216.143 - - [24/Feb/2026:20:44:53 +0300] "GET /app/views/frontend/design_layout/product_layout.blade.php HTTP/1.1" 200 491 "-" "Mozilla/5.0 AppleWebKit/537.36 (KHTML, like Gecko; compatible; ClaudeBot/1.0; +claudebot@anthropic.com)"
216.73.216.143 - - [24/Feb/2026:20:44:58 +0300] "GET /vendor/laravel/framework/src/Illuminate/Cache/MemcachedConnector.php HTTP/1.1" 200 20 "-" "Mozilla/5.0 AppleWebKit/537.36 (KHTML, like Gecko; compatible; ClaudeBot/1.0; +claudebot@anthropic.com)"
216.73.216.143 - - [24/Feb/2026:20:45:03 +0300] "GET /vendor/nikic/php-parser/test/code/parser/?C=M&O=A HTTP/1.1" 200 335 "-" "Mozilla/5.0 AppleWebKit/537.36 (KHTML, like Gecko; compatible; ClaudeBot/1.0; +claudebot@anthropic.com)"
216.73.216.143 - - [24/Feb/2026:20:45:08 +0300] "GET /vendor/laravel/framework/src/Illuminate/Support/ViewErrorBag.php HTTP/1.1" 200 20 "-" "Mozilla/5.0 AppleWebKit/537.36 (KHTML, like Gecko; compatible; ClaudeBot/1.0; +claudebot@anthropic.com)"
216.73.216.143 - - [24/Feb/2026:20:45:13 +0300] "GET /vendor/nikic/php-parser/test/code/parser/?C=N&O=D HTTP/1.1" 200 328 "-" "Mozilla/5.0 AppleWebKit/537.36 (KHTML, like Gecko; compatible; ClaudeBot/1.0; +claudebot@anthropic.com)"
40.77.167.5 - - [24/Feb/2026:20:45:13 +0300] "GET /assets/uploads/products/recomended/0c9eacec9815b1aee5732de2b10660e5.jpg HTTP/1.1" 200 35860 "-" "Mozilla/5.0 AppleWebKit/537.36 (KHTML, like Gecko; compatible; bingbot/2.0; +http://www.bing.com/bingbot.htm) Chrome/116.0.1938.76 Safari/537.36"
216.73.216.143 - - [24/Feb/2026:20:45:18 +0300] "GET /vendor/laravel/framework/src/Illuminate/Database/Query/Grammars/PostgresGrammar.php HTTP/1.1" 500 20 "-" "Mozilla/5.0 AppleWebKit/537.36 (KHTML, like Gecko; compatible; ClaudeBot/1.0; +claudebot@anthropic.com)"
216.73.216.143 - - [24/Feb/2026:20:45:23 +0300] "GET /vendor/laravel/framework/src/Illuminate/Support/NamespacedItemResolver.php HTTP/1.1" 200 20 "-" "Mozilla/5.0 AppleWebKit/537.36 (KHTML, like Gecko; compatible; ClaudeBot/1.0; +claudebot@anthropic.com)"
216.73.216.143 - - [24/Feb/2026:20:45:28 +0300] "GET /app/views/frontend/careers.blade.php HTTP/1.1" 200 654 "-" "Mozilla/5.0 AppleWebKit/537.36 (KHTML, like Gecko; compatible; ClaudeBot/1.0; +claudebot@anthropic.com)"
74.7.242.0 - - [24/Feb/2026:20:45:32 +0300] "GET /app/views/admin/articles/?C=D;O=A HTTP/1.1" 200 338 "https://mail.zkteco.jo/app/views/admin/articles/" "Mozilla/5.0 AppleWebKit/537.36 (KHTML, like Gecko; compatible; GPTBot/1.3; +https://openai.com/gptbot)"
216.73.216.143 - - [24/Feb/2026:20:45:33 +0300] "GET /htmlpurifier/library/HTMLPurifier/VarParser/?C=S&O=D HTTP/1.1" 200 332 "-" "Mozilla/5.0 AppleWebKit/537.36 (KHTML, like Gecko; compatible; ClaudeBot/1.0; +claudebot@anthropic.com)"
216.73.216.143 - - [24/Feb/2026:20:45:38 +0300] "GET /vendor/laravel/framework/src/Illuminate/Exception/Handler.php HTTP/1.1" 200 20 "-" "Mozilla/5.0 AppleWebKit/537.36 (KHTML, like Gecko; compatible; ClaudeBot/1.0; +claudebot@anthropic.com)"
216.73.216.143 - - [24/Feb/2026:20:45:43 +0300] "GET /vendor/nesbot/carbon/tests/StartEndOfTest.php HTTP/1.1" 500 20 "-" "Mozilla/5.0 AppleWebKit/537.36 (KHTML, like Gecko; compatible; ClaudeBot/1.0; +claudebot@anthropic.com)"
216.73.216.143 - - [24/Feb/2026:20:45:48 +0300] "GET /vendor/laravel/framework/src/Illuminate/Session/Middleware.php HTTP/1.1" 500 20 "-" "Mozilla/5.0 AppleWebKit/537.36 (KHTML, like Gecko; compatible; ClaudeBot/1.0; +claudebot@anthropic.com)"
216.73.216.143 - - [24/Feb/2026:20:45:53 +0300] "GET /app/views/frontend/design_layout/events.blade.php HTTP/1.1" 200 509 "-" "Mozilla/5.0 AppleWebKit/537.36 (KHTML, like Gecko; compatible; ClaudeBot/1.0; +claudebot@anthropic.com)"
216.73.216.143 - - [24/Feb/2026:20:45:58 +0300] "GET /vendor/laravel/framework/src/Illuminate/Encryption/Encrypter.php HTTP/1.1" 200 20 "-" "Mozilla/5.0 AppleWebKit/537.36 (KHTML, like Gecko; compatible; ClaudeBot/1.0; +claudebot@anthropic.com)"
216.73.216.143 - - [24/Feb/2026:20:46:03 +0300] "GET /vendor/nesbot/carbon/tests/NowAndOtherStaticHelpersTest.php HTTP/1.1" 500 20 "-" "Mozilla/5.0 AppleWebKit/537.36 (KHTML, like Gecko; compatible; ClaudeBot/1.0; +claudebot@anthropic.com)"
216.73.216.143 - - [24/Feb/2026:20:46:08 +0300] "GET /vendor/laravel/framework/src/Illuminate/Support/ClassLoader.php HTTP/1.1" 200 20 "-" "Mozilla/5.0 AppleWebKit/537.36 (KHTML, like Gecko; compatible; ClaudeBot/1.0; +claudebot@anthropic.com)"
216.73.216.143 - - [24/Feb/2026:20:46:13 +0300] "GET /htmlpurifier/library/HTMLPurifier/VarParser/?C=D&O=D HTTP/1.1" 200 332 "-" "Mozilla/5.0 AppleWebKit/537.36 (KHTML, like Gecko; compatible; ClaudeBot/1.0; +claudebot@anthropic.com)"
74.7.242.0 - - [24/Feb/2026:20:46:16 +0300] "GET /app/views/admin/articles/?C=S;O=A HTTP/1.1" 200 340 "https://mail.zkteco.jo/app/views/admin/articles/" "Mozilla/5.0 AppleWebKit/537.36 (KHTML, like Gecko; compatible; GPTBot/1.3; +https://openai.com/gptbot)"
216.73.216.143 - - [24/Feb/2026:20:46:18 +0300] "GET /vendor/jeremeamia/SuperClosure/phpunit.xml.dist HTTP/1.1" 200 431 "-" "Mozilla/5.0 AppleWebKit/537.36 (KHTML, like Gecko; compatible; ClaudeBot/1.0; +claudebot@anthropic.com)"
216.73.216.143 - - [24/Feb/2026:20:46:23 +0300] "GET /htmlpurifier/library/HTMLPurifier/DefinitionCache/?C=S&O=D HTTP/1.1" 200 386 "-" "Mozilla/5.0 AppleWebKit/537.36 (KHTML, like Gecko; compatible; ClaudeBot/1.0; +claudebot@anthropic.com)"
216.73.216.143 - - [24/Feb/2026:20:46:28 +0300] "GET /app/views/admin/create/?C=D&O=A HTTP/1.1" 200 303 "-" "Mozilla/5.0 AppleWebKit/537.36 (KHTML, like Gecko; compatible; ClaudeBot/1.0; +claudebot@anthropic.com)"
207.46.13.6 - - [24/Feb/2026:20:46:29 +0300] "GET /download-file/1733 HTTP/1.1" 404 36 "-" "Mozilla/5.0 AppleWebKit/537.36 (KHTML, like Gecko; compatible; bingbot/2.0; +http://www.bing.com/bingbot.htm) Chrome/116.0.1938.76 Safari/537.36"
40.77.167.5 - - [24/Feb/2026:20:46:32 +0300] "GET /multi-biometric HTTP/1.1" 404 36 "-" "Mozilla/5.0 AppleWebKit/537.36 (KHTML, like Gecko; compatible; bingbot/2.0; +http://www.bing.com/bingbot.htm) Chrome/116.0.1938.76 Safari/537.36"
216.73.216.143 - - [24/Feb/2026:20:46:33 +0300] "GET /vendor/nikic/php-parser/doc/?C=N&O=D HTTP/1.1" 200 448 "-" "Mozilla/5.0 AppleWebKit/537.36 (KHTML, like Gecko; compatible; ClaudeBot/1.0; +claudebot@anthropic.com)"
216.73.216.143 - - [24/Feb/2026:20:46:38 +0300] "GET /htmlpurifier/library/HTMLPurifier/DefinitionCache/Serializer/CSS/4.6.0,24166bfe16a0cc6bd18d813b83121ef2eaf16545,1.ser HTTP/1.1" 200 4022 "-" "Mozilla/5.0 AppleWebKit/537.36 (KHTML, like Gecko; compatible; ClaudeBot/1.0; +claudebot@anthropic.com)"
216.73.216.143 - - [24/Feb/2026:20:46:43 +0300] "GET /vendor/laravel/framework/src/Illuminate/Routing/composer.json HTTP/1.1" 200 322 "-" "Mozilla/5.0 AppleWebKit/537.36 (KHTML, like Gecko; compatible; ClaudeBot/1.0; +claudebot@anthropic.com)"
216.73.216.143 - - [24/Feb/2026:20:46:48 +0300] "GET /vendor/patchwork/utf8/class/Patchwork/Utf8/?C=S&O=A HTTP/1.1" 200 352 "-" "Mozilla/5.0 AppleWebKit/537.36 (KHTML, like Gecko; compatible; ClaudeBot/1.0; +claudebot@anthropic.com)"
216.73.216.143 - - [24/Feb/2026:20:46:53 +0300] "GET /vendor/laravel/framework/src/Illuminate/Cookie/CookieServiceProvider.php HTTP/1.1" 500 20 "-" "Mozilla/5.0 AppleWebKit/537.36 (KHTML, like Gecko; compatible; ClaudeBot/1.0; +claudebot@anthropic.com)"
74.7.242.0 - - [24/Feb/2026:20:46:55 +0300] "GET /app/views/admin/articles/?C=N;O=D HTTP/1.1" 200 338 "https://mail.zkteco.jo/app/views/admin/articles/" "Mozilla/5.0 AppleWebKit/537.36 (KHTML, like Gecko; compatible; GPTBot/1.3; +https://openai.com/gptbot)"
216.73.216.143 - - [24/Feb/2026:20:46:58 +0300] "GET /vendor/laravel/framework/src/Illuminate/View/Engines HTTP/1.1" 301 319 "-" "Mozilla/5.0 AppleWebKit/537.36 (KHTML, like Gecko; compatible; ClaudeBot/1.0; +claudebot@anthropic.com)"
216.73.216.143 - - [24/Feb/2026:20:46:59 +0300] "GET /vendor/laravel/framework/src/Illuminate/View/Engines/ HTTP/1.1" 200 406 "https://zkteco.jo/vendor/laravel/framework/src/Illuminate/View/Engines" "Mozilla/5.0 AppleWebKit/537.36 (KHTML, like Gecko; compatible; ClaudeBot/1.0; +claudebot@anthropic.com)"
216.73.216.143 - - [24/Feb/2026:20:47:03 +0300] "GET /vendor/patchwork/utf8/class/Patchwork/Utf8/?C=D&O=A HTTP/1.1" 200 348 "-" "Mozilla/5.0 AppleWebKit/537.36 (KHTML, like Gecko; compatible; ClaudeBot/1.0; +claudebot@anthropic.com)"
216.73.216.143 - - [24/Feb/2026:20:47:08 +0300] "GET /vendor/laravel/framework/src/Illuminate/Exception/composer.json HTTP/1.1" 200 313 "-" "Mozilla/5.0 AppleWebKit/537.36 (KHTML, like Gecko; compatible; ClaudeBot/1.0; +claudebot@anthropic.com)"
216.73.216.143 - - [24/Feb/2026:20:47:13 +0300] "GET /vendor/laravel/framework/src/Illuminate/Auth/composer.json HTTP/1.1" 200 316 "-" "Mozilla/5.0 AppleWebKit/537.36 (KHTML, like Gecko; compatible; ClaudeBot/1.0; +claudebot@anthropic.com)"
216.73.216.143 - - [24/Feb/2026:20:47:18 +0300] "GET /vendor/patchwork/utf8/class/Patchwork/Utf8/?C=M&O=A HTTP/1.1" 200 350 "-" "Mozilla/5.0 AppleWebKit/537.36 (KHTML, like Gecko; compatible; ClaudeBot/1.0; +claudebot@anthropic.com)"
216.73.216.143 - - [24/Feb/2026:20:47:23 +0300] "GET /app/views/admin/create/?C=M&O=D HTTP/1.1" 200 301 "-" "Mozilla/5.0 AppleWebKit/537.36 (KHTML, like Gecko; compatible; ClaudeBot/1.0; +claudebot@anthropic.com)"
40.77.167.54 - - [24/Feb/2026:20:47:27 +0300] "GET /assets/uploads/products/pdf/image/recomended/0c657e6976e62568f2a4b72d2337251d.png HTTP/1.1" 200 31329 "-" "Mozilla/5.0 AppleWebKit/537.36 (KHTML, like Gecko; compatible; bingbot/2.0; +http://www.bing.com/bingbot.htm) Chrome/116.0.1938.76 Safari/537.36"
216.73.216.143 - - [24/Feb/2026:20:47:28 +0300] "GET /vendor/patchwork/utf8/class/Patchwork/Utf8/?C=N&O=D HTTP/1.1" 200 348 "-" "Mozilla/5.0 AppleWebKit/537.36 (KHTML, like Gecko; compatible; ClaudeBot/1.0; +claudebot@anthropic.com)"
216.73.216.143 - - [24/Feb/2026:20:47:33 +0300] "GET /vendor/laravel/framework/src/Illuminate/Mail/Transport/LogTransport.php HTTP/1.1" 500 20 "-" "Mozilla/5.0 AppleWebKit/537.36 (KHTML, like Gecko; compatible; ClaudeBot/1.0; +claudebot@anthropic.com)"
74.7.242.0 - - [24/Feb/2026:20:47:34 +0300] "GET /app/views/admin/articles/?C=M;O=A HTTP/1.1" 200 339 "https://mail.zkteco.jo/app/views/admin/articles/" "Mozilla/5.0 AppleWebKit/537.36 (KHTML, like Gecko; compatible; GPTBot/1.3; +https://openai.com/gptbot)"
216.73.216.143 - - [24/Feb/2026:20:47:38 +0300] "GET /vendor/laravel/framework/src/Illuminate/Events/composer.json HTTP/1.1" 200 246 "-" "Mozilla/5.0 AppleWebKit/537.36 (KHTML, like Gecko; compatible; ClaudeBot/1.0; +claudebot@anthropic.com)"
47.128.122.138 - - [24/Feb/2026:20:47:40 +0300] "GET /product-details/wl10 HTTP/1.1" 404 36 "-" "Mozilla/5.0 (Linux; Android 5.0) AppleWebKit/537.36 (KHTML, like Gecko) Mobile Safari/537.36 (compatible; TikTokSpider; ttspider-feedback@tiktok.com)"
216.73.216.143 - - [24/Feb/2026:20:47:43 +0300] "GET /vendor/laravel/framework/src/Illuminate/Database/Connectors HTTP/1.1" 301 326 "-" "Mozilla/5.0 AppleWebKit/537.36 (KHTML, like Gecko; compatible; ClaudeBot/1.0; +claudebot@anthropic.com)"
216.73.216.143 - - [24/Feb/2026:20:47:43 +0300] "GET /vendor/laravel/framework/src/Illuminate/Database/Connectors/ HTTP/1.1" 200 449 "https://zkteco.jo/vendor/laravel/framework/src/Illuminate/Database/Connectors" "Mozilla/5.0 AppleWebKit/537.36 (KHTML, like Gecko; compatible; ClaudeBot/1.0; +claudebot@anthropic.com)"
216.73.216.143 - - [24/Feb/2026:20:47:48 +0300] "GET /app/storage/views/test/7d3fa012a26d2cce4cc83fd73cd256aa HTTP/1.1" 200 469 "-" "Mozilla/5.0 AppleWebKit/537.36 (KHTML, like Gecko; compatible; ClaudeBot/1.0; +claudebot@anthropic.com)"
216.73.216.143 - - [24/Feb/2026:20:47:53 +0300] "GET /app/views-feb%2024/admin/gallery HTTP/1.1" 301 299 "-" "Mozilla/5.0 AppleWebKit/537.36 (KHTML, like Gecko; compatible; ClaudeBot/1.0; +claudebot@anthropic.com)"
216.73.216.143 - - [24/Feb/2026:20:47:53 +0300] "GET /app/views-feb%2024/admin/gallery/ HTTP/1.1" 200 432 "https://zkteco.jo/app/views-feb%2024/admin/gallery" "Mozilla/5.0 AppleWebKit/537.36 (KHTML, like Gecko; compatible; ClaudeBot/1.0; +claudebot@anthropic.com)"
216.73.216.143 - - [24/Feb/2026:20:47:59 +0300] "GET /vendor/mobiledetect/mobiledetectlib/tests/providers HTTP/1.1" 301 318 "-" "Mozilla/5.0 AppleWebKit/537.36 (KHTML, like Gecko; compatible; ClaudeBot/1.0; +claudebot@anthropic.com)"
216.73.216.143 - - [24/Feb/2026:20:47:59 +0300] "GET /vendor/mobiledetect/mobiledetectlib/tests/providers/ HTTP/1.1" 200 311 "https://zkteco.jo/vendor/mobiledetect/mobiledetectlib/tests/providers" "Mozilla/5.0 AppleWebKit/537.36 (KHTML, like Gecko; compatible; ClaudeBot/1.0; +claudebot@anthropic.com)"
216.73.216.143 - - [24/Feb/2026:20:48:04 +0300] "GET /htmlpurifier/smoketests/jav%20ascript%3Aalert('XSS') HTTP/1.1" 404 36 "-" "Mozilla/5.0 AppleWebKit/537.36 (KHTML, like Gecko; compatible; ClaudeBot/1.0; +claudebot@anthropic.com)"
216.73.216.143 - - [24/Feb/2026:20:48:09 +0300] "GET /vendor/simplesoftwareio/simple-qrcode/src/SimpleSoftwareIO/?C=S&O=A HTTP/1.1" 200 317 "-" "Mozilla/5.0 AppleWebKit/537.36 (KHTML, like Gecko; compatible; ClaudeBot/1.0; +claudebot@anthropic.com)"
74.7.242.0 - - [24/Feb/2026:20:48:09 +0300] "GET /app/views-feb%2024/admin/homeimagesections/%7B%7B%20URL::to('assets/admin/images/upload-indicator.gif')%20%7D%7D HTTP/1.1" 404 36 "https://mail.zkteco.jo/app/views-feb%2024/admin/homeimagesections/jsonupload2.blade.php" "Mozilla/5.0 AppleWebKit/537.36 (KHTML, like Gecko; compatible; GPTBot/1.3; +https://openai.com/gptbot)"
216.73.216.143 - - [24/Feb/2026:20:48:14 +0300] "GET /vendor/simplesoftwareio/simple-qrcode/src/SimpleSoftwareIO/?C=D&O=A HTTP/1.1" 200 317 "-" "Mozilla/5.0 AppleWebKit/537.36 (KHTML, like Gecko; compatible; ClaudeBot/1.0; +claudebot@anthropic.com)"
216.73.216.143 - - [24/Feb/2026:20:48:19 +0300] "GET /vendor/simplesoftwareio/simple-qrcode/src/SimpleSoftwareIO/?C=M&O=A HTTP/1.1" 200 317 "-" "Mozilla/5.0 AppleWebKit/537.36 (KHTML, like Gecko; compatible; ClaudeBot/1.0; +claudebot@anthropic.com)"
216.73.216.143 - - [24/Feb/2026:20:48:24 +0300] "GET /vendor/simplesoftwareio/simple-qrcode/src/SimpleSoftwareIO/?C=N&O=D HTTP/1.1" 200 315 "-" "Mozilla/5.0 AppleWebKit/537.36 (KHTML, like Gecko; compatible; ClaudeBot/1.0; +claudebot@anthropic.com)"
216.73.216.143 - - [24/Feb/2026:20:48:29 +0300] "GET /library/SimpleImage-master/src/?C=S&O=D HTTP/1.1" 200 298 "-" "Mozilla/5.0 AppleWebKit/537.36 (KHTML, like Gecko; compatible; ClaudeBot/1.0; +claudebot@anthropic.com)"
216.73.216.143 - - [24/Feb/2026:20:48:34 +0300] "GET /vendor/laravel/framework/src/Illuminate/Support/Pluralizer.php HTTP/1.1" 200 20 "-" "Mozilla/5.0 AppleWebKit/537.36 (KHTML, like Gecko; compatible; ClaudeBot/1.0; +claudebot@anthropic.com)"
64.233.172.160 - - [24/Feb/2026:20:48:36 +0300] "GET /.well-known/traffic-advice HTTP/1.1" 404 36 "-" "Chrome Privacy Preserving Prefetch Proxy"
2001:4860:7:110a::f2 - - [24/Feb/2026:20:48:37 +0300] "GET / HTTP/1.1" 200 674 "https://www.google.com/" "Mozilla/5.0 (Windows NT 10.0; Win64; x64) AppleWebKit/537.36 (KHTML, like Gecko) Chrome/145.0.0.0 Safari/537.36"
74.7.242.0 - - [24/Feb/2026:20:48:38 +0300] "GET /vendor/nesbot/carbon/composer.json HTTP/1.1" 200 273 "https://mail.zkteco.jo/vendor/nesbot/carbon/" "Mozilla/5.0 AppleWebKit/537.36 (KHTML, like Gecko; compatible; GPTBot/1.3; +https://openai.com/gptbot)"
216.73.216.143 - - [24/Feb/2026:20:48:39 +0300] "GET /htmlpurifier/library/HTMLPurifier/DefinitionCache/Decorator/?C=N&O=A HTTP/1.1" 200 368 "-" "Mozilla/5.0 AppleWebKit/537.36 (KHTML, like Gecko; compatible; ClaudeBot/1.0; +claudebot@anthropic.com)"
216.73.216.143 - - [24/Feb/2026:20:48:44 +0300] "GET /app/views-feb%2024/admin/common HTTP/1.1" 301 298 "-" "Mozilla/5.0 AppleWebKit/537.36 (KHTML, like Gecko; compatible; ClaudeBot/1.0; +claudebot@anthropic.com)"
216.73.216.143 - - [24/Feb/2026:20:48:44 +0300] "GET /app/views-feb%2024/admin/common/ HTTP/1.1" 200 347 "https://zkteco.jo/app/views-feb%2024/admin/common" "Mozilla/5.0 AppleWebKit/537.36 (KHTML, like Gecko; compatible; ClaudeBot/1.0; +claudebot@anthropic.com)"
216.73.216.143 - - [24/Feb/2026:20:48:49 +0300] "GET /htmlpurifier/library/HTMLPurifier/Filter/?C=N&O=A HTTP/1.1" 200 343 "-" "Mozilla/5.0 AppleWebKit/537.36 (KHTML, like Gecko; compatible; ClaudeBot/1.0; +claudebot@anthropic.com)"
216.73.216.143 - - [24/Feb/2026:20:48:54 +0300] "GET /app/views-feb%2024/admin/location/edit.blade.php HTTP/1.1" 500 352 "-" "Mozilla/5.0 AppleWebKit/537.36 (KHTML, like Gecko; compatible; ClaudeBot/1.0; +claudebot@anthropic.com)"
216.73.216.143 - - [24/Feb/2026:20:48:59 +0300] "GET /app/views/admin/products/add.blade%20-%20Copy.php HTTP/1.1" 200 1308 "-" "Mozilla/5.0 AppleWebKit/537.36 (KHTML, like Gecko; compatible; ClaudeBot/1.0; +claudebot@anthropic.com)"
216.73.216.143 - - [24/Feb/2026:20:49:04 +0300] "GET /htmlpurifier/smoketests/basic.php?d=0&p=legacy HTTP/1.1" 404 36 "-" "Mozilla/5.0 AppleWebKit/537.36 (KHTML, like Gecko; compatible; ClaudeBot/1.0; +claudebot@anthropic.com)"
74.7.242.0 - - [24/Feb/2026:20:49:08 +0300] "GET /app/views/layouts/frontend/cssfiles.blade.php HTTP/1.1" 500 20 "https://mail.zkteco.jo/app/views/layouts/frontend/" "Mozilla/5.0 AppleWebKit/537.36 (KHTML, like Gecko; compatible; GPTBot/1.3; +https://openai.com/gptbot)"
216.73.216.143 - - [24/Feb/2026:20:49:09 +0300] "GET /library/SimpleImage-master/src/?C=D&O=D HTTP/1.1" 200 298 "-" "Mozilla/5.0 AppleWebKit/537.36 (KHTML, like Gecko; compatible; ClaudeBot/1.0; +claudebot@anthropic.com)"
216.73.216.143 - - [24/Feb/2026:20:49:14 +0300] "GET /vendor/laravel/framework/src/Illuminate/Cache/composer.json HTTP/1.1" 200 296 "-" "Mozilla/5.0 AppleWebKit/537.36 (KHTML, like Gecko; compatible; ClaudeBot/1.0; +claudebot@anthropic.com)"
216.73.216.143 - - [24/Feb/2026:20:49:19 +0300] "GET /htmlpurifier/library/HTMLPurifier/Injector/?C=S&O=A HTTP/1.1" 200 445 "-" "Mozilla/5.0 AppleWebKit/537.36 (KHTML, like Gecko; compatible; ClaudeBot/1.0; +claudebot@anthropic.com)"
2001:4860:7:110a::d7 - - [24/Feb/2026:20:49:22 +0300] "GET / HTTP/1.1" 200 674 "https://www.google.com/" "Mozilla/5.0 (Windows NT 10.0; Win64; x64) AppleWebKit/537.36 (KHTML, like Gecko) Chrome/145.0.0.0 Safari/537.36"
216.73.216.143 - - [24/Feb/2026:20:49:24 +0300] "GET /app/views-feb%2024/admin/pdfDownload/edit.blade.php HTTP/1.1" 500 347 "-" "Mozilla/5.0 AppleWebKit/537.36 (KHTML, like Gecko; compatible; ClaudeBot/1.0; +claudebot@anthropic.com)"
216.73.216.143 - - [24/Feb/2026:20:49:29 +0300] "GET /app/views-feb%2024/admin/faq/edit.blade.php HTTP/1.1" 500 352 "-" "Mozilla/5.0 AppleWebKit/537.36 (KHTML, like Gecko; compatible; ClaudeBot/1.0; +claudebot@anthropic.com)"
216.73.216.143 - - [24/Feb/2026:20:49:34 +0300] "GET /vendor/filp/whoops/src/deprecated HTTP/1.1" 301 300 "-" "Mozilla/5.0 AppleWebKit/537.36 (KHTML, like Gecko; compatible; ClaudeBot/1.0; +claudebot@anthropic.com)"
216.73.216.143 - - [24/Feb/2026:20:49:34 +0300] "GET /vendor/filp/whoops/src/deprecated/ HTTP/1.1" 200 316 "https://zkteco.jo/vendor/filp/whoops/src/deprecated" "Mozilla/5.0 AppleWebKit/537.36 (KHTML, like Gecko; compatible; ClaudeBot/1.0; +claudebot@anthropic.com)"
74.7.242.0 - - [24/Feb/2026:20:49:36 +0300] "GET /app/views/layouts/frontend/jsfiles.blade.php HTTP/1.1" 500 127 "https://mail.zkteco.jo/app/views/layouts/frontend/" "Mozilla/5.0 AppleWebKit/537.36 (KHTML, like Gecko; compatible; GPTBot/1.3; +https://openai.com/gptbot)"
216.73.216.143 - - [24/Feb/2026:20:49:39 +0300] "GET /vendor/laravel/framework/src/Illuminate/Support/helpers.php HTTP/1.1" 200 20 "-" "Mozilla/5.0 AppleWebKit/537.36 (KHTML, like Gecko; compatible; ClaudeBot/1.0; +claudebot@anthropic.com)"
68.221.67.169 - - [24/Feb/2026:20:49:39 +0300] "GET /software-2 HTTP/1.1" 404 36 "-" "Mozilla/5.0 AppleWebKit/537.36 (KHTML, like Gecko); compatible; ChatGPT-User/1.0; +https://openai.com/bot"
121.29.51.28 - - [24/Feb/2026:20:49:42 +0300] "GET / HTTP/1.1" 200 674 "-" "Dalvik/2.1.0 (Linux; U; Android 9.0; ZTE BA520 Build/MRA58K)"
2001:4860:7:30e::ef - - [24/Feb/2026:20:49:43 +0300] "GET / HTTP/1.1" 200 674 "https://www.google.com/" "Mozilla/5.0 (Windows NT 10.0; Win64; x64) AppleWebKit/537.36 (KHTML, like Gecko) Chrome/145.0.0.0 Safari/537.36"
216.73.216.143 - - [24/Feb/2026:20:49:44 +0300] "GET /htmlpurifier/library/HTMLPurifier/ConfigSchema/Interchange/?C=S&O=A HTTP/1.1" 200 342 "-" "Mozilla/5.0 AppleWebKit/537.36 (KHTML, like Gecko; compatible; ClaudeBot/1.0; +claudebot@anthropic.com)"
2001:4860:7:30a::f6 - - [24/Feb/2026:20:49:48 +0300] "GET / HTTP/1.1" 200 674 "https://www.google.com/" "Mozilla/5.0 (Windows NT 10.0; Win64; x64) AppleWebKit/537.36 (KHTML, like Gecko) Chrome/145.0.0.0 Safari/537.36"
216.73.216.143 - - [24/Feb/2026:20:49:49 +0300] "GET /library/SimpleImage-master/src/?C=M&O=D HTTP/1.1" 200 298 "-" "Mozilla/5.0 AppleWebKit/537.36 (KHTML, like Gecko; compatible; ClaudeBot/1.0; +claudebot@anthropic.com)"
216.73.216.143 - - [24/Feb/2026:20:49:54 +0300] "GET /htmlpurifier/library/HTMLPurifier/Injector/?C=D&O=A HTTP/1.1" 200 442 "-" "Mozilla/5.0 AppleWebKit/537.36 (KHTML, like Gecko; compatible; ClaudeBot/1.0; +claudebot@anthropic.com)"
189.203.193.49 - - [24/Feb/2026:20:49:56 +0300] "GET /favicon.ico HTTP/1.1" 404 36 "https://zkteco.jo/" "Mozilla/5.0 (Windows NT 10.0; Win64; x64) AppleWebKit/537.36 (KHTML, like Gecko) Chrome/145.0.0.0 Safari/537.36"
66.249.77.75 - - [24/Feb/2026:20:49:56 +0300] "GET /download-file/1751 HTTP/1.1" 404 36 "-" "Mozilla/5.0 (Linux; Android 6.0.1; Nexus 5X Build/MMB29P) AppleWebKit/537.36 (KHTML, like Gecko) Chrome/144.0.7559.132 Mobile Safari/537.36 (compatible; Googlebot/2.1; +http://www.google.com/bot.html)"
216.73.216.143 - - [24/Feb/2026:20:49:59 +0300] "GET /vendor/laravel/framework/src/Illuminate/Foundation/Application.php HTTP/1.1" 500 20 "-" "Mozilla/5.0 AppleWebKit/537.36 (KHTML, like Gecko; compatible; ClaudeBot/1.0; +claudebot@anthropic.com)"
216.73.216.143 - - [24/Feb/2026:20:50:04 +0300] "GET /app/views/frontend/common/inner_page_banner.blade.php HTTP/1.1" 500 64 "-" "Mozilla/5.0 AppleWebKit/537.36 (KHTML, like Gecko; compatible; ClaudeBot/1.0; +claudebot@anthropic.com)"
216.73.216.143 - - [24/Feb/2026:20:50:09 +0300] "GET /vendor/laravel/framework/src/Illuminate/Database/Query/Grammars/SqlServerGrammar.php HTTP/1.1" 500 20 "-" "Mozilla/5.0 AppleWebKit/537.36 (KHTML, like Gecko; compatible; ClaudeBot/1.0; +claudebot@anthropic.com)"
216.73.216.143 - - [24/Feb/2026:20:50:14 +0300] "GET /vendor/laravel/framework/src/Illuminate/Workbench/Starter.php HTTP/1.1" 200 20 "-" "Mozilla/5.0 AppleWebKit/537.36 (KHTML, like Gecko; compatible; ClaudeBot/1.0; +claudebot@anthropic.com)"
216.73.216.143 - - [24/Feb/2026:20:50:19 +0300] "GET /vendor/laravel/framework/src/Illuminate/Foundation/MigrationPublisher.php HTTP/1.1" 200 20 "-" "Mozilla/5.0 AppleWebKit/537.36 (KHTML, like Gecko; compatible; ClaudeBot/1.0; +claudebot@anthropic.com)"
216.73.216.143 - - [24/Feb/2026:20:50:21 +0300] "GET /app/views-feb%2024/admin/innercontent/list.blade.php HTTP/1.1" 200 529 "-" "Mozilla/5.0 AppleWebKit/537.36 (KHTML, like Gecko; compatible; ClaudeBot/1.0; +claudebot@anthropic.com)"
2001:4860:7:30a::f6 - - [24/Feb/2026:20:50:23 +0300] "GET /contact-us HTTP/1.1" 404 36 "https://www.google.com/" "Mozilla/5.0 (Windows NT 10.0; Win64; x64) AppleWebKit/537.36 (KHTML, like Gecko) Chrome/145.0.0.0 Safari/537.36"
189.203.193.49 - - [24/Feb/2026:20:50:23 +0300] "GET /contact-us HTTP/1.1" 404 36 "https://www.google.com/" "Mozilla/5.0 (Windows NT 10.0; Win64; x64) AppleWebKit/537.36 (KHTML, like Gecko) Chrome/145.0.0.0 Safari/537.36"
189.203.193.49 - - [24/Feb/2026:20:50:24 +0300] "GET /favicon.ico HTTP/1.1" 404 36 "https://www.zkteco.jo/contact-us" "Mozilla/5.0 (Windows NT 10.0; Win64; x64) AppleWebKit/537.36 (KHTML, like Gecko) Chrome/145.0.0.0 Safari/537.36"
216.73.216.143 - - [24/Feb/2026:20:50:24 +0300] "GET /htmlpurifier/library/HTMLPurifier/AttrDef/?C=M&O=D HTTP/1.1" 200 459 "-" "Mozilla/5.0 AppleWebKit/537.36 (KHTML, like Gecko; compatible; ClaudeBot/1.0; +claudebot@anthropic.com)"
216.73.216.143 - - [24/Feb/2026:20:50:26 +0300] "GET /vendor/laravel/framework/src/Illuminate/Routing/Matching HTTP/1.1" 301 323 "-" "Mozilla/5.0 AppleWebKit/537.36 (KHTML, like Gecko; compatible; ClaudeBot/1.0; +claudebot@anthropic.com)"
216.73.216.143 - - [24/Feb/2026:20:50:26 +0300] "GET /vendor/laravel/framework/src/Illuminate/Routing/Matching/ HTTP/1.1" 200 411 "https://zkteco.jo/vendor/laravel/framework/src/Illuminate/Routing/Matching" "Mozilla/5.0 AppleWebKit/537.36 (KHTML, like Gecko; compatible; ClaudeBot/1.0; +claudebot@anthropic.com)"
216.73.216.143 - - [24/Feb/2026:20:50:28 +0300] "GET /app/storage/sessions/2bd40a399b37fbdeaef91ad3acc409d81df1fdfd HTTP/1.1" 200 149 "-" "Mozilla/5.0 AppleWebKit/537.36 (KHTML, like Gecko; compatible; ClaudeBot/1.0; +claudebot@anthropic.com)"
216.73.216.143 - - [24/Feb/2026:20:50:29 +0300] "GET /vendor/laravel/framework/src/Illuminate/Database/Schema HTTP/1.1" 301 322 "-" "Mozilla/5.0 AppleWebKit/537.36 (KHTML, like Gecko; compatible; ClaudeBot/1.0; +claudebot@anthropic.com)"
216.73.216.143 - - [24/Feb/2026:20:50:29 +0300] "GET /vendor/laravel/framework/src/Illuminate/Database/Schema/ HTTP/1.1" 200 401 "https://zkteco.jo/vendor/laravel/framework/src/Illuminate/Database/Schema" "Mozilla/5.0 AppleWebKit/537.36 (KHTML, like Gecko; compatible; ClaudeBot/1.0; +claudebot@anthropic.com)"
216.73.216.143 - - [24/Feb/2026:20:50:29 +0300] "GET /htmlpurifier/library/HTMLPurifier/Token/?C=N&O=A HTTP/1.1" 200 385 "-" "Mozilla/5.0 AppleWebKit/537.36 (KHTML, like Gecko; compatible; ClaudeBot/1.0; +claudebot@anthropic.com)"
216.73.216.143 - - [24/Feb/2026:20:50:31 +0300] "GET /htmlpurifier/library/HTMLPurifier/AttrDef/?C=D&O=D HTTP/1.1" 200 460 "-" "Mozilla/5.0 AppleWebKit/537.36 (KHTML, like Gecko; compatible; ClaudeBot/1.0; +claudebot@anthropic.com)"
216.73.216.143 - - [24/Feb/2026:20:50:34 +0300] "GET /vendor/laravel/framework/src/Illuminate/Exception/SymfonyDisplayer.php HTTP/1.1" 500 20 "-" "Mozilla/5.0 AppleWebKit/537.36 (KHTML, like Gecko; compatible; ClaudeBot/1.0; +claudebot@anthropic.com)"
189.203.193.49 - - [24/Feb/2026:20:50:34 +0300] "GET /contact-us HTTP/1.1" 404 36 "https://www.google.com/" "Mozilla/5.0 (Windows NT 10.0; Win64; x64) AppleWebKit/537.36 (KHTML, like Gecko) Chrome/145.0.0.0 Safari/537.36"
216.73.216.143 - - [24/Feb/2026:20:50:35 +0300] "GET /htmlpurifier/library/HTMLPurifier/Printer/?C=N&O=A HTTP/1.1" 200 380 "-" "Mozilla/5.0 AppleWebKit/537.36 (KHTML, like Gecko; compatible; ClaudeBot/1.0; +claudebot@anthropic.com)"
216.73.216.143 - - [24/Feb/2026:20:50:36 +0300] "GET /htmlpurifier/library/HTMLPurifier/EntityLookup/?C=S&O=A HTTP/1.1" 200 319 "-" "Mozilla/5.0 AppleWebKit/537.36 (KHTML, like Gecko; compatible; ClaudeBot/1.0; +claudebot@anthropic.com)"
74.7.242.0 - - [24/Feb/2026:20:50:37 +0300] "GET /vendor/intervention/image/tests/images/star.png HTTP/1.1" 200 463 "https://mail.zkteco.jo/vendor/intervention/image/tests/images/" "Mozilla/5.0 AppleWebKit/537.36 (KHTML, like Gecko; compatible; GPTBot/1.3; +https://openai.com/gptbot)"
216.73.216.143 - - [24/Feb/2026:20:50:39 +0300] "GET /vendor/nikic/php-parser/test/code/prettyPrinter/?C=S&O=A HTTP/1.1" 200 481 "-" "Mozilla/5.0 AppleWebKit/537.36 (KHTML, like Gecko; compatible; ClaudeBot/1.0; +claudebot@anthropic.com)"
216.73.216.143 - - [24/Feb/2026:20:50:39 +0300] "GET /vendor/laravel/framework/src/Illuminate/Database/Capsule HTTP/1.1" 301 323 "-" "Mozilla/5.0 AppleWebKit/537.36 (KHTML, like Gecko; compatible; ClaudeBot/1.0; +claudebot@anthropic.com)"
216.73.216.143 - - [24/Feb/2026:20:50:39 +0300] "GET /vendor/laravel/framework/src/Illuminate/Database/Capsule/ HTTP/1.1" 200 339 "https://zkteco.jo/vendor/laravel/framework/src/Illuminate/Database/Capsule" "Mozilla/5.0 AppleWebKit/537.36 (KHTML, like Gecko; compatible; ClaudeBot/1.0; +claudebot@anthropic.com)"
216.73.216.143 - - [24/Feb/2026:20:50:41 +0300] "GET /htmlpurifier/library/HTMLPurifier/ConfigSchema/Builder/?C=M&O=D HTTP/1.1" 200 339 "-" "Mozilla/5.0 AppleWebKit/537.36 (KHTML, like Gecko; compatible; ClaudeBot/1.0; +claudebot@anthropic.com)"
216.73.216.143 - - [24/Feb/2026:20:50:44 +0300] "GET /vendor/laravel/framework/src/Illuminate/Html/HtmlBuilder.php HTTP/1.1" 500 20 "-" "Mozilla/5.0 AppleWebKit/537.36 (KHTML, like Gecko; compatible; ClaudeBot/1.0; +claudebot@anthropic.com)"
121.29.51.28 - - [24/Feb/2026:20:50:44 +0300] "GET / HTTP/1.1" 200 674 "-" "Mozilla/5.0 (Macintosh; Intel Mac OS X 10_11) AppleWebKit/601.1.27 (KHTML, like Gecko) Chrome/47.0.2526.106 Safari/601.1.27"
216.73.216.143 - - [24/Feb/2026:20:50:45 +0300] "GET /vendor/laravel/framework/src/Illuminate/Exception/PlainDisplayer.php HTTP/1.1" 500 20 "-" "Mozilla/5.0 AppleWebKit/537.36 (KHTML, like Gecko; compatible; ClaudeBot/1.0; +claudebot@anthropic.com)"
216.73.216.143 - - [24/Feb/2026:20:50:46 +0300] "GET /vendor/laravel/framework/src/Illuminate/Database/Eloquent/Model.php HTTP/1.1" 500 20 "-" "Mozilla/5.0 AppleWebKit/537.36 (KHTML, like Gecko; compatible; ClaudeBot/1.0; +claudebot@anthropic.com)"
216.73.216.143 - - [24/Feb/2026:20:50:50 +0300] "GET /vendor/laravel/framework/src/Illuminate/Database/Migrations/Migrator.php HTTP/1.1" 200 20 "-" "Mozilla/5.0 AppleWebKit/537.36 (KHTML, like Gecko; compatible; ClaudeBot/1.0; +claudebot@anthropic.com)"
216.73.216.143 - - [24/Feb/2026:20:50:51 +0300] "GET /vendor/mobiledetect/mobiledetectlib/tests/UA_List.inc.php HTTP/1.1" 200 21 "-" "Mozilla/5.0 AppleWebKit/537.36 (KHTML, like Gecko; compatible; ClaudeBot/1.0; +claudebot@anthropic.com)"
216.73.216.143 - - [24/Feb/2026:20:50:54 +0300] "GET /vendor/nikic/php-parser/test/code/prettyPrinter/?C=M&O=A HTTP/1.1" 200 485 "-" "Mozilla/5.0 AppleWebKit/537.36 (KHTML, like Gecko; compatible; ClaudeBot/1.0; +claudebot@anthropic.com)"
216.73.216.143 - - [24/Feb/2026:20:50:59 +0300] "GET /htmlpurifier/library/HTMLPurifier/Lexer/?C=S&O=D HTTP/1.1" 200 342 "-" "Mozilla/5.0 AppleWebKit/537.36 (KHTML, like Gecko; compatible; ClaudeBot/1.0; +claudebot@anthropic.com)"
85.208.96.206 - - [24/Feb/2026:20:51:11 +0300] "GET /product-details/Premium%20Product%20Line/inbio-pro-series HTTP/1.1" 404 36 "-" "Mozilla/5.0 (compatible; SemrushBot/7~bl; +http://www.semrush.com/bot.html)"
216.73.216.143 - - [24/Feb/2026:20:51:34 +0300] "GET /vendor/nikic/php-parser/test/?C=M&O=A HTTP/1.1" 200 324 "-" "Mozilla/5.0 AppleWebKit/537.36 (KHTML, like Gecko; compatible; ClaudeBot/1.0; +claudebot@anthropic.com)"
216.73.216.143 - - [24/Feb/2026:20:51:38 +0300] "GET /vendor/nikic/php-parser/test/?C=N&O=D HTTP/1.1" 200 321 "-" "Mozilla/5.0 AppleWebKit/537.36 (KHTML, like Gecko; compatible; ClaudeBot/1.0; +claudebot@anthropic.com)"
74.7.242.0 - - [24/Feb/2026:20:51:39 +0300] "GET /vendor/intervention/image/tests/images/trim.png HTTP/1.1" 200 258 "https://mail.zkteco.jo/vendor/intervention/image/tests/images/" "Mozilla/5.0 AppleWebKit/537.36 (KHTML, like Gecko; compatible; GPTBot/1.3; +https://openai.com/gptbot)"
216.73.216.143 - - [24/Feb/2026:20:51:41 +0300] "GET /app/storage/sessions/45bd3bf1fadfaec1060f1b4090baa99b4e23c024 HTTP/1.1" 200 150 "-" "Mozilla/5.0 AppleWebKit/537.36 (KHTML, like Gecko; compatible; ClaudeBot/1.0; +claudebot@anthropic.com)"
216.73.216.143 - - [24/Feb/2026:20:51:43 +0300] "GET /vendor/laravel/framework/src/Illuminate/Database/Eloquent/Builder.php HTTP/1.1" 200 20 "-" "Mozilla/5.0 AppleWebKit/537.36 (KHTML, like Gecko; compatible; ClaudeBot/1.0; +claudebot@anthropic.com)"
216.73.216.143 - - [24/Feb/2026:20:51:46 +0300] "GET /vendor/symfony/http-kernel/?C=D&O=D HTTP/1.1" 200 302 "-" "Mozilla/5.0 AppleWebKit/537.36 (KHTML, like Gecko; compatible; ClaudeBot/1.0; +claudebot@anthropic.com)"
216.73.216.143 - - [24/Feb/2026:20:51:48 +0300] "GET /vendor/laravel/framework/src/Illuminate/Session/Console/stubs HTTP/1.1" 301 328 "-" "Mozilla/5.0 AppleWebKit/537.36 (KHTML, like Gecko; compatible; ClaudeBot/1.0; +claudebot@anthropic.com)"
216.73.216.143 - - [24/Feb/2026:20:51:49 +0300] "GET /vendor/laravel/framework/src/Illuminate/Session/Console/stubs/ HTTP/1.1" 200 338 "https://zkteco.jo/vendor/laravel/framework/src/Illuminate/Session/Console/stubs" "Mozilla/5.0 AppleWebKit/537.36 (KHTML, like Gecko; compatible; ClaudeBot/1.0; +claudebot@anthropic.com)"
216.73.216.143 - - [24/Feb/2026:20:51:51 +0300] "GET /app/views/frontend/ajax_design_layout/news_events.blade.php HTTP/1.1" 500 269 "-" "Mozilla/5.0 AppleWebKit/537.36 (KHTML, like Gecko; compatible; ClaudeBot/1.0; +claudebot@anthropic.com)"
216.73.216.143 - - [24/Feb/2026:20:51:56 +0300] "GET /app/storage/sessions/0446c38ee6c7ec85cd6cf2ea07f8f7d242b1fc07 HTTP/1.1" 200 150 "-" "Mozilla/5.0 AppleWebKit/537.36 (KHTML, like Gecko; compatible; ClaudeBot/1.0; +claudebot@anthropic.com)"
216.73.216.143 - - [24/Feb/2026:20:52:01 +0300] "GET /vendor/nikic/php-parser/test/?C=D&O=A HTTP/1.1" 200 324 "-" "Mozilla/5.0 AppleWebKit/537.36 (KHTML, like Gecko; compatible; ClaudeBot/1.0; +claudebot@anthropic.com)"
216.73.216.143 - - [24/Feb/2026:20:52:06 +0300] "GET /app/storage/sessions/fb0e2acdb89fe1be3d9daeb4516fb3f00e1e0f3f HTTP/1.1" 200 152 "-" "Mozilla/5.0 AppleWebKit/537.36 (KHTML, like Gecko; compatible; ClaudeBot/1.0; +claudebot@anthropic.com)"
216.73.216.143 - - [24/Feb/2026:20:52:11 +0300] "GET /vendor/symfony/http-kernel/?C=M&O=D HTTP/1.1" 200 302 "-" "Mozilla/5.0 AppleWebKit/537.36 (KHTML, like Gecko; compatible; ClaudeBot/1.0; +claudebot@anthropic.com)"
121.29.51.28 - - [24/Feb/2026:20:52:13 +0300] "GET / HTTP/1.1" 200 674 "-" "Mozilla/5.0 (Macintosh; Intel Mac OS X 10_11) AppleWebKit/601.1.27 (KHTML, like Gecko) Chrome/47.0.2526.106 Safari/601.1.27"
121.29.51.28 - - [24/Feb/2026:20:52:15 +0300] "GET / HTTP/1.1" 200 674 "-" "Dalvik/2.1.0 (Linux; U; Android 9.0; ZTE BA520 Build/MRA58K)"
216.73.216.143 - - [24/Feb/2026:20:52:22 +0300] "GET /vendor/laravel/framework/src/Illuminate/Database/Eloquent/SoftDeletingTrait.php HTTP/1.1" 200 20 "-" "Mozilla/5.0 AppleWebKit/537.36 (KHTML, like Gecko; compatible; ClaudeBot/1.0; +claudebot@anthropic.com)"
216.73.216.143 - - [24/Feb/2026:20:52:27 +0300] "GET /vendor/laravel/framework/src/Illuminate/Mail/Transport/MailgunTransport.php HTTP/1.1" 500 20 "-" "Mozilla/5.0 AppleWebKit/537.36 (KHTML, like Gecko; compatible; ClaudeBot/1.0; +claudebot@anthropic.com)"
216.73.216.143 - - [24/Feb/2026:20:52:32 +0300] "GET /vendor/laravel/framework/src/Illuminate/Mail/Transport/MandrillTransport.php HTTP/1.1" 500 20 "-" "Mozilla/5.0 AppleWebKit/537.36 (KHTML, like Gecko; compatible; ClaudeBot/1.0; +claudebot@anthropic.com)"
40.77.167.76 - - [24/Feb/2026:20:52:33 +0300] "GET /search?_token=8EcmWFijpU3Hqmb8ylXyGrizu0AAncpV1odvJDGv&searchterm=2025 HTTP/1.1" 404 36 "-" "Mozilla/5.0 AppleWebKit/537.36 (KHTML, like Gecko; compatible; bingbot/2.0; +http://www.bing.com/bingbot.htm) Chrome/116.0.1938.76 Safari/537.36"
74.7.242.0 - - [24/Feb/2026:20:52:34 +0300] "GET /vendor/intervention/image/LICENSE HTTP/1.1" 200 590 "https://mail.zkteco.jo/vendor/intervention/image/" "Mozilla/5.0 AppleWebKit/537.36 (KHTML, like Gecko; compatible; GPTBot/1.3; +https://openai.com/gptbot)"
216.73.216.143 - - [24/Feb/2026:20:52:36 +0300] "GET /app/views/admin/faq/?C=M&O=D HTTP/1.1" 200 337 "-" "Mozilla/5.0 AppleWebKit/537.36 (KHTML, like Gecko; compatible; ClaudeBot/1.0; +claudebot@anthropic.com)"
216.73.216.143 - - [24/Feb/2026:20:52:37 +0300] "GET /vendor/laravel/framework/src/Illuminate/Database/Eloquent/SoftDeletingScope.php HTTP/1.1" 500 20 "-" "Mozilla/5.0 AppleWebKit/537.36 (KHTML, like Gecko; compatible; ClaudeBot/1.0; +claudebot@anthropic.com)"
216.73.216.143 - - [24/Feb/2026:20:52:41 +0300] "GET /app/storage/sessions/39fcbdbcb55a71c557ecea497ff7ba6e4bcf1516 HTTP/1.1" 200 152 "-" "Mozilla/5.0 AppleWebKit/537.36 (KHTML, like Gecko; compatible; ClaudeBot/1.0; +claudebot@anthropic.com)"
216.73.216.143 - - [24/Feb/2026:20:52:42 +0300] "GET /app/storage/sessions/a6fbb8aaaef2890a80d64a02a5044f2bd688e46c HTTP/1.1" 200 150 "-" "Mozilla/5.0 AppleWebKit/537.36 (KHTML, like Gecko; compatible; ClaudeBot/1.0; +claudebot@anthropic.com)"
216.73.216.143 - - [24/Feb/2026:20:52:46 +0300] "GET /app/storage/sessions/0c3efd41de6f2c3e89618616cb675ffa57aa8bb0 HTTP/1.1" 200 150 "-" "Mozilla/5.0 AppleWebKit/537.36 (KHTML, like Gecko; compatible; ClaudeBot/1.0; +claudebot@anthropic.com)"
216.73.216.143 - - [24/Feb/2026:20:52:47 +0300] "GET /vendor/symfony/http-kernel/?C=S&O=D HTTP/1.1" 200 302 "-" "Mozilla/5.0 AppleWebKit/537.36 (KHTML, like Gecko; compatible; ClaudeBot/1.0; +claudebot@anthropic.com)"
216.73.216.143 - - [24/Feb/2026:20:52:52 +0300] "GET /vendor/nikic/php-parser/test/?C=S&O=A HTTP/1.1" 200 324 "-" "Mozilla/5.0 AppleWebKit/537.36 (KHTML, like Gecko; compatible; ClaudeBot/1.0; +claudebot@anthropic.com)"
74.7.242.0 - - [24/Feb/2026:20:53:24 +0300] "GET /app/views/admin/articles/edit.blade.php HTTP/1.1" 500 349 "https://mail.zkteco.jo/app/views/admin/articles/?C=D;O=A" "Mozilla/5.0 AppleWebKit/537.36 (KHTML, like Gecko; compatible; GPTBot/1.3; +https://openai.com/gptbot)"
216.73.216.143 - - [24/Feb/2026:20:53:28 +0300] "GET /library/SimpleImage-master/src/abeautifulsite/?C=D&O=A HTTP/1.1" 200 308 "-" "Mozilla/5.0 AppleWebKit/537.36 (KHTML, like Gecko; compatible; ClaudeBot/1.0; +claudebot@anthropic.com)"
216.73.216.143 - - [24/Feb/2026:20:53:33 +0300] "GET /app/storage/sessions/b19f578bcb78cbfa1bf1cbbae51ef1bcc07dd88a HTTP/1.1" 200 150 "-" "Mozilla/5.0 AppleWebKit/537.36 (KHTML, like Gecko; compatible; ClaudeBot/1.0; +claudebot@anthropic.com)"
216.73.216.143 - - [24/Feb/2026:20:53:35 +0300] "GET /vendor/nikic/php-parser/test/PHPParser/?C=S&O=A HTTP/1.1" 200 312 "-" "Mozilla/5.0 AppleWebKit/537.36 (KHTML, like Gecko; compatible; ClaudeBot/1.0; +claudebot@anthropic.com)"
216.73.216.143 - - [24/Feb/2026:20:53:38 +0300] "GET /vendor/laravel/framework/src/Illuminate/Database/Eloquent/Relations HTTP/1.1" 301 334 "-" "Mozilla/5.0 AppleWebKit/537.36 (KHTML, like Gecko; compatible; ClaudeBot/1.0; +claudebot@anthropic.com)"
